08-23 19:47:09.230 1452 3619 I Telecom : Event: RecordEntry TC@9: REQUEST_ADD_CALL_LOG, android.telecom.CallerInfo@e2f18c9 { name non-null, phoneNumber non-null }, 81******33, 1 [ Allowed ], 3 [ MISSED ], 1629766008147, 0, null, 0 [ ]: CSW.sDc(cap)@Alg
08-23 19:47:09.230 1452 3619 I Telecom : CallLogManager: LogCallAsyncTask - execute: CSW.sDc(cap)@Alg
08-23 19:47:09.231 1452 8814 I Telecom : CallLogManager: LogCallAsyncTask - doInBackground - start : 1
08-23 19:47:09.231 1452 8814 I Telecom:SamsungCallLogManager: updateContentValues enter
08-23 19:47:09.233 1452 8814 I Telecom:SamsungEcidCallLog: updateContentValues, Feature is disabled - ECID_ENABLE: false, ECID_DATA_FROM_CALLLOG: true
08-23 19:47:09.234 1452 8814 W Telecom:SamsungTelephonyManagerAdapterImpl: getCurrentNetworkCountryIso - subId : 1 countryIso : MX
08-23 19:47:09.236 1452 2584 I Telecom : CallAudioRouteStateMachine: Message received: UPDATE_SYSTEM_AUDIO_ROUTE=1201, arg1=0: CSW.sDc->CARSM.pM_UPDATE_SYSTEM_AUDIO_ROUTE(cap)@Alg
08-23 19:47:09.236 1452 2584 I Telecom : ActiveEarpieceRoute: Processing message UPDATE_SYSTEM_AUDIO_ROUTE: CSW.sDc->CARSM.pM_UPDATE_SYSTEM_AUDIO_ROUTE(cap)@Alg
08-23 19:47:09.236 1452 2584 I Telecom : BluetoothRouteManager: getBluetoothAudioConnectedDevice: no service available.: CSW.sDc->CARSM.pM_UPDATE_SYSTEM_AUDIO_ROUTE(cap)@Alg
08-23 19:47:09.238 1452 3619 I Telecom : Event: RecordEntry TC@9: FOREGROUND_CALL_CHANGED, oldCall=[Call id=TC@9, state=DISCONNECTED], newCall=null: CSW.sDc(cap)@Alg
08-23 19:47:09.239 1452 3619 I Telecom : BluetoothPhoneService: updateHeadsetWithCallState : false: CSW.sDc(cap)@Alg
08-23 19:47:09.239 1452 3619 I Telecom : BluetoothPhoneService: updateHeadsetWithCallState checking update : false 0 0 0 7 *** 129: CSW.sDc(cap)@Alg
08-23 19:47:09.240 1452 2586 I Telecom : CallAudioModeStateMachine: Message received: NO_MORE_RINGING_CALLS.: CSW.sDc->CAMSM.pM_1002(cap)@Alg
08-23 19:47:09.241 1452 3619 I Telecom:SamsungVibrationCallsManagerListener: onCallStateChanged : RINGING -> DISCONNECTED
08-23 19:47:09.241 1452 2584 I Telecom : CallAudioRouteStateMachine: updateLastKnownCallAudioStateWithCurrent [AudioState isMuted: false, route: EARPIECE, supportedRouteMask: EARPIECE, SPEAKER, activeBluetoothDevice: [null], supportedBluetoothDevices: []] -> [AudioState isMuted: false, route: EARPIECE, supportedRouteMask: EARPIECE, SPEAKER, activeBluetoothDevice: [null], supportedBluetoothDevices: []]: CSW.sDc->CARSM.pM_UPDATE_SYSTEM_AUDIO_ROUTE(cap)@Alg
08-23 19:47:09.243 1452 3619 I Telecom:SamsungVibrationCallsManagerListener: skipEndVibForCtcCdmaCall - ctcCallBarring : false
08-23 19:47:09.243 1452 3619 I Telecom:SamsungVibrationCallsManagerListener: isTPhoneRelaxMode : false
08-23 19:47:09.243 1452 3619 I Telecom:SamsungVibrationPlayer: playCallEndVib settingIsOn : false
08-23 19:47:09.244 1452 3619 D PowerManagerService: [api] release WakeLock FULL_WAKE_LOCK 'InCallWakeLockController' ACQ=-20s757ms (uid=1000 pid=1452 pkg=com.android.server.telecom)
08-23 19:47:09.244 1452 8814 I Telecom:SamsungMemoRepositoryImpl: getCustomMemo number : 81******33 userId : -2 e164Number : +52*******133
08-23 19:47:09.249 1452 3619 D EdgeLightingManager: hideForWakeLock packageName=com.android.server.telecom
08-23 19:47:09.250 1452 3619 D EdgeLightingManager: isCallingUserSupported : callingUserId=0, mUserId=0, isDualAppId=false, isKnoxId=false
08-23 19:47:09.250 1452 3619 D EdgeLightingClientManager: isAvailableEdgeLighting: condition=2 mCondition=1 mIsConnected=false0
08-23 19:47:09.251 1452 3619 D EdgeLightingManager: hideForWakeLockInternal : return false by isAvailableEdgeLighting.
08-23 19:47:09.251 1452 3619 I Telecom : TelecomWakeLock: Releasing WakeLock with id: 26: CSW.sDc(cap)@Alg
08-23 19:47:09.251 1452 3619 I Telecom : InCallWakeLockController: Releasing full wake lock: CSW.sDc(cap)@Alg
08-23 19:47:09.251 1452 3619 I Telecom:SamsungFileWriteCallsManagerListener: onCallStateChanged - id: TC@9, oldState: 4 newState: 7, phoneState: 0
08-23 19:47:09.252 1452 8814 I Telecom:SamsungMemoRepositoryImpl: getCustomMemo callLogUri : content://logs/call
08-23 19:47:09.252 1452 3619 I Telecom : IncomingCallNotifier: updateIncomingCall: foundIncomingcall = null: CSW.sDc(cap)@Alg
08-23 19:47:09.284 1452 1975 W Looper : Slow delivery took 243ms PackageManagerHandlerThread h=android.os.Handler c=<recycled PooledLambda@fd790e5> m=0
08-23 19:47:09.288 1452 2247 I Telecom:SamsungTelecomServiceImpl: getCallState - callingPid : 2086 / processName : sts
08-23 19:47:09.307 1452 6166 I Telecom:SamsungTelecomServiceImpl: getDefaultDialerPackage - callingPid : 4233 / processName : sts
08-23 19:47:09.318 1452 3619 I Telecom : PhoneStateBroadcaster: Broadcasted state change: 0: CSW.sDc(cap)@Alg
08-23 19:47:09.320 1452 1452 I Telecom:SamsungTelecomServiceImpl: getCallState - callingPid : 1452 / processName : sts
08-23 19:47:09.324 1452 2228 I Telecom:SamsungTelecomServiceImpl: @hide @test isInEmergencyCall - callingPid : 2399 / processName : sts
08-23 19:47:09.335 1452 18051 D VibratorService: Turning vibrator on for 250 ms.
08-23 19:47:09.335 1452 18051 D VibratorService: vibratorOn() : 250ms, mag :9999, f : -1
08-23 19:47:09.348 1452 1572 W BroadcastQueue: Permission Denial: receiving Intent { act=android.intent.action.PHONE_STATE flg=0x1000010 (has extras) } to ProcessRecord{56dd726 16756:com.samsung.android.app.cocktailbarservice/u0a220} (pid=16756, uid=10220) requires android.permission.READ_CALL_LOG due to sender android (uid 1000)
08-23 19:47:09.353 1452 1572 W BroadcastQueue: Permission Denial: receiving Intent { act=android.intent.action.PHONE_STATE flg=0x1000010 (has extras) } to com.callapp.contacts/.receiver.PhoneStateReceiver requires android.permission.READ_PRIVILEGED_PHONE_STATE due to sender android (uid 1000)
08-23 19:47:09.356 1452 3619 I Telecom:SamsungPhoneStateIntentBroadcaster: Broadcasted state change: 0 - IDLE
08-23 19:47:09.361 1452 3619 I Telecom : ConnectionServiceWrapper: CS -> TC[cap]: setConferenceableConnections TC@9_1 []: CSW.sCC(cap)@Al0
08-23 19:47:09.362 1452 3619 I Telecom : Event: RecordEntry TC@9: CONFERENCEABLE_CALLS, 0, []: CSW.sCC(cap)@Al0
08-23 19:47:09.363 1452 3619 I Telecom : InCallController: Sending updateCall [Call id=TC@9, state=DISCONNECTED, tpac=ComponentInfo{com.android.phone/com.android.services.telephony.TelephonyConnectionService}, ***, UserHandle{0}, cmgr=ComponentInfo{com.android.phone/com.android.services.telephony.TelephonyConnectionService}, ***, UserHandle{0}, handle=tel:**********, vidst=A, childs(0), has_parent(false), cap=[ sup_hld mut !v2a spd_aud], prop=[], caps=[Capabilities: CAPABILITY_SUPPORT_HOLD CAPABILITY_MUTE CAPABILITY_CANNOT_DOWNGRADE_VIDEO_TO_AUDIO CAPABILITY_SPEED_UP_MT_AUDIO], props=[Properties:], conf(false), had_child(false)]: CSW.sCC(cap)@Al0
08-23 19:47:09.364 1452 3619 I Telecom : InCallController: Components updated: [ComponentInfo{com.callapp.contacts/com.callapp.contacts.inCallService.InCallServiceImpl}]: CSW.sCC(cap)@Al0
08-23 19:47:09.365 1452 2586 I Telecom : Event: RecordEntry TC@9: STOP_RINGER, null: CSW.sDc->CAMSM.pM_1002(cap)@Alg
08-23 19:47:09.367 1452 17985 I Telecom : AsyncRingtonePlayer: Stop ringtone.: NCSSF.aC->ICFG.sF->ICFG.sF->ICFG.sF->CAMSM.pM_2002->ARP.hP@0
08-23 19:47:09.367 1452 2586 I Telecom : Event: RecordEntry TC@9: STOP_VIBRATOR, null: CSW.sDc->CAMSM.pM_1002(cap)@Alg
08-23 19:47:09.371 1452 2586 D VibratorService: Canceling vibration.
08-23 19:47:09.371 1452 2586 D VibratorService: Turning vibrator off.
08-23 19:47:09.371 1452 2586 D VibratorService: Turning vibrator off
08-23 19:47:09.372 1452 2632 I Telecom:SamsungAsyncRingtonePlayer: Posting stop.
08-23 19:47:09.372 1452 2632 I Telecom:SamsungAsyncRingtonePlayer: Message skipped because there is no handler : 2
08-23 19:47:09.373 1452 2228 I Telecom : : isInEmergencyCall: false: TSI.iIEC@Alw
08-23 19:47:09.373 1452 2584 I Telecom : CallAudioRouteStateMachine: setSystemAudioState: changing from [AudioState isMuted: false, route: EARPIECE, supportedRouteMask: EARPIECE, SPEAKER, activeBluetoothDevice: [null], supportedBluetoothDevices: []] to [AudioState isMuted: false, route: EARPIECE, supportedRouteMask: EARPIECE, SPEAKER, activeBluetoothDevice: [null], supportedBluetoothDevices: []]: CSW.sDc->CARSM.pM_UPDATE_SYSTEM_AUDIO_ROUTE(cap)@Alg
08-23 19:47:09.374 1452 2584 I Telecom : InCallController: Calling onAudioStateChanged, audioState: [AudioState isMuted: false, route: EARPIECE, supportedRouteMask: EARPIECE, SPEAKER, activeBluetoothDevice: [null], supportedBluetoothDevices: []] -> [AudioState isMuted: false, route: EARPIECE, supportedRouteMask: EARPIECE, SPEAKER, activeBluetoothDevice: [null], supportedBluetoothDevices: []]: CSW.sDc->CARSM.pM_UPDATE_SYSTEM_AUDIO_ROUTE(cap)@Alg
08-23 19:47:09.377 1452 3619 I Telecom : ConnectionServiceWrapper: CS -> TC[cap]: setConferenceableConnections TC@9_1 []: CSW.sCC(cap)@Al4
08-23 19:47:09.378 1452 3619 I Telecom : Event: RecordEntry TC@9: CONFERENCEABLE_CALLS, 0, []: CSW.sCC(cap)@Al4
08-23 19:47:09.379 1452 3619 I Telecom : InCallController: Sending updateCall [Call id=TC@9, state=DISCONNECTED, tpac=ComponentInfo{com.android.phone/com.android.services.telephony.TelephonyConnectionService}, ***, UserHandle{0}, cmgr=ComponentInfo{com.android.phone/com.android.services.telephony.TelephonyConnectionService}, ***, UserHandle{0}, handle=tel:**********, vidst=A, childs(0), has_parent(false), cap=[ sup_hld mut !v2a spd_aud], prop=[], caps=[Capabilities: CAPABILITY_SUPPORT_HOLD CAPABILITY_MUTE CAPABILITY_CANNOT_DOWNGRADE_VIDEO_TO_AUDIO CAPABILITY_SPEED_UP_MT_AUDIO], props=[Properties:], conf(false), had_child(false)]: CSW.sCC(cap)@Al4
08-23 19:47:09.379 1452 2586 I Telecom : CallAudioModeStateMachine: enter: now UNFOCUSED: CSW.sDc->CAMSM.pM_1002(cap)@Alg
08-23 19:47:09.379 1452 2228 I Telecom:SamsungTelecomServiceImpl: @hide @test isInEmergencyCall - callingPid : 2399 / processName : sts
08-23 19:47:09.389 1452 3619 I Telecom : InCallController: Components updated: [ComponentInfo{com.callapp.contacts/com.callapp.contacts.inCallService.InCallServiceImpl}]: CSW.sCC(cap)@Al4
08-23 19:47:09.390 1452 2228 I Telecom : : isInEmergencyCall: false: TSI.iIEC@Al8
08-23 19:47:09.393 1452 2586 I Telecom:SamsungCallMultiSimAudioParam: setNone : mState = -1
08-23 19:47:09.393 1452 2586 I Telecom:SamsungCallAudioParam: CallAudioModeStateMachine : no offParam for CALL_STATUS_CS_VOICE_CP_VIDEO_CALL_OFF
08-23 19:47:09.393 1452 2586 I Telecom:SamsungCallAudioParam: CallAudioModeStateMachine : setAudioParam CALL_STATUS_CS_VOICE_CP_VIDEO_CALL_OFF
08-23 19:47:09.394 1452 2584 I Telecom : CallAudioRouteStateMachine: Message received: SWITCH_FOCUS=4001, arg1=1: CSW.sDc->CAMSM.pM_1002->CARSM.pM_SWITCH_FOCUS(cap)@Alg
08-23 19:47:09.395 1452 2584 I Telecom : ActiveEarpieceRoute: Processing message SWITCH_FOCUS: CSW.sDc->CAMSM.pM_1002->CARSM.pM_SWITCH_FOCUS(cap)@Alg
08-23 19:47:09.395 1452 2632 I Telecom:SamsungMotionGroup: stop
08-23 19:47:09.396 1452 2632 I Telecom:SamsungMotionPalm: stop
08-23 19:47:09.396 1452 2632 I Telecom:SamsungMotionPalm: checkRun : false true
08-23 19:47:09.396 1452 2632 I Telecom:SamsungMotionPalm: checkRunStop - isRegistered: true
08-23 19:47:09.400 1452 6166 I Telecom:SamsungTelecomServiceImpl: @hide @test isInEmergencyCall - callingPid : 2399 / processName : sts
08-23 19:47:09.400 1452 2247 I Telecom:SamsungTelecomServiceImpl: getDefaultDialerPackage - callingPid : 4233 / processName : sts
08-23 19:47:09.400 1452 6166 I Telecom : : isInEmergencyCall: false: TSI.iIEC@AmE
08-23 19:47:09.401 1452 3619 I Telecom : ConnectionServiceWrapper: CS -> TC[cap]: removeCall TC@9_1: CSW.rC(cap)@AmA
08-23 19:47:09.402 1452 1452 I Telecom:SamsungTelecomServiceImpl: getCallState - callingPid : 1452 / processName : sts
08-23 19:47:09.408 1452 1452 I Telecom:SamsungTelecomServiceImpl: getCallState - callingPid : 1452 / processName : sts
08-23 19:47:09.411 1452 2584 I Telecom:SamsungBluetoothManager: isBluetoothWatchSingleConnected false
08-23 19:47:09.411 1452 2584 I Telecom : CallAudioRouteStateMachine: turning speaker phone false: CSW.sDc->CAMSM.pM_1002->CARSM.pM_SWITCH_FOCUS(cap)@Alg
08-23 19:47:09.413 1452 1452 I Telecom : ConnectionServiceWrapper: Service unbound ComponentInfo{com.android.phone/com.android.services.telephony.TelephonyConnectionService}, from unbind.: CSW.rC->CM.mCAR(cap)@AmA
08-23 19:47:09.423 1452 2584 I Telecom : Logging.Events: Non-call EVENT: UNMUTE, null: CSW.sDc->CAMSM.pM_1002->CARSM.pM_SWITCH_FOCUS(cap)@Alg
08-23 19:47:09.426 1452 2584 I Telecom : Logging.Events: Non-call EVENT: AUDIO_ROUTE, Leaving state ActiveEarpieceRoute: CSW.sDc->CAMSM.pM_1002->CARSM.pM_SWITCH_FOCUS(cap)@Alg
08-23 19:47:09.426 1452 2584 I Telecom : Logging.Events: Non-call EVENT: AUDIO_ROUTE, Entering state QuiescentEarpieceRoute: CSW.sDc->CAMSM.pM_1002->CARSM.pM_SWITCH_FOCUS(cap)@Alg
08-23 19:47:09.426 1452 2584 I Telecom : BluetoothRouteManager: getBluetoothAudioConnectedDevice: no service available.: CSW.sDc->CAMSM.pM_1002->CARSM.pM_SWITCH_FOCUS(cap)@Alg
08-23 19:47:09.426 1452 3619 I Telecom:SamsungTelecomServiceImpl: getDefaultDialerPackage - callingPid : 4233 / processName : sts
08-23 19:47:09.434 1452 6166 I Telecom:SamsungTelecomServiceImpl: getDefaultDialerPackage - callingPid : 4233 / processName : sts
08-23 19:47:09.454 1452 2228 I ActivityManager: Changes in 10164 5 to 3, 0 to 7 Caller=com.android.server.am.OomAdjuster.updateOomAdjLocked:399 com.android.server.am.OomAdjuster.updateOomAdjLocked:446 com.android.server.am.ActivityManagerService.updateOomAdjLocked:21469 com.android.server.am.ActiveServices.bindServiceLocked:2318 com.android.server.am.ActivityManagerService.bindIsolatedService:18047 android.app.IActivityManager$Stub.onTransact:3006 com.android.server.am.ActivityManagerService.onTransact:3617 08-23 19:47:09.454 1452 2228 I AppOps : updateUidProcState uid: 10164 procState: 3 capability:7
08-23 19:47:09.454 1452 2228 I AppOps : commitUidPendingStateLocked() :: UID - 10164, 500 > 500, 0 > 7
08-23 19:47:09.484 1452 2632 I Telecom:SamsungMotionTurnOver: stop
08-23 19:47:09.484 1452 2632 I Telecom:SamsungMotionTurnOver: checkRun : false true
08-23 19:47:09.486 1452 1452 I Telecom : ConnectionServiceWrapper: TC -> CS[cap]: removeConnectionServiceAdapter com.android.server.telecom.ConnectionServiceWrapper$Adapter@f301264: CSW.rC->CM.mCAR(cap)@AmA
08-23 19:47:09.487 1452 1452 I Telecom : CallsManager: handleConnectionServiceDeath: service [ConnectionServiceWrapper componentName=ComponentInfo{com.android.phone/com.android.services.telephony.TelephonyConnectionService}] died: CSW.rC->CM.mCAR(cap)@AmA
08-23 19:47:09.494 1452 1452 I Telecom : Event: RecordEntry TC@9: DESTROYED, null: CSW.rC->CM.mCAR(cap)@AmA
08-23 19:47:09.496 1452 8814 I Telecom:SamsungMemoCallLog: updateContentValues - memo: null, twoPhoneUserId: -2
08-23 19:47:09.496 1452 8814 I Telecom:SamsungCallLogManager: checkAndCopyContentValues - InternalContentValues - key : sec_stir_shaken / value : ***
08-23 19:47:09.497 1452 8814 I Telecom:SamsungCallLogManager: checkAndCopyContentValues - InternalContentValues - key : ci_contact_id / value : ***
08-23 19:47:09.497 1452 8814 I Telecom:SamsungCallLogManager: checkAndCopyContentValues - InternalContentValues - key : ci_phoneNumber / value : ***
08-23 19:47:09.497 1452 8814 I Telecom:SamsungCallLogManager: checkAndCopyContentValues - InternalContentValues - key : ci_normalizedNumber / value : ***
08-23 19:47:09.497 1452 8814 I Telecom:SamsungCallLogManager: checkAndCopyContentValues - InternalContentValues - key : ROAMING_AUTO_DIALER / value : ***
08-23 19:47:09.497 1452 8814 I Telecom:SamsungCallLogManager: checkAndCopyContentValues - InternalContentValues - key : logtype / value : ***
08-23 19:47:09.497 1452 8814 I Telecom:SamsungCallLogManager: checkAndCopyContentValues - InternalContentValues - key : sec_end_type / value : ***
08-23 19:47:09.497 1452 8814 I Telecom:SamsungCallLogManager: checkAndCopyContentValues - InternalContentValues - key : reject_flag / value : ***
08-23 19:47:09.503 1452 1452 I Telecom:SamsungGearCommandManager: sendSecBluetoothATCommand : DISC,81 ******133
08-23 19:47:09.504 1452 1452 I Telecom : InCallController: onCallRemoved: [Call id=TC@9, state=DISCONNECTED, tpac=ComponentInfo{com.android.phone/com.android.services.telephony.TelephonyConnectionService}, ***, UserHandle{0}, cmgr=ComponentInfo{com.android.phone/com.android.services.telephony.TelephonyConnectionService}, ***, UserHandle{0}, handle=tel:**********, vidst=A, childs(0), has_parent(false), cap=[ sup_hld mut !v2a spd_aud], prop=[], caps=[Capabilities: CAPABILITY_SUPPORT_HOLD CAPABILITY_MUTE CAPABILITY_CANNOT_DOWNGRADE_VIDEO_TO_AUDIO CAPABILITY_SPEED_UP_MT_AUDIO], props=[Properties:], conf(false), had_child(false)]: CSW.rC->CM.mCAR(cap)@AmA
08-23 19:47:09.505 1452 1452 I Telecom : Event: RecordEntry TC@9: ICS_CALL_REMOVED, null: CSW.rC->CM.mCAR(cap)@AmA
08-23 19:47:09.505 1452 8814 I Telecom:SamsungCallLogManager: checkAndCopyContentValues - ContentValues - key : sec_stir_shaken / value : ***
08-23 19:47:09.505 1452 8814 I Telecom:SamsungCallLogManager: checkAndCopyContentValues - ContentValues - key : ci_contact_id / value : ***
08-23 19:47:09.505 1452 1452 I Telecom : ProximitySensorManager: All calls removed, resetting proximity sensor to default state: CSW.rC->CM.mCAR(cap)@AmA
08-23 19:47:09.505 1452 8814 I Telecom:SamsungCallLogManager: checkAndCopyContentValues - ContentValues - key : ci_phoneNumber / value : ***
08-23 19:47:09.505 1452 8814 I Telecom:SamsungCallLogManager: checkAndCopyContentValues - ContentValues - key : ci_normalizedNumber / value : ***
08-23 19:47:09.506 1452 1452 I Telecom : TelecomWakeLock: WakeLock already released with id: 32: CSW.rC->CM.mCAR(cap)@AmA
08-23 19:47:09.506 1452 1452 I Telecom : BluetoothPhoneService: updateHeadsetWithCallState : false: CSW.rC->CM.mCAR(cap)@AmA
08-23 19:47:09.506 1452 1452 I Telecom : BluetoothPhoneService: updateHeadsetWithCallState checking update : false 0 0 0 6 *** 129: CSW.rC->CM.mCAR(cap)@AmA
08-23 19:47:09.506 1452 1452 I Telecom : TelecomWakeLock: WakeLock already released with id: 26: CSW.rC->CM.mCAR(cap)@AmA
08-23 19:47:09.506 1452 1452 I Telecom : InCallWakeLockController: Releasing full wake lock: CSW.rC->CM.mCAR(cap)@AmA
08-23 19:47:09.507 1452 1452 I Telecom : IncomingCallNotifier: updateIncomingCall: foundIncomingcall = null: CSW.rC->CM.mCAR(cap)@AmA
08-23 19:47:09.510 1452 8814 I Telecom:SamsungCallLogManager: checkAndCopyContentValues - ContentValues - key : ROAMING_AUTO_DIALER / value : ***
08-23 19:47:09.510 1452 8814 I Telecom:SamsungCallLogManager: checkAndCopyContentValues - ContentValues - key : logtype / value : ***
08-23 19:47:09.510 1452 8814 I Telecom:SamsungCallLogManager: checkAndCopyContentValues - ContentValues - key : sec_end_type / value : ***
08-23 19:47:09.510 1452 8814 I Telecom:SamsungCallLogManager: checkAndCopyContentValues - ContentValues - key : reject_flag / value : ***
08-23 19:47:09.521 1452 1452 D EdgeLightingManager: isCallingUserSupported : callingUserId=0, mUserId=0, isDualAppId=false, isKnoxId=false
08-23 19:47:09.521 1452 1452 D EdgeLightingManager: hideForNotification : packageName = com.callapp.contacts
08-23 19:47:09.525 1452 1452 D EdgeLightingPolicyManager:NotificationGroup: remove : sbn : StatusBarNotification(pkg=com.callapp.contacts user=UserHandle{0} id=12 tag=null key=0|com.callapp.contacts|12|null|10513: Notification(channel=3 12 shortcut=null contentView=com.callapp.contacts/0x7f0d0154 vibrate=null sound=null defaults=0x0 flags=0x62 color=0xffc9771b category=call vis=PUBLIC semFlags=0x0 semPriority=0 semMissedCount=0))
08-23 19:47:09.532 1452 1452 D EdgeLightingPolicyManager.NotificationGroup: group key = -1|com.android.systemui|3|low_battery|10067 ,value= summary : null , child : 1key = -1|com.android.systemui|3|low_battery|10067 , value = NotificationData { tag= low_battery } , } 08-23 19:47:09.533 1452 1452 D EdgeLightingManager: hideForNotification : isInteractive is true
08-23 19:47:09.533 1452 1452 I EasyMuteController: UnRegister failed. no registered
08-23 19:47:09.537 1452 8814 I Telecom:SamsungCallLogManager: addCall - userToBeInserted : null / userToBeInsertedTo : [] / initiatingUser : null
08-23 19:47:09.546 1452 8814 I Telecom:SamsungTelecomServiceImpl: getPhoneAccount - PhoneAccountHandle : ComponentInfo{com.android.phone/com.android.services.telephony.TelephonyConnectionService}, ***, UserHandle{0} / callingPid : 1452 / processName : sts
08-23 19:47:09.569 1452 1452 D SmartAlertController: SmartAlert - Found Missed Event
08-23 19:47:09.574 1452 18139 D SmartAlertController: SmartAlert - already registered or Setting disabled
08-23 19:47:09.597 1452 1960 I Telecom:SamsungTelecomServiceImpl: isInCall - callingPackage : android
08-23 19:47:09.610 1452 1960 I Telecom:SamsungTelecomServiceImpl: isInCall - callingPackage : android
08-23 19:47:09.617 1452 2586 I Telecom:SamsungTelecomServiceImpl: isInCall - callingPackage : android
08-23 19:47:09.626 1452 2586 I Telecom:SamsungTelecomServiceImpl: isInCall - callingPackage : android
08-23 19:47:09.638 1452 2586 I Telecom:SamsungTelecomServiceImpl: isInCall - callingPackage : android
08-23 19:47:09.649 1452 1975 W Looper : Slow dispatch took 141ms PackageManagerHandlerThread h=android.os.Handler c=<recycled PooledLambda@b3ddcb9> m=0
08-23 19:47:09.686 1452 2586 I Telecom:SamsungCallAudioModeStateMachine: unMarkShouldControlEngine
08-23 19:47:09.687 1452 2586 I Telecom : CallAudioModeStateMachine: Message received: AUDIO_OPERATIONS_COMPLETE.: CSW.sDc->CAMSM.pM_1002->CARSM.pM_SWITCH_FOCUS->CAMSM.pM_6001(cap)@Alg
08-23 19:47:09.687 1452 2586 I Telecom : CallAudioModeStateMachine: Abandoning audio focus: now UNFOCUSED: CSW.sDc->CAMSM.pM_1002->CARSM.pM_SWITCH_FOCUS->CAMSM.pM_6001(cap)@Alg
08-23 19:47:09.776 1452 1960 I Telecom:SamsungTelecomServiceImpl: isInCall - callingPackage : android
08-23 19:47:09.830 599 599 I io_stats: !@ 179,0 r 1880009 31116162 w 79289 1355792 d 41827 572512 f 44517 53442 iot 765630 602145 th 51200 51200 41500 pt 1070 inp 2 0 2236.426
08-23 19:47:09.919 1452 6166 I Telecom:SamsungTelecomServiceImpl: getCallState - callingPid : 2399 / processName : sts
08-23 19:47:09.945 1452 1572 I DropBoxManagerService: add tag=system_server_wtf isTagEnabled=true flags=0x2
08-23 19:47:09.959 1452 1572 W DropBoxManagerService: Dropping: system_server_wtf (1248 > 0 bytes)
08-23 19:47:09.971 1452 1572 I DropBoxManagerService: add tag=system_server_wtf isTagEnabled=true flags=0x2
08-23 19:47:09.976 1452 1572 W DropBoxManagerService: Dropping: system_server_wtf (1248 > 0 bytes)
08-23 19:47:10.016 1452 2247 D SamsungAlarmManager: Cancel Alarm calling from uid:10164 pid :2347 / OP:PendingIntent{77ba462: PendingIntentRecord{5b2b19a com.google.android.gms/com.google.android.gms.measurement broadcastIntent}}
08-23 19:47:10.031 1452 1562 E Watchdog: !@Sync: 74 heap: 72 / 78 [2021-08-23 19:47:10.031] sdogWay: softdog
08-23 19:47:10.101 1452 6166 D SamsungAlarmManager: Cancel Alarm calling from uid:10164 pid :2347 / OP:PendingIntent{3fe524f: PendingIntentRecord{5b2b19a com.google.android.gms/com.google.android.gms.measurement broadcastIntent}}
08-23 19:47:10.131 1452 8814 W ContextImpl: Calling a method in the system process without a qualified user: android.app.ContextImpl.sendBroadcast:1196 android.content.ContextWrapper.sendBroadcast:483 com.samsung.server.telecom.basiccall.calllog.SamsungCallLogManager.sendAddCallBroadcast:455 com.samsung.server.telecom.basiccall.calllog.SamsungCallLogManager.addCallCompleted:444 com.android.server.telecom.CallLogManager$LogCallAsyncTask.addCall:666 08-23 19:47:10.132 1452 8814 I Telecom : CallLogManager: LogCallAsyncTask - doInBackground - end
08-23 19:47:10.132 1452 1452 I Telecom : CallLogManager: LogCallAsyncTask - onPostExecute - start : 1
08-23 19:47:10.133 1452 1452 I Telecom : Event: RecordEntry TC@9: SHOW_NOTIFICATION_FOR_MISSED_CALL, ***
08-23 19:47:10.135 1452 1502 D SettingsProvider: isChangeAllowed() : name = set_network_mode_by_quick_panel
08-23 19:47:10.136 1452 1452 I Telecom:SamsungMissedCallNotifierImpl: updateUserHandle - call : [Call id=TC@9, state=DISCONNECTED, tpac=ComponentInfo{com.android.phone/com.android.services.telephony.TelephonyConnectionService}, ***, UserHandle{0}, cmgr=ComponentInfo{com.android.phone/com.android.services.telephony.TelephonyConnectionService}, ***, UserHandle{0}, handle=tel:**********, vidst=A, childs(0), has_parent(false), cap=[ sup_hld mut !v2a spd_aud], prop=[], caps=[Capabilities: CAPABILITY_SUPPORT_HOLD CAPABILITY_MUTE CAPABILITY_CANNOT_DOWNGRADE_VIDEO_TO_AUDIO CAPABILITY_SPEED_UP_MT_AUDIO], props=[Properties:], conf(false), had_child(false)] / userHandle : UserHandle{0}
08-23 19:47:10.136 1452 1452 I Telecom : MissedCallNotifierImpl: showMissedCallNotification: userHandle=0, queryMissedCallCounts=0
08-23 19:47:10.137 1452 1452 I Telecom:MissedCallNotifierImpl: shouldManageNotificationThroughDefaultDialer - size : 0 / package : com.callapp.contacts
08-23 19:47:10.138 1452 1452 I Telecom:MissedCallNotifierImpl: shouldManageNotificationThroughDefaultDialer - size : 1 / package : com.samsung.android.dialer
08-23 19:47:10.138 1452 1452 W Telecom : MissedCallNotifierImpl: Showing missed calls through default dialer.
08-23 19:47:10.145 1452 1452 D PowerManagerService: [api] setDeviceIdleTempWhitelist: appids: [0]5009 [1]10058 [2]10081 [3]10164 [4]10179 [5]10181 [6]10182 [7]10193 [8]10803 (uid: 1000 pid: 1452)
08-23 19:47:10.147 1452 1452 I Telecom : Event: RecordEntry TC@9: SEND_MISSED_CALLS_NOTIFICATION, com.samsung.android.dialer, UserHandle{0}, UserHandle{0}, 9
08-23 19:47:10.147 1452 1452 I Telecom : CallLogManager: LogCallAsyncTask - onPostExecute - end
08-23 19:47:10.152 1452 1960 D SettingsProvider: isChangeAllowed() : name = volume_music_speaker
08-23 19:47:10.185 1452 3619 D ConnectivityService: requestNetwork for uid/pid:1000/2399 NetworkRequest [ REQUEST id=392, [ Transports: CELLULAR Capabilities: IMS&TRUSTED&NOT_VPN Uid: 1000 AdministratorUids: [] RequestorUid: 1000 RequestorPackageName: com.sec.imsservice] ]
08-23 19:47:10.194 1452 1949 D ConnectivityService: NetReassign [no changes]
08-23 19:47:10.197 1452 3619 I Telecom:SamsungTelecomServiceImpl: getCallState - callingPid : 2399 / processName : sts
08-23 19:47:10.219 1452 2247 I Telecom:SamsungTelecomServiceImpl: getDefaultDialerPackage - callingPid : 3094 / processName : sts
08-23 19:47:10.490 1452 1590 D PowerManagerService: UserActivityState : 1 -> 2
08-23 19:47:10.491 1452 1590 D PowerManagerService: mDisplayReady: false
08-23 19:47:10.491 1452 1452 D IbsQuickDim: BroadcastReceiver flag = 2
08-23 19:47:10.491 1452 1452 D IbsQuickDim: PMS set dim 08-23 19:47:10.491 1452 1452 I MdnieScenarioControlService: action : com.samsung.server.PowerManagerService.action.USER_ACTIVITY
08-23 19:47:10.491 1452 1590 D PowerManagerService: mDisplayReady: false
08-23 19:47:10.492 1452 1590 D DisplayPowerController: animateScreenStateChange: target=2, targetInternal=2, dualScreenPolicy=-1
08-23 19:47:10.492 1452 1590 D DisplayPowerController: getFinalBrightness : Summary is 13 (0.05) -> 13 (0.05)
08-23 19:47:10.493 1452 1590 D PowerManagerService: DisplayPowerCallbacks : onStateChanged()
08-23 19:47:10.493 1452 1590 D PowerManagerService: mDisplayReady: true
08-23 19:47:10.493 1452 1590 D PowerManagerService: mDisplayReady: true
08-23 19:47:10.607 1452 1452 D EasyMuteController: Register failed. already registered or setting not eanbled
08-23 19:47:10.630 1452 1452 E NotificationService: Muting recently noisy 0|com.samsung.android.dialer|3|0:6320|10058
08-23 19:47:10.638 1452 1452 W NotificationHistory: Attempted to add notif for locked/gone/disabled user 0
08-23 19:47:10.646 1452 1452 D SmartAlertController: SmartAlert - Found Missed Event
08-23 19:47:10.651 1452 1452 E NotificationService: Muting recently noisy 0|com.samsung.android.dialer|3|0:6319|10058
08-23 19:47:10.651 1452 18149 D SmartAlertController: SmartAlert - already registered or Setting disabled
08-23 19:47:10.659 1452 1452 D SmartAlertController: SmartAlert - Found Missed Event
08-23 19:47:10.663 1452 1452 E NotificationService: Muting recently noisy 0|com.samsung.android.dialer|3|0:6316|10058
08-23 19:47:10.664 1452 18150 D SmartAlertController: SmartAlert - already registered or Setting disabled
08-23 19:47:10.668 1452 1452 E NotificationService: Muting recently noisy 0|com.samsung.android.dialer|3|0:6315|10058
08-23 19:47:10.681 1452 1452 D SmartAlertController: SmartAlert - Found Missed Event
08-23 19:47:10.684 1452 18151 D SmartAlertController: SmartAlert - already registered or Setting disabled
08-23 19:47:10.686 1452 1452 E NotificationService: Muting recently noisy 0|com.samsung.android.dialer|3|0:6314|10058
08-23 19:47:10.701 1452 1452 D SmartAlertController: SmartAlert - Found Missed Event
08-23 19:47:10.707 1452 18152 D SmartAlertController: SmartAlert - already registered or Setting disabled
08-23 19:47:10.708 1452 1452 E NotificationService: Muting recently noisy 0|com.samsung.android.dialer|3|0:6313|10058
08-23 19:47:10.720 1452 1452 D SmartAlertController: SmartAlert - Found Missed Event
08-23 19:47:10.723 1452 18153 D SmartAlertController: SmartAlert - already registered or Setting disabled
08-23 19:47:10.725 1452 1452 E NotificationService: Muting recently noisy 0|com.samsung.android.dialer|3|0:6312|10058
08-23 19:47:10.731 1452 1452 E NotificationService: Muting recently noisy 0|com.samsung.android.dialer|3|0:6311|10058
08-23 19:47:10.744 1452 1452 D SmartAlertController: SmartAlert - Found Missed Event
08-23 19:47:10.748 1452 1452 E NotificationService: Muting recently noisy 0|com.samsung.android.dialer|3|0:6310|10058
08-23 19:47:10.757 1452 1452 D SmartAlertController: SmartAlert - Found Missed Event
08-23 19:47:10.758 1452 18156 D SmartAlertController: SmartAlert - already registered or Setting disabled
08-23 19:47:10.767 1452 1452 D SmartAlertController: SmartAlert - Found Missed Event
08-23 19:47:10.770 1452 18157 D SmartAlertController: SmartAlert - already registered or Setting disabled
08-23 19:47:10.775 1452 18159 D SmartAlertController: SmartAlert - already registered or Setting disabled
08-23 19:47:10.780 1452 1452 D SmartAlertController: SmartAlert - Found Missed Event
08-23 19:47:10.790 1452 1452 D SmartAlertController: SmartAlert - Found Missed Event
08-23 19:47:10.791 1452 18160 D SmartAlertController: SmartAlert - already registered or Setting disabled
08-23 19:47:10.796 1452 18161 D SmartAlertController: SmartAlert - already registered or Setting disabled
08-23 19:47:10.938 1452 1941 V NetworkPolicy: updateNotificationsNL() - totalBytes : 81241401, policy : NetworkPolicy{template=NetworkTemplate: matchRule=MOBILE, subscriberId=334020..., matchSubscriberIds=[334020...] cycleRule=RecurrenceRule{start=2020-01-01T00:00-06:00[America/Mexico_City] end=null period=P1M} warningBytes=-1 limitBytes=-1 lastWarningSnooze=-1 lastLimitSnooze=-1 lastRapidSnooze=-1 metered=true inferred=false}, CallingUID: 1000
08-23 19:47:11.124 1452 18148 V VibratorService: vibratePatternMagnitude - package: com.samsung.android.dialer, reason: Notification (delayed), repeat: -1, token: android.os.Binder@cef45c7, mag: 9999, TYPE_NOTIFICATION
08-23 19:47:11.124 1452 18148 D VibratorService: Turning vibrator off.
08-23 19:47:11.124 1452 18148 D VibratorService: Turning vibrator off
08-23 19:47:11.128 1452 18163 D VibratorService: Turning vibrator on for 250 ms.
08-23 19:47:11.128 1452 18163 D VibratorService: vibratorOn() : 250ms, mag :9999, f : -1
08-23 19:47:11.470 1452 1452 W ContextImpl: Calling a method in the system process without a qualified user: android.app.ContextImpl.sendBroadcast:1162 vendor.samsung.frameworks.codecsolution.Logging.insertDiagmonLog:78 vendor.samsung.frameworks.codecsolution.Logging.insertLog:54 vendor.samsung.frameworks.codecsolution.Logging.insertLog:46 vendor.samsung.frameworks.codecsolution.SehCodecSolutionService$1.handleMessage:307 08-23 19:47:11.474 3468 3468 W ContextImpl: Calling a method in the system process without a qualified user: android.app.ContextImpl.startService:1739 android.content.ContextWrapper.startService:738 android.content.ContextWrapper.startService:738 com.sec.android.diagmonagent.sa.receiver.CFLogReceiver.sendCFLog:26 com.sec.android.diagmonagent.sa.receiver.CFLogReceiver.onReceive:18 08-23 19:47:11.505 1452 1452 I Telecom : Event: RecordEntry TC@9: UNBIND_ICS, null: CSW.rC->CM.mCAR->ICC.oCR(cap)@AmA
08-23 19:47:11.505 1452 1452 I Telecom : InCallController: disconnect service connection: CSW.rC->CM.mCAR->ICC.oCR(cap)@AmA
08-23 19:47:11.505 1452 1452 I Telecom : InCallController: CSICSC: disconnect com.android.server.telecom.InCallController$EmergencyInCallServiceConnection@b287ecc: CSW.rC->CM.mCAR->ICC.oCR(cap)@AmA
08-23 19:47:11.505 1452 1452 I Telecom : EmergencyInCallServiceConnection: Disconnect forced!: CSW.rC->CM.mCAR->ICC.oCR(cap)@AmA
08-23 19:47:11.506 1452 1452 I Telecom : InCallController: ICSBC#disconnect: unbinding after 23035 ms;[ComponentInfo{com.callapp.contacts/com.callapp.contacts.inCallService.InCallServiceImpl} supportsExternal? false supportsSelfMg?false supportsAllowedSelfMg?false], 1. isCrashed: false: CSW.rC->CM.mCAR->ICC.oCR(cap)@AmA
08-23 19:47:11.627 1452 18163 D VibratorService: Turning vibrator on for 250 ms.
08-23 19:47:11.628 1452 18163 D VibratorService: vibratorOn() : 250ms, mag :9999, f : -1
08-23 19:47:11.643 1452 2579 I ActivityTaskManager: START u0 {flg=0x10000000 cmp=com.callapp.contacts/.activity.missedcall.missedAnswer.MissedCallActivity (has extras)} from uid 10513
08-23 19:47:11.650 1452 2579 D ActivityManagerPerformance: AMP_acquire() ACT_START
08-23 19:47:11.656 1452 2579 D ActivityTaskManager: TaskLaunchParamsModifier:task=null activity=ActivityRecord{de5db64 u0 com.callapp.contacts/.activity.missedcall.missedAnswer.MissedCallActivity display-from-upper-layer=Display 0 info=DisplayInfo{"Pantalla integrada", displayId 0, FLAG_SECURE, FLAG_SUPPORTS_PROTECTED_BUFFERS, FLAG_TRUSTED, real 720 x 1461, largest app 1371 x 1371, smallest app 720 x 670, appVsyncOff 1000000, presDeadline 16666666, mode 1, defaultMode 1, modes [{id=1, width=720, height=1520, fps=60.000004}], hdrCapabilities HdrCapabilities{mSupportedHdrTypes=[], mMaxLuminance=500.0, mMaxAverageLuminance=500.0, mMinLuminance=0.0}, minimalPostProcessingSupported false, rotation 0, state ON, type INTERNAL, uniqueId "local:0", app 720 x 1371, density 331 (320.842 x 306.6889) dpi, layerStack 0, colorMode 0, supportedColorModes [0], address {port=0}, deviceProductInfo null, removeMode 0} stacks=[com.android.server.wm.DisplayContent$WindowContainers@512c8f7, com.android.server.wm.DisplayContent$NonAppWindowContainers@4b34e55] task-display-area=DefaultTaskDisplayArea@176054482 display-area-windowing-mode=1
08-23 19:47:11.659 1452 2579 D ActivityTaskManager: TaskLaunchParamsModifier:task=Task{19ad7ce #72 visible=false type=standard mode=fullscreen translucent=true A=10513:com.callapp.contacts.transparentScreenTask U=0 StackId=72 sz=1} activity=ActivityRecord{de5db64 u0 com.callapp.contacts/.activity.missedcall.missedAnswer.MissedCallActivity t-1} display-from-task=0 task-display-area=DefaultTaskDisplayArea@176054482 display-area-windowing-mode=1 non-freeform-display maximized-bounds
08-23 19:47:11.667 1452 2579 I Pageboost: moveTaskToFront : 10513:com.callapp.contacts.transparentScreenTask
08-23 19:47:11.695 1452 6166 D SamsungAlarmManager: Cancel Alarm calling from uid:10164 pid :2347 / OP:PendingIntent{779b593: PendingIntentRecord{5b2b19a com.google.android.gms/com.google.android.gms.measurement broadcastIntent}}
08-23 19:47:11.710 1452 2579 V WindowManager: Changing focus from Window{3a21005 u0 com.callapp.contacts/com.callapp.contacts.activity.contact.details.ContactDetailsActivity} to null displayId=0 Callers=com.android.server.wm.RootWindowContainer.updateFocusedWindowLocked:566 com.android.server.wm.WindowManagerService.updateFocusedWindowLocked:6307 com.android.server.wm.DisplayContent.setFocusedApp:6776 com.android.server.wm.ActivityTaskManagerService.setResumedActivityUncheckLocked:6690 08-23 19:47:11.711 1452 2579 D StatusBarManagerService: notifyRequestedSystemKey recent=false home=false
08-23 19:47:11.714 1452 2579 D GameManagerService: TaskStackListener.onTaskFocusChanged(), taskId=72, focused=true
08-23 19:47:11.714 1452 1923 D GameManagerService: onLooperPrepared(), msg: MSG_TASK_FOCUSED, focusedComponent: ComponentInfo{com.callapp.contacts/com.callapp.contacts.activity.missedcall.missedAnswer.MissedCallActivity}
08-23 19:47:11.715 1452 1923 D GameManagerService: handleTaskFocused().
08-23 19:47:11.715 1452 1923 D GameManagerService: handleTaskFocused(), pkgName: com.callapp.contacts, clsName: com.callapp.contacts.activity.missedcall.missedAnswer.MissedCallActivity, userID:0
08-23 19:47:11.715 1452 1923 D GameManagerService: handleResume().
08-23 19:47:11.715 1452 1923 D GameManagerService: handleResume(). same package with Prev KILL_YOURSELF. ignore
08-23 19:47:11.721 1452 2579 V WindowManager: Prepare app transition: transit=TRANSIT_TASK_TO_FRONT mNextAppTransition=TRANSIT_UNSET alwaysKeepCurrent=false displayId=0 Callers=com.android.server.wm.DisplayContent.prepareAppTransition:5809 com.android.server.wm.ActivityStack.updateTransitLocked:2973 com.android.server.wm.ActivityStack.moveTaskToFront:3082 com.android.server.wm.ActivityStarter.setTargetStackIfNeeded:3716 com.android.server.wm.ActivityStarter.recycleTask:2927 08-23 19:47:11.749 1452 2579 D MARsPolicyManager: onPackageResumedFG pkgName = com.callapp.contacts, userId = 0
08-23 19:47:11.759 1452 2579 V WindowManager: Prepare app transition: transit=TRANSIT_TASK_OPEN mNextAppTransition=TRANSIT_TASK_TO_FRONT alwaysKeepCurrent=false displayId=0 Callers=com.android.server.wm.DisplayContent.prepareAppTransition:5809 com.android.server.wm.DisplayContent.prepareAppTransition:5803 com.android.server.wm.ActivityStack.resumeTopActivityInnerLocked:2255 com.android.server.wm.ActivityStack.resumeTopActivityUncheckedLocked:1873 com.android.server.wm.RootWindowContainer.resumeFocusedStacksTopActivities:2665 08-23 19:47:11.767 1452 2579 V WindowManager: Setting visibility of Window{65678cf u0 com.callapp.contacts/com.callapp.contacts.activity.missedcall.missedAnswer.MissedCallActivity}: true, caller=com.android.server.wm.WindowContainer.sendAppVisibilityToClients:1004 com.android.server.wm.ActivityRecord.setClientVisible:6391 com.android.server.wm.ActivityRecord.setVisibility:4866 com.android.server.wm.ActivityRecord.setVisibility:4764 com.android.server.wm.ActivityStack.resumeTopActivityInnerLocked:2298 08-23 19:47:11.773 1452 2579 D WindowManager: setKeyguardOccluded occluded=false
08-23 19:47:11.775 1452 2579 V WindowManager: rotationForOrientation(orient=SCREEN_ORIENTATION_PORTRAIT (1), last=ROTATION_0 (0)); user=ROTATION_0 (0) 08-23 19:47:11.775 1452 2579 D WindowManager: rotationForOrientation, orientationSource=ActivityRecord{a86e4c9 u0 com.callapp.contacts/.activity.missedcall.missedAnswer.MissedCallActivity t72}
08-23 19:47:11.783 1452 2579 V WindowManager: Computed rotation=ROTATION_0 (0) for display id=0 based on lastOrientation=SCREEN_ORIENTATION_PORTRAIT (1) and oldRotation=ROTATION_0 (0), caller=com.android.server.wm.DisplayRotation.updateOrientation:394 com.android.server.wm.DisplayContent.updateOrientation:1698 com.android.server.wm.DisplayContent.updateOrientation:1626 com.android.server.wm.RootWindowContainer.ensureVisibilityAndConfig:2152 com.android.server.wm.ActivityStack.resumeTopActivityInnerLocked:2340 com.android.server.wm.ActivityStack.resumeTopActivityUncheckedLocked:1873 08-23 19:47:11.784 1452 2579 D TspStateManager: updateCustomValue customSetting=
08-23 19:47:11.785 1452 2579 D TspStateManager: updateCustomValue customSetting=
08-23 19:47:11.789 1452 2579 D MARsPolicyManager: onPackageResumedFG pkgName = com.callapp.contacts, userId = 0
08-23 19:47:11.794 1452 2579 W WindowManager: Execute app transition: mNextAppTransition=TRANSIT_TASK_TO_FRONT, displayId: 0 Callers=com.android.server.wm.RootWindowContainer.executeAppTransitionForAllDisplay:2586 com.android.server.wm.ActivityStackSupervisor.reportResumedActivityLocked:2265 com.android.server.wm.ActivityRecord.completeResumeLocked:5710 com.android.server.wm.ActivityStack.resumeTopActivityInnerLocked:2434 com.android.server.wm.ActivityStack.resumeTopActivityUncheckedLocked:1873 08-23 19:47:11.794 1452 2228 D PowerManagerService: [api] userActivity : event: 0 flags: 0 (uid: 10067 pid: 2086) eventTime = 2238391
08-23 19:47:11.798 1452 2228 D PowerManagerService: UserActivityState : 2 -> 1
08-23 19:47:11.799 1452 2228 D PowerManagerService: mDisplayReady: false
08-23 19:47:11.800 1452 2228 D PowerManagerService: mDisplayReady: false
08-23 19:47:11.801 1452 1590 D DisplayPowerController: animateScreenStateChange: target=2, targetInternal=2, dualScreenPolicy=-1
08-23 19:47:11.801 1452 1590 D DisplayPowerController: getFinalBrightness : Summary is 13 (0.05) -> 13 (0.05)
08-23 19:47:11.802 1452 1590 D PowerManagerService: DisplayPowerCallbacks : onStateChanged()
08-23 19:47:11.803 1452 1590 D PowerManagerService: mDisplayReady: true
08-23 19:47:11.803 1452 1590 D PowerManagerService: mDisplayReady: true
08-23 19:47:11.814 1452 1452 D IbsQuickDim: BroadcastReceiver flag = 1
08-23 19:47:11.814 1452 1452 D IbsQuickDim: quit dim mode mQuickDimMode = 1
08-23 19:47:11.814 1452 1452 D PowerManagerService: [api] setScreenDimDurationOverrideFromSqdInternal: mScreenDimDurationOverrideFromSQD: -1
08-23 19:47:11.814 1452 1452 D IbsQuickDim: pause check dim
08-23 19:47:11.814 1452 1452 I MdnieScenarioControlService: action : com.samsung.server.PowerManagerService.action.USER_ACTIVITY
08-23 19:47:11.827 1452 1548 D GameManagerService: notePauseComponent(), received paused-component: com.callapp.contacts
08-23 19:47:11.841 599 599 I io_stats: !@ 179,0 r 1884367 31155882 w 79359 1356132 d 41867 572756 f 44532 53470 iot 767000 603221 th 51200 51200 41500 pt 1070 inp 3 0 2238.438
08-23 19:47:11.875 1452 6166 D WindowManager: makeSurface duration=2 name=com.callapp.contacts/com.callapp.contacts.activity.missedcall.missedAnswer.MissedCallActivity$_4233
08-23 19:47:11.893 1452 6166 V WindowManager: Changing focus from null to Window{65678cf u0 com.callapp.contacts/com.callapp.contacts.activity.missedcall.missedAnswer.MissedCallActivity} displayId=0 Callers=com.android.server.wm.RootWindowContainer.updateFocusedWindowLocked:566 com.android.server.wm.WindowManagerService.updateFocusedWindowLocked:6307 com.android.server.wm.WindowManagerService.relayoutWindow:2710 com.android.server.wm.Session.relayout:219 08-23 19:47:11.900 1452 6166 I WindowManager: Cancelling animation restarting=true, leash=Surface(name=Surface(name=2818a36 StatusBar)/@0x2b13cba - animation-leash)/@0x4e34bf3
08-23 19:47:11.900 1452 18171 I SystemUiVisibilityPolicyController: handleMessage: entry what = 1
08-23 19:47:11.901 1452 6166 I WindowManager: Reparenting to original parent: Surface(name=WindowToken{878bfd1 android.os.BinderProxy@a5cd65b})/@0x7d3b76b, destroy=false, surface=Surface(name=2818a36 StatusBar)/@0x2b13cba
08-23 19:47:11.903 1452 6166 I WindowManager: Reparenting to leash, surface=Surface(name=2818a36 StatusBar)/@0x2b13cba, leashParent=Surface(name=WindowToken{878bfd1 android.os.BinderProxy@a5cd65b})/@0x7d3b76b
08-23 19:47:11.904 1452 6166 D WindowManager: makeSurface duration=1 leash=Surface(name=Surface(name=2818a36 StatusBar)/@0x2b13cba - animation-leash)/@0x789ad85
08-23 19:47:11.905 1452 6166 I WindowManager: Cancelling animation restarting=true, leash=Surface(name=Surface(name=48627e NavigationBar0)/@0xdbeaf61 - animation-leash)/@0x68c6b29
08-23 19:47:11.905 1452 6166 I WindowManager: Reparenting to original parent: Surface(name=WindowToken{6ee4283 android.os.BinderProxy@3983a94})/@0x9a66a86, destroy=false, surface=Surface(name=48627e NavigationBar0)/@0xdbeaf61
08-23 19:47:11.905 1452 6166 I WindowManager: Reparenting to leash, surface=Surface(name=48627e NavigationBar0)/@0xdbeaf61, leashParent=Surface(name=WindowToken{6ee4283 android.os.BinderProxy@3983a94})/@0x9a66a86
08-23 19:47:11.906 1452 6166 D WindowManager: makeSurface duration=1 leash=Surface(name=Surface(name=48627e NavigationBar0)/@0xdbeaf61 - animation-leash)/@0x5e0440b
08-23 19:47:11.907 1452 2247 D SamsungAlarmManager: Cancel Alarm calling from uid:10164 pid :2347 / OP:PendingIntent{ba82e8: PendingIntentRecord{5b2b19a com.google.android.gms/com.google.android.gms.measurement broadcastIntent}}
08-23 19:47:11.908 1452 6166 D StatusBarManagerService: notifyRequestedSystemKey recent=false home=false
08-23 19:47:11.954 1452 6166 D WindowManager: finishDrawingWindow: Window{65678cf u0 com.callapp.contacts/com.callapp.contacts.activity.missedcall.missedAnswer.MissedCallActivity} mDrawState=DRAW_PENDING
08-23 19:47:11.988 1452 1549 D ActivityTaskManager: finishFixedRotationTransform, r=ActivityRecord{a86e4c9 u0 com.callapp.contacts/.activity.missedcall.missedAnswer.MissedCallActivity t72}, caller=com.android.server.wm.WindowToken.finishFixedRotationTransform:664 com.android.server.wm.DisplayContent$FixedRotationTransitionListener.onAppTransitionFinishedLocked:7026 com.android.server.wm.AppTransition.notifyAppTransitionFinishedLocked:543 com.android.server.wm.ActivityRecord.onAnimationFinished:7164 com.android.server.wm.ActivityRecord.postApplyAnimation:5013 08-23 19:47:12.001 1452 1549 D ActivityManagerPerformance: AMP_acquire() TAIL
08-23 19:47:12.007 1452 1549 D ActivityManagerPerformance: AMP_release() ACT_START
08-23 19:47:12.009 1452 1549 D ActivityTaskManager: finishFixedRotationTransform, r=ActivityRecord{a86e4c9 u0 com.callapp.contacts/.activity.missedcall.missedAnswer.MissedCallActivity t72}, caller=com.android.server.wm.WindowToken.finishFixedRotationTransform:664 com.android.server.wm.DisplayContent$FixedRotationTransitionListener.onAppTransitionFinishedLocked:7026 com.android.server.wm.AppTransition.notifyAppTransitionFinishedLocked:543 com.android.server.wm.DisplayContent.handleAnimatingStoppedAndTransition:5836 com.android.server.wm.RootWindowContainer.checkAppTransitionReady:1252 08-23 19:47:12.030 1452 6166 D SamsungAlarmManager: Cancel Alarm calling from uid:10164 pid :2347 / OP:PendingIntent{e4d15e7: PendingIntentRecord{5b2b19a com.google.android.gms/com.google.android.gms.measurement broadcastIntent}}
08-23 19:47:12.056 1452 6166 V InputMethodManagerService: Unspecified window will hide input
08-23 19:47:12.066 1452 2579 I WindowManager: Cancelling animation restarting=true, leash=Surface(name=Surface(name=3e25f83 InputMethod)/@0x55787f5 - animation-leash)/@0x4e9784f
08-23 19:47:12.066 1452 2579 I WindowManager: Reparenting to original parent: Surface(name=WindowToken{d0b2c78 android.os.Binder@66a59db})/@0xe2fb98a, destroy=false, surface=Surface(name=3e25f83 InputMethod)/@0x55787f5
08-23 19:47:12.067 1452 2579 I WindowManager: Reparenting to leash, surface=Surface(name=3e25f83 InputMethod)/@0x55787f5, leashParent=Surface(name=WindowToken{d0b2c78 android.os.Binder@66a59db})/@0xe2fb98a
08-23 19:47:12.068 1452 2579 D WindowManager: makeSurface duration=1 leash=Surface(name=Surface(name=3e25f83 InputMethod)/@0x55787f5 - animation-leash)/@0x778c700
08-23 19:47:12.222 1452 1548 I GameSDK@LifeCycle: noteResumeComponent(): package name : com.callapp.contacts
08-23 19:47:12.229 1452 1548 D GameManagerService: noteResumeComponent(), received resumed-component: com.callapp.contacts
08-23 19:47:12.229 1452 1923 D GameManagerService: onLooperPrepared(), msg: MSG_APP_RESUME, resumeComponent: ComponentInfo{com.callapp.contacts/com.callapp.contacts.activity.missedcall.missedAnswer.MissedCallActivity}
08-23 19:47:12.229 1452 1923 D GameManagerService: handleResume().
08-23 19:47:12.230 1452 1923 D GameManagerService: handleResume(). same package with Prev KILL_YOURSELF. ignore
08-23 19:47:12.235 1452 1545 W Looper : Slow dispatch took 268ms android.fg h=com.android.server.DropBoxManagerService$DropBoxManagerBroadcastHandler c=null m=2
08-23 19:47:12.237 1452 1572 W BroadcastQueue: Background execution not allowed: receiving Intent { act=android.intent.action.DROPBOX_ENTRY_ADDED flg=0x10 (has extras) } to com.google.android.gms/.stats.service.DropBoxEntryAddedReceiver
08-23 19:47:12.237 1452 1572 W BroadcastQueue: Background execution not allowed: receiving Intent { act=android.intent.action.DROPBOX_ENTRY_ADDED flg=0x10 (has extras) } to com.google.android.gms/.chimera.GmsIntentOperationService$PersistentTrustedReceiver
08-23 19:47:12.267 1452 6166 D SamsungAlarmManager: setInexact (T:3/F:0/AC:false) 20310821T194712 now=8873343 - CU:10164/CP:2781/OP:PendingIntent{1fd7aad: PendingIntentRecord{31c21e2 com.google.android.gms/ startService}}
08-23 19:47:12.267 1452 6166 I SamsungAlarmManager: setLocked to kernel - T:2 / 20210823T195012, set=9053771, now=8873343
08-23 19:47:12.268 1452 6166 I SamsungAlarmManager: setLocked to kernel - T:3 / 20210823T194715, set=8876197, now=8873345
08-23 19:47:12.269 1452 2247 D ActivityTaskManager: setLockScreenShown(true,false) is called from 0
08-23 19:47:12.270 1452 2247 D ActivityTaskManager: Top Process State changed to PROCESS_STATE_TOP_SLEEPING
