08-23 19:46:48.429 1452 17973 I Telecom : Event: RecordEntry TC@9: BIND_SCREENING, com.callapp.contacts, succeeded: (...->CS.crCo->H.CS.crCo->H.CS.crCo.pICR)->CSW.hCCC->ICFG.sF->ICFG.sF->ICFG.sF->CILH.sL->CILH.oQC->BCF.gBS->BCF.gBS->ICFG.sF->ICFG.sF->ICFG.sF->ICFG.sF(cap/cast)@E-E-AkY
08-23 19:46:48.430 1452 1452 I Telecom:SamsungTelecomServiceImpl: getSystemDialerPackage - callingPid : 1452 / processName : sts
08-23 19:46:48.430 1452 1452 I Telecom : Event: RecordEntry TC@9: SCREENING_BOUND, ComponentInfo{com.callapp.contacts/com.callapp.contacts.inCallService.CallAppCallScreeningService}, false
08-23 19:46:48.431 1452 1452 I Telecom:SamsungTelecomServiceImpl: getSystemDialerPackage - callingPid : 1452 / processName : sts
08-23 19:46:48.431 1452 1452 I Telecom : CallScreeningServiceFilter: isPackageSystemApp - getApplicationInfo start
08-23 19:46:48.431 1452 1452 I Telecom : CallScreeningServiceFilter: isPackageSystemApp - getApplicationInfo end
08-23 19:46:48.432 1452 1452 I Telecom : CallScreeningServiceConnection: Binding completed.
08-23 19:46:48.437 1452 17973 I Telecom : IncomingCallFilterGraph: Filter com.android.server.telecom.callfiltering.CallScreeningServiceFilter@16a792e: com.callapp.contacts done, result: [Allow, logged, notified, contact exists].: NCSSF.aC->ICFG.sF@Akk
08-23 19:46:48.438 1452 17973 I Telecom : IncomingCallFilterGraph: Filter com.android.server.telecom.callfiltering.CallFilter@60c66eb scheduled.: NCSSF.aC->ICFG.sF@Akk
08-23 19:46:48.438 1452 17973 I Telecom : IncomingCallFilterGraph: Filter com.android.server.telecom.callfiltering.CallFilter@60c66eb done, result: [Allow, logged, notified, contact exists].: NCSSF.aC->ICFG.sF->ICFG.sF->ICFG.sF@Akk
08-23 19:46:48.439 1452 17973 I Telecom : CallsManager: setCallState NEW -> RINGING, call: [Call id=TC@9, state=NEW, tpac=ComponentInfo{com.android.phone/com.android.services.telephony.TelephonyConnectionService}, ***, UserHandle{0}, cmgr=ComponentInfo{com.android.phone/com.android.services.telephony.TelephonyConnectionService}, ***, UserHandle{0}, handle=tel:**********, vidst=A, childs(0), has_parent(false), cap=[ sup_hld mut !v2a spd_aud], prop=[], caps=[Capabilities: CAPABILITY_SUPPORT_HOLD CAPABILITY_MUTE CAPABILITY_CANNOT_DOWNGRADE_VIDEO_TO_AUDIO CAPABILITY_SPEED_UP_MT_AUDIO], props=[Properties:], conf(false), had_child(false)]: NCSSF.aC->ICFG.sF->ICFG.sF->ICFG.sF@Akk
08-23 19:46:48.461 1452 17973 I Telecom:SamsungRespondViaSmsRepositoryImpl: isRespondViaSmsCapable - phoneNumber : 81******33 / presentation : 1 / hasRespondViaSmsCapable : false / isRespondViaSmsCapable : false
08-23 19:46:48.462 1452 17973 I Telecom : Event: RecordEntry TC@9: SET_RINGING, successful incoming call: NCSSF.aC->ICFG.sF->ICFG.sF->ICFG.sF@Akk
08-23 19:46:48.463 1452 17973 I Telecom:SamsungCallsManager: call : [Call id=TC@9, state=RINGING, tpac=ComponentInfo{com.android.phone/com.android.services.telephony.TelephonyConnectionService}, ***, UserHandle{0}, cmgr=ComponentInfo{com.android.phone/com.android.services.telephony.TelephonyConnectionService}, ***, UserHandle{0}, handle=tel:**********, vidst=A, childs(0), has_parent(false), cap=[ sup_hld mut !v2a spd_aud], prop=[], caps=[Capabilities: CAPABILITY_SUPPORT_HOLD CAPABILITY_MUTE CAPABILITY_CANNOT_DOWNGRADE_VIDEO_TO_AUDIO CAPABILITY_SPEED_UP_MT_AUDIO], props=[Properties:], conf(false), had_child(false)] / hasCall : false
08-23 19:46:48.463 1452 17973 I Telecom:SamsungSpeakerManagerForSessionModify: onCallAdded 08-23 19:46:48.463 1452 17973 I Telecom:SamsungSpeakerManagerForSessionModify: isSktTPhoneMode : false
08-23 19:46:48.464 1452 17973 D Telecom:SamsungRingingTimeCallAddedTimeMarker: callAddedElapsedTime : 8849540
08-23 19:46:48.464 1452 17973 I Telecom : Event: RecordEntry TC@9: ICS_CALL_ADDED, not bound or connected: NCSSF.aC->ICFG.sF->ICFG.sF->ICFG.sF@Akk
08-23 19:46:48.464 1452 17973 I Telecom : InCallController: onCallAdded: [Call id=TC@9, state=RINGING, tpac=ComponentInfo{com.android.phone/com.android.services.telephony.TelephonyConnectionService}, ***, UserHandle{0}, cmgr=ComponentInfo{com.android.phone/com.android.services.telephony.TelephonyConnectionService}, ***, UserHandle{0}, handle=tel:**********, vidst=A, childs(0), has_parent(false), cap=[ sup_hld mut !v2a spd_aud], prop=[], caps=[Capabilities: CAPABILITY_SUPPORT_HOLD CAPABILITY_MUTE CAPABILITY_CANNOT_DOWNGRADE_VIDEO_TO_AUDIO CAPABILITY_SPEED_UP_MT_AUDIO], props=[Properties:], conf(false), had_child(false)]; not bound or connected.: NCSSF.aC->ICFG.sF->ICFG.sF->ICFG.sF@Akk
08-23 19:46:48.465 1452 17973 I Telecom : Event: RecordEntry TC@9: BTS_ICS, null, false, 1452, 17973: NCSSF.aC->ICFG.sF->ICFG.sF->ICFG.sF@Akk
08-23 19:46:48.466 1452 17973 I Telecom:SamsungInCallController: isAllowedSelfManagedCallsSupported - isAllowedSelfManagedCallsSupported : false / packageName : com.callapp.contacts / name : com.callapp.contacts.inCallService.InCallServiceImpl / defaultInCallUIPackage : com.samsung.android.incallui
08-23 19:46:48.466 1452 17973 I Telecom : InCallController: defaultDialer: [ComponentInfo{com.callapp.contacts/com.callapp.contacts.inCallService.InCallServiceImpl} supportsExternal? false supportsSelfMg?false supportsAllowedSelfMg?false], 1: NCSSF.aC->ICFG.sF->ICFG.sF->ICFG.sF@Akk
08-23 19:46:48.466 1452 17973 I Telecom : InCallController: defaultDialer: com.android.server.telecom.InCallController$InCallServiceBindingConnection@b91aae1: NCSSF.aC->ICFG.sF->ICFG.sF->ICFG.sF@Akk
08-23 19:46:48.466 1452 17973 I Telecom:SamsungInCallController: isAllowedSelfManagedCallsSupported - isAllowedSelfManagedCallsSupported : false / packageName : com.samsung.android.incallui / name : com.android.incallui.InCallServiceImpl / defaultInCallUIPackage : com.samsung.android.incallui
08-23 19:46:48.467 1452 17973 I Telecom:SamsungInCallController: isAllowedSelfManagedCallsSupported - isAllowedSelfManagedCallsSupported : false / packageName : com.google.android.googlequicksearchbox / name : com.google.android.apps.gsa.staticplugins.opa.morris2.framework.datasources.phone.LocalInCallServiceImpl / defaultInCallUIPackage : com.samsung.android.incallui
08-23 19:46:48.468 1452 17973 I Telecom:SamsungInCallController: isAllowedSelfManagedCallsSupported - isAllowedSelfManagedCallsSupported : false / packageName : com.google.android.projection.gearhead / name : com.google.android.gms.car.telecom.SharedInCallServiceImpl / defaultInCallUIPackage : com.samsung.android.incallui
08-23 19:46:48.469 1452 17973 I Telecom : Event: RecordEntry TC@9: NEW_ICSC, [ComponentInfo{com.callapp.contacts/com.callapp.contacts.inCallService.InCallServiceImpl} supportsExternal? false supportsSelfMg?false supportsAllowedSelfMg?false], 1, [ComponentInfo{com.callapp.contacts/com.callapp.contacts.inCallService.InCallServiceImpl} supportsExternal? false supportsSelfMg?false supportsAllowedSelfMg?false], 1, [ComponentInfo{com.callapp.contacts/com.callapp.contacts.inCallService.InCallServiceImpl} supportsExternal? false supportsSelfMg?false supportsAllowedSelfMg?false], 1, [ComponentInfo{com.google.android.googlequicksearchbox/com.google.android.apps.gsa.staticplugins.opa.morris2.framework.datasources.phone.LocalInCallServiceImpl} supportsExternal? false supportsSelfMg?true supportsAllowedSelfMg?false], 3: NCSSF.aC->ICFG.sF->ICFG.sF->ICFG.sF@Akk
08-23 19:46:48.470 1452 17973 I Telecom : Event: RecordEntry TC@9: NEW_ICS_INFO, [ComponentInfo{com.callapp.contacts/com.callapp.contacts.inCallService.InCallServiceImpl} supportsExternal? false supportsSelfMg?false supportsAllowedSelfMg?false], 1, [ComponentInfo{com.samsung.android.incallui/com.android.incallui.InCallServiceImpl} supportsExternal? true supportsSelfMg?false supportsAllowedSelfMg?false], 2, [ComponentInfo{com.google.android.googlequicksearchbox/com.google.android.apps.gsa.staticplugins.opa.morris2.framework.datasources.phone.LocalInCallServiceImpl} supportsExternal? false supportsSelfMg?true supportsAllowedSelfMg?false], 3, false, false: NCSSF.aC->ICFG.sF->ICFG.sF->ICFG.sF@Akk
08-23 19:46:48.470 1452 17973 I Telecom : CarSwappingInCallServiceConnection: chooseInitialInCallService: false => false: NCSSF.aC->ICFG.sF->ICFG.sF->ICFG.sF@Akk
08-23 19:46:48.470 1452 17973 I Telecom : InCallServiceBindingConnection: Attempting to bind to InCall [ComponentInfo{com.callapp.contacts/com.callapp.contacts.inCallService.InCallServiceImpl} supportsExternal? false supportsSelfMg?false supportsAllowedSelfMg?false], 1, with Intent { act=android.telecom.InCallService cmp=com.callapp.contacts/.inCallService.InCallServiceImpl }: NCSSF.aC->ICFG.sF->ICFG.sF->ICFG.sF@Akk
08-23 19:46:48.471 1452 17973 I Telecom : Event: RecordEntry TC@9: BIND_ICS, [ComponentInfo{com.callapp.contacts/com.callapp.contacts.inCallService.InCallServiceImpl} supportsExternal? false supportsSelfMg?false supportsAllowedSelfMg?false], 1: NCSSF.aC->ICFG.sF->ICFG.sF->ICFG.sF@Akk
08-23 19:46:48.476 1452 17973 I Telecom : InCallServiceBindingConnection: mCall: [Call id=TC@9, state=RINGING, tpac=ComponentInfo{com.android.phone/com.android.services.telephony.TelephonyConnectionService}, ***, UserHandle{0}, cmgr=ComponentInfo{com.android.phone/com.android.services.telephony.TelephonyConnectionService}, ***, UserHandle{0}, handle=tel:**********, vidst=A, childs(0), has_parent(false), cap=[ sup_hld mut !v2a spd_aud], prop=[], caps=[Capabilities: CAPABILITY_SUPPORT_HOLD CAPABILITY_MUTE CAPABILITY_CANNOT_DOWNGRADE_VIDEO_TO_AUDIO CAPABILITY_SPEED_UP_MT_AUDIO], props=[Properties:], conf(false), had_child(false)], mIsConnected: true: NCSSF.aC->ICFG.sF->ICFG.sF->ICFG.sF@Akk
08-23 19:46:48.480 1452 17973 I Telecom:SamsungATCommandManager: onCallAdded() command = null
08-23 19:46:48.481 1452 17973 I Telecom:SamsungAutoAnswerCallsManagerListener: onCallAdded : [Call id=TC@9, state=RINGING, tpac=ComponentInfo{com.android.phone/com.android.services.telephony.TelephonyConnectionService}, ***, UserHandle{0}, cmgr=ComponentInfo{com.android.phone/com.android.services.telephony.TelephonyConnectionService}, ***, UserHandle{0}, handle=tel:**********, vidst=A, childs(0), has_parent(false), cap=[ sup_hld mut !v2a spd_aud], prop=[], caps=[Capabilities: CAPABILITY_SUPPORT_HOLD CAPABILITY_MUTE CAPABILITY_CANNOT_DOWNGRADE_VIDEO_TO_AUDIO CAPABILITY_SPEED_UP_MT_AUDIO], props=[Properties:], conf(false), had_child(false)]
08-23 19:46:48.481 1452 17973 I Telecom:SamsungAutoAnswer: checkAutoAnsweringMode
08-23 19:46:48.481 1452 17976 I Telecom:SamsungQuickResponsesRepositoryImpl: loadCannedTextMessages - count : 3
08-23 19:46:48.481 1452 17973 I Telecom:SamsungCallSettingsRepositoryImpl: isAutoAnsweringModeOn : false
08-23 19:46:48.482 1452 17382 I Telecom:SamsungAutoAnswer: conditionToAutoAnswerCall: false isRelaxMode : false
08-23 19:46:48.483 1452 2584 I Telecom : CallAudioRouteStateMachine: Message received: UPDATE_SYSTEM_AUDIO_ROUTE=1201, arg1=0: NCSSF.aC->ICFG.sF->ICFG.sF->ICFG.sF->CARSM.pM_UPDATE_SYSTEM_AUDIO_ROUTE@Akk
08-23 19:46:48.483 1452 2584 I Telecom : QuiescentEarpieceRoute: Processing message UPDATE_SYSTEM_AUDIO_ROUTE: NCSSF.aC->ICFG.sF->ICFG.sF->ICFG.sF->CARSM.pM_UPDATE_SYSTEM_AUDIO_ROUTE@Akk
08-23 19:46:48.483 1452 2584 I Telecom : BluetoothRouteManager: getBluetoothAudioConnectedDevice: no service available.: NCSSF.aC->ICFG.sF->ICFG.sF->ICFG.sF->CARSM.pM_UPDATE_SYSTEM_AUDIO_ROUTE@Akk
08-23 19:46:48.484 1452 2584 I Telecom : CallAudioRouteStateMachine: updateLastKnownCallAudioStateWithCurrent [AudioState isMuted: false, route: EARPIECE, supportedRouteMask: EARPIECE, SPEAKER, activeBluetoothDevice: [null], supportedBluetoothDevices: []] -> [AudioState isMuted: false, route: EARPIECE, supportedRouteMask: EARPIECE, SPEAKER, activeBluetoothDevice: [null], supportedBluetoothDevices: []]: NCSSF.aC->ICFG.sF->ICFG.sF->ICFG.sF->CARSM.pM_UPDATE_SYSTEM_AUDIO_ROUTE@Akk
08-23 19:46:48.485 1452 17973 I Telecom : Event: RecordEntry TC@9: FOREGROUND_CALL_CHANGED, oldCall=null, newCall=[Call id=TC@9, state=RINGING]: NCSSF.aC->ICFG.sF->ICFG.sF->ICFG.sF@Akk
08-23 19:46:48.485 1452 17973 I Telecom : BluetoothPhoneService: updateHeadsetWithCallState : false: NCSSF.aC->ICFG.sF->ICFG.sF->ICFG.sF@Akk
08-23 19:46:48.486 1452 17973 I Telecom : BluetoothPhoneService: updateHeadsetWithCallState checking update : false 0 0 0 4 *** 129: NCSSF.aC->ICFG.sF->ICFG.sF->ICFG.sF@Akk
08-23 19:46:48.486 1452 2586 I Telecom : CallAudioModeStateMachine: Message received: NEW_RINGING_CALL.: NCSSF.aC->ICFG.sF->ICFG.sF->ICFG.sF->CAMSM.pM_2002@Akk
08-23 19:46:48.486 1452 17973 D PowerManagerService: [api] acquire WakeLock FULL_WAKE_LOCK 'InCallWakeLockController' (uid=1000 pid=1452 pkg=com.android.server.telecom)
08-23 19:46:48.486 1452 17973 I Telecom : TelecomWakeLock: Acquiring WakeLock with id: 26: NCSSF.aC->ICFG.sF->ICFG.sF->ICFG.sF@Akk
08-23 19:46:48.486 1452 17973 I Telecom : InCallWakeLockController: Acquiring full wake lock: NCSSF.aC->ICFG.sF->ICFG.sF->ICFG.sF@Akk
08-23 19:46:48.487 1452 17973 I Telecom : IncomingCallNotifier: updateIncomingCall: foundIncomingcall = null: NCSSF.aC->ICFG.sF->ICFG.sF->ICFG.sF@Akk
08-23 19:46:48.489 1452 2586 I Telecom:SamsungCallAudioModeStateMachine: getDefaultAudioMode : mode = 2
08-23 19:46:48.489 1452 2586 I Telecom:SamsungCallAudioModeStateMachine: getTargetAudioMode : mode = 2 mSamsungMessageArg: SamsungMessageArgs{foregroundCallPhoneId =0, foregroundCallIsCs =true, foregroundCallIsVideo =false, mUseIWLAN =false, foregroundCallIsCmcSdCall =false, foregroundCallIsVoip =false, foregroundCallIsInContact =true, foregroundCallIsVoiceMailNumber =false}
08-23 19:46:48.489 1452 2586 I Telecom : CallAudioModeStateMachine: Audio focus entering RINGING state: NCSSF.aC->ICFG.sF->ICFG.sF->ICFG.sF->CAMSM.pM_2002@Akk
08-23 19:46:48.489 1452 2586 I Telecom : CallAudioModeStateMachine: checkDelayThenTryStartRinging false DelayedRinger: false, delay: 0: NCSSF.aC->ICFG.sF->ICFG.sF->ICFG.sF->CAMSM.pM_2002@Akk
08-23 19:46:48.490 1452 2586 I Telecom:SamsungRecordingRepositoryImpl: Video recording: false
08-23 19:46:48.506 1452 3500 I Telecom:SamsungTelecomServiceImpl: getDefaultDialerPackage - callingPid : 4233 / processName : sts
08-23 19:46:48.508 1452 4887 I Telecom:SamsungTelecomServiceImpl: getCallState - callingPid : 2086 / processName : sts
08-23 19:46:48.515 1452 2007 D MARs:NoAppIconFilter: filter : com.google.android.gms(0)
08-23 19:46:48.515 1452 2007 D MARs:DeviceAdminPackageFilter: filter : com.google.android.gms(0)
08-23 19:46:48.515 1452 2007 D MARs:NoAppIconFilter: filter : com.samsung.android.providers.contacts(0)
08-23 19:46:48.515 1452 2007 D MARs:NoAppIconFilter: filter : com.samsung.android.app.telephonyui(0)
08-23 19:46:48.515 1452 2007 D MARs:NoAppIconFilter: filter : com.samsung.android.fmm(0)
08-23 19:46:48.515 1452 2007 D MARs:SystemFilter: filter : com.samsung.android.fmm(0)
08-23 19:46:48.515 1452 2007 D MARs:NoAppIconFilter: filter : com.android.settings(0)
08-23 19:46:48.516 1452 2007 D MARs:SystemFilter: filter : com.android.settings(0)
08-23 19:46:48.516 1452 2007 D MARs:NoAppIconFilter: filter : android(0)
08-23 19:46:48.516 1452 2007 D MARs:SystemFilter: filter : android(0)
08-23 19:46:48.516 1452 2007 D MARs:NoAppIconFilter: filter : com.sec.android.provider.badge(0)
08-23 19:46:48.516 1452 2007 D MARs:NoAppIconFilter: filter : com.dti.samsung(0)
08-23 19:46:48.516 1452 2007 D MARs:NoAppIconFilter: filter : com.google.android.gsf(0)
08-23 19:46:48.516 1452 2007 D MARs:NoAppIconFilter: filter : com.samsung.android.service.peoplestripe(0)
08-23 19:46:48.516 1452 2007 D MARs:NoAppIconFilter: filter : com.osp.app.signin(0)
08-23 19:46:48.516 1452 2007 D MARs:NoAppIconFilter: filter : com.samsung.android.app.cocktailbarservice(0)
08-23 19:46:48.516 1452 2007 D MARs:NoAppIconFilter: filter : com.qualcomm.embms(0)
08-23 19:46:48.516 1452 2007 D MARs:DeviceAdminPackageFilter: filter : com.microsoft.office.outlook(0)
08-23 19:46:48.516 1452 2007 D MARs:NoAppIconFilter: filter : com.samsung.android.messaging(0)
08-23 19:46:48.516 1452 2007 D MARs:DefaultAppFilter: filter : com.samsung.android.messaging(0)(SMS)
08-23 19:46:48.516 1452 2007 D MARs:NoAppIconFilter: filter : com.samsung.android.kgclient(0)
08-23 19:46:48.516 1452 2007 D MARs:DeviceAdminPackageFilter: filter : com.samsung.android.kgclient(0)
08-23 19:46:48.517 1452 2007 D MARs:NoAppIconFilter: filter : com.samsung.cmh(0)
08-23 19:46:48.517 1452 2007 D MARs:NoAppIconFilter: filter : com.android.providers.media(0)
08-23 19:46:48.517 1452 2007 D MARs:NoAppIconFilter: filter : com.google.android.ext.services(0)
08-23 19:46:48.517 1452 2007 D MARs:NoAppIconFilter: filter : com.samsung.android.honeyboard(0)
08-23 19:46:48.517 1452 2007 D MARs:DefaultAppFilter: filter : com.samsung.android.honeyboard(0)(IME)
08-23 19:46:48.517 1452 2007 D MARs:NoAppIconFilter: filter : com.sec.modem.settings(0)
08-23 19:46:48.517 1452 2007 D MARs:SystemFilter: filter : com.sec.modem.settings(0)
08-23 19:46:48.533 1452 1903 I Telecom:SamsungTelecomServiceImpl: @hide @test isInEmergencyCall - callingPid : 2399 / processName : sts
08-23 19:46:48.534 1452 1572 W BroadcastQueue: Permission Denial: receiving Intent { act=android.intent.action.PHONE_STATE flg=0x1000010 (has extras) } to com.callapp.contacts/.receiver.PhoneStateReceiver requires android.permission.READ_PRIVILEGED_PHONE_STATE due to sender android (uid 1000)
08-23 19:46:48.536 1452 1975 W Looper : Drained
08-23 19:46:48.539 1452 17973 I Telecom : PhoneStateBroadcaster: Broadcasted state change: 1: NCSSF.aC->ICFG.sF->ICFG.sF->ICFG.sF@Akk
08-23 19:46:48.541 1452 17973 I Telecom:SamsungPhoneStateIntentBroadcaster: Broadcasted state change: 1 - RINGING
08-23 19:46:48.543 1452 17973 I Telecom : Event: RecordEntry TC@9: FILTERING_COMPLETED, [Allow, logged, notified, contact exists], 13: NCSSF.aC->ICFG.sF->ICFG.sF->ICFG.sF@Akk
08-23 19:46:48.543 1452 1452 I Telecom : Event: RecordEntry TC@9: ICS_SERVICE_CONNECTED, com.callapp.contacts/.inCallService.InCallServiceImpl, android.os.BinderProxy@1f8e0db, false, true, false, 1: ICSBC.oSC(ccc)@Ako
08-23 19:46:48.543 1452 1452 I Telecom : InCallController: onConnected to ComponentInfo{com.callapp.contacts/com.callapp.contacts.inCallService.InCallServiceImpl}: ICSBC.oSC(ccc)@Ako
08-23 19:46:48.544 1452 1452 I Telecom : InCallController: Adding 1 calls to InCallService after onConnected: ComponentInfo{com.callapp.contacts/com.callapp.contacts.inCallService.InCallServiceImpl}, including external calls: ICSBC.oSC(ccc)@Ako
08-23 19:46:48.544 1452 1452 I Telecom:SamsungConnectionServiceCallEvent: sendCallEvent - callId : TC@9 / event : com.samsung.telecom.CALL_EVENT_ADD_CALL / extras : null
08-23 19:46:48.545 1452 1452 I Telecom : Event: RecordEntry TC@9: CALL_EVENT, com.samsung.telecom.CALL_EVENT_ADD_CALL: ICSBC.oSC(ccc)@Ako
08-23 19:46:48.545 1452 1452 D Telecom:SamsungCallAudioManager: onSendCallEvent - event : com.samsung.telecom.CALL_EVENT_ADD_CALL
08-23 19:46:48.545 1452 1452 I Telecom : ConnectionServiceWrapper: TC -> CS[cap]: sendCallEvent TC@9_1 com.samsung.telecom.CALL_EVENT_ADD_CALL: ICSBC.oSC(ccc)@Ako
08-23 19:46:48.546 1452 1452 I Telecom:SamsungCall: sendCallEvent - targetPhoneAccountHandle : ComponentInfo{com.android.phone/com.android.services.telephony.TelephonyConnectionService}, ***, UserHandle{0} / connectionMgrAccountHandle : ComponentInfo{com.android.phone/com.android.services.telephony.TelephonyConnectionService}, ***, UserHandle{0}
08-23 19:46:48.547 2050 2050 I TelecomFramework: TelephonyConnectionService: sendCallEvent(TC@9_1, com.samsung.telecom.CALL_EVENT_ADD_CALL): (ICSBC.oSC)->CS.sCE->H.CS.sCE(ccc/cast)@E-Ako
08-23 19:46:48.563 1452 1572 W BroadcastQueue: Permission Denial: receiving Intent { act=android.intent.action.PHONE_STATE flg=0x1000010 (has extras) } to ProcessRecord{56dd726 16756:com.samsung.android.app.cocktailbarservice/u0a220} (pid=16756, uid=10220) requires android.permission.READ_CALL_LOG due to sender android (uid 1000)
08-23 19:46:48.564 1452 1452 I Telecom:SamsungRespondViaSmsRepositoryImpl: isRespondViaSmsCapable - phoneNumber : 81******33 / presentation : 1 / hasRespondViaSmsCapable : false / isRespondViaSmsCapable : false
08-23 19:46:48.565 1452 1452 I Telecom : Event: RecordEntry TC@9: ICS_ADD_CALL, onConnected - [ComponentInfo{com.callapp.contacts/com.callapp.contacts.inCallService.InCallServiceImpl} supportsExternal? false supportsSelfMg?false supportsAllowedSelfMg?false], 1: ICSBC.oSC(ccc)@Ako
08-23 19:46:48.566 1452 1452 I Telecom : InCallController: 1 calls sent to InCallService.: ICSBC.oSC(ccc)@Ako
08-23 19:46:48.567 1452 2584 I Telecom : CallAudioRouteStateMachine: setSystemAudioState: changing from [AudioState isMuted: false, route: EARPIECE, supportedRouteMask: EARPIECE, SPEAKER, activeBluetoothDevice: [null], supportedBluetoothDevices: []] to [AudioState isMuted: false, route: EARPIECE, supportedRouteMask: EARPIECE, SPEAKER, activeBluetoothDevice: [null], supportedBluetoothDevices: []]: NCSSF.aC->ICFG.sF->ICFG.sF->ICFG.sF->CARSM.pM_UPDATE_SYSTEM_AUDIO_ROUTE@Akk
08-23 19:46:48.567 1452 2584 I Telecom : InCallController: Calling onAudioStateChanged, audioState: [AudioState isMuted: false, route: EARPIECE, supportedRouteMask: EARPIECE, SPEAKER, activeBluetoothDevice: [null], supportedBluetoothDevices: []] -> [AudioState isMuted: false, route: EARPIECE, supportedRouteMask: EARPIECE, SPEAKER, activeBluetoothDevice: [null], supportedBluetoothDevices: []]: NCSSF.aC->ICFG.sF->ICFG.sF->ICFG.sF->CARSM.pM_UPDATE_SYSTEM_AUDIO_ROUTE@Akk
08-23 19:46:48.567 1452 3133 I Telecom:SamsungTelecomServiceImpl: getDefaultDialerPackage - callingPid : 4233 / processName : sts
08-23 19:46:48.568 1452 2584 I Telecom : ConnectionServiceWrapper: TC -> CS[cap]: onCallAudioStateChanged TC@9_1 [AudioState isMuted: false, route: EARPIECE, supportedRouteMask: EARPIECE, SPEAKER, activeBluetoothDevice: [null], supportedBluetoothDevices: []]: NCSSF.aC->ICFG.sF->ICFG.sF->ICFG.sF->CARSM.pM_UPDATE_SYSTEM_AUDIO_ROUTE@Akk
08-23 19:46:48.569 1452 17976 I Telecom : InCallController: Sending updateCall [Call id=TC@9, state=RINGING, tpac=ComponentInfo{com.android.phone/com.android.services.telephony.TelephonyConnectionService}, ***, UserHandle{0}, cmgr=ComponentInfo{com.android.phone/com.android.services.telephony.TelephonyConnectionService}, ***, UserHandle{0}, handle=tel:**********, vidst=A, childs(0), has_parent(false), cap=[ sup_hld mut !v2a spd_aud], prop=[], caps=[Capabilities: CAPABILITY_SUPPORT_HOLD CAPABILITY_MUTE CAPABILITY_CANNOT_DOWNGRADE_VIDEO_TO_AUDIO CAPABILITY_SPEED_UP_MT_AUDIO], props=[Properties:], conf(false), had_child(false)]
08-23 19:46:48.569 2050 2050 I TelecomFramework: TelephonyConnectionService: onAudioStateChanged TC@9_1 [AudioState isMuted: false, route: EARPIECE, supportedRouteMask: EARPIECE, SPEAKER, activeBluetoothDevice: [null], supportedBluetoothDevices: []]: (NCSSF.aC->ICFG.sF->ICFG.sF->ICFG.sF->CARSM.pM_UPDATE_SYSTEM_AUDIO_ROUTE)->CS.cASC->H.CS.cASC(cast)@E-Akk
08-23 19:46:48.586 1452 1452 I Telecom:SamsungTelecomServiceImpl: getCallState - callingPid : 1452 / processName : sts
08-23 19:46:48.600 1452 17976 I Telecom:SamsungRespondViaSmsRepositoryImpl: isRespondViaSmsCapable - phoneNumber : 81******33 / presentation : 1 / hasRespondViaSmsCapable : false / isRespondViaSmsCapable : false
08-23 19:46:48.601 1452 17976 I Telecom : InCallController: Components updated: [ComponentInfo{com.callapp.contacts/com.callapp.contacts.inCallService.InCallServiceImpl}]
08-23 19:46:48.602 1452 1903 I Telecom : : isInEmergencyCall: false: TSI.iIEC@Ak0
08-23 19:46:48.604 1452 2586 I Telecom:SamsungRingerInfo: getContactUriForDND contactUri : ***, rawContactId : 1197
08-23 19:46:48.606 1452 1903 I Telecom:SamsungTelecomServiceImpl: @hide @test isInEmergencyCall - callingPid : 2399 / processName : sts
08-23 19:46:48.606 1452 2586 I Telecom:RingtoneFactory: isWorkContact= false contactCallerInfo= android.telecom.CallerInfo@e2f18c9 { name non-null, phoneNumber non-null }
08-23 19:46:48.607 1452 2586 I Telecom:SamsungRingtoneHelper: getSamsungRingTone - ringtoneUri: null
08-23 19:46:48.607 1452 2586 I Telecom:SamsungRingerInfo: mGroupRingtoneUriForKnoxContact = 08-23 19:46:48.607 1452 2586 I Telecom:SamsungRingerInfo: mGroupRingtoneUri = 08-23 19:46:48.607 1452 2586 I Telecom:SamsungRingerInfo: getActualGroupRingtoneUri uri = 08-23 19:46:48.607 1452 2586 I Telecom:SamsungRingtoneHelper: getSamsungRingTone - groupRingtoneUri: 08-23 19:46:48.607 1452 2586 I Telecom:SamsungModeRepositoryImpl: isEmergencyMode : false
08-23 19:46:48.607 1452 2586 I Telecom:SamsungModeRepositoryImpl: isUltraPowerSavingMode : false
08-23 19:46:48.607 1452 2586 I Telecom:SamsungModeRepositoryImpl: isSafetyAssistanceMode : false
08-23 19:46:48.607 1452 2586 I Telecom:SamsungRingtoneHelper: getSamsungFeatureRingtoneUri Uri.EMPTY
08-23 19:46:48.607 1452 2586 I Telecom:SamsungRingtoneHelper: getSamsungRingTone - specialUri: 08-23 19:46:48.607 1452 2586 I Telecom:SamsungRingtoneHelper: getSamsungRingTone - ringtone: null
08-23 19:46:48.607 1452 2586 I Telecom:RingtoneFactory: userContext UserHandle{0}
08-23 19:46:48.608 1452 2586 I Telecom:SamsungRingtoneHelper: syncParentSound : 0
08-23 19:46:48.608 1452 2586 I Telecom:RingtoneFactory: contextToUse.getUser: UserHandle{0} contextToUse: android.app.ContextImpl@ed03e8d
08-23 19:46:48.640 1452 3133 I Telecom:SamsungTelecomServiceImpl: isVoiceMailNumber - PhoneAccountHandle : ComponentInfo{com.android.phone/com.android.services.telephony.TelephonyConnectionService}, ***, UserHandle{0} / number : 81******33 / callingPackage : com.callapp.contacts
08-23 19:46:48.646 1452 1975 W Looper : Slow dispatch took 110ms PackageManagerHandlerThread h=android.os.Handler c=<recycled PooledLambda@384dea8> m=0
08-23 19:46:48.648 1452 3500 D EdgeLightingClientManager: bind : pkg = com.android.systemui, condition = 1, mHosts = 0
08-23 19:46:48.683 1452 1975 W Looper : Slow delivery took 200ms PackageManagerHandlerThread h=android.os.Handler c=<recycled PooledLambda@5363714> m=0
08-23 19:46:48.711 1452 3500 I ActivityManager: Changes in 10513 5 to 4, 0 to 6 Caller=com.android.server.am.OomAdjuster.updateOomAdjLocked:399 com.android.server.am.OomAdjuster.updateOomAdjLocked:446 com.android.server.am.ActivityManagerService.updateOomAdjLocked:21469 com.android.server.am.ActivityManagerService.updateProcessForegroundLocked:21103 com.android.server.am.ActiveServices.updateServiceForegroundLocked:1956 com.android.server.am.ActiveServices.setServiceForegroundInnerLocked:1669 com.android.server.am.ActiveServices.setServiceForegroundLocked:1167 08-23 19:46:48.712 1452 3500 I AppOps : updateUidProcState uid: 10513 procState: 4 capability:6
08-23 19:46:48.712 1452 3500 I AppOps : commitUidPendingStateLocked() :: UID - 10513, 500 > 400, 0 > 6
08-23 19:46:48.722 1452 1572 W BroadcastQueue: Permission Denial: broadcasting Intent { act=android.intent.action.CLOSE_SYSTEM_DIALOGS flg=0x10 } from com.callapp.contacts (pid=4233, uid=10513) requires com.samsung.systemui.POPUP_UI_PERMISSION due to registered receiver BroadcastFilter{e40f5d5 10067/u-1 ReceiverList{ab02a8c 2086 com.android.systemui/10067/u-1 remote:232f3bf}}
08-23 19:46:48.729 1452 4887 D StatusBarManagerService: notifyRequestedSystemKey recent=false home=false
08-23 19:46:48.730 1452 4887 W CocktailBarStatePolicyController: updateWindowType: current window type is requested window type(1)
08-23 19:46:48.739 1452 4887 I CocktailPolicyManager: findMatchedPolicy: find policy = 1
08-23 19:46:48.753 1452 2586 I Telecom:RingtoneFactory: defaultRingtoneUri: content://media/internal/audio/media/58?title=Over%20the%20Horizon&canonical=1
08-23 19:46:48.756 1452 2228 D StatusBarManagerService: notifyRequestedSystemKey recent=false home=false
08-23 19:46:48.757 1452 2228 W CocktailBarStatePolicyController: updateWindowType: current window type is requested window type(1)
08-23 19:46:48.842 1452 2586 I Telecom:RingtoneFactory: getRingtone android.media.Ringtone@1f6b6b5
08-23 19:46:48.842 1452 2586 I Telecom:SamsungAudioRecordingChecker: isAudioRecording false
08-23 19:46:48.843 1452 2586 I Telecom:SamsungRecordingRepositoryImpl: Video recording: false
08-23 19:46:48.844 1452 2586 I Telecom : Ringer: startRinging timings: isRingerAudible: 0, letDialerHandleRinging: 1, isVolumeOverZero: 1, hasExternalRinger: 0, letDialerHandleCallBackground: 0, isSilentRingRequested: 0, endEarlySamsung: 0, isSelfManaged: 0, isRecordingBySamsungApps: 1, getRingtone: 235, isTheaterModeOn: 0, shouldRingForContact: 3, : NCSSF.aC->ICFG.sF->ICFG.sF->ICFG.sF->CAMSM.pM_2002@Akk
08-23 19:46:48.844 1452 2586 I Telecom : Event: RecordEntry TC@9: RINGER_INFO, startRinging timings: isRingerAudible: 0, letDialerHandleRinging: 1, isVolumeOverZero: 1, hasExternalRinger: 0, letDialerHandleCallBackground: 0, isSilentRingRequested: 0, endEarlySamsung: 0, isSelfManaged: 0, isRecordingBySamsungApps: 1, getRingtone: 235, isTheaterModeOn: 0, shouldRingForContact: 3, : NCSSF.aC->ICFG.sF->ICFG.sF->ICFG.sF->CAMSM.pM_2002@Akk
08-23 19:46:48.845 1452 2586 I Telecom : Event: RecordEntry TC@9: RINGER_INFO, RawContactId=1197, uri=content://com.android.contacts/contacts/lookup/1155i752ceda38ce88986/1197: NCSSF.aC->ICFG.sF->ICFG.sF->ICFG.sF->CAMSM.pM_2002@Akk
08-23 19:46:48.846 1452 2586 I Telecom : Event: RecordEntry TC@9: RINGER_INFO, contactIdOrZero=1197, userType=0, contactRingtoneUri=null: NCSSF.aC->ICFG.sF->ICFG.sF->ICFG.sF->CAMSM.pM_2002@Akk
08-23 19:46:48.847 1452 2586 I Telecom:SamsungRingerInfo: setShouldRingForContact : true
08-23 19:46:48.847 1452 2586 I Telecom:SamsungRingerInfo: setLetDialerHandleCallBackground : false
08-23 19:46:48.848 1452 2586 I Telecom : Event: RecordEntry TC@9: RINGER_INFO, isRingerAudible=true, isVolumeOverZero=true, shouldRingForContact=true, endEarlySamsung=0, isHfpDeviceAttached=false, isRecordingBySamsungApps= false, getDevicesForStream=2: NCSSF.aC->ICFG.sF->ICFG.sF->ICFG.sF->CAMSM.pM_2002@Akk
08-23 19:46:48.848 1452 2586 I Telecom : Event: RecordEntry TC@9: RINGER_INFO, endEarly=false, endEarly2=false, isTheaterModeOn=false, letDialerHandleRinging=false, isSelfManaged=false, hasExternalRinger=false, letDialerHandleCallBackground=false: NCSSF.aC->ICFG.sF->ICFG.sF->ICFG.sF->CAMSM.pM_2002@Akk
08-23 19:46:48.848 1452 2586 I Telecom : Ringer: stop call waiting.: NCSSF.aC->ICFG.sF->ICFG.sF->ICFG.sF->CAMSM.pM_2002@Akk
08-23 19:46:48.849 1452 2632 I Telecom:SamsungNotificationManager: start
08-23 19:46:48.849 1452 2632 I Telecom:SamsungMotionGroup: start
08-23 19:46:48.849 1452 2632 I Telecom:SamsungMotionPalm: start
08-23 19:46:48.849 1452 2632 I Telecom:SamsungMotionPalm: checkRun : true true
08-23 19:46:48.849 1452 2632 I Telecom:SamsungMotionPalm: checkRunStart - isRegistered: false
08-23 19:46:48.849 1452 2632 I Telecom:SamsungMotionTurnOver: start
08-23 19:46:48.850 1452 2632 I Telecom:SamsungMotionTurnOver: checkRun : true true
08-23 19:46:48.851 1452 2586 I Telecom : Event: RecordEntry TC@9: START_VIBRATOR, hasVibrator=true, userRequestsVibrate=true, ringerMode=2, isVibrating=false: NCSSF.aC->ICFG.sF->ICFG.sF->ICFG.sF->CAMSM.pM_2002@Akk
08-23 19:46:48.852 1452 2586 I Telecom : Event: RecordEntry TC@9: START_RINGER, null: NCSSF.aC->ICFG.sF->ICFG.sF->ICFG.sF->CAMSM.pM_2002@Akk
08-23 19:46:48.852 1452 2586 I Telecom : AsyncRingtonePlayer: Posting play.: NCSSF.aC->ICFG.sF->ICFG.sF->ICFG.sF->CAMSM.pM_2002@Akk
08-23 19:46:48.853 1452 2586 I Telecom : AsyncRingtonePlayer: make HapticsFuture: NCSSF.aC->ICFG.sF->ICFG.sF->ICFG.sF->CAMSM.pM_2002@Akk
08-23 19:46:48.853 1452 2632 I Telecom:SamsungIncomingCallReader: startTtsIfPossible - there is no tts text
08-23 19:46:48.857 1452 1903 I Telecom : : isInEmergencyCall: false: TSI.iIEC@AlA
08-23 19:46:48.857 1452 1452 W LoadedApk: Slow system_server main thread handled for android.intent.action.PHONE_STATE took 273 ms, Receiver = com.android.server.enterprise.security.PasswordPolicy$5@702160a
08-23 19:46:48.857 1452 1452 W Looper : Slow dispatch took 273ms main h=android.app.ActivityThread$H c=android.app.-$$Lambda$LoadedApk$ReceiverDispatcher$Args$_BumDX2UKsnxLVrE6UJsJZkotuA@7ac0816 m=0
08-23 19:46:48.858 1452 1452 W Looper : Slow delivery took 330ms main h=android.app.ActivityThread$H c=android.app.-$$Lambda$LoadedApk$ReceiverDispatcher$Args$_BumDX2UKsnxLVrE6UJsJZkotuA@5ba5597 m=0
08-23 19:46:48.859 1452 1903 I Telecom:SamsungTelecomServiceImpl: @hide @test isInEmergencyCall - callingPid : 2399 / processName : sts
08-23 19:46:48.861 1452 3133 I Telecom:PhoneAccountRegistrar: isVoiceMailNumber subId = 1 *** ComponentInfo{com.android.phone/com.android.services.telephony.TelephonyConnectionService}, ***, UserHandle{0}
08-23 19:46:48.862 1452 1452 I Telecom:SamsungTelecomServiceImpl: getCallState - callingPid : 1452 / processName : sts
08-23 19:46:48.868 1452 2586 I Telecom:SamsungCallMultiSimAudioParam: setNone : mState = -1
08-23 19:46:48.879 1452 2586 I Telecom:SamsungTelecomServiceImpl: isInCall - callingPackage : android
08-23 19:46:48.879 1452 1960 I Telecom:SamsungTelecomServiceImpl: isInCall - callingPackage : android
08-23 19:46:48.881 1452 17985 I Telecom : AsyncRingtonePlayer: handlePlay - HapticsFuture : java.util.concurrent.CompletableFuture@aa90931[Not completed]
08-23 19:46:48.881 1452 17985 I Telecom : AsyncRingtonePlayer: handlePlay: Play ringtone.: NCSSF.aC->ICFG.sF->ICFG.sF->ICFG.sF->CAMSM.pM_2002->ARP.hP@Akk
08-23 19:46:48.881 1452 17985 I Telecom:RingtoneFactory: isWorkContact= false contactCallerInfo= android.telecom.CallerInfo@e2f18c9 { name non-null, phoneNumber non-null }
08-23 19:46:48.881 1452 1903 I Telecom : : isInEmergencyCall: false: TSI.iIEC@AlI
08-23 19:46:48.881 1452 17985 I Telecom:SamsungRingtoneHelper: getSamsungRingTone - ringtoneUri: null
08-23 19:46:48.881 1452 17985 I Telecom:SamsungRingerInfo: mGroupRingtoneUriForKnoxContact = 08-23 19:46:48.881 1452 17985 I Telecom:SamsungRingerInfo: mGroupRingtoneUri = 08-23 19:46:48.881 1452 17985 I Telecom:SamsungRingerInfo: getActualGroupRingtoneUri uri = 08-23 19:46:48.881 1452 17985 I Telecom:SamsungRingtoneHelper: getSamsungRingTone - groupRingtoneUri: 08-23 19:46:48.882 1452 17985 I Telecom:SamsungModeRepositoryImpl: isEmergencyMode : false
08-23 19:46:48.882 1452 17985 I Telecom:SamsungModeRepositoryImpl: isUltraPowerSavingMode : false
08-23 19:46:48.882 1452 17985 I Telecom:SamsungModeRepositoryImpl: isSafetyAssistanceMode : false
08-23 19:46:48.882 1452 17985 I Telecom:SamsungRingtoneHelper: getSamsungFeatureRingtoneUri Uri.EMPTY
08-23 19:46:48.882 1452 17985 I Telecom:SamsungRingtoneHelper: getSamsungRingTone - specialUri: 08-23 19:46:48.882 1452 17985 I Telecom:SamsungRingtoneHelper: getSamsungRingTone - ringtone: null
08-23 19:46:48.882 1452 17985 I Telecom:RingtoneFactory: userContext UserHandle{0}
08-23 19:46:48.883 1452 17985 I Telecom:SamsungRingtoneHelper: syncParentSound : 0
08-23 19:46:48.883 1452 17985 I Telecom:RingtoneFactory: contextToUse.getUser: UserHandle{0} contextToUse: android.app.ContextImpl@34a384
08-23 19:46:48.884 1452 1452 I Telecom:SamsungTelecomServiceImpl: getCallState - callingPid : 1452 / processName : sts
08-23 19:46:48.886 1452 1452 V InputMethodManagerService: Hide switching menu
08-23 19:46:48.891 1452 1452 W Looper : Drained
08-23 19:46:48.896 1452 3619 D PowerManagerService: [api] wakeUp (uid: 10067 pid: 2086) eventTime = 2215493
08-23 19:46:48.897 1452 3619 I PowerManagerService: !@Screen__On - 12 : wakeUp: (uid: 10067 pid: 2086) (4)
08-23 19:46:48.902 1452 3619 I PowerManagerService: Waking up from Dozing (uid=10067, reason=WAKE_REASON_GESTURE, details=com.android.systemui:BOUNCER_DOZING)...
08-23 19:46:48.906 1452 3619 D PowerManagerNotifier: startedEarlyWakingUp: interactive: true reason: 4
08-23 19:46:48.909 1452 3619 D PowerManagerService: [PWL] sb acquire: PowerManagerService.Broadcasts
08-23 19:46:48.910 1452 2586 I Telecom:SamsungTelecomServiceImpl: isInCall - callingPackage : android
08-23 19:46:48.917 1452 3619 D PowerManagerService: UserActivityState : 4 -> 1
08-23 19:46:48.917 1452 3619 D PowerManagerService: mDisplayReady: false
08-23 19:46:48.918 1452 1590 D DisplayPowerController: animateScreenStateChange: target=2, targetInternal=2, dualScreenPolicy=-1
08-23 19:46:48.919 1452 2586 I Telecom:SamsungTelecomServiceImpl: isInCall - callingPackage : android
08-23 19:46:48.920 1452 1590 I DisplayPowerController: Blocking screen on until initial contents have been drawn.
08-23 19:46:48.920 1452 1590 D DisplayPowerController: mWindowManagerPolicy.screenTurningOn() +
08-23 19:46:48.920 1452 1590 I WindowManager: Screen turning on...
08-23 19:46:48.921 1452 1581 D BatteryExternalStatsWorker: update stats
08-23 19:46:48.921 1452 1581 D BatteryExternalStatsWorker: WifiActivityEnergyInfo was updated
08-23 19:46:48.921 1452 1581 D BatteryExternalStatsWorker: BluetoothActivityEnergyInfo was updated
08-23 19:46:48.921 1452 1581 D BatteryExternalStatsWorker: ModemActivityEnergyInfo was updated
08-23 19:46:48.955 1452 1590 I WindowManager: screenTurningOn(+), before calling onScreenTurningOn to KeyguardDelegate
08-23 19:46:48.955 1452 1590 I WindowManager: screenTurningOn(-), after calling onScreenTurningOn to KeyguardDelegate
08-23 19:46:48.956 1452 1590 D DisplayPowerController: mWindowManagerPolicy.screenTurningOn() -
08-23 19:46:48.956 1452 2586 I Telecom:SamsungCallAudioModeStateMachine: unMarkShouldControlEngine
08-23 19:46:48.956 1452 2586 I Telecom : Ringer: stop call waiting.: NCSSF.aC->ICFG.sF->ICFG.sF->ICFG.sF->CAMSM.pM_2002@Akk
08-23 19:46:48.956 1452 2584 I Telecom : CallAudioRouteStateMachine: Message received: SWITCH_FOCUS=4001, arg1=3: NCSSF.aC->ICFG.sF->ICFG.sF->ICFG.sF->CAMSM.pM_2002->CARSM.pM_SWITCH_FOCUS@Akk
08-23 19:46:48.956 1452 2584 I Telecom : QuiescentEarpieceRoute: Processing message SWITCH_FOCUS: NCSSF.aC->ICFG.sF->ICFG.sF->ICFG.sF->CAMSM.pM_2002->CARSM.pM_SWITCH_FOCUS@Akk
08-23 19:46:48.957 1452 2584 I Telecom : Event: RecordEntry TC@9: AUDIO_ROUTE, Leaving state QuiescentEarpieceRoute: NCSSF.aC->ICFG.sF->ICFG.sF->ICFG.sF->CAMSM.pM_2002->CARSM.pM_SWITCH_FOCUS@Akk
08-23 19:46:48.957 1452 2584 I Telecom : Event: RecordEntry TC@9: AUDIO_ROUTE, Entering state ActiveEarpieceRoute: NCSSF.aC->ICFG.sF->ICFG.sF->ICFG.sF->CAMSM.pM_2002->CARSM.pM_SWITCH_FOCUS@Akk
08-23 19:46:48.958 1452 2584 I Telecom : Event: RecordEntry TC@9: AUDIO_ROUTE_EARPIECE, null: NCSSF.aC->ICFG.sF->ICFG.sF->ICFG.sF->CAMSM.pM_2002->CARSM.pM_SWITCH_FOCUS@Akk
08-23 19:46:48.958 1452 1590 D DisplayPowerController: getFinalBrightness : Summary is 13 (0.05) -> 13 (0.05)
08-23 19:46:48.958 1452 2584 I Telecom : CallAudioRouteStateMachine: turning speaker phone false: NCSSF.aC->ICFG.sF->ICFG.sF->ICFG.sF->CAMSM.pM_2002->CARSM.pM_SWITCH_FOCUS@Akk
08-23 19:46:48.958 1452 1590 D DisplayPowerController: Animating brightness: target= 13 (0.05), rate=0.0 (PSM:, AB limit:( 0 (-1.00) ~ 0 (-1.00)) MB Limit:( -1 (NaN) ~ -1 (NaN)), sf=1.0
08-23 19:46:48.964 1452 1452 I ActivityManager: Changes in 99035 5 to 4, 0 to 6 Caller=com.android.server.am.OomAdjuster.updateOomAdjLockedInner:669 com.android.server.am.OomAdjuster.updateOomAdjLocked:413 com.android.server.am.ActivityManagerService.updateOomAdjLocked:21459 com.android.server.am.ActivityManagerService.onWakefulnessChanged:10278 com.android.server.am.ActivityManagerService$LocalService.onWakefulnessChanged:22303 com.android.server.power.Notifier$2.run:476 android.os.Handler.handleCallback:938 08-23 19:46:48.965 1452 1975 W Looper : Slow dispatch took 128ms PackageManagerHandlerThread h=android.os.Handler c=<recycled PooledLambda@283b725> m=0
08-23 19:46:48.973 1452 3619 D PowerManagerService: mDisplayReady: false
08-23 19:46:48.973 1452 2584 I Telecom : CallAudioRouteStateMachine: setSystemAudioState: changing from [AudioState isMuted: false, route: EARPIECE, supportedRouteMask: EARPIECE, SPEAKER, activeBluetoothDevice: [null], supportedBluetoothDevices: []] to [AudioState isMuted: false, route: EARPIECE, supportedRouteMask: EARPIECE, SPEAKER, activeBluetoothDevice: [null], supportedBluetoothDevices: []]: NCSSF.aC->ICFG.sF->ICFG.sF->ICFG.sF->CAMSM.pM_2002->CARSM.pM_SWITCH_FOCUS@Akk
08-23 19:46:48.974 1452 2584 I Telecom : InCallController: Calling onAudioStateChanged, audioState: [AudioState isMuted: false, route: EARPIECE, supportedRouteMask: EARPIECE, SPEAKER, activeBluetoothDevice: [null], supportedBluetoothDevices: []] -> [AudioState isMuted: false, route: EARPIECE, supportedRouteMask: EARPIECE, SPEAKER, activeBluetoothDevice: [null], supportedBluetoothDevices: []]: NCSSF.aC->ICFG.sF->ICFG.sF->ICFG.sF->CAMSM.pM_2002->CARSM.pM_SWITCH_FOCUS@Akk
08-23 19:46:48.974 1452 3619 D PowerManagerService: [PWL] sb acquire: PowerManagerService.Display
08-23 19:46:48.975 1452 2584 I Telecom : ConnectionServiceWrapper: TC -> CS[cap]: onCallAudioStateChanged TC@9_1 [AudioState isMuted: false, route: EARPIECE, supportedRouteMask: EARPIECE, SPEAKER, activeBluetoothDevice: [null], supportedBluetoothDevices: []]: NCSSF.aC->ICFG.sF->ICFG.sF->ICFG.sF->CAMSM.pM_2002->CARSM.pM_SWITCH_FOCUS@Akk
08-23 19:46:48.975 1452 1452 I AppOps : updateUidProcState uid: 99035 procState: 4 capability:6
08-23 19:46:48.975 1452 1452 I AppOps : commitUidPendingStateLocked() :: UID - 99035, 500 > 400, 0 > 6
08-23 19:46:48.975 1452 2584 I Telecom : BluetoothRouteManager: getBluetoothAudioConnectedDevice: no service available.: NCSSF.aC->ICFG.sF->ICFG.sF->ICFG.sF->CAMSM.pM_2002->CARSM.pM_SWITCH_FOCUS@Akk
08-23 19:46:48.975 1452 1452 I ActivityManager: Changes in 10164 5 to 4, 0 to 6 Caller=com.android.server.am.OomAdjuster.updateOomAdjLockedInner:669 com.android.server.am.OomAdjuster.updateOomAdjLocked:413 com.android.server.am.ActivityManagerService.updateOomAdjLocked:21459 com.android.server.am.ActivityManagerService.onWakefulnessChanged:10278 com.android.server.am.ActivityManagerService$LocalService.onWakefulnessChanged:22303 com.android.server.power.Notifier$2.run:476 android.os.Handler.handleCallback:938 08-23 19:46:48.975 1452 1452 I AppOps : updateUidProcState uid: 10164 procState: 4 capability:6
08-23 19:46:48.976 1452 1452 I AppOps : commitUidPendingStateLocked() :: UID - 10164, 500 > 400, 0 > 6
08-23 19:46:48.976 1452 1452 I AppOps : updateUidProcState uid: 10067 procState: 1 capability:7
08-23 19:46:48.976 1452 1452 I AppOps : commitUidPendingStateLocked() :: UID - 10067, 500 > 100, 7 > 7
08-23 19:46:48.977 2050 2050 I TelecomFramework: TelephonyConnectionService: onAudioStateChanged TC@9_1 [AudioState isMuted: false, route: EARPIECE, supportedRouteMask: EARPIECE, SPEAKER, activeBluetoothDevice: [null], supportedBluetoothDevices: []]: (NCSSF.aC->ICFG.sF->ICFG.sF->ICFG.sF->CAMSM.pM_2002->CARSM.pM_SWITCH_FOCUS)->CS.cASC->H.CS.cASC(cast)@E-Akk
08-23 19:46:48.978 1452 1452 I WindowManager: Started waking up... (why=ON_BECAUSE_OF_LID_SWITCH)
08-23 19:46:48.979 1452 1452 D PowerManagerNotifier: handleEarlyInteractiveChange reason = 4
08-23 19:46:48.990 1452 1452 D IbsQuickDim: BroadcastReceiver flag = 1
08-23 19:46:48.990 1452 1452 D IbsQuickDim: pause check dim
08-23 19:46:48.990 1452 1452 I MdnieScenarioControlService: action : com.samsung.server.PowerManagerService.action.USER_ACTIVITY
08-23 19:46:48.998 1452 1590 V DisplayPowerController: Brightness [ 13 (0.05)] reason changing to: 'manual', previous reason: 'screen_off'.
08-23 19:46:48.999 1452 1590 D DisplayPowerController: animateScreenStateChange: target=2, targetInternal=2, dualScreenPolicy=-1
08-23 19:46:49.000 1452 1590 D DisplayPowerController: getFinalBrightness : Summary is 13 (0.05) -> 13 (0.05)
08-23 19:46:49.001 1452 1590 D DisplayPowerController: Animating brightness: target= 13 (0.05), rate=0.0 (PSM:, AB limit:( 0 (-1.00) ~ 0 (-1.00)) MB Limit:( -1 (NaN) ~ -1 (NaN)), sf=1.0
08-23 19:46:49.002 1452 2030 D DisplayManagerService: !@display_state internal: OFF -> ON
08-23 19:46:49.003 1452 2030 D LocalDisplayAdapter: !@ display_state: OFF -> ON (id:0)
08-23 19:46:49.003 1452 1548 I DisplayManagerService: Display device changed state: "Pantalla integrada", ON
08-23 19:46:49.030 1452 3500 D ActivityTaskManager: setLockScreenShown(false,true) is called from 0
08-23 19:46:49.043 1452 1580 W KernelWakelockReader: Reading wakelock stats took 118ms
08-23 19:46:49.051 1452 1548 V UsbDeviceManager: onKeyguardStateChanged: isShowing:false secure:false user:0
08-23 19:46:49.055 1452 1926 D StorageManagerService: handleMessage -> H_KEYGUARD_CHANGED isShowing=false
08-23 19:46:49.073 1452 1452 D GameManagerService: onDisplayChanged. displyId: 0, state: 2
08-23 19:46:49.074 1452 1923 D GameManagerService: onLooperPrepared(), msg: MSG_LCD_ON
08-23 19:46:49.074 1452 1923 D GameManagerService: handleLcdOn(). isDeviceLocked: false, inKeyguardRestrictedInputMode: true
08-23 19:46:49.076 1452 1923 D GameManagerService: process is not found.
08-23 19:46:49.097 1452 1581 E KernelCpuSpeedReader: Failed to read cpu-freq: /sys/devices/system/cpu/cpu0/cpufreq/stats/time_in_state: open failed: ENOENT (No such file or directory)
08-23 19:46:49.104 1452 1960 I Telecom:SamsungTelecomServiceImpl: isInCall - callingPackage : android
08-23 19:46:49.110 1452 3133 D PowerManagerService: [api] userActivity : event: 2 flags: 0 (uid: 10067 pid: 2086) eventTime = 2215707
08-23 19:46:49.111 1452 3133 D PowerManagerService: UserActivityStateListenerState: 1
08-23 19:46:49.113 1452 1452 D GameManagerService: com.samsung.keyguard.KEYGUARD_STATE. check for pause
08-23 19:46:49.113 1452 1923 D GameManagerService: onLooperPrepared(), msg: MSG_KEY_GUARD_LOCKED
08-23 19:46:49.114 1452 1923 D GameManagerService: sendFocusOutConditionally() - mPrevNotiPackage: KILL_YOURSELF
08-23 19:46:49.115 2086 2086 W Looper : Slow delivery took 204ms main h=com.android.keyguard.KeyguardUpdateMonitor$18 c=null m=1007
08-23 19:46:49.116 1452 3133 D WindowManager: mKeyguardDelegate.ShowListener.onDrawn.
08-23 19:46:49.117 1452 1546 W WindowManager: Setting mKeyguardDrawComplete
08-23 19:46:49.119 1452 1546 I WindowManager: Waiting for drawn Window{ac03e0c u0 NotificationShade}: removed=false visible=true mHasSurface=true drawState=1
08-23 19:46:49.129 1452 1549 I WindowManager: Waiting for drawn Window{ac03e0c u0 NotificationShade}: removed=false visible=true mHasSurface=true drawState=1
08-23 19:46:49.136 1452 1452 D EasyMuteController: Register failed. already registered or setting not eanbled
08-23 19:46:49.149 1452 3133 D ActivityTaskManager: setLockScreenShown(false,false) is called from 0
08-23 19:46:49.156 1452 3133 I WindowManager: Waiting for drawn Window{ac03e0c u0 NotificationShade}: removed=false visible=true mHasSurface=true drawState=1
08-23 19:46:49.158 1452 1581 D BatteryExternalStatsWorker: done updateExternalStatsLocked
08-23 19:46:49.166 1452 1572 W BroadcastQueue: Background execution not allowed: receiving Intent { act=android.intent.action.USER_PRESENT flg=0x24200010 } to com.android.chrome/org.chromium.chrome.browser.sharing.click_to_call.ClickToCallMessageHandler$PhoneUnlockedReceiver
08-23 19:46:49.168 1452 1572 W BroadcastQueue: Background execution not allowed: receiving Intent { act=android.intent.action.USER_PRESENT flg=0x24200010 } to com.google.android.gms/.auth.setup.devicesignals.LockScreenReceiver
08-23 19:46:49.168 1452 1572 W BroadcastQueue: Background execution not allowed: receiving Intent { act=android.intent.action.USER_PRESENT flg=0x24200010 } to com.google.android.gms/.chimera.GmsIntentOperationService$PersistentTrustedReceiver
08-23 19:46:49.169 1452 1572 W BroadcastQueue: Background execution not allowed: receiving Intent { act=android.intent.action.USER_PRESENT flg=0x24200010 } to com.facebook.lite/com.facebook.rti.push.service.MqttSystemBroadcastReceiver
08-23 19:46:49.183 1452 3133 D ActivityTaskManager: Top Process State changed to PROCESS_STATE_TOP
08-23 19:46:49.186 1452 3133 D MARsPolicyManager: onPackageResumedFG pkgName = com.callapp.contacts, userId = 0
08-23 19:46:49.932 1452 6166 D ActivityTaskManager: set mSkipSetCurrentLaunchCanTurnScreenOn to true
08-23 19:46:49.952 1452 2228 I ActivityTaskManager: START u0 {flg=0x30050000 cmp=com.callapp.contacts/.activity.contact.details.ContactDetailsActivity (has extras)} from uid 10513
08-23 19:46:49.999 1452 2228 D ActivityTaskManager: TaskLaunchParamsModifier:task=null activity=ActivityRecord{ebe736a u0 com.callapp.contacts/.activity.contact.details.ContactDetailsActivity display-from-upper-layer=Display 0 info=DisplayInfo{"Pantalla integrada", displayId 0, FLAG_SECURE, FLAG_SUPPORTS_PROTECTED_BUFFERS, FLAG_TRUSTED, real 720 x 1461, largest app 1371 x 1371, smallest app 720 x 670, appVsyncOff 1000000, presDeadline 16666666, mode 1, defaultMode 1, modes [{id=1, width=720, height=1520, fps=60.000004}], hdrCapabilities HdrCapabilities{mSupportedHdrTypes=[], mMaxLuminance=500.0, mMaxAverageLuminance=500.0, mMinLuminance=0.0}, minimalPostProcessingSupported false, rotation 0, state ON, type INTERNAL, uniqueId "local:0", app 720 x 1371, density 331 (320.842 x 306.6889) dpi, layerStack 0, colorMode 0, supportedColorModes [0], address {port=0}, deviceProductInfo null, removeMode 0} stacks=[com.android.server.wm.DisplayContent$WindowContainers@512c8f7, com.android.server.wm.DisplayContent$NonAppWindowContainers@4b34e55] task-display-area=DefaultTaskDisplayArea@176054482 display-area-windowing-mode=1
08-23 19:46:50.001 1452 2228 D ActivityTaskManager: TaskLaunchParamsModifier:task=Task{8d4f146 #73 visible=false type=standard mode=fullscreen translucent=true A=10513:com.callapp.contacts.callScreen U=0 StackId=73 sz=1} activity=ActivityRecord{ebe736a u0 com.callapp.contacts/.activity.contact.details.ContactDetailsActivity t-1} display-from-task=0 task-display-area=DefaultTaskDisplayArea@176054482 display-area-windowing-mode=1 non-freeform-display maximized-bounds
08-23 19:46:50.008 1452 2228 D EdgeLightingManager: showForWakeUpByWindow is not supported : packageName = com.callapp.contacts
08-23 19:46:50.011 1452 2228 D PowerManagerService: [api] wakeUp (uid: 1000 pid: 1452) eventTime = 2216608
08-23 19:46:50.295 1452 4456 D WindowManager: makeSurface duration=2 name=SGestureOverlayWindow$_2542
