Uploaded by Miguel Puente

logcat 210823172002(hora de verano central) system

advertisement
08-23 19:20:39.134 1452 6166 I SamsungAlarmManager: setLocked to kernel - T:3 / 20210823T192045, set=7286973, now=7280210
08-23 19:20:39.138 1452 6166 D SamsungAlarmManager: setInexact (T:3/F:0/AC:false) 20210823T202241 now=7280215 - CU:10160/CP:15334/OP:PendingIntent{18fbc5b: PendingIntentRecord{d12a7a0 com.opera.max.oem broadcastIntent}}
08-23 19:20:39.138 1452 6166 I SamsungAlarmManager: setLocked to kernel - T:2 / 20210823T192050, set=7291767, now=7280215
08-23 19:20:39.138 1452 6166 I SamsungAlarmManager: setLocked to kernel - T:3 / 20210823T192045, set=7286973, now=7280215
08-23 19:20:39.293 2086 2086 D SystemUIService: onTrimMemory : 15
08-23 19:20:39.293 2086 2086 D SystemUIService: Starting getMemoryInfo in MemoryInfoReporter thread.
08-23 19:20:39.328 2086 15565 D SystemUIService: - Memory Information -
08-23 19:20:39.333 1452 2259 D SamsungAlarmManager: Cancel Alarm calling from uid:10160 pid :15334 / OP:PendingIntent{9e70ae6: PendingIntentRecord{7486e39 com.opera.max.oem broadcastIntent}}
08-23 19:20:39.335 1452 2259 I SamsungAlarmManager: setLocked to kernel - T:2 / 20210823T192050, set=7291767, now=7280411
08-23 19:20:39.336 1452 2259 I SamsungAlarmManager: setLocked to kernel - T:3 / 20210823T192045, set=7286973, now=7280413
08-23 19:20:39.340 1452 7393 D SamsungAlarmManager: setInexact (T:3/F:0/AC:false) 20210823T193044 now=7280417 - CU:10160/CP:15334/OP:PendingIntent{288ef72: PendingIntentRecord{7486e39 com.opera.max.oem broadcastIntent}}
08-23 19:20:39.340 1452 7393 I SamsungAlarmManager: setLocked to kernel - T:2 / 20210823T192050, set=7291767, now=7280417
08-23 19:20:39.340 1452 7393 I SamsungAlarmManager: setLocked to kernel - T:3 / 20210823T192045, set=7286973, now=7280417
08-23 19:20:39.347 1452 1949 D ConnectivityService: NetReassign [no changes]
08-23 19:20:39.507 1452 6166 D SamsungAlarmManager: Cancel Alarm calling from uid:10160 pid :15334 / OP:PendingIntent{67df996: PendingIntentRecord{da6deb5 com.opera.max.oem broadcastIntent}}
08-23 19:20:39.508 1452 6166 I SamsungAlarmManager: setLocked to kernel - T:2 / 20210823T192050, set=7291767, now=7280585
08-23 19:20:39.509 1452 6166 I SamsungAlarmManager: setLocked to kernel - T:3 / 20210823T192045, set=7286973, now=7280585
08-23 19:20:39.515 1452 2259 D SamsungAlarmManager: setInexact (T:3/F:0/AC:false) 20210823T193044 now=7280591 - CU:10160/CP:15334/OP:PendingIntent{1181922: PendingIntentRecord{da6deb5 com.opera.max.oem broadcastIntent}}
08-23 19:20:39.515 1452 2259 I SamsungAlarmManager: setLocked to kernel - T:2 / 20210823T192050, set=7291767, now=7280591
08-23 19:20:39.515 1452 2259 I SamsungAlarmManager: setLocked to kernel - T:3 / 20210823T192045, set=7286973, now=7280591
08-23 19:20:39.583 599 599 I io_stats: !@ 179,0 r 1772259 29323765 w 68669 1132012 d 37730 493384 f 39740 47933 iot 693370 543025 th 51200 51200 47892 pt 240 inp 0 152 1915.920
08-23 19:20:39.652 2086 15565 D SystemUIService: summary.java-heap : 6800
08-23 19:20:39.652 2086 15565 D SystemUIService: summary.native-heap : 6648
08-23 19:20:39.652 2086 15565 D SystemUIService: summary.code : 5672
08-23 19:20:39.652 2086 15565 D SystemUIService: summary.stack : 640
08-23 19:20:39.652 2086 15565 D SystemUIService: summary.graphics : 7060
08-23 19:20:39.652 2086 15565 D SystemUIService: summary.private-other : 472
08-23 19:20:39.652 2086 15565 D SystemUIService: summary.system : 64434
08-23 19:20:39.653 2086 15565 D SystemUIService: summary.total-pss : 91726
08-23 19:20:39.653 2086 15565 D SystemUIService: summary.total-swap : 80968
08-23 19:20:39.653 2086 15565 D SystemUIService: - View count -
08-23 19:20:40.785 1452 6166 D SamsungAlarmManager: Cancel Alarm calling from uid:10160 pid :15334 / OP:PendingIntent{db26688: PendingIntentRecord{599e6e com.opera.max.oem broadcastIntent}}
08-23 19:20:40.873 2086 15565 D SystemUIService: View=2473
08-23 19:20:41.591 599 599 I io_stats: !@ 179,0 r 1774185 29363213 w 69172 1156084 d 37751 506956 f 40096 48301 iot 695370 545226 th 51200 51200 48528 pt 680 inp 7 147 1917.928
08-23 19:20:43.600 599 599 I io_stats: !@ 179,0 r 1776429 29413145 w 70077 1189928 d 37782 516868 f 40098 48305 iot 697380 546777 th 51200 51200 48528 pt 680 inp 41 138 1919.938
08-23 19:20:45.609 599 599 I io_stats: !@ 179,0 r 1777053 29425485 w 70128 1191184 d 37782 516868 f 40218 48428 iot 699390 546777 th 51200 51200 48528 pt 680 inp 8 147 1921.946
08-23 19:20:45.896 1452 1908 D SamsungAlarmManager: Expired : 8
08-23 19:20:45.899 1452 1908 V AlarmManagerEXT: AppSync scheduleAlarms: changed --- PendingIntent{d0c2d87: PendingIntentRecord{178b4b4 com.whatsapp broadcastIntent}}
08-23 19:20:45.899 1452 1908 D SamsungAlarmManager: setInexact (T:3/F:0/AC:false) 20210823T202045 now=7286976 - CU:1000/CP:1452/OP:PendingIntent{d0c2d87: PendingIntentRecord{178b4b4 com.whatsapp broadcastIntent}}
08-23 19:20:45.900 1452 1908 I SamsungAlarmManager: setLocked to kernel - T:2 / 20210823T192050, set=7291767, now=7286976
08-23 19:20:45.900 1452 1908 V SamsungAlarmManager: Sending to uid : 10193 action=com.whatsapp.action.HOURLY_CRON alarm=Alarm{3efe6a7 type 3 when 7286973 com.whatsapp}
08-23 19:20:45.901 1452 1908 D ActivityManager: Received BROADCAST intent 0x178b4b4 Key{broadcastIntent pkg=com.whatsapp intent=act=com.whatsapp.action.HOURLY_CRON cmp=com.whatsapp/.AlarmBroadcastReceiver flags=0x0 u=0} requestCode=0 sent=0 from uid 1000
08-23 19:20:45.903 1452 1572 D StorageManagerService: getExternalStorageMountMode: uid=10193 packageName=com.whatsapp
08-23 19:20:45.911 1452 1572 D CompatibilityChangeReporter: Compat change id reported: 135634846; UID 10193; state: DISABLED
08-23 19:20:45.912 1452 1573 D CompatibilityChangeReporter: Compat change id reported: 143937733; UID 10193; state: DISABLED
08-23 19:20:45.912 1452 1908 I SamsungAlarmManager: setLocked to kernel - T:2 / 20210823T192050, set=7291767, now=7286988
08-23 19:20:46.092 1452 1573 W ActivityManager: Slow operation: 191ms so far, now at startProcess: returned from zygote!
08-23 19:20:46.093 1452 1573 W ActivityManager: Slow operation: 191ms so far, now at startProcess: done updating battery stats
08-23 19:20:46.093 1452 1573 W ActivityManager: Slow operation: 191ms so far, now at startProcess: building log message
08-23 19:20:46.093 1452 1573 I ActivityManager: Start proc 15596:com.whatsapp/u0a193 for broadcast {com.whatsapp/com.whatsapp.AlarmBroadcastReceiver}
08-23 19:20:46.093 1452 1573 W ActivityManager: Slow operation: 192ms so far, now at startProcess: starting to update pids map
08-23 19:20:46.094 1452 1573 W ActivityManager: Slow operation: 192ms so far, now at startProcess: done updating pids map
08-23 19:20:46.134 1452 3573 I ActivityManager: DSS OFF for com.whatsapp
08-23 19:20:46.156 1452 3573 D ActivityManager: attachApplicationLocked() app=ProcessRecord{9dbf7cf 15596:com.whatsapp/u0a193} app.isolatedEntryPoint=null instr2=null
08-23 19:20:46.174 15596 15596 D ActivityThread: handleBindApplication()++ app=com.whatsapp
08-23 19:20:46.428 1452 3573 D BiometricService: canAuthenticate: User=0, Caller=0, Authenticators=15
08-23 19:20:46.456 1452 3573 D BiometricService: Package: com.android.vending Authenticator ID: 1 Modality: 8 Reported Modality: 0 Status: 3
08-23 19:20:46.456 1452 3573 D AuthService: canAuthenticate, userId: 0, callingUserId: 0, authenticators: 15, result: 12
08-23 19:20:46.457 1452 3573 D BiometricService: canAuthenticate: User=0, Caller=0, Authenticators=255
08-23 19:20:46.458 1452 3573 D BiometricService: Package: com.android.vending Authenticator ID: 1 Modality: 8 Reported Modality: 0 Status: 3
08-23 19:20:46.458 1452 3573 D AuthService: canAuthenticate, userId: 0, callingUserId: 0, authenticators: 255, result: 12
08-23 19:20:46.459 1452 3573 D BiometricService: canAuthenticate: User=0, Caller=0, Authenticators=15
08-23 19:20:46.460 1452 3573 D BiometricService: Package: com.android.vending Authenticator ID: 1 Modality: 8 Reported Modality: 0 Status: 3
08-23 19:20:46.460 1452 3573 D AuthService: canAuthenticate, userId: 0, callingUserId: 0, authenticators: 15, result: 12
08-23 19:20:47.072 15596 15596 D ActivityThread: handleBindApplication() -- skipGraphicsSupport=false
08-23 19:20:47.076 15596 15596 D ActivityThread: ActivityThread::handleMakeApplication() data=AppBindData{appInfo=ApplicationInfo{f9fc0aa com.whatsapp}} appContext=android.app.ContextImpl@135049b appContext.mOpPackageName=com.whatsapp appContext.mBasePackageName=com.whatsapp appContext.mPackageInfo=android.app.LoadedApk@5dc6038 data.restrictedBackupMode= false data.providers= [ContentProviderInfo{name=com.whatsapp.firebaseinitprovider className=com.google.firebase.provider.FirebaseInitProvider}, ContentProviderInfo{name=com.whatsapp.provider.media className=com.whatsapp.contentprovider.MediaProvider}, ContentProviderInfo{name=com.whatsapp.provider.instrumentation className=com.whatsapp.instrumentation.api.InstrumentationProvider}, ContentProviderInfo{name=com.whatsapp.fileprovider className=androidx.core.content.FileProvider}, ContentProviderInfo{name=com.whatsapp.provider.sticker_whitelist_check className=com.whatsapp.stickers.WhitelistPackQueryContentProvider}, ContentProviderInfo{name=com.whatsapp.lifecycle-process className=androidx.lifecycle.ProcessLifecycleOwnerInitializer}, ContentProviderInfo{name=com.whatsapp.provider.MigrationContentProvider className=com.whatsapp.registration.directmigration.MigrationContentProvider}] Caller=android.app.ActivityThread.handleBindApplication:7446 android.app.ActivityThread.access$1400:301 android.app.ActivityThread$H.handleMessage:2148 android.os.Handler.dispatchMessage:106 android.os.Looper.loop:246 08-23 19:20:47.080 15596 15596 D LoadedApk: LoadedApk::makeApplication() appContext=android.app.ContextImpl@7763811 appContext.mOpPackageName=com.whatsapp appContext.mBasePackageName=com.whatsapp appContext.mPackageInfo=android.app.LoadedApk@5dc6038
08-23 19:20:47.619 599 599 I io_stats: !@ 179,0 r 1779589 29490033 w 71026 1220456 d 37819 524020 f 40306 48524 iot 701400 551025 th 51200 51200 45820 pt 1060 inp 2 145 1923.956
08-23 19:20:48.672 2085 2085 I wpa_supplicant: Heartbeat 189
08-23 19:20:49.627 599 599 I io_stats: !@ 179,0 r 1781299 29528177 w 71893 1250136 d 37848 527676 f 40490 48717 iot 703410 552170 th 51200 51200 41500 pt 1070 inp 6 125 1925.964
08-23 19:20:50.366 1452 2259 D ConnectivityService: Connectivity-MDO: 10193 is true
08-23 19:20:50.366 1452 2259 D ConnectivityService: Connectivity-MDO change default network for 10193, type: mdo
08-23 19:20:50.371 1452 3573 I GenerationRegistry: mBackingStore.isClosed() : false
08-23 19:20:50.468 1452 3573 D ConnectivityService: Connectivity-MDO: 10193 is true
08-23 19:20:50.468 1452 3573 D ConnectivityService: Connectivity-MDO change default network for 10193, type: mdo
08-23 19:20:50.469 1452 3573 D ConnectivityService: Connectivity-MDO: 10193 is true
08-23 19:20:50.469 1452 3573 D ConnectivityService: Connectivity-MDO change default network for 10193, type: mdo
08-23 19:20:50.474 1452 3573 I GenerationRegistry: mBackingStore.isClosed() : false
08-23 19:20:50.523 1452 2259 D ConnectivityService: Connectivity-MDO: 10193 is true
08-23 19:20:50.523 1452 2259 D ConnectivityService: Connectivity-MDO change default network for 10193, type: mdo
08-23 19:20:50.529 1452 2259 D ConnectivityService: Connectivity-MDO: 10193 is true
08-23 19:20:50.529 1452 2259 D ConnectivityService: requestNetwork for uid/pid:10193/15596 NetworkRequest [ TRACK_DEFAULT_MDO id=375, [ Capabilities: INTERNET&NOT_RESTRICTED&TRUSTED Uid: 10193 AdministratorUids: [] RequestorUid: 10193 RequestorPackageName: com.whatsapp] ]
08-23 19:20:50.530 1452 1949 D ConnectivityService: NetReassign [375 : null ?? 601]
08-23 19:20:50.530 1452 1949 D ConnectivityService: Connectivity-MDO: 10193 is true
08-23 19:20:50.542 1452 2259 D ConnectivityService: Connectivity-MDO: 10193 is true
08-23 19:20:50.542 1452 2259 D ConnectivityService: Connectivity-MDO change default network for 10193, type: mdo
08-23 19:20:50.556 1452 3573 D ConnectivityService: Connectivity-MDO: 10193 is true
08-23 19:20:50.556 1452 3573 D ConnectivityService: Connectivity-MDO change default network for 10193, type: mdo
08-23 19:20:50.584 1452 1547 D SettingsProvider: isChangeAllowed() : name = enabled_notification_listeners
08-23 19:20:50.585 1452 1547 D SettingsProvider: isChangeAllowed() : name = enabled_notification_assistant
08-23 19:20:50.585 1452 1547 D SettingsProvider: isChangeAllowed() : name = enabled_notification_policy_access_packages
08-23 19:20:50.624 1452 3573 D ConnectivityService: Connectivity-MDO: 10193 is true
08-23 19:20:50.624 1452 3573 D ConnectivityService: Connectivity-MDO change default network for 10193, type: mdo
08-23 19:20:50.654 1452 3573 D ConnectivityService: Connectivity-MDO: 10193 is true
08-23 19:20:50.655 1452 3573 D ConnectivityService: Connectivity-MDO change default network for 10193, type: mdo
08-23 19:20:50.655 1452 3573 D ConnectivityService: Connectivity-MDO: 10193 is true
08-23 19:20:50.656 1452 3573 D ConnectivityService: Connectivity-MDO change default network for 10193, type: mdo
08-23 19:20:50.661 1452 3573 D ConnectivityService: Connectivity-MDO: 10193 is true
08-23 19:20:50.661 1452 3573 D ConnectivityService: Connectivity-MDO change default network for 10193, type: mdo
08-23 19:20:50.690 1452 1908 D SamsungAlarmManager: Expired : 4
08-23 19:20:50.692 1452 1908 V SamsungAlarmManager: Sending to uid : 10164 action=CONTEXT_MANAGER_ALARM_WAKEUP alarm=Alarm{2ba84c0 type 2 when 7291767 com.google.android.gms}
08-23 19:20:50.696 1452 1908 D ActivityManager: Received BROADCAST intent 0xdd0aeae Key{broadcastIntent pkg=com.google.android.gms/com.google.android.gms.contextmanager intent=act=CONTEXT_MANAGER_ALARM_WAKEUP pkg=com.google.android.gms flags=0x0 u=0} requestCode=5 sent=0 from uid 1000
08-23 19:20:50.699 1452 1908 I SamsungAlarmManager: setLocked to kernel - T:2 / 20210823T192054, set=7295858, now=7291776
08-23 19:20:50.785 1452 2259 D SamsungAlarmManager: setExact (T:2/F:1/AC:false) 20210823T202050 now=7291861 - CU:10164/CP:2781/OP:PendingIntent{6a5564c: PendingIntentRecord{f791695 com.google.android.gms/com.google.android.gms.contextmanager broadcastIntent}}
08-23 19:20:50.785 1452 2259 I SamsungAlarmManager: setLocked to kernel - T:2 / 20210823T192054, set=7295858, now=7291862
08-23 19:20:50.974 1452 3573 W ActivityManager: Background start not allowed: service Intent { act=com.whatsapp.messaging.MessageService.START cmp=com.whatsapp/.messaging.MessageService } to com.whatsapp/.messaging.MessageService from pid=15596 uid=10193 pkg=com.whatsapp startFg?=false
08-23 19:20:50.982 1452 6166 D SamsungAlarmManager: setExact (T:2/F:5/AC:false) 20210823T193050 now=7292058 - CU:10193/CP:15596/OP:PendingIntent{865fb9b: PendingIntentRecord{af78b38 com.whatsapp broadcastIntent}}
08-23 19:20:50.982 1452 6166 I SamsungAlarmManager: setLocked to kernel - T:2 / 20210823T192054, set=7295858, now=7292058
08-23 19:20:50.997 1452 3573 D SamsungAlarmManager: setInexact (T:3/F:0/AC:false) 20210823T192105 now=7292073 - CU:10193/CP:15596/OP:PendingIntent{23622e4: PendingIntentRecord{6834d com.whatsapp broadcastIntent}}
08-23 19:20:50.998 1452 3573 I SamsungAlarmManager: setLocked to kernel - T:2 / 20210823T192054, set=7295858, now=7292074
08-23 19:20:51.032 1452 2259 D ConnectivityService: Connectivity-MDO: 10193 is true
08-23 19:20:51.032 1452 2259 D ConnectivityService: Connectivity-MDO change default network for 10193, type: mdo
08-23 19:20:51.037 1452 2259 D ConnectivityService: Connectivity-MDO: 10193 is true
08-23 19:20:51.037 1452 2259 D ConnectivityService: Connectivity-MDO change default network for 10193, type: mdo
08-23 19:20:51.059 1452 2259 I SamsungAlarmManager: setLocked to kernel - T:2 / 20210823T192054, set=7295858, now=7292135
08-23 19:20:51.061 1452 2259 D SamsungAlarmManager: setExact (T:0/F:5/AC:false) 20210824T020000 now=7292137 - CU:10193/CP:15596/OP:PendingIntent{bc50749: PendingIntentRecord{e25a008 com.whatsapp broadcastIntent}}
08-23 19:20:51.061 1452 2259 I SamsungAlarmManager: setLocked to kernel - T:2 / 20210823T192054, set=7295858, now=7292138
08-23 19:20:51.065 1452 2259 I SamsungAlarmManager: setLocked to kernel - T:2 / 20210823T192054, set=7295858, now=7292141
08-23 19:20:51.067 1452 2259 D SamsungAlarmManager: setExact (T:0/F:5/AC:false) 20210824T000000 now=7292143 - CU:10193/CP:15596/OP:PendingIntent{692884e: PendingIntentRecord{89f89c6 com.whatsapp broadcastIntent}}
08-23 19:20:51.067 1452 2259 I SamsungAlarmManager: setLocked to kernel - T:2 / 20210823T192054, set=7295858, now=7292143
08-23 19:20:51.075 1452 2259 I SamsungAlarmManager: setLocked to kernel - T:2 / 20210823T192054, set=7295858, now=7292151
08-23 19:20:51.078 1452 2259 D SamsungAlarmManager: setInexact (T:3/F:0/AC:false) 20210824T072051 now=7292154 - CU:10193/CP:15596/OP:PendingIntent{c3ffd6f: PendingIntentRecord{cfa7c52 com.whatsapp broadcastIntent}}
08-23 19:20:51.078 1452 2259 I SamsungAlarmManager: setLocked to kernel - T:2 / 20210823T192054, set=7295858, now=7292155
08-23 19:20:51.083 1452 2259 D ConnectivityService: Connectivity-MDO: 10193 is true
08-23 19:20:51.083 1452 2259 D ConnectivityService: Connectivity-MDO change default network for 10193, type: mdo
08-23 19:20:51.084 1452 4888 D ConnectivityService: Connectivity-MDO: 10193 is true
08-23 19:20:51.084 1452 4888 D ConnectivityService: Connectivity-MDO change default network for 10193, type: mdo
08-23 19:20:51.087 1452 4888 I SamsungAlarmManager: setLocked to kernel - T:2 / 20210823T192054, set=7295858, now=7292164
08-23 19:20:51.090 1452 4888 D SamsungAlarmManager: setExact (T:2/F:5/AC:false) 20210913T181507 now=7292166 - CU:10193/CP:15596/OP:PendingIntent{950ea7c: PendingIntentRecord{5466820 com.whatsapp broadcastIntent}}
08-23 19:20:51.090 1452 4888 I SamsungAlarmManager: setLocked to kernel - T:2 / 20210823T192054, set=7295858, now=7292166
08-23 19:20:51.092 1452 4888 D ConnectivityService: Connectivity-MDO: 10193 is true
08-23 19:20:51.092 1452 4888 D ConnectivityService: Connectivity-MDO change default network for 10193, type: mdo
08-23 19:20:51.107 1452 6166 I SamsungAlarmManager: setLocked to kernel - T:2 / 20210823T192054, set=7295858, now=7292183
08-23 19:20:51.109 1452 6166 D SamsungAlarmManager: setExact (T:2/F:5/AC:false) 20210824T092853 now=7292185 - CU:10193/CP:15596/OP:PendingIntent{6cdcf05: PendingIntentRecord{de3467f com.whatsapp broadcastIntent}}
08-23 19:20:51.109 1452 6166 I SamsungAlarmManager: setLocked to kernel - T:2 / 20210823T192054, set=7295858, now=7292185
08-23 19:20:51.129 1452 4888 D ConnectivityService: Connectivity-MDO: 10193 is true
08-23 19:20:51.129 1452 4888 D ConnectivityService: Connectivity-MDO change default network for 10193, type: mdo
08-23 19:20:51.634 599 599 I io_stats: !@ 179,0 r 1784676 29595681 w 72077 1253612 d 38055 537868 f 40564 48795 iot 705180 554637 th 51200 51200 41500 pt 1070 inp 1 3 1927.971
08-23 19:20:51.943 1452 3573 D SamsungAlarmManager: Cancel Alarm calling from uid:10164 pid :2781 / OP:PendingIntent{de1eaac: PendingIntentRecord{af48901 com.google.android.gms/com.google.android.gms.gcm broadcastIntent}}
08-23 19:20:51.944 1452 3573 I SamsungAlarmManager: setLocked to kernel - T:2 / 20210823T192054, set=7295858, now=7293021
08-23 19:20:52.063 1452 3573 D SamsungAlarmManager: setInexact (T:2/F:0/AC:false) 20210823T192208 now=7293140 - CU:10164/CP:2781/OP:PendingIntent{dd90598: PendingIntentRecord{af48901 com.google.android.gms/com.google.android.gms.gcm broadcastIntent}}
08-23 19:20:52.064 1452 3573 I SamsungAlarmManager: setLocked to kernel - T:2 / 20210823T192054, set=7295858, now=7293140
08-23 19:20:52.073 1452 3573 D SamsungAlarmManager: Cancel Alarm calling from uid:10164 pid :2781 / OP:PendingIntent{abe1f1: PendingIntentRecord{af48901 com.google.android.gms/com.google.android.gms.gcm broadcastIntent}}
08-23 19:20:52.074 1452 3573 I SamsungAlarmManager: setLocked to kernel - T:2 / 20210823T192054, set=7295858, now=7293151
08-23 19:20:52.078 1452 3573 D SamsungAlarmManager: setInexact (T:2/F:0/AC:false) 20210823T192208 now=7293155 - CU:10164/CP:2781/OP:PendingIntent{96cd1d6: PendingIntentRecord{af48901 com.google.android.gms/com.google.android.gms.gcm broadcastIntent}}
08-23 19:20:52.078 1452 3573 I SamsungAlarmManager: setLocked to kernel - T:2 / 20210823T192054, set=7295858, now=7293155
08-23 19:20:52.105 1452 3573 D SamsungAlarmManager: Cancel Alarm calling from uid:10164 pid :2781 / OP:PendingIntent{cc8bc57: PendingIntentRecord{af48901 com.google.android.gms/com.google.android.gms.gcm broadcastIntent}}
08-23 19:20:52.107 1452 3573 I SamsungAlarmManager: setLocked to kernel - T:2 / 20210823T192054, set=7295858, now=7293184
08-23 19:20:52.112 1452 3573 D SamsungAlarmManager: setInexact (T:2/F:0/AC:false) 20210823T192208 now=7293188 - CU:10164/CP:2781/OP:PendingIntent{d24e344: PendingIntentRecord{af48901 com.google.android.gms/com.google.android.gms.gcm broadcastIntent}}
08-23 19:20:52.112 1452 3573 I SamsungAlarmManager: setLocked to kernel - T:2 / 20210823T192054, set=7295858, now=7293189
08-23 19:20:52.120 1452 3573 D SamsungAlarmManager: Cancel Alarm calling from uid:10164 pid :2781 / OP:PendingIntent{8bac2d: PendingIntentRecord{af48901 com.google.android.gms/com.google.android.gms.gcm broadcastIntent}}
08-23 19:20:52.121 1452 3573 I SamsungAlarmManager: setLocked to kernel - T:2 / 20210823T192054, set=7295858, now=7293198
08-23 19:20:52.128 1452 4888 D SamsungAlarmManager: setInexact (T:2/F:0/AC:false) 20210823T192208 now=7293205 - CU:10164/CP:2781/OP:PendingIntent{1bc3562: PendingIntentRecord{af48901 com.google.android.gms/com.google.android.gms.gcm broadcastIntent}}
08-23 19:20:52.128 1452 4888 I SamsungAlarmManager: setLocked to kernel - T:2 / 20210823T192054, set=7295858, now=7293205
08-23 19:20:52.257 1452 6166 D SamsungAlarmManager: Cancel Alarm calling from uid:10164 pid :2781 / OP:PendingIntent{c7b0eba: PendingIntentRecord{af48901 com.google.android.gms/com.google.android.gms.gcm broadcastIntent}}
08-23 19:20:52.258 1452 6166 I SamsungAlarmManager: setLocked to kernel - T:2 / 20210823T192054, set=7295858, now=7293335
08-23 19:20:52.265 1452 6166 D SamsungAlarmManager: setInexact (T:2/F:0/AC:false) 20210823T192208 now=7293341 - CU:10164/CP:2781/OP:PendingIntent{cbe216b: PendingIntentRecord{af48901 com.google.android.gms/com.google.android.gms.gcm broadcastIntent}}
08-23 19:20:52.265 1452 6166 I SamsungAlarmManager: setLocked to kernel - T:2 / 20210823T192054, set=7295858, now=7293341
08-23 19:20:52.579 1452 6166 D SamsungAlarmManager: Cancel Alarm calling from uid:10164 pid :2781 / OP:PendingIntent{41b6947: PendingIntentRecord{af48901 com.google.android.gms/com.google.android.gms.gcm broadcastIntent}}
08-23 19:20:52.581 1452 6166 I SamsungAlarmManager: setLocked to kernel - T:2 / 20210823T192054, set=7295858, now=7293657
08-23 19:20:52.649 1452 6166 D SamsungAlarmManager: setInexact (T:2/F:0/AC:false) 20210823T192208 now=7293726 - CU:10164/CP:2781/OP:PendingIntent{f1b52e3: PendingIntentRecord{af48901 com.google.android.gms/com.google.android.gms.gcm broadcastIntent}}
08-23 19:20:52.650 1452 6166 I SamsungAlarmManager: setLocked to kernel - T:2 / 20210823T192054, set=7295858, now=7293726
08-23 19:20:53.641 599 599 I io_stats: !@ 179,0 r 1786578 29630985 w 72806 1264356 d 38185 540140 f 40633 48889 iot 707110 556392 th 51200 51200 41500 pt 1070 inp 1 139 1929.978
08-23 19:20:54.115 1452 4888 D SamsungAlarmManager: Cancel Alarm calling from uid:10164 pid :2781 / OP:PendingIntent{f0b765e: PendingIntentRecord{af48901 com.google.android.gms/com.google.android.gms.gcm broadcastIntent}}
08-23 19:20:54.117 1452 4888 I SamsungAlarmManager: setLocked to kernel - T:2 / 20210823T192054, set=7295858, now=7295193
08-23 19:20:54.122 1452 2259 D SamsungAlarmManager: setInexact (T:2/F:0/AC:false) 20210823T192208 now=7295198 - CU:10164/CP:2781/OP:PendingIntent{a63a3f: PendingIntentRecord{af48901 com.google.android.gms/com.google.android.gms.gcm broadcastIntent}}
08-23 19:20:54.122 1452 2259 I SamsungAlarmManager: setLocked to kernel - T:2 / 20210823T192054, set=7295858, now=7295199
08-23 19:20:54.148 1452 4888 D SamsungAlarmManager: Cancel Alarm calling from uid:10164 pid :2781 / OP:PendingIntent{8402f0c: PendingIntentRecord{af48901 com.google.android.gms/com.google.android.gms.gcm broadcastIntent}}
08-23 19:20:54.150 1452 4888 I SamsungAlarmManager: setLocked to kernel - T:2 / 20210823T192054, set=7295858, now=7295226
08-23 19:20:54.158 1452 4888 D SamsungAlarmManager: setInexact (T:2/F:0/AC:false) 20210823T192208 now=7295234 - CU:10164/CP:2781/OP:PendingIntent{cbd2cd1: PendingIntentRecord{af48901 com.google.android.gms/com.google.android.gms.gcm broadcastIntent}}
08-23 19:20:54.158 1452 4888 I SamsungAlarmManager: setLocked to kernel - T:2 / 20210823T192054, set=7295858, now=7295234
08-23 19:20:54.173 1452 4888 D SamsungAlarmManager: Cancel Alarm calling from uid:10164 pid :2781 / OP:PendingIntent{ad9f336: PendingIntentRecord{af48901 com.google.android.gms/com.google.android.gms.gcm broadcastIntent}}
08-23 19:20:54.175 1452 4888 I SamsungAlarmManager: setLocked to kernel - T:2 / 20210823T192054, set=7295858, now=7295251
08-23 19:20:54.180 1452 4888 D SamsungAlarmManager: setInexact (T:2/F:0/AC:false) 20210823T192208 now=7295257 - CU:10164/CP:2781/OP:PendingIntent{8ab3237: PendingIntentRecord{af48901 com.google.android.gms/com.google.android.gms.gcm broadcastIntent}}
08-23 19:20:54.180 1452 4888 I SamsungAlarmManager: setLocked to kernel - T:2 / 20210823T192054, set=7295858, now=7295257
08-23 19:20:54.268 1452 4888 D SamsungAlarmManager: Cancel Alarm calling from uid:10164 pid :2781 / OP:PendingIntent{316c50d: PendingIntentRecord{af48901 com.google.android.gms/com.google.android.gms.gcm broadcastIntent}}
08-23 19:20:54.270 1452 4888 I SamsungAlarmManager: setLocked to kernel - T:2 / 20210823T192054, set=7295858, now=7295346
08-23 19:20:54.336 1452 2259 D SamsungAlarmManager: setInexact (T:2/F:0/AC:false) 20210823T192208 now=7295412 - CU:10164/CP:2781/OP:PendingIntent{af7a509: PendingIntentRecord{af48901 com.google.android.gms/com.google.android.gms.gcm broadcastIntent}}
08-23 19:20:54.336 1452 2259 I SamsungAlarmManager: setLocked to kernel - T:2 / 20210823T192054, set=7295858, now=7295413
08-23 19:20:54.345 1452 3573 D SamsungAlarmManager: Cancel Alarm calling from uid:10164 pid :2781 / OP:PendingIntent{db0330e: PendingIntentRecord{af48901 com.google.android.gms/com.google.android.gms.gcm broadcastIntent}}
08-23 19:20:54.347 1452 3573 I SamsungAlarmManager: setLocked to kernel - T:2 / 20210823T192054, set=7295858, now=7295423
08-23 19:20:54.352 1452 3573 D SamsungAlarmManager: setInexact (T:2/F:0/AC:false) 20210823T192208 now=7295428 - CU:10164/CP:2781/OP:PendingIntent{e68312f: PendingIntentRecord{af48901 com.google.android.gms/com.google.android.gms.gcm broadcastIntent}}
08-23 19:20:54.352 1452 3573 I SamsungAlarmManager: setLocked to kernel - T:2 / 20210823T192054, set=7295858, now=7295429
08-23 19:20:54.392 1452 4888 D SamsungAlarmManager: Cancel Alarm calling from uid:10164 pid :2781 / OP:PendingIntent{ab3733c: PendingIntentRecord{af48901 com.google.android.gms/com.google.android.gms.gcm broadcastIntent}}
08-23 19:20:54.393 1452 4888 I SamsungAlarmManager: setLocked to kernel - T:2 / 20210823T192054, set=7295858, now=7295470
08-23 19:20:54.399 1452 4888 D SamsungAlarmManager: setInexact (T:2/F:0/AC:false) 20210823T192208 now=7295475 - CU:10164/CP:2781/OP:PendingIntent{7ec88c5: PendingIntentRecord{af48901 com.google.android.gms/com.google.android.gms.gcm broadcastIntent}}
08-23 19:20:54.399 1452 4888 I SamsungAlarmManager: setLocked to kernel - T:2 / 20210823T192054, set=7295858, now=7295475
08-23 19:20:54.415 1452 4888 D SamsungAlarmManager: Cancel Alarm calling from uid:10164 pid :2781 / OP:PendingIntent{26395e6: PendingIntentRecord{af48901 com.google.android.gms/com.google.android.gms.gcm broadcastIntent}}
08-23 19:20:54.416 1452 4888 I SamsungAlarmManager: setLocked to kernel - T:2 / 20210823T192054, set=7295858, now=7295493
08-23 19:20:54.422 1452 4888 D SamsungAlarmManager: setInexact (T:2/F:0/AC:false) 20210823T192208 now=7295498 - CU:10164/CP:2781/OP:PendingIntent{1f71727: PendingIntentRecord{af48901 com.google.android.gms/com.google.android.gms.gcm broadcastIntent}}
08-23 19:20:54.422 1452 4888 I SamsungAlarmManager: setLocked to kernel - T:2 / 20210823T192054, set=7295858, now=7295499
08-23 19:20:54.430 1452 2259 D SamsungAlarmManager: Cancel Alarm calling from uid:10164 pid :2781 / OP:PendingIntent{e6cedd4: PendingIntentRecord{af48901 com.google.android.gms/com.google.android.gms.gcm broadcastIntent}}
08-23 19:20:54.432 1452 2259 I SamsungAlarmManager: setLocked to kernel - T:2 / 20210823T192054, set=7295858, now=7295508
08-23 19:20:54.438 1452 4888 D SamsungAlarmManager: setInexact (T:2/F:0/AC:false) 20210823T192208 now=7295514 - CU:10164/CP:2781/OP:PendingIntent{ad00b7d: PendingIntentRecord{af48901 com.google.android.gms/com.google.android.gms.gcm broadcastIntent}}
08-23 19:20:54.438 1452 4888 I SamsungAlarmManager: setLocked to kernel - T:2 / 20210823T192054, set=7295858, now=7295515
08-23 19:20:54.536 1452 2259 D SamsungAlarmManager: Cancel Alarm calling from uid:10164 pid :2781 / OP:PendingIntent{933fec3: PendingIntentRecord{af48901 com.google.android.gms/com.google.android.gms.gcm broadcastIntent}}
08-23 19:20:54.538 1452 2259 I SamsungAlarmManager: setLocked to kernel - T:2 / 20210823T192054, set=7295858, now=7295614
08-23 19:20:54.604 1452 2259 D SamsungAlarmManager: setInexact (T:2/F:0/AC:false) 20210823T192208 now=7295680 - CU:10164/CP:2781/OP:PendingIntent{9da2d35: PendingIntentRecord{af48901 com.google.android.gms/com.google.android.gms.gcm broadcastIntent}}
08-23 19:20:54.604 1452 2259 I SamsungAlarmManager: setLocked to kernel - T:2 / 20210823T192054, set=7295858, now=7295681
08-23 19:20:54.613 1452 4888 D SamsungAlarmManager: Cancel Alarm calling from uid:10164 pid :2781 / OP:PendingIntent{7a995ca: PendingIntentRecord{af48901 com.google.android.gms/com.google.android.gms.gcm broadcastIntent}}
08-23 19:20:54.614 1452 4888 I SamsungAlarmManager: setLocked to kernel - T:2 / 20210823T192054, set=7295858, now=7295691
08-23 19:20:54.619 1452 2259 D SamsungAlarmManager: setInexact (T:2/F:0/AC:false) 20210823T192208 now=7295695 - CU:10164/CP:2781/OP:PendingIntent{314833b: PendingIntentRecord{af48901 com.google.android.gms/com.google.android.gms.gcm broadcastIntent}}
08-23 19:20:54.619 1452 2259 I SamsungAlarmManager: setLocked to kernel - T:2 / 20210823T192054, set=7295858, now=7295695
08-23 19:20:54.663 1452 2259 D SamsungAlarmManager: Cancel Alarm calling from uid:10164 pid :2781 / OP:PendingIntent{f917404: PendingIntentRecord{af48901 com.google.android.gms/com.google.android.gms.gcm broadcastIntent}}
08-23 19:20:54.664 1452 2259 I SamsungAlarmManager: setLocked to kernel - T:2 / 20210823T192054, set=7295858, now=7295741
08-23 19:20:54.669 1452 2259 D SamsungAlarmManager: setInexact (T:2/F:0/AC:false) 20210823T192208 now=7295745 - CU:10164/CP:2781/OP:PendingIntent{15fcded: PendingIntentRecord{af48901 com.google.android.gms/com.google.android.gms.gcm broadcastIntent}}
08-23 19:20:54.669 1452 2259 I SamsungAlarmManager: setLocked to kernel - T:2 / 20210823T192054, set=7295858, now=7295745
08-23 19:20:54.676 1452 2259 D SamsungAlarmManager: Cancel Alarm calling from uid:10164 pid :2781 / OP:PendingIntent{8d71422: PendingIntentRecord{af48901 com.google.android.gms/com.google.android.gms.gcm broadcastIntent}}
08-23 19:20:54.678 1452 2259 I SamsungAlarmManager: setLocked to kernel - T:2 / 20210823T192054, set=7295858, now=7295755
08-23 19:20:54.683 1452 2259 D SamsungAlarmManager: setInexact (T:2/F:0/AC:false) 20210823T192208 now=7295759 - CU:10164/CP:2781/OP:PendingIntent{21eb3: PendingIntentRecord{af48901 com.google.android.gms/com.google.android.gms.gcm broadcastIntent}}
08-23 19:20:54.683 1452 2259 I SamsungAlarmManager: setLocked to kernel - T:2 / 20210823T192054, set=7295858, now=7295760
08-23 19:20:54.709 1452 2259 D SamsungAlarmManager: Cancel Alarm calling from uid:10164 pid :2781 / OP:PendingIntent{e785be9: PendingIntentRecord{af48901 com.google.android.gms/com.google.android.gms.gcm broadcastIntent}}
08-23 19:20:54.711 1452 2259 I SamsungAlarmManager: setLocked to kernel - T:2 / 20210823T192054, set=7295858, now=7295787
08-23 19:20:54.783 1452 2259 D SamsungAlarmManager: setInexact (T:2/F:0/AC:false) 20210823T192208 now=7295860 - CU:10164/CP:2781/OP:PendingIntent{771cda5: PendingIntentRecord{af48901 com.google.android.gms/com.google.android.gms.gcm broadcastIntent}}
08-23 19:20:54.783 1452 1908 D SamsungAlarmManager: Expired : 4
08-23 19:20:54.783 1452 2259 I SamsungAlarmManager: setLocked to kernel - T:2 / 20210823T192054, set=7295858, now=7295860
08-23 19:20:54.784 1452 1908 V SamsungAlarmManager: Sending to uid : 1073 L=198af59:DhcpClient.wlan0.RENEW alarm=Alarm{7b8093e type 2 when 7295858 com.google.android.networkstack}
08-23 19:20:54.788 1452 1908 I SamsungAlarmManager: setLocked to kernel - T:2 / 20210823T192106, set=7307906, now=7295864
08-23 19:20:54.788 1452 1908 I SamsungAlarmManager: setLocked to kernel - T:3 / 20210823T192059, set=7301076, now=7295865
08-23 19:20:54.832 1452 3573 D SamsungAlarmManager: setExact (T:2/F:9/AC:false) 20210823T192112 now=7295908 - CU:1073/CP:2221/L:163ff46:IpClient.wlan0.EVENT_DHCPACTION_TIMEOUT
08-23 19:20:54.832 1452 3573 I SamsungAlarmManager: setLocked to kernel - T:2 / 20210823T192106, set=7307906, now=7295908
08-23 19:20:54.832 1452 3573 I SamsungAlarmManager: setLocked to kernel - T:3 / 20210823T192059, set=7301076, now=7295909
08-23 19:20:54.840 1452 6166 D SamsungAlarmManager: Cancel Alarm calling from uid:10164 pid :2781 / OP:PendingIntent{57f3507: PendingIntentRecord{af48901 com.google.android.gms/com.google.android.gms.gcm broadcastIntent}}
08-23 19:20:54.841 1452 6166 I SamsungAlarmManager: setLocked to kernel - T:2 / 20210823T192106, set=7307906, now=7295918
08-23 19:20:54.842 1452 6166 I SamsungAlarmManager: setLocked to kernel - T:3 / 20210823T192100, set=7301076, now=7295918
08-23 19:20:54.851 1452 6166 D SamsungAlarmManager: setInexact (T:2/F:0/AC:false) 20210823T192208 now=7295927 - CU:10164/CP:2781/OP:PendingIntent{3bbe634: PendingIntentRecord{af48901 com.google.android.gms/com.google.android.gms.gcm broadcastIntent}}
08-23 19:20:54.851 1452 6166 I SamsungAlarmManager: setLocked to kernel - T:2 / 20210823T192106, set=7307906, now=7295927
08-23 19:20:54.851 1452 6166 I SamsungAlarmManager: setLocked to kernel - T:3 / 20210823T192059, set=7301076, now=7295928
08-23 19:20:54.988 1452 6166 D SamsungAlarmManager: setExact (T:2/F:9/AC:false) 20210823T192055 now=7296065 - CU:1073/CP:2221/L:3796df7:DhcpClient.wlan0.KICK
08-23 19:20:54.989 1452 6166 I SamsungAlarmManager: setLocked to kernel - T:2 / 20210823T192055, set=7297062, now=7296065
08-23 19:20:55.648 599 599 I io_stats: !@ 179,0 r 1787638 29638797 w 73323 1272208 d 38450 542220 f 40666 48955 iot 708260 557610 th 51200 51200 41500 pt 1070 inp 0 0 1931.985
08-23 19:20:55.985 1452 1908 D SamsungAlarmManager: Expired : 4
08-23 19:20:55.985 1452 1908 V SamsungAlarmManager: Sending to uid : 1073 L=3796df7:DhcpClient.wlan0.KICK alarm=Alarm{a3b4b82 type 2 when 7296993 com.google.android.networkstack}
08-23 19:20:55.987 1452 1908 I SamsungAlarmManager: setLocked to kernel - T:2 / 20210823T192106, set=7307906, now=7297063
08-23 19:20:55.987 1452 1908 I SamsungAlarmManager: setLocked to kernel - T:3 / 20210823T192059, set=7301076, now=7297064
08-23 19:20:55.990 1452 6166 D SamsungAlarmManager: setExact (T:2/F:9/AC:false) 20210823T192057 now=7297067 - CU:1073/CP:2221/L:3796df7:DhcpClient.wlan0.KICK
08-23 19:20:55.990 1452 6166 I SamsungAlarmManager: setLocked to kernel - T:2 / 20210823T192057, set=7298955, now=7297067
08-23 19:20:56.003 1452 6166 D SamsungAlarmManager: Cancel Alarm calling from uid:1073 pid :2221 / L:3796df7
08-23 19:20:56.013 1452 6166 D AlarmManager: Failed to unlink death recipient on android.app.IAlarmListener$Stub$Proxy@4ccf293
08-23 19:20:56.013 1452 6166 D AlarmManager: java.util.NoSuchElementException: Death link does not exist
08-23 19:20:56.013 1452 6166 D AlarmManager: at android.os.BinderProxy.unlinkToDeath(Native Method)
08-23 19:20:56.013 1452 6166 D AlarmManager: at com.android.server.AlarmManagerService.removeLocked(AlarmManagerService.java:3489)
08-23 19:20:56.013 1452 6166 D AlarmManager: at com.android.server.AlarmManagerService$4.remove(AlarmManagerService.java:2521)
08-23 19:20:56.013 1452 6166 D AlarmManager: at android.app.IAlarmManager$Stub.onTransact(IAlarmManager.java:221)
08-23 19:20:56.013 1452 6166 D AlarmManager: at android.os.Binder.execTransactInternal(Binder.java:1190)
08-23 19:20:56.013 1452 6166 D AlarmManager: at android.os.Binder.execTransact(Binder.java:1159)
08-23 19:20:56.015 1452 6166 I SamsungAlarmManager: setLocked to kernel - T:2 / 20210823T192106, set=7307906, now=7297091
08-23 19:20:56.015 1452 6166 I SamsungAlarmManager: setLocked to kernel - T:3 / 20210823T192059, set=7301076, now=7297092
08-23 19:20:56.022 1452 6166 D SamsungAlarmManager: setExact (T:2/F:9/AC:false) 20210823T195056 now=7297099 - CU:1073/CP:2221/L:198af59:DhcpClient.wlan0.RENEW
08-23 19:20:56.022 1452 6166 I SamsungAlarmManager: setLocked to kernel - T:2 / 20210823T192106, set=7307906, now=7297099
08-23 19:20:56.022 1452 6166 I SamsungAlarmManager: setLocked to kernel - T:3 / 20210823T192059, set=7301076, now=7297099
08-23 19:20:56.025 1452 4888 I SamsungAlarmManager: setLocked to kernel - T:2 / 20210823T192106, set=7307906, now=7297101
08-23 19:20:56.025 1452 4888 I SamsungAlarmManager: setLocked to kernel - T:3 / 20210823T192100, set=7301076, now=7297101
08-23 19:20:56.027 1452 4888 D SamsungAlarmManager: setExact (T:2/F:9/AC:false) 20210823T201325 now=7297103 - CU:1073/CP:2221/L:b45f71e:DhcpClient.wlan0.REBIND
08-23 19:20:56.027 1452 4888 I SamsungAlarmManager: setLocked to kernel - T:2 / 20210823T192106, set=7307906, now=7297104
08-23 19:20:56.027 1452 4888 I SamsungAlarmManager: setLocked to kernel - T:3 / 20210823T192059, set=7301076, now=7297104
08-23 19:20:56.030 1452 6166 I SamsungAlarmManager: setLocked to kernel - T:2 / 20210823T192106, set=7307906, now=7297106
08-23 19:20:56.030 1452 6166 I SamsungAlarmManager: setLocked to kernel - T:3 / 20210823T192100, set=7301076, now=7297106
08-23 19:20:56.032 1452 6166 D SamsungAlarmManager: setExact (T:2/F:9/AC:false) 20210823T202055 now=7297109 - CU:1073/CP:2221/L:7327dcc:DhcpClient.wlan0.EXPIRY
08-23 19:20:56.032 1452 6166 I SamsungAlarmManager: setLocked to kernel - T:2 / 20210823T192106, set=7307906, now=7297109
08-23 19:20:56.032 1452 6166 I SamsungAlarmManager: setLocked to kernel - T:3 / 20210823T192059, set=7301076, now=7297109
08-23 19:20:56.034 1452 6166 D SamsungAlarmManager: Cancel Alarm calling from uid:1073 pid :2221 / L:163ff46
08-23 19:20:56.035 1452 6166 D AlarmManager: Failed to unlink death recipient on android.app.IAlarmListener$Stub$Proxy@cde02c9
08-23 19:20:56.035 1452 6166 D AlarmManager: java.util.NoSuchElementException: Death link does not exist
08-23 19:20:56.035 1452 6166 D AlarmManager: at android.os.BinderProxy.unlinkToDeath(Native Method)
08-23 19:20:56.035 1452 6166 D AlarmManager: at com.android.server.AlarmManagerService.removeLocked(AlarmManagerService.java:3489)
08-23 19:20:56.035 1452 6166 D AlarmManager: at com.android.server.AlarmManagerService$4.remove(AlarmManagerService.java:2521)
08-23 19:20:56.035 1452 6166 D AlarmManager: at android.app.IAlarmManager$Stub.onTransact(IAlarmManager.java:221)
08-23 19:20:56.035 1452 6166 D AlarmManager: at android.os.Binder.execTransactInternal(Binder.java:1190)
08-23 19:20:56.035 1452 6166 D AlarmManager: at android.os.Binder.execTransact(Binder.java:1159)
08-23 19:20:56.036 1452 6166 I SamsungAlarmManager: setLocked to kernel - T:2 / 20210823T192106, set=7307906, now=7297113
08-23 19:20:56.036 1452 6166 I SamsungAlarmManager: setLocked to kernel - T:3 / 20210823T192059, set=7301076, now=7297113
08-23 19:20:56.222 1452 1973 D ConnectivityService: Connectivity-MDO: 10445 is true
08-23 19:20:56.222 1452 1973 D ConnectivityService: Connectivity-MDO change default network for 10445, type: mdo
08-23 19:20:56.222 1452 1973 D ConnectivityService: Connectivity-MDO: 10193 is true
08-23 19:20:56.222 1452 1973 D ConnectivityService: Connectivity-MDO change default network for 10193, type: mdo
08-23 19:20:56.239 1452 1949 D ConnectivityService: 601 network ip type : v4
08-23 19:20:56.271 1452 1973 D SemWifiTransportLayerNotificationManager: showTcpMonitorSuggestionNotification: false, null
08-23 19:20:56.272 1452 1973 D SemWifiTransportLayerNotificationManager: showTcpMonitorHeadUpNotification: false, 0, null
08-23 19:20:56.272 1452 1973 D SemWifiTransportLayerNotificationManager: showTcpMonitorNotification: false, 0, null
08-23 19:20:56.514 1452 1956 D DeviceStorageMonitorService: check() STORAGE TOTAL <= 64G
08-23 19:20:56.514 1452 1956 W DeviceStorageMonitorService: check(/data) freeStorage = 270475264
08-23 19:20:56.987 1452 1956 W PackageManager: Not removing package com.google.android.trichromelibrary hosting lib com.google.android.trichromelibrary version 447212030 used by [VersionedPackage[com.google.android.webview/447212030]] for user 0
08-23 19:20:57.102 1452 1956 W DeviceStorageMonitorService: java.io.IOException: Failed to free 3221225472 on storage device at /data
08-23 19:20:57.102 1452 1956 W DeviceStorageMonitorService: at com.android.server.pm.PackageManagerService.freeStorage(PackageManagerService.java:6254)
08-23 19:20:57.102 1452 1956 W DeviceStorageMonitorService: at com.android.server.storage.DeviceStorageMonitorService.check(DeviceStorageMonitorService.java:343)
08-23 19:20:57.102 1452 1956 W DeviceStorageMonitorService: at com.android.server.storage.DeviceStorageMonitorService.access$200(DeviceStorageMonitorService.java:94)
08-23 19:20:57.102 1452 1956 W DeviceStorageMonitorService: at com.android.server.storage.DeviceStorageMonitorService$1.handleMessage(DeviceStorageMonitorService.java:487)
08-23 19:20:57.102 1452 1956 W DeviceStorageMonitorService: at android.os.Handler.dispatchMessage(Handler.java:106)
08-23 19:20:57.102 1452 1956 W DeviceStorageMonitorService: at android.os.Looper.loop(Looper.java:246)
08-23 19:20:57.102 1452 1956 W DeviceStorageMonitorService: at android.os.HandlerThread.run(HandlerThread.java:67)
08-23 19:20:57.102 1452 1956 W DeviceStorageMonitorService: check(/data) oldLevel:2, newLevel:2 (usableBytes=270475264)
08-23 19:20:57.102 1452 1956 W DeviceStorageMonitorService: updateBroadcasts(/data) oldLevel:2, newLevel:2, seq:1
08-23 19:20:57.107 1452 1956 D DeviceStorageMonitorService: Available File Node Number is [2358606]
08-23 19:20:57.107 1452 1956 W DeviceStorageMonitorService: updateBroadcasts_filenode(/data) fn_oldLevel:0, fn_newLevel:0, seq:1
08-23 19:20:57.657 599 599 I io_stats: !@ 179,0 r 1789470 29648669 w 73368 1273544 d 39013 544716 f 40879 49173 iot 709130 558442 th 51200 51200 41500 pt 1070 inp 0 0 1933.993
08-23 19:20:58.477 1452 6166 D EdgeLightingManager: isCallingUserSupported : callingUserId=0, mUserId=0, isDualAppId=false, isKnoxId=false
08-23 19:20:58.477 1452 6166 D EdgeLightingManager: showForToast : packageName = com.sec.android.app.servicemodeapp
08-23 19:20:58.477 1452 6166 D EdgeLightingClientManager: isAvailableEdgeLighting: condition=1 mCondition=1 mIsConnected=false0
08-23 19:20:58.481 1452 6166 D EdgeLightingPolicyManager: isAcceptableApplication: pkg=com.sec.android.app.servicemodeapp , range=512 , includeAllApp=false , userId=0 , infoRange=0 , infoCategory=0
08-23 19:20:58.481 1452 6166 D EdgeLightingManager: showForToast : return false by isAcceptableApplication.
08-23 19:20:58.492 1452 6166 W ContextImpl: Calling a method in the system process without a qualified user: android.app.ContextImpl.sendBroadcast:1162 com.android.server.notification.sec.DisplayToast.sendIntentForToastDumpLog:156 com.android.server.notification.sec.DisplayToast.outFile:106 com.android.server.notification.sec.DisplayToast.out:62 com.android.server.notification.NotificationManagerService$12.enqueueToastForDex:3502 08-23 19:20:58.572 1452 4888 D WindowManager: makeSurface duration=3 name=Toast$_9128
08-23 19:20:58.615 1452 4888 D WindowManager: finishDrawingWindow: Window{eb00000 u0 Toast} mDrawState=DRAW_PENDING
08-23 19:20:58.619 1452 1549 I WindowManager: Reparenting to leash, surface=Surface(name=eb00000 Toast)/@0x151c2c, leashParent=Surface(name=WindowToken{f619932 android.os.Binder@6bbfd3d})/@0xd9a96f5
08-23 19:20:58.621 1452 1549 D WindowManager: makeSurface duration=1 leash=Surface(name=Surface(name=eb00000 Toast)/@0x151c2c - animation-leash)/@0xb4f1c8a
08-23 19:20:58.629 1452 1549 D PowerManagerService: [api] acquire WakeLock SCREEN_BRIGHT_WAKE_LOCK 'WindowManager' ON_AFTER_RELEASE (uid=1000 pid=1452 pkg=android ws=WorkSource{1000})
08-23 19:20:58.674 2085 2085 I wpa_supplicant: Heartbeat 190
08-23 19:20:58.882 1452 1549 I WindowManager: Reparenting to original parent: Surface(name=WindowToken{f619932 android.os.Binder@6bbfd3d})/@0xd9a96f5, destroy=true, surface=Surface(name=eb00000 Toast)/@0x151c2c
08-23 19:20:59.508 1452 4888 D PowerManagerService: [api] release WakeLock FULL_WAKE_LOCK 'FTATDumpService' ACQUIRE_CAUSES_WAKEUP ON_AFTER_RELEASE ACQ=-4m42s937ms (uid=1000 pid=9128 pkg=com.sec.android.app.servicemodeapp)
08-23 19:20:59.509 1452 4888 D EdgeLightingManager: hideForWakeLock packageName=com.sec.android.app.servicemodeapp
08-23 19:20:59.509 1452 4888 D EdgeLightingManager: isCallingUserSupported : callingUserId=0, mUserId=0, isDualAppId=false, isKnoxId=false
08-23 19:20:59.509 1452 4888 D EdgeLightingClientManager: isAvailableEdgeLighting: condition=2 mCondition=1 mIsConnected=false0
08-23 19:20:59.509 1452 4888 D EdgeLightingManager: hideForWakeLockInternal : return false by isAvailableEdgeLighting.
08-23 19:20:59.509 1452 4888 D PowerManagerService: [api] applyWakeLockFlagsOnReleaseLocked : userActivityNoUpdateLocked is called : FULL_WAKE_LOCK 'FTATDumpService' ACQUIRE_CAUSES_WAKEUP ON_AFTER_RELEASE (uid=1000 pid=9128 pkg=com.sec.android.app.servicemodeapp)
08-23 19:20:59.510 1452 4888 D PowerManagerService: UserActivityState : 4 -> 1
08-23 19:20:59.512 1452 1452 D IbsQuickDim: BroadcastReceiver flag = 1
08-23 19:20:59.512 1452 1452 D IbsQuickDim: pause check dim
08-23 19:20:59.512 1452 1452 I MdnieScenarioControlService: action : com.samsung.server.PowerManagerService.action.USER_ACTIVITY
08-23 19:20:59.670 599 599 I io_stats: !@ 179,0 r 1789782 29650641 w 74150 1281828 d 39013 544716 f 40879 49173 iot 709490 558764 th 51200 51200 41500 pt 1070 inp 0 114 1936.006
08-23 19:20:59.999 1452 1908 D SamsungAlarmManager: Expired : 8
08-23 19:21:00.000 1452 1908 V SamsungAlarmManager: Sending to uid : 1000 L=6441702:TIME_TICK alarm=Alarm{5533d7 type 3 when 7301076 android}
08-23 19:21:00.001 1452 1908 D SamsungAlarmManager: setExact (T:3/F:1/AC:false) 20210823T192200 now=7301077 - CU:1000/CP:1452/L:6441702:TIME_TICK
08-23 19:21:00.001 1452 1908 I SamsungAlarmManager: setLocked to kernel - T:2 / 20210823T192106, set=7307906, now=7301078
08-23 19:21:00.002 1452 1908 I SamsungAlarmManager: setLocked to kernel - T:3 / 20210823T192105, set=7307070, now=7301078
08-23 19:21:00.003 1452 1908 I SamsungAlarmManager: setLocked to kernel - T:2 / 20210823T192106, set=7307906, now=7301079
08-23 19:21:00.003 1452 1908 I SamsungAlarmManager: setLocked to kernel - T:3 / 20210823T192105, set=7307070, now=7301080
08-23 19:21:00.210 1452 1562 E Watchdog: !@Sync: 64 heap: 70 / 79 [2021-08-23 19:21:00.210] sdogWay: softdog
08-23 19:21:00.508 1452 1452 I WindowManager: Reparenting to leash, surface=Surface(name=eb00000 Toast)/@0x151c2c, leashParent=Surface(name=WindowToken{f619932 android.os.Binder@6bbfd3d})/@0xd9a96f5
08-23 19:21:00.509 1452 1452 D WindowManager: makeSurface duration=1 leash=Surface(name=Surface(name=eb00000 Toast)/@0x151c2c - animation-leash)/@0x40bafad
08-23 19:21:00.825 1452 4888 V WindowManager: removeIfPossible 2, Window{eb00000 u0 Toast}: mAnimatingExit=true caller=com.android.server.wm.WindowState.removeIfPossible:2688 com.android.server.wm.WindowManagerService.removeWindow:2183 com.android.server.wm.Session.remove:199 android.view.IWindowSession$Stub.onTransact:813 com.android.server.wm.Session.onTransact:145 08-23 19:21:00.860 1452 1549 I WindowManager: Reparenting to original parent: Surface(name=WindowToken{f619932 android.os.Binder@6bbfd3d})/@0xd9a96f5, destroy=true, surface=Surface(name=eb00000 Toast)/@0x151c2c
08-23 19:21:00.863 1452 1452 W Looper : Slow dispatch took 357ms main h=com.android.server.notification.NotificationManagerService$WorkerHandler c=null m=2
08-23 19:21:00.863 1452 6166 W NotificationService: Toast already killed. pkg=com.sec.android.app.servicemodeapp token=android.os.BinderProxy@8a91b2e
08-23 19:21:00.881 1452 1549 I WindowManager: Destroying surface Surface(name=Toast$_9128)/@0x9dcc6cf called by com.android.server.wm.WindowStateAnimator.destroySurface:1794 com.android.server.wm.WindowStateAnimator.destroySurfaceLocked:765 com.android.server.wm.WindowState.destroySurfaceUnchecked:3918 com.android.server.wm.RootWindowContainer.performSurfacePlacementNoTrace:1098 com.android.server.wm.RootWindowContainer.performSurfacePlacement:957 com.android.server.wm.WindowSurfacePlacer.performSurfacePlacementLoop:182 com.android.server.wm.WindowSurfacePlacer.performSurfacePlacement:131 com.android.server.wm.WindowSurfacePlacer.performSurfacePlacement:120 08-23 19:21:00.883 1452 1549 D PowerManagerService: [api] userActivity : event: 0 flags: 0 (uid: 1000 pid: 1452) eventTime = 1937220
08-23 19:21:00.883 1452 1549 D PowerManagerService: [api] release WakeLock SCREEN_BRIGHT_WAKE_LOCK 'WindowManager' ON_AFTER_RELEASE ACQ=-2s253ms (uid=1000 pid=1452 pkg=android ws=WorkSource{1000})
