08-23 19:23:48.947 1452 2007 I ActivityManager: Killing 14028:com.samsung.android.app.telephonyui:callsettingsprovider/1001 (adj 999): Chimera #0
08-23 19:23:48.949 1452 2007 D ActivityManager: proc ProcessRecord{257157f 14028:com.samsung.android.app.telephonyui:callsettingsprovider/1001} already removed. so we skip next process.
08-23 19:23:48.975 1452 2007 I ActivityManager: Killing 11657:com.samsung.android.dialer/u0a58 (adj 999): Chimera #0
08-23 19:23:48.977 599 599 I io_stats: !@ 179,0 r 1797751 29775529 w 74831 1295548 d 39405 550524 f 41581 49966 iot 714990 563839 th 51200 51200 41500 pt 1070 inp 0 0 1962.178
08-23 19:23:48.977 1452 2007 D ActivityManager: proc ProcessRecord{7d8a03a 11657:com.samsung.android.dialer/u0a58} already removed. so we skip next process.
08-23 19:23:48.984 1452 2007 I ActivityManager: Killing 14564:com.google.android.cellbroadcastreceiver/u0a241 (adj 999): Chimera #0
08-23 19:23:48.985 1452 2007 D ActivityManager: proc ProcessRecord{38698d9 14564:com.google.android.cellbroadcastreceiver/u0a241} already removed. so we skip next process.
08-23 19:23:48.992 1452 2007 I ActivityManager: Killing 10657:com.sec.android.provider.badge/u0a64 (adj 999): Chimera #0
08-23 19:23:48.993 1452 2007 D ActivityManager: proc ProcessRecord{732b083 10657:com.sec.android.provider.badge/u0a64} already removed. so we skip next process.
08-23 19:23:49.025 1452 1949 D ConnectivityService: releasing NetworkRequest [ TRACK_DEFAULT id=378, [ Capabilities: INTERNET&NOT_RESTRICTED&TRUSTED Uid: 10186 AdministratorUids: [] RequestorUid: 10186 RequestorPackageName: com.microsoft.office.outlook] ] (release request)
08-23 19:23:57.979 1452 1908 D SamsungAlarmManager: Expired : 65536
08-23 19:23:57.979 1452 1908 I SamsungAlarmManager: setLocked to kernel - T:2 / 20210823T192545, set=7586973, now=7479055
08-23 19:23:57.979 1452 1908 I SamsungAlarmManager: setLocked to kernel - T:3 / 20210823T192426, set=7507732, now=7479056
08-23 19:24:08.982 1452 1908 D SamsungAlarmManager: Expired : 65536
08-23 19:24:08.982 1452 1908 I SamsungAlarmManager: setLocked to kernel - T:2 / 20210823T192545, set=7586973, now=7490058
08-23 19:24:08.982 1452 1908 I SamsungAlarmManager: setLocked to kernel - T:3 / 20210823T192426, set=7507732, now=7490059
08-23 19:24:09.052 1452 1581 D BatteryExternalStatsWorker: update stats
08-23 19:24:09.052 1452 1581 D BatteryExternalStatsWorker: WifiActivityEnergyInfo was updated
08-23 19:24:09.052 1452 1581 D BatteryExternalStatsWorker: BluetoothActivityEnergyInfo was updated
08-23 19:24:09.052 1452 1581 D BatteryExternalStatsWorker: ModemActivityEnergyInfo was updated
08-23 19:24:09.062 1452 1581 D BatteryExternalStatsWorker: done updateExternalStatsLocked
08-23 19:24:09.142 2086 2086 D SystemUIService: onTrimMemory : 5
08-23 19:24:09.438 1452 1586 D MARsPolicyManager: triggerAction called!
08-23 19:24:09.442 1452 1586 D MARs:TopPackageFilter: filtering was skipped by screen off! com.whatsapp(0)
08-23 19:24:09.443 1452 1586 D MARs:TopPackageFilter: filtering was skipped by screen off! com.android.vending(0)
08-23 19:24:09.444 1452 1586 D MARs:TopPackageFilter: filtering was skipped by screen off! com.microsoft.office.outlook(0)
08-23 19:24:09.444 1452 1586 D MARs:DeviceAdminPackageFilter: filter : com.microsoft.office.outlook(0)
08-23 19:24:09.444 1452 1586 D MARs:TopPackageFilter: filtering was skipped by screen off! com.opera.max.oem(0)
08-23 19:24:09.582 1452 1581 D BatteryExternalStatsWorker: update stats
08-23 19:24:09.582 1452 1581 D BatteryExternalStatsWorker: WifiActivityEnergyInfo was updated
08-23 19:24:09.582 1452 1581 D BatteryExternalStatsWorker: BluetoothActivityEnergyInfo was updated
08-23 19:24:09.582 1452 1581 D BatteryExternalStatsWorker: ModemActivityEnergyInfo was updated
08-23 19:24:09.596 1452 1581 D BatteryExternalStatsWorker: done updateExternalStatsLocked
08-23 19:24:10.019 1452 3620 I Telecom:SamsungTelecomServiceImpl: getDefaultDialerPackage - callingPid : 2050 / processName : sts
08-23 19:24:10.023 1452 3620 I Telecom:SamsungTelecomServiceImpl: getDefaultDialerPackage - callingPid : 2050 / processName : sts
08-23 19:24:10.031 1452 3620 I Telecom:SamsungTelecomServiceImpl: getSystemDialerPackage - callingPid : 2050 / processName : sts
08-23 19:24:10.159 1452 3620 D PowerManagerService: [api] setDeviceIdleTempWhitelist: appids: [0]10077 [1]10081 (uid: 1000 pid: 1452)
08-23 19:24:10.181 1452 1572 D StorageManagerService: getExternalStorageMountMode: uid=10077 packageName=com.samsung.android.messaging
08-23 19:24:10.183 1452 1572 D CompatibilityChangeReporter: Compat change id reported: 135634846; UID 10077; state: DISABLED
08-23 19:24:10.184 1452 1573 D CompatibilityChangeReporter: Compat change id reported: 143937733; UID 10077; state: ENABLED
08-23 19:24:10.194 1452 1573 I ActivityManager: Start proc 13004:com.samsung.android.messaging/u0a77 for broadcast {com.samsung.android.messaging/com.samsung.android.messaging.ui.receiver.smsmms.DefaultSmsAppSmsReceiver}
08-23 19:24:10.206 1452 1975 W Looper : Drained
08-23 19:24:10.251 1452 3620 I ActivityManager: DSS OFF for com.samsung.android.messaging
08-23 19:24:10.255 1452 3620 D ActivityManager: attachApplicationLocked() app=ProcessRecord{2eeed33 13004:com.samsung.android.messaging/u0a77} app.isolatedEntryPoint=null instr2=null
08-23 19:24:10.359 1452 1975 W Looper : Slow delivery took 206ms PackageManagerHandlerThread h=android.os.Handler c=<recycled PooledLambda@ff42825> m=0
08-23 19:24:10.365 599 599 I io_stats: !@ 179,0 r 1798246 29783209 w 74876 1296008 d 39436 550700 f 41636 50033 iot 715390 564148 th 51200 51200 41500 pt 1070 inp 0 0 1964.186
08-23 19:24:10.644 1452 3500 I GenerationRegistry: mBackingStore.isClosed() : false
08-23 19:24:10.778 1452 3500 I GenerationRegistry: mBackingStore.isClosed() : false
08-23 19:24:11.171 1452 4454 I AppOps : updateUidProcState uid: 1001 procState: 0 capability:7
08-23 19:24:11.172 1452 4454 D PowerManagerService: [api] setDeviceIdleTempWhitelist: appids: [0]1001 [1]10077 [2]10081 (uid: 1000 pid: 1452)
08-23 19:24:11.175 1452 3500 W ActivityManager: Foreground service started from background can not have location/camera/microphone access: service com.samsung.android.messaging/.common.service.ForegroundService
08-23 19:24:11.230 1452 1546 D PowerManagerService: [api] setDeviceIdleTempWhitelist: appids: [0]1001 [1]10077 [2]10081 [3]10513 (uid: 1000 pid: 1452)
08-23 19:24:11.263 1452 4454 I AppOps : updateUidProcState uid: 1000 procState: 0 capability:7
08-23 19:24:11.287 1452 1546 D PowerManagerService: [api] setDeviceIdleTempWhitelist: appids: [0]1000 [1]1001 [2]10077 [3]10081 [4]10513 (uid: 1000 pid: 1452)
08-23 19:24:11.289 1452 1546 D PowerManagerService: [api] setDeviceIdleTempWhitelist: appids: [0]1000 [1]1001 [2]10077 [3]10081 [4]10164 [5]10513 (uid: 1000 pid: 1452)
08-23 19:24:11.409 1452 2115 D MdnieScenarioControlService: packageName : com.callapp.contacts className : com.callapp.contacts.activity.missedcall.missedAnswer.MissedCallActivity
08-23 19:24:11.414 1452 2115 V MdnieScenarioControlService: setUIMode from UI function(3)
08-23 19:24:11.518 1452 2115 V MdnieScenarioControlService: mAclOffEnabled : false mAclPreviewState : false mAclCompensationState : false
08-23 19:24:12.048 1452 3500 D SamsungAlarmManager: Cancel Alarm calling from uid:10164 pid :2347 / OP:PendingIntent{99c3fd2: PendingIntentRecord{b2f120c com.google.android.gms/ startService}}
08-23 19:24:12.050 1452 3500 I SamsungAlarmManager: setLocked to kernel - T:2 / 20210823T192545, set=7586973, now=7493127
08-23 19:24:12.052 1452 3500 I SamsungAlarmManager: setLocked to kernel - T:3 / 20210823T192426, set=7507732, now=7493128
08-23 19:24:12.153 1452 1572 D StorageManagerService: getExternalStorageMountMode: uid=10064 packageName=com.sec.android.provider.badge
08-23 19:24:12.154 1452 1572 D CompatibilityChangeReporter: Compat change id reported: 135634846; UID 10064; state: DISABLED
08-23 19:24:12.155 1452 1573 D CompatibilityChangeReporter: Compat change id reported: 143937733; UID 10064; state: DISABLED
08-23 19:24:12.183 1452 1573 I ActivityManager: Start proc 15948:com.sec.android.provider.badge/u0a64 for broadcast {com.sec.android.provider.badge/com.sec.android.provider.badge.BadgeCountReceiver}
08-23 19:24:12.214 1452 3500 I ActivityManager: DSS OFF for com.sec.android.provider.badge
08-23 19:24:12.218 1452 3500 D ActivityManager: attachApplicationLocked() app=ProcessRecord{3625bf6 15948:com.sec.android.provider.badge/u0a64} app.isolatedEntryPoint=null instr2=null
08-23 19:24:12.225 15948 15948 D ActivityThread: handleBindApplication()++ app=com.sec.android.provider.badge
08-23 19:24:12.304 1452 1503 I GenerationRegistry: mBackingStore.isClosed() : false
08-23 19:24:12.376 1452 1503 D StorageManagerService: getExternalStorageMountMode: uid=1001 packageName=com.samsung.android.app.telephonyui
08-23 19:24:12.377 1452 1503 D CompatibilityChangeReporter: Compat change id reported: 135634846; UID 1001; state: DISABLED
08-23 19:24:12.378 1452 1503 W ActivityManager: wait for provider publish: waiters=1 callerApp=ProcessRecord{2eeed33 13004:com.samsung.android.messaging/u0a77} cpr=ContentProviderRecord{11bdb71 u0 com.samsung.android.app.telephonyui/.callsettings.provider.CallSettingsProvider}
08-23 19:24:12.381 599 599 I io_stats: !@ 179,0 r 1800353 29819761 w 74890 1296240 d 39457 550832 f 41659 50060 iot 716110 564755 th 51200 51200 41500 pt 1070 inp 0 0 1966.202
08-23 19:24:12.402 1452 1573 I ActivityManager: Start proc 15969:com.samsung.android.app.telephonyui:callsettingsprovider/1001 for content provider {com.samsung.android.app.telephonyui/com.samsung.android.app.telephonyui.callsettings.provider.CallSettingsProvider}
08-23 19:24:12.435 1452 3500 I ActivityManager: DSS OFF for com.samsung.android.app.telephonyui
08-23 19:24:12.438 1452 3500 D ActivityManager: attachApplicationLocked() app=ProcessRecord{18ef518 15969:com.samsung.android.app.telephonyui:callsettingsprovider/1001} app.isolatedEntryPoint=null instr2=null
08-23 19:24:12.447 15969 15969 D ActivityThread: handleBindApplication()++ app=com.samsung.android.app.telephonyui:callsettingsprovider
08-23 19:24:12.654 1452 3500 I GenerationRegistry: mBackingStore.isClosed() : false
08-23 19:24:12.688 1452 1503 I GenerationRegistry: mBackingStore.isClosed() : false
08-23 19:24:12.709 2085 2085 I wpa_supplicant: Heartbeat 193
08-23 19:24:12.731 1452 1562 E Watchdog: !@Sync: 65 heap: 55 / 78 [2021-08-23 19:24:12.731] sdogWay: softdog
08-23 19:24:12.970 1452 3573 D PowerManagerService: [api] acquire WakeLock FULL_WAKE_LOCK 'ORC New message notification LCD on' ACQUIRE_CAUSES_WAKEUP (uid=10077 pid=13004 pkg=com.samsung.android.messaging)
08-23 19:24:12.972 1452 3573 D NotificationService: WAKELOCK isDelayed by edgelighting : com.samsung.android.messaging
08-23 19:24:12.972 1452 3573 D PowerManagerService: applyWakeLockFlagsOnAcquireLocked return by isWakeUpPreventionNeededForEdgeLighting
08-23 19:24:13.069 13004 15917 E ActivityThread: Failed to find provider info for com.samsung.android.app.simplesharing.sdk
08-23 19:24:13.222 1452 1452 D EasyMuteController: Register failed. already registered or setting not eanbled
08-23 19:24:13.271 1452 1452 W NotificationHistory: Attempted to add notif for locked/gone/disabled user 0
08-23 19:24:13.291 1452 1452 D SmartAlertController: SmartAlert - Found Missed Event
08-23 19:24:13.301 1452 16009 D SmartAlertController: SmartAlert - already registered or Setting disabled
08-23 19:24:13.474 1452 1452 D PowerManagerService: [api] acquire WakeLock FULL_WAKE_LOCK 'EDGELIGHTING:ORC New message notification LCD on' ACQUIRE_CAUSES_WAKEUP (uid=1000 pid=1452 pkg=android)
08-23 19:24:13.474 1452 1452 D NotificationService: WAKELOCK/UP clear all delayed lists..
08-23 19:24:13.474 1452 1452 I PowerManagerService: !@Screen__On - 9 : wl: EDGELIGHTING:ORC New message notification LCD on (2)
08-23 19:24:13.477 1452 1452 I PowerManagerService: Waking up from Dozing (uid=1000, reason=WAKE_REASON_APPLICATION, details=EDGELIGHTING:ORC New message notification LCD on)...
08-23 19:24:13.481 1452 1452 D PowerManagerNotifier: startedEarlyWakingUp: interactive: true reason: 2
08-23 19:24:13.489 1452 1452 D PowerManagerService: [PWL] sb acquire: PowerManagerService.Broadcasts
08-23 19:24:13.492 1452 1452 D PowerManagerService: UserActivityState : 4 -> 1
08-23 19:24:13.492 1452 1452 D PowerManagerService: mDisplayReady: false
08-23 19:24:13.493 1452 1452 D PowerManagerService: mDisplayReady: false
08-23 19:24:13.493 1452 1590 D DisplayPowerController: animateScreenStateChange: target=2, targetInternal=2, dualScreenPolicy=-1
08-23 19:24:13.493 1452 1452 D PowerManagerService: [PWL] sb acquire: PowerManagerService.Display
08-23 19:24:13.494 1452 1452 D PowerManagerService: [api] release WakeLock FULL_WAKE_LOCK 'EDGELIGHTING:ORC New message notification LCD on' ACQUIRE_CAUSES_WAKEUP ACQ=0 (uid=1000 pid=1452 pkg=android)
08-23 19:24:13.495 1452 1452 D EdgeLightingManager: hideForWakeLock packageName=android
08-23 19:24:13.495 1452 1452 D EdgeLightingManager: isCallingUserSupported : callingUserId=0, mUserId=0, isDualAppId=false, isKnoxId=false
08-23 19:24:13.495 1452 1452 D EdgeLightingClientManager: isAvailableEdgeLighting: condition=2 mCondition=1 mIsConnected=false0
08-23 19:24:13.495 1452 1452 D EdgeLightingManager: hideForWakeLockInternal : return false by isAvailableEdgeLighting.
08-23 19:24:13.497 1452 1581 D BatteryExternalStatsWorker: update stats
08-23 19:24:13.497 1452 1581 D BatteryExternalStatsWorker: WifiActivityEnergyInfo was updated
08-23 19:24:13.497 1452 1581 D BatteryExternalStatsWorker: BluetoothActivityEnergyInfo was updated
08-23 19:24:13.497 1452 1581 D BatteryExternalStatsWorker: ModemActivityEnergyInfo was updated
08-23 19:24:13.498 1452 1590 I DisplayPowerController: Blocking screen on until initial contents have been drawn.
08-23 19:24:13.498 1452 1590 D DisplayPowerController: mWindowManagerPolicy.screenTurningOn() +
08-23 19:24:13.500 1452 1590 I WindowManager: Screen turning on...
08-23 19:24:13.503 1452 1590 I WindowManager: screenTurningOn(+), before calling onScreenTurningOn to KeyguardDelegate
08-23 19:24:13.504 1452 1590 I WindowManager: screenTurningOn(-), after calling onScreenTurningOn to KeyguardDelegate
08-23 19:24:13.504 1452 1590 D DisplayPowerController: mWindowManagerPolicy.screenTurningOn() -
08-23 19:24:13.505 1452 1452 I AppOps : updateUidProcState uid: 10067 procState: 1 capability:7
08-23 19:24:13.505 1452 1452 I AppOps : commitUidPendingStateLocked() :: UID - 10067, 500 > 100, 7 > 7
08-23 19:24:13.521 1452 1590 D DisplayPowerController: getFinalBrightness : Summary is 13 (0.05) -> 13 (0.05)
08-23 19:24:13.522 2086 2086 W Looper : Drained
08-23 19:24:13.522 1452 6166 D WindowManager: mKeyguardDelegate.ShowListener.onDrawn.
08-23 19:24:13.522 1452 1590 D DisplayPowerController: Animating brightness: target= 13 (0.05), rate=0.0 (PSM:, AB limit:( 0 (-1.00) ~ 0 (-1.00)) MB Limit:( -1 (NaN) ~ -1 (NaN)), sf=1.0
08-23 19:24:13.523 1452 1581 E KernelCpuSpeedReader: Failed to read cpu-freq: /sys/devices/system/cpu/cpu0/cpufreq/stats/time_in_state: open failed: ENOENT (No such file or directory)
08-23 19:24:13.525 1452 1590 V DisplayPowerController: Brightness [ 13 (0.05)] reason changing to: 'manual', previous reason: 'screen_off'.
08-23 19:24:13.525 1452 1590 D DisplayPowerController: animateScreenStateChange: target=2, targetInternal=2, dualScreenPolicy=-1
08-23 19:24:13.527 1452 1590 D DisplayPowerController: getFinalBrightness : Summary is 13 (0.05) -> 13 (0.05)
08-23 19:24:13.528 1452 1546 W WindowManager: Setting mKeyguardDrawComplete
08-23 19:24:13.528 1452 1590 D DisplayPowerController: Animating brightness: target= 13 (0.05), rate=0.0 (PSM:, AB limit:( 0 (-1.00) ~ 0 (-1.00)) MB Limit:( -1 (NaN) ~ -1 (NaN)), sf=1.0
08-23 19:24:13.529 1452 2030 D DisplayManagerService: !@display_state internal: OFF -> ON
08-23 19:24:13.529 1452 2030 D LocalDisplayAdapter: !@ display_state: OFF -> ON (id:0)
08-23 19:24:13.530 1452 1546 I WindowManager: Waiting for drawn Window{ac03e0c u0 NotificationShade}: removed=false visible=true mHasSurface=true drawState=1
08-23 19:24:13.534 1452 1549 I WindowManager: Waiting for drawn Window{ac03e0c u0 NotificationShade}: removed=false visible=true mHasSurface=true drawState=1
08-23 19:24:13.542 1452 1548 I DisplayManagerService: Display device changed state: "Pantalla integrada", ON
08-23 19:24:13.546 1452 2574 D BatteryService: Sending ACTION_BATTERY_CHANGED. scale:100, info:{.chargerAcOnline = false, .chargerUsbOnline = false, .chargerWirelessOnline = false, .maxChargingCurrent = 0, .maxChargingVoltage = 0, .batteryStatus = DISCHARGING, .batteryHealth = GOOD, .batteryPresent = true, .batteryLevel = 4, .batteryVoltage = 3603, .batteryTemperature = 343, .batteryCurrent = -275268, .batteryCycleCount = 305, .batteryFullCharge = 2983000, .batteryChargeCounter = 153020, .batteryTechnology = Li-ion}
08-23 19:24:13.547 1452 2574 D BatteryService: online:1, current avg:-275268, charge type:0, POGO powered:false, power sharing:false, high voltage charger:false, charger_type:0, capacity:280000, misc_event:0x0, current_event:0x0, current_now:-275268
08-23 19:24:13.548 1452 1452 I WindowManager: Started waking up... (why=ON_BECAUSE_OF_APPLICATION)
08-23 19:24:13.548 1452 1452 D PowerManagerNotifier: handleEarlyInteractiveChange reason = 2
08-23 19:24:13.555 1452 1452 D IbsQuickDim: BroadcastReceiver flag = 1
08-23 19:24:13.555 1452 1452 D IbsQuickDim: pause check dim
08-23 19:24:13.555 1452 1452 I MdnieScenarioControlService: action : com.samsung.server.PowerManagerService.action.USER_ACTIVITY
08-23 19:24:13.556 1452 1452 V SamsungAlarmManager: Sending to uid : 1000 L=6441702:TIME_TICK alarm=Alarm{23c7f80 type 3 when 7421076 android}
08-23 19:24:13.580 1452 1581 D BatteryExternalStatsWorker: done updateExternalStatsLocked
08-23 19:24:13.588 2086 2086 W Looper : Slow dispatch took 36ms main h=android.view.Choreographer$FrameHandler c=android.view.Choreographer$FrameDisplayEventReceiver@e45fe9b m=0
08-23 19:24:13.592 1452 1503 D WindowManager: finishDrawingWindow: Window{ac03e0c u0 NotificationShade} mDrawState=DRAW_PENDING
08-23 19:24:13.593 2086 2086 W Looper : Slow delivery took 57ms main h=android.os.AsyncTask$InternalHandler c=null m=1
08-23 19:24:13.596 1452 1549 I WindowManager: Waiting for drawn Window{ac03e0c u0 NotificationShade}: removed=false visible=true mHasSurface=true drawState=4
08-23 19:24:13.596 1452 1549 D WindowManager: Window drawn win=Window{ac03e0c u0 NotificationShade}
08-23 19:24:13.596 1452 1549 D WindowManager: All windows drawn!
08-23 19:24:13.602 1452 1548 I WindowManager: All windows ready for display!
08-23 19:24:13.603 2086 2086 W Looper : Slow dispatch took 10ms main h=com.android.keyguard.KeyguardUpdateMonitor$18 c=null m=1006
08-23 19:24:13.606 1452 1546 W WindowManager: Setting mWindowManagerDrawComplete
08-23 19:24:13.613 1452 3500 D AdaptiveDisplaySolutionService: setAutoCurrentLimitState(true) , mADSEnableCondition : true
08-23 19:24:13.613 1452 3500 I AdaptiveDisplaySolutionService: updateAdaptiveControlState(true)
08-23 19:24:13.613 1452 3500 D AdaptiveDisplaySolutionService: !AVAILABLE_ADAPTIVE_CONTROL
08-23 19:24:13.659 1452 1546 D WindowManager: finishScreenTurningOn: mAwake=true, mScreenOnEarly=true, mScreenOnFully=false, mKeyguardDrawComplete=true, mWindowManagerDrawComplete=true
08-23 19:24:13.659 1452 1546 I WindowManager: Finished screen turning on...
08-23 19:24:13.660 1452 1546 D DisplayPowerController: [api] WindowManagerPolicy.ScreenOnListener : called onScreenOn()
08-23 19:24:13.662 1452 6166 D ActivityTaskManager: setLockScreenShown(true,false) is called from 0
08-23 19:24:13.664 1452 1590 I DisplayPowerController: Unblocked screen on after 169 ms
08-23 19:24:13.664 1452 1590 D DisplayPowerController: animateScreenStateChange: target=2, targetInternal=2, dualScreenPolicy=-1
08-23 19:24:13.665 1452 1590 D DisplayPowerState: !@ ColorFade exit
08-23 19:24:13.665 1452 1590 D PowerManagerService: [input device light] onColorFadeExit(true)
08-23 19:24:13.674 1452 1452 D SamsungAlarmManager: setExact (T:3/F:1/AC:false) 20210823T192500 now=7494751 - CU:1000/CP:1452/L:6441702:TIME_TICK
08-23 19:24:13.675 1452 1452 I SamsungAlarmManager: setLocked to kernel - T:2 / 20210823T192545, set=7586973, now=7494751
08-23 19:24:13.676 1452 1452 I SamsungAlarmManager: setLocked to kernel - T:3 / 20210823T192426, set=7507732, now=7494752
08-23 19:24:13.676 1452 1452 V SamsungAlarmManager: Sending to uid : 10160 action=null alarm=Alarm{4ba00a type 3 when 7447732 com.opera.max.oem}
08-23 19:24:13.684 1452 1590 D DisplayPowerController: getFinalBrightness : Summary is 13 (0.05) -> 13 (0.05)
08-23 19:24:13.688 1452 1452 D ActivityManager: Received BROADCAST intent 0x50e186a Key{broadcastIntent pkg=com.opera.max.oem intent=cmp=com.opera.max.oem/com.opera.max.BoostUIService$StopReceiver flags=0x0 u=0} requestCode=0 sent=0 from uid 1000
08-23 19:24:13.688 1452 1548 V UsbDeviceManager: onKeyguardStateChanged: isShowing:true secure:false user:0
08-23 19:24:13.695 1452 1926 D StorageManagerService: handleMessage -> H_KEYGUARD_CHANGED isShowing=false
08-23 19:24:13.702 1452 1452 W LoadedApk: Slow system_server main thread handled for android.intent.action.SCREEN_ON took 146 ms, Receiver = com.android.server.AlarmManagerService$InteractiveStateReceiver@8dab806
08-23 19:24:13.702 1452 1452 W Looper : Slow dispatch took 146ms main h=android.app.ActivityThread$H c=android.app.-$$Lambda$LoadedApk$ReceiverDispatcher$Args$_BumDX2UKsnxLVrE6UJsJZkotuA@b7abe98 m=0
08-23 19:24:13.703 1452 6166 I ActivityManager: Killing 15334:com.opera.max.oem/u0a160 (adj 965): 75292k from cached
08-23 19:24:13.718 1452 6166 E ActivityManager: ProcessRecord{ca32822 15334:com.opera.max.oem/u0a160} is attached to a previous process
08-23 19:24:13.746 1452 6166 E ActivityManager: Already have existing proc ProcessRecord{ca32822 15334:com.opera.max.oem/u0a160} when adding ProcessRecord{51cc12d 0:com.opera.max.oem/u0a160}
08-23 19:24:13.747 1452 1572 I DropBoxManagerService: add tag=system_server_wtf isTagEnabled=true flags=0x2
08-23 19:24:13.749 1452 4454 D WALLPAPER_SVC:WallpaperManagerService: getWallpaperSafeLocked, userId = 0, which = 2, caller = com.android.server.wallpaper.WallpaperManagerService.semGetWallpaperColors:7615 08-23 19:24:13.755 1452 6166 D StorageManagerService: getExternalStorageMountMode: uid=10160 packageName=com.opera.max.oem
08-23 19:24:13.756 1452 6166 D CompatibilityChangeReporter: Compat change id reported: 135634846; UID 10160; state: DISABLED
08-23 19:24:13.756 1452 6166 W ActivityManager: Slow operation: 51ms so far, now at startProcess: done starting proc!
08-23 19:24:13.761 1452 1573 E ActivityManager: ProcessRecord{ca32822 15334:com.opera.max.oem/u0a160} refused to die, but we need to launch ProcessRecord{51cc12d 0:com.opera.max.oem/u0a160}
08-23 19:24:13.763 1452 1452 W Looper : Slow delivery took 203ms main h=android.app.ActivityThread$H c=android.app.-$$Lambda$LoadedApk$ReceiverDispatcher$Args$_BumDX2UKsnxLVrE6UJsJZkotuA@e314329 m=0
08-23 19:24:13.765 1452 2030 D PowerManagerUtil: !@ display_state: ON: took 236 ms
08-23 19:24:13.765 1452 2030 D DisplayPowerController: setActualDisplayState: OFF -> ON
08-23 19:24:13.766 1452 1590 D DisplayPowerController: animateScreenStateChange: target=2, targetInternal=2, dualScreenPolicy=-1
08-23 19:24:13.766 1452 1590 D DisplayPowerController: getFinalBrightness : Summary is 13 (0.05) -> 13 (0.05)
08-23 19:24:13.767 1452 1590 D DisplayPowerController: animateScreenStateChange: target=2, targetInternal=2, dualScreenPolicy=-1
08-23 19:24:13.770 1452 1452 D GameManagerService: onDisplayChanged. displyId: 0, state: 2
08-23 19:24:13.770 1452 1590 D DisplayPowerController: getFinalBrightness : Summary is 13 (0.05) -> 13 (0.05)
08-23 19:24:13.772 1452 1590 D DisplayPowerController: !@mWindowManagerPolicy.screenTurnedOn()
08-23 19:24:13.772 1452 1572 W DropBoxManagerService: Dropping: system_server_wtf (989 > 0 bytes)
08-23 19:24:13.773 1452 1923 D GameManagerService: onLooperPrepared(), msg: MSG_LCD_ON
08-23 19:24:13.775 1452 1923 D GameManagerService: handleLcdOn(). isDeviceLocked: false, inKeyguardRestrictedInputMode: true
08-23 19:24:13.776 1452 1923 D GameManagerService: process is not found.
08-23 19:24:13.779 1452 1590 D PowerManagerService: DisplayPowerCallbacks : onStateChanged()
08-23 19:24:13.780 1452 1590 D PowerManagerService: mDisplayReady: true
08-23 19:24:13.780 1452 1590 D PowerManagerService: mDisplayReady: true
08-23 19:24:13.780 1452 1573 D CompatibilityChangeReporter: Compat change id reported: 143937733; UID 10160; state: DISABLED
08-23 19:24:13.780 1452 1590 W PowerManagerService: Screen on took 306 ms
08-23 19:24:13.781 1452 1590 D PowerManagerService: Setting HAL interactive mode to true
08-23 19:24:13.782 1452 1590 D PowerManagerService: handleSandman : stopDream
08-23 19:24:13.782 1452 1590 I DreamManagerService: Gently waking up from dream.
08-23 19:24:13.782 1452 1545 I DreamManagerService: Performing gentle wake from dream.
08-23 19:24:13.792 1452 1572 I DropBoxManagerService: add tag=system_server_wtf isTagEnabled=true flags=0x2
08-23 19:24:13.797 1452 1572 W DropBoxManagerService: Dropping: system_server_wtf (1210 > 0 bytes)
08-23 19:24:13.798 1452 16007 V VibratorService: vibratePatternMagnitude - package: com.samsung.android.messaging, reason: Notification (delayed), repeat: -1, token: android.os.Binder@cef45c7, mag: 9999, TYPE_NOTIFICATION
08-23 19:24:13.799 1452 16007 D VibratorService: Turning vibrator off.
08-23 19:24:13.799 1452 16007 D VibratorService: Turning vibrator off
08-23 19:24:13.804 1452 16016 D VibratorService: Turning vibrator on for 250 ms.
08-23 19:24:13.804 1452 16016 D VibratorService: vibratorOn() : 250ms, mag :9999, f : -1
08-23 19:24:13.811 2086 2086 W Looper : Slow dispatch took 208ms main h=com.android.systemui.keyguard.KeyguardLifecyclesDispatcher$1 c=null m=4
08-23 19:24:13.811 1452 1452 I WindowManager: Finished waking up... (why=ON_BECAUSE_OF_APPLICATION)
08-23 19:24:13.813 1452 1572 I DropBoxManagerService: add tag=system_server_wtf isTagEnabled=true flags=0x2
08-23 19:24:13.815 1452 1452 W Looper : Drained
08-23 19:24:13.821 1452 1452 D SamsungAlarmManager: Cancel Alarm calling from uid:1000 pid :1452 / OP:PendingIntent{ee7248b: PendingIntentRecord{40f1968 android broadcastIntent}}
08-23 19:24:13.827 1452 1572 W DropBoxManagerService: Dropping: system_server_wtf (939 > 0 bytes)
08-23 19:24:13.851 2086 2086 W Looper : Slow dispatch took 33ms main h=android.view.Choreographer$FrameHandler c=android.view.Choreographer$FrameDisplayEventReceiver@e45fe9b m=0
08-23 19:24:13.855 1452 1452 I HERMES#Service: hermesSecnvmPowerOn called!.
08-23 19:24:13.880 1452 4887 D ConnectivityService: ConnectivityService NetworkRequestInfo binderDied(NetworkRequest [ LISTEN id=374, [ Transports: WIFI Capabilities: INTERNET&NOT_RESTRICTED&TRUSTED&NOT_VPN Uid: 10160 AdministratorUids: [] RequestorUid: 10160 RequestorPackageName: com.opera.max.oem] ], android.os.BinderProxy@75be73f)
08-23 19:24:13.881 1452 2228 D ConnectivityService: ConnectivityService NetworkRequestInfo binderDied(NetworkRequest [ LISTEN id=373, [ Capabilities: INTERNET&NOT_RESTRICTED&TRUSTED Uid: 10160 AdministratorUids: [] RequestorUid: 10160 RequestorPackageName: com.opera.max.oem] ], android.os.BinderProxy@587d555)
08-23 19:24:13.882 1452 3573 D ConnectivityService: ConnectivityService NetworkRequestInfo binderDied(NetworkRequest [ TRACK_DEFAULT id=371, [ Capabilities: INTERNET&NOT_RESTRICTED&TRUSTED Uid: 10160 AdministratorUids: [] RequestorUid: 10160 RequestorPackageName: com.opera.max.oem] ], android.os.BinderProxy@8b1b85b)
08-23 19:24:13.884 1452 1949 D ConnectivityService: releasing NetworkRequest [ TRACK_DEFAULT id=371, [ Capabilities: INTERNET&NOT_RESTRICTED&TRUSTED Uid: 10160 AdministratorUids: [] RequestorUid: 10160 RequestorPackageName: com.opera.max.oem] ] (release request)
08-23 19:24:13.885 1452 4887 D ConnectivityService: ConnectivityService NetworkRequestInfo binderDied(NetworkRequest [ LISTEN id=370, [ Capabilities: INTERNET&NOT_RESTRICTED&TRUSTED&NOT_VPN Uid: 10160 AdministratorUids: [] RequestorUid: 10160 RequestorPackageName: com.opera.max.oem] ], android.os.BinderProxy@293eb6a)
08-23 19:24:13.889 1452 2259 D ConnectivityService: ConnectivityService NetworkRequestInfo binderDied(NetworkRequest [ TRACK_DEFAULT id=372, [ Capabilities: INTERNET&NOT_RESTRICTED&TRUSTED Uid: 10160 AdministratorUids: [] RequestorUid: 10160 RequestorPackageName: com.opera.max.oem] ], android.os.BinderProxy@c50d80c)
08-23 19:24:13.890 1452 1949 D ConnectivityService: releasing NetworkRequest [ TRACK_DEFAULT id=372, [ Capabilities: INTERNET&NOT_RESTRICTED&TRUSTED Uid: 10160 AdministratorUids: [] RequestorUid: 10160 RequestorPackageName: com.opera.max.oem] ] (release request)
08-23 19:24:13.890 2086 2086 W Looper : Slow dispatch took 39ms main h=com.android.systemui.statusbar.LockscreenNotificationManager$LockscreenNotificationMgrHandler c=null m=101
08-23 19:24:13.899 2086 2086 I PowerUI : BATTERY_HEALTH_CHECK extraHealth=2 mBatteryMiscEvent=0
08-23 19:24:13.901 1452 1573 W ActivityManager: Slow operation: 147ms so far, now at startProcess: returned from zygote!
08-23 19:24:13.916 2086 2086 W Looper : Slow dispatch took 16ms main h=com.android.systemui.keyguard.KeyguardLifecyclesDispatcher$1 c=null m=1
08-23 19:24:13.918 1452 2259 I DreamManagerService: Leaving dreamland.
08-23 19:24:13.920 1452 2259 D PowerManagerService: [api] release WakeLock DOZE_WAKE_LOCK 'DreamManagerService' ACQ=-24s540ms (uid=1000 pid=1452 pkg=android)
08-23 19:24:13.921 1452 1545 I DreamManagerService: Performing gentle wake from dream.
08-23 19:24:13.921 1452 1545 I DreamController: Stopping dream: name=ComponentInfo{com.android.systemui/com.android.systemui.doze.DozeService}, isTest=false, canDoze=true, userId=0, reason='finished self'(from 'requested stopDream')
08-23 19:24:13.933 1452 1452 I HERMES#Service: notify key guard showing to hermesd ret : -16777217
08-23 19:24:13.941 1452 2228 D ActivityManager: proc ProcessRecord{ca32822 15334:com.opera.max.oem/u0a160} already removed. so we skip next process.
08-23 19:24:13.947 1452 2228 I ActivityManager: Killing 15514:com.google.android.webview:sandboxed_process0:org.chromium.content.app.SandboxedProcessService0:0/u0a160i39 (adj 0): isolated not needed
08-23 19:24:13.956 1452 1573 W ActivityManager: Slow operation: 202ms so far, now at startProcess: done updating battery stats
08-23 19:24:13.957 1452 1573 W ActivityManager: Slow operation: 202ms so far, now at startProcess: building log message
08-23 19:24:13.957 1452 1573 I ActivityManager: Start proc 16017:com.opera.max.oem/u0a160 for broadcast {com.opera.max.oem/com.opera.max.BoostUIService$StopReceiver}
08-23 19:24:13.957 1452 1573 W ActivityManager: Slow operation: 203ms so far, now at startProcess: starting to update pids map
08-23 19:24:13.957 1452 1573 W ActivityManager: Slow operation: 203ms so far, now at startProcess: done updating pids map
08-23 19:24:13.957 1452 3573 I ActivityManager: DSS OFF for com.opera.max.oem
08-23 19:24:13.961 1452 3573 D ActivityManager: attachApplicationLocked() app=ProcessRecord{51cc12d 16017:com.opera.max.oem/u0a160} app.isolatedEntryPoint=null instr2=null
08-23 19:24:13.973 1452 1590 D PowerManagerService: [api] DreamReceiver: onReceive: android.intent.action.DREAMING_STOPPED
08-23 19:24:13.976 16017 16017 D ActivityThread: handleBindApplication()++ app=com.opera.max.oem
08-23 19:24:13.981 1452 1452 W LoadedApk: Slow system_server main thread handled for android.intent.action.SCREEN_ON took 140 ms, Receiver = com.android.server.HermesService$2@5ab5546
08-23 19:24:13.981 1452 1452 W Looper : Slow dispatch took 141ms main h=android.app.ActivityThread$H c=android.app.-$$Lambda$LoadedApk$ReceiverDispatcher$Args$_BumDX2UKsnxLVrE6UJsJZkotuA@72cd7d3 m=0
08-23 19:24:13.983 1452 1452 D SamsungAlarmManager: Cancel Alarm calling from uid:1000 pid :1452 / L:3d22ea7
08-23 19:24:13.985 1452 1452 I SamsungAlarmManager: setLocked to kernel - T:2 / 20210823T192545, set=7586973, now=7495062
08-23 19:24:13.986 1452 1452 I SamsungAlarmManager: setLocked to kernel - T:3 / 20210823T192426, set=7507732, now=7495063
08-23 19:24:13.987 1452 3573 D SamsungAlarmManager: Cancel Alarm calling from uid:10164 pid :2781 / OP:PendingIntent{80c5f10: PendingIntentRecord{8cfaefd com.google.android.gms/com.google.android.gms.gcm broadcastIntent}}
08-23 19:24:13.989 1452 3573 I SamsungAlarmManager: setLocked to kernel - T:2 / 20210823T192545, set=7586973, now=7495066
08-23 19:24:13.989 1452 3573 I SamsungAlarmManager: setLocked to kernel - T:3 / 20210823T192426, set=7507732, now=7495066
08-23 19:24:13.999 2086 2086 W Looper : Slow dispatch took 43ms main h=android.view.Choreographer$FrameHandler c=android.view.Choreographer$FrameDisplayEventReceiver@e45fe9b m=0
08-23 19:24:14.000 1452 3573 D BatteryStatsImpl: This device is not supported own charge time.
08-23 19:24:14.017 2086 2086 W Looper : Slow dispatch took 13ms main h=com.samsung.android.uniform.utils.WeakRefHandler c=null m=1
08-23 19:24:14.028 2086 2086 W Looper : Slow dispatch took 10ms main h=android.os.Handler c=com.android.systemui.statusbar.phone.-$$Lambda$SecKeyguardStatusBarWhiteWallpaperSolutionHelper$eZfNrpv8jlY0YY_A7V8rIjF64Qc@87f59dd m=0
08-23 19:24:14.036 1452 1452 D NotificationService: WAKELOCK/UP clear all delayed lists..
08-23 19:24:14.053 1452 1581 D BatteryExternalStatsWorker: update stats
08-23 19:24:14.053 1452 1581 D BatteryExternalStatsWorker: WifiActivityEnergyInfo was updated
08-23 19:24:14.053 1452 1581 D BatteryExternalStatsWorker: BluetoothActivityEnergyInfo was updated
08-23 19:24:14.053 1452 1581 D BatteryExternalStatsWorker: ModemActivityEnergyInfo was updated
08-23 19:24:14.054 1452 1581 E KernelCpuSpeedReader: Failed to read cpu-freq: /sys/devices/system/cpu/cpu0/cpufreq/stats/time_in_state: open failed: ENOENT (No such file or directory)
08-23 19:24:14.056 1452 4886 D WindowManager: makeSurface duration=6 name=com.samsung.android.app.cocktailbarservice/com.samsung.android.app.cocktailbarservice.CocktailBarService$_6787
08-23 19:24:14.069 2086 2086 W Looper : Slow dispatch took 41ms main h=android.os.Handler c=com.android.systemui.statusbar.-$$Lambda$NotificationListener$MPB4hTnfgfJz099PViVIkkbEBIE@e739f7f m=0
08-23 19:24:14.071 1452 1581 D BatteryExternalStatsWorker: done updateExternalStatsLocked
08-23 19:24:14.074 1452 1452 D SamsungAlarmManager: Cancel Alarm calling from uid:1000 pid :1452 / L:3d22ea7
08-23 19:24:14.081 1452 1973 D ConnectivityService: Connectivity-MDO: 10445 is true
08-23 19:24:14.081 1452 1973 D ConnectivityService: Connectivity-MDO change default network for 10445, type: mdo
08-23 19:24:14.081 1452 1973 D ConnectivityService: Connectivity-MDO: 10193 is true
08-23 19:24:14.081 1452 1973 D ConnectivityService: Connectivity-MDO change default network for 10193, type: mdo
08-23 19:24:14.097 2086 2086 W Looper : Slow dispatch took 27ms main h=android.view.Choreographer$FrameHandler c=android.view.Choreographer$FrameDisplayEventReceiver@e45fe9b m=0
08-23 19:24:14.100 1452 2259 D WindowManager: finishDrawingWindow: Window{4681548 u0 com.samsung.android.app.cocktailbarservice/com.samsung.android.app.cocktailbarservice.CocktailBarService} mDrawState=DRAW_PENDING
08-23 19:24:14.107 1452 4886 W CocktailBarStatePolicyController: updateWindowType: current window type is requested window type(1)
08-23 19:24:14.109 2086 2086 W Looper : Slow dispatch took 11ms main h=android.os.Handler c=android.service.dreams.-$$Lambda$DreamService$DreamServiceWrapper$2R9T6zqLOUvx4z5eu1pSMWsejpU@d0dcb4c m=0
08-23 19:24:14.137 2086 2086 W Looper : Slow dispatch took 27ms main h=com.android.systemui.statusbar.LockscreenNotificationManager$LockscreenNotificationMgrHandler c=null m=101
08-23 19:24:14.145 16017 16017 D ActivityThread: handleBindApplication() -- skipGraphicsSupport=false
08-23 19:24:14.146 16017 16017 D ActivityThread: ActivityThread::handleMakeApplication() data=AppBindData{appInfo=ApplicationInfo{f9fc0aa com.opera.max.oem}} appContext=android.app.ContextImpl@135049b appContext.mOpPackageName=com.opera.max.oem appContext.mBasePackageName=com.opera.max.oem appContext.mPackageInfo=android.app.LoadedApk@5dc6038 data.restrictedBackupMode= false data.providers= [ContentProviderInfo{name=com.opera.max.oem.mobileadsinitprovider className=com.google.android.gms.ads.MobileAdsInitProvider}, ContentProviderInfo{name=com.opera.max.oem.firebaseinitprovider className=com.google.firebase.provider.FirebaseInitProvider}, ContentProviderInfo{name=com.opera.max.oem.fileprovider className=androidx.core.content.FileProvider}, ContentProviderInfo{name=com.opera.max.oem.webapps.indexing.provider className=com.opera.max.webapps.WebAppsIndexingProvider}, ContentProviderInfo{name=com.opera.max.oem.AudienceNetworkContentProvider className=com.facebook.ads.AudienceNetworkContentProvider}, ContentProviderInfo{name=com.opera.max.oem.preferences className=com.opera.max.util.PreferencesProvider}] Caller=android.app.ActivityThread.handleBindApplication:7446 android.app.ActivityThread.access$1400:301 android.app.ActivityThread$H.handleMessage:2148 android.os.Handler.dispatchMessage:106 android.os.Looper.loop:246 08-23 19:24:14.150 16017 16017 D LoadedApk: LoadedApk::makeApplication() appContext=android.app.ContextImpl@7763811 appContext.mOpPackageName=com.opera.max.oem appContext.mBasePackageName=com.opera.max.oem appContext.mPackageInfo=android.app.LoadedApk@5dc6038
08-23 19:24:14.163 2086 2086 W Looper : Slow dispatch took 19ms main h=com.android.systemui.shared.plugins.PluginInstanceManager$MainHandler c=null m=2
08-23 19:24:14.179 2086 2086 W Looper : Drained
08-23 19:24:14.182 1452 1452 I MdnieScenarioControlService: action : android.intent.action.SCREEN_ON
08-23 19:24:14.182 1452 1452 D MdnieScenarioControlService: isLockScreenOn : true
08-23 19:24:14.183 1452 1452 V MdnieScenarioControlService: mAclOffEnabled : false mAclPreviewState : false mAclCompensationState : false
08-23 19:24:14.186 1452 1452 I AdaptiveDisplaySolutionService: action : android.intent.action.SCREEN_ON
08-23 19:24:14.203 1452 1973 D SemWifiTransportLayerNotificationManager: showTcpMonitorSuggestionNotification: false, null
08-23 19:24:14.205 1452 1973 D SemWifiTransportLayerNotificationManager: showTcpMonitorHeadUpNotification: false, 0, null
08-23 19:24:14.205 1452 1973 D SemWifiTransportLayerNotificationManager: showTcpMonitorNotification: false, 0, null
08-23 19:24:14.237 2086 2086 W Looper : Slow dispatch took 12ms main h=android.os.Handler c=android.media.-$$Lambda$MediaRouter$Static$Client$v-XMhGBiQAd3JDWrYnJwEnhJ7uo@a031c13 m=0
08-23 19:24:14.244 1452 2260 D SamsungAlarmManager: setExact (T:3/F:9/AC:false) 20210823T192514 now=7495321 - CU:1000/CP:1452/L:2136e6:DetectMovementSPListener
08-23 19:24:14.245 1452 2260 I SamsungAlarmManager: setLocked to kernel - T:2 / 20210823T192545, set=7586973, now=7495321
08-23 19:24:14.246 1452 2260 I SamsungAlarmManager: setLocked to kernel - T:3 / 20210823T192426, set=7507732, now=7495322
08-23 19:24:14.257 1452 2228 E PackageDexUsage: Unsupported context?
08-23 19:24:14.304 1452 16016 D VibratorService: Turning vibrator on for 250 ms.
08-23 19:24:14.304 1452 16016 D VibratorService: vibratorOn() : 250ms, mag :9999, f : -1
08-23 19:24:14.345 1452 2228 D ConnectivityService: Returning BLOCKED NetworkInfo to uid=10160
08-23 19:24:14.357 1452 1546 V WindowManager: rotationForOrientation(orient=SCREEN_ORIENTATION_NOSENSOR (5), last=ROTATION_0 (0)); user=ROTATION_0 (0) 08-23 19:24:14.357 1452 1546 D WindowManager: rotationForOrientation, orientationSource=Window{ac03e0c u0 NotificationShade}
08-23 19:24:14.377 1452 1546 V WindowManager: Computed rotation=ROTATION_0 (0) for display id=0 based on lastOrientation=SCREEN_ORIENTATION_NOSENSOR (5) and oldRotation=ROTATION_0 (0), caller=com.android.server.wm.DisplayContent.updateRotationUnchecked:2003 com.android.server.wm.WindowManagerService.updateRotationUnchecked:4375 com.android.server.wm.WindowManagerService.updateRotation:4356 com.android.server.wm.DisplayRotation$OrientationListener$UpdateRunnable.run:1769 android.os.Handler.handleCallback:938 android.os.Handler.dispatchMessage:99 08-23 19:24:14.389 599 599 I io_stats: !@ 179,0 r 1802988 29855857 w 74954 1296644 d 39457 550832 f 41664 50067 iot 717140 565460 th 51200 51200 41500 pt 1070 inp 1 0 1968.209
08-23 19:24:14.399 1452 1452 W ContextImpl: Calling a method in the system process without a qualified user: android.app.ContextImpl.sendBroadcast:1162 vendor.samsung.frameworks.codecsolution.Logging.insertDiagmonLog:78 vendor.samsung.frameworks.codecsolution.Logging.insertLog:54 vendor.samsung.frameworks.codecsolution.Logging.insertLog:46 vendor.samsung.frameworks.codecsolution.SehCodecSolutionService$1.handleMessage:307 08-23 19:24:14.471 3468 3468 W ContextImpl: Calling a method in the system process without a qualified user: android.app.ContextImpl.startService:1739 android.content.ContextWrapper.startService:738 android.content.ContextWrapper.startService:738 com.sec.android.diagmonagent.sa.receiver.CFLogReceiver.sendCFLog:26 com.sec.android.diagmonagent.sa.receiver.CFLogReceiver.onReceive:18 08-23 19:24:14.789 2086 2086 W Looper : Slow dispatch took 51ms main h=android.os.AsyncTask$InternalHandler c=null m=1
08-23 19:24:14.790 2086 2086 W Looper : Slow delivery took 23ms main h=android.app.ActivityThread$H c=null m=131
08-23 19:24:14.790 1452 1913 W ContextImpl: Calling a method in the system process without a qualified user: android.app.ContextImpl.sendBroadcast:1162 com.samsung.android.gesture.PocketModeEvent$1.handleMessage:348 android.os.Handler.dispatchMessage:106 android.os.Looper.loop:246 android.os.HandlerThread.run:67 08-23 19:24:14.850 1452 4886 I GenerationRegistry: mBackingStore.isClosed() : false
08-23 19:24:14.876 1452 3620 W BroadcastQueue: Skipping deliver [foreground] BroadcastRecord{ae07403 u-1 android.intent.action.SCREEN_ON} to ReceiverList{86ba350 15334 com.opera.max.oem/10160/u0 remote:2a98513}: process gone or crashing
08-23 19:24:14.888 2086 2086 W Looper : Drained
08-23 19:24:14.888 2086 2086 W Looper : Slow dispatch took 14ms main h=android.os.AsyncTask$InternalHandler c=null m=1
08-23 19:24:14.904 1452 1572 W BroadcastQueue: Skipping deliver [foreground] BroadcastRecord{ae07403 u-1 android.intent.action.SCREEN_ON} to ReceiverList{11255a 15334 com.opera.max.oem/10160/u0 remote:a8f0105}: process gone or crashing
08-23 19:24:14.904 1452 1572 W BroadcastQueue: Skipping deliver [foreground] BroadcastRecord{ae07403 u-1 android.intent.action.SCREEN_ON} to ReceiverList{46708f3 15334 com.opera.max.oem/10160/u0 remote:ff03f62}: process gone or crashing
08-23 19:24:14.905 1452 1572 W BroadcastQueue: Skipping deliver [foreground] BroadcastRecord{ae07403 u-1 android.intent.action.SCREEN_ON} to ReceiverList{9dee458 15334 com.opera.max.oem/10160/u0 remote:9c853b}: process gone or crashing
08-23 19:24:14.905 1452 1572 W BroadcastQueue: Skipping deliver [foreground] BroadcastRecord{ae07403 u-1 android.intent.action.SCREEN_ON} to ReceiverList{1965d5 15334 com.opera.max.oem/10160/u0 remote:3e45a8c}: process gone or crashing
08-23 19:24:14.905 1452 1572 W BroadcastQueue: Skipping deliver [foreground] BroadcastRecord{ae07403 u-1 android.intent.action.SCREEN_ON} to ReceiverList{8c29378 15334 com.opera.max.oem/10160/u0 remote:52fcdb}: process gone or crashing
08-23 19:24:14.905 1452 1572 W BroadcastQueue: Skipping deliver [foreground] BroadcastRecord{ae07403 u-1 android.intent.action.SCREEN_ON} to ReceiverList{e7a8bb7 15334 com.opera.max.oem/10160/u0 remote:a50c2b6}: process gone or crashing
08-23 19:24:14.906 1452 1572 W BroadcastQueue: Skipping deliver [foreground] BroadcastRecord{ae07403 u-1 android.intent.action.SCREEN_ON} to ReceiverList{a9e5442 15334 com.opera.max.oem/10160/u0 remote:3f97a8d}: process gone or crashing
08-23 19:24:14.906 1452 1572 W BroadcastQueue: Skipping deliver [foreground] BroadcastRecord{ae07403 u-1 android.intent.action.SCREEN_ON} to ReceiverList{3103289 15334 com.opera.max.oem/10160/u0 remote:3405990}: process gone or crashing
08-23 19:24:14.906 1452 1572 W BroadcastQueue: Skipping deliver [foreground] BroadcastRecord{ae07403 u-1 android.intent.action.SCREEN_ON} to ReceiverList{3797ebc 15334 com.opera.max.oem/10160/u0 remote:993aaf}: process gone or crashing
08-23 19:24:14.906 1452 1572 W BroadcastQueue: Skipping deliver [foreground] BroadcastRecord{ae07403 u-1 android.intent.action.SCREEN_ON} to ReceiverList{6c8d2cb 15334 com.opera.max.oem/10160/u0 remote:1e6299a}: process gone or crashing
08-23 19:24:14.907 1452 1572 W BroadcastQueue: Skipping deliver [foreground] BroadcastRecord{ae07403 u-1 android.intent.action.SCREEN_ON} to ReceiverList{aed4566 15334 com.opera.max.oem/10160/u0 remote:57ea9c1}: process gone or crashing
08-23 19:24:14.907 1452 1572 W BroadcastQueue: Skipping deliver [foreground] BroadcastRecord{ae07403 u-1 android.intent.action.SCREEN_ON} to ReceiverList{28b20fd 15334 com.opera.max.oem/10160/u0 remote:178e954}: process gone or crashing
08-23 19:24:14.907 1452 1572 W BroadcastQueue: Skipping deliver [foreground] BroadcastRecord{ae07403 u-1 android.intent.action.SCREEN_ON} to ReceiverList{b2546c0 15334 com.opera.max.oem/10160/u0 remote:aded043}: process gone or crashing
08-23 19:24:14.907 1452 1572 W BroadcastQueue: Skipping deliver [foreground] BroadcastRecord{ae07403 u-1 android.intent.action.SCREEN_ON} to ReceiverList{4142d9f 15334 com.opera.max.oem/10160/u0 remote:8359b3e}: process gone or crashing
08-23 19:24:14.907 1452 1572 W BroadcastQueue: Skipping deliver [foreground] BroadcastRecord{ae07403 u-1 android.intent.action.SCREEN_ON} to ReceiverList{16c2d4a 15334 com.opera.max.oem/10160/u0 remote:3272b5}: process gone or crashing
08-23 19:24:14.907 1452 1572 W BroadcastQueue: Skipping deliver [foreground] BroadcastRecord{ae07403 u-1 android.intent.action.SCREEN_ON} to ReceiverList{6e48531 15334 com.opera.max.oem/10160/u0 remote:94d2dd8}: process gone or crashing
08-23 19:24:14.908 1452 1572 W BroadcastQueue: Skipping deliver [foreground] BroadcastRecord{ae07403 u-1 android.intent.action.SCREEN_ON} to ReceiverList{1534f84 15334 com.opera.max.oem/10160/u0 remote:ab83197}: process gone or crashing
08-23 19:24:14.908 1452 1572 W BroadcastQueue: Skipping deliver [foreground] BroadcastRecord{ae07403 u-1 android.intent.action.SCREEN_ON} to ReceiverList{8c45033 15334 com.opera.max.oem/10160/u0 remote:6651ba2}: process gone or crashing
08-23 19:24:14.908 1452 1572 W BroadcastQueue: Skipping deliver [foreground] BroadcastRecord{ae07403 u-1 android.intent.action.SCREEN_ON} to ReceiverList{d9d4fee 15334 com.opera.max.oem/10160/u0 remote:ae5a969}: process gone or crashing
08-23 19:24:14.909 1452 1572 W BroadcastQueue: Skipping deliver [foreground] BroadcastRecord{ae07403 u-1 android.intent.action.SCREEN_ON} to ReceiverList{5267325 15334 com.opera.max.oem/10160/u0 remote:c130b1c}: process gone or crashing
08-23 19:24:14.909 1452 1572 W BroadcastQueue: Skipping deliver [foreground] BroadcastRecord{ae07403 u-1 android.intent.action.SCREEN_ON} to ReceiverList{d3bd08 15334 com.opera.max.oem/10160/u0 remote:94f92ab}: process gone or crashing
08-23 19:24:14.909 1452 1572 W BroadcastQueue: Skipping deliver [foreground] BroadcastRecord{ae07403 u-1 android.intent.action.SCREEN_ON} to ReceiverList{872ae87 15334 com.opera.max.oem/10160/u0 remote:97b6ec6}: process gone or crashing
08-23 19:24:14.909 1452 1572 W BroadcastQueue: Skipping deliver [foreground] BroadcastRecord{ae07403 u-1 android.intent.action.SCREEN_ON} to ReceiverList{2fb152 15334 com.opera.max.oem/10160/u0 remote:750e1dd}: process gone or crashing
08-23 19:24:14.909 1452 1572 W BroadcastQueue: Skipping deliver [foreground] BroadcastRecord{ae07403 u-1 android.intent.action.SCREEN_ON} to ReceiverList{3febed9 15334 com.opera.max.oem/10160/u0 remote:1fb2520}: process gone or crashing
08-23 19:24:14.910 1452 1572 W BroadcastQueue: Skipping deliver [foreground] BroadcastRecord{ae07403 u-1 android.intent.action.SCREEN_ON} to ReceiverList{e3d734c 15334 com.opera.max.oem/10160/u0 remote:d78e77f}: process gone or crashing
08-23 19:24:14.910 1452 1572 W BroadcastQueue: Skipping deliver [foreground] BroadcastRecord{ae07403 u-1 android.intent.action.SCREEN_ON} to ReceiverList{53e7c9b 15334 com.opera.max.oem/10160/u0 remote:8418aa}: process gone or crashing
08-23 19:24:14.910 1452 1572 W BroadcastQueue: Skipping deliver [foreground] BroadcastRecord{ae07403 u-1 android.intent.action.SCREEN_ON} to ReceiverList{7631576 15334 com.opera.max.oem/10160/u0 remote:1887011}: process gone or crashing
08-23 19:24:14.910 1452 1572 W BroadcastQueue: Skipping deliver [foreground] BroadcastRecord{ae07403 u-1 android.intent.action.SCREEN_ON} to ReceiverList{e72fc4d 15334 com.opera.max.oem/10160/u0 remote:714dfe4}: process gone or crashing
08-23 19:24:14.910 1452 1572 W BroadcastQueue: Skipping deliver [foreground] BroadcastRecord{ae07403 u-1 android.intent.action.SCREEN_ON} to ReceiverList{1321650 15334 com.opera.max.oem/10160/u0 remote:f85e413}: process gone or crashing
08-23 19:24:14.910 1452 1572 W BroadcastQueue: Skipping deliver [foreground] BroadcastRecord{ae07403 u-1 android.intent.action.SCREEN_ON} to ReceiverList{ce0ae6f 15334 com.opera.max.oem/10160/u0 remote:1735d4e}: process gone or crashing
08-23 19:24:14.911 1452 1572 W BroadcastQueue: Skipping deliver [foreground] BroadcastRecord{ae07403 u-1 android.intent.action.SCREEN_ON} to ReceiverList{e2c005a 15334 com.opera.max.oem/10160/u0 remote:5306805}: process gone or crashing
08-23 19:24:14.911 1452 1572 W BroadcastQueue: Skipping deliver [foreground] BroadcastRecord{ae07403 u-1 android.intent.action.SCREEN_ON} to ReceiverList{8547f81 15334 com.opera.max.oem/10160/u0 remote:9125f68}: process gone or crashing
