08-23 19:42:03.833 1452 1452 D SamsungAlarmManager: Cancel Alarm calling from uid:1000 pid :1452 / L:8c348cb
08-23 19:42:03.835 1452 1452 I SamsungAlarmManager: setLocked to kernel - T:2 / 20210823T194521, set=8762679, now=8564911
08-23 19:42:03.835 1452 1452 I SamsungAlarmManager: setLocked to kernel - T:3 / 20210823T194206, set=8567523, now=8564912
08-23 19:42:03.840 1452 1452 D SamsungAlarmManager: Cancel Alarm calling from uid:1000 pid :1452 / L:a08b79a
08-23 19:42:03.841 1452 1452 I SamsungAlarmManager: setLocked to kernel - T:2 / 20210823T194521, set=8762679, now=8564918
08-23 19:42:03.841 1452 1452 I SamsungAlarmManager: setLocked to kernel - T:3 / 20210823T194215, set=8576197, now=8564918
08-23 19:42:03.879 1452 1452 D ConnectivityService: Connectivity-MDO: 10445 is true
08-23 19:42:03.879 1452 1452 D ConnectivityService: Connectivity-MDO change default network for 10445, type: mdo
08-23 19:42:03.929 1452 4886 W ActivityManager: Foreground service started from background can not have location/camera/microphone access: service com.microsoft.skydrive/.upload.ManualUploadService
08-23 19:42:03.941 1452 2007 D MARs:JobSchedulerPackageFilter: filter : com.microsoft.skydrive(0)
08-23 19:42:03.942 1452 2007 D MARs:NoAppIconFilter: filter : com.samsung.android.scloud(0)
08-23 19:42:03.942 1452 2007 D MARs:NoAppIconFilter: filter : com.google.android.gms(0)
08-23 19:42:03.942 1452 2007 D MARs:DeviceAdminPackageFilter: filter : com.google.android.gms(0)
08-23 19:42:03.942 1452 2007 D MARs:NoAppIconFilter: filter : com.google.android.gsf(0)
08-23 19:42:03.942 1452 2007 D MARs:NoAppIconFilter: filter : com.dti.samsung(0)
08-23 19:42:03.942 1452 2007 D MARs:NoAppIconFilter: filter : com.samsung.android.providers.contacts(0)
08-23 19:42:03.942 1452 2007 D MARs:NoAppIconFilter: filter : com.samsung.android.fmm(0)
08-23 19:42:03.942 1452 2007 D MARs:SystemFilter: filter : com.samsung.android.fmm(0)
08-23 19:42:03.942 1452 2007 D MARs:NoAppIconFilter: filter : com.samsung.android.messaging(0)
08-23 19:42:03.942 1452 2007 D MARs:DefaultAppFilter: filter : com.samsung.android.messaging(0)(SMS)
08-23 19:42:03.942 1452 2007 D MARs:NoAppIconFilter: filter : com.samsung.android.rubin.app(0)
08-23 19:42:03.942 1452 2007 D MARs:NoAppIconFilter: filter : com.android.systemui(0)
08-23 19:42:03.942 1452 2007 D MARs:NoAppIconFilter: filter : com.android.settings(0)
08-23 19:42:03.942 1452 2007 D MARs:SystemFilter: filter : com.android.settings(0)
08-23 19:42:03.943 1452 2007 D MARs:NoAppIconFilter: filter : com.samsung.android.kgclient(0)
08-23 19:42:03.943 1452 2007 D MARs:DeviceAdminPackageFilter: filter : com.samsung.android.kgclient(0)
08-23 19:42:03.943 1452 2007 D MARs:NoAppIconFilter: filter : com.sec.phone(0)
08-23 19:42:03.943 1452 2007 D MARs:NoAppIconFilter: filter : com.samsung.android.service.peoplestripe(0)
08-23 19:42:03.943 1452 2007 D MARs:NoAppIconFilter: filter : com.qualcomm.embms(0)
08-23 19:42:03.943 1452 2007 D MARs:NoAppIconFilter: filter : android(0)
08-23 19:42:03.943 1452 2007 D MARs:SystemFilter: filter : android(0)
08-23 19:42:03.943 1452 2007 D MARs:NoAppIconFilter: filter : com.sec.android.app.servicemodeapp(0)
08-23 19:42:03.943 1452 2007 D MARs:SystemFilter: filter : com.sec.android.app.servicemodeapp(0)
08-23 19:42:03.943 1452 2007 D MARs:NoAppIconFilter: filter : com.samsung.cmh(0)
08-23 19:42:03.943 1452 2007 D MARs:NoAppIconFilter: filter : com.samsung.android.app.cocktailbarservice(0)
08-23 19:42:03.943 1452 2007 D MARs:NoAppIconFilter: filter : com.android.providers.media(0)
08-23 19:42:03.943 1452 2007 D MARs:NoAppIconFilter: filter : com.google.android.ext.services(0)
08-23 19:42:03.943 1452 2007 D MARs:NoAppIconFilter: filter : com.samsung.android.honeyboard(0)
08-23 19:42:03.943 1452 2007 D MARs:DefaultAppFilter: filter : com.samsung.android.honeyboard(0)(IME)
08-23 19:42:03.944 1452 2007 D MARs:NoAppIconFilter: filter : com.sec.modem.settings(0)
08-23 19:42:03.944 1452 2007 D MARs:SystemFilter: filter : com.sec.modem.settings(0)
08-23 19:42:03.955 1452 2228 D JobServiceContext: sendStopMessageLocked stop reason: null
08-23 19:42:03.962 1452 4886 W ActivityManager: Foreground service started from background can not have location/camera/microphone access: service com.microsoft.skydrive/.upload.ModalUploadService
08-23 19:42:03.968 1452 2007 I ActivityManager: Killing 6787:com.samsung.android.app.cocktailbarservice/u0a220 (adj 200): Chimera #0
08-23 19:42:03.977 1452 2007 W ActivityManager: Scheduling restart of crashed service com.samsung.android.app.cocktailbarservice/.CocktailBarService in 1000ms for start-requested
08-23 19:42:03.977 1452 2007 D ActivityManager: proc ProcessRecord{df79691 6787:com.samsung.android.app.cocktailbarservice/u0a220} already removed. so we skip next process.
08-23 19:42:03.991 1452 2007 I ActivityManager: Killing 9128:com.sec.android.app.servicemodeapp/1000 (adj 800): Chimera #0
08-23 19:42:04.001 1452 2007 D ActivityManager: proc ProcessRecord{9439d61 9128:com.sec.android.app.servicemodeapp/1000} already removed. so we skip next process.
08-23 19:42:04.005 1452 3500 W ActivityManager: Foreground service started from background can not have location/camera/microphone access: service com.microsoft.skydrive/.upload.ModalUploadService
08-23 19:42:04.013 1452 2007 I ActivityManager: Killing 11076:com.qualcomm.embms:remote/u0a129 (adj 800): Chimera #0
08-23 19:42:04.016 1452 2007 W ActivityManager: Scheduling restart of crashed service com.qualcomm.embms/.EmbmsService in 0ms for persistent
08-23 19:42:04.017 1452 2007 D ActivityManager: proc ProcessRecord{f24105c 11076:com.qualcomm.embms:remote/u0a129} already removed. so we skip next process.
08-23 19:42:04.023 1452 1572 D StorageManagerService: getExternalStorageMountMode: uid=10129 packageName=com.qualcomm.embms
08-23 19:42:04.024 1452 1572 D CompatibilityChangeReporter: Compat change id reported: 135634846; UID 10129; state: DISABLED
08-23 19:42:04.025 1452 1573 D CompatibilityChangeReporter: Compat change id reported: 143937733; UID 10129; state: ENABLED
08-23 19:42:04.026 1452 2007 I ActivityManager: Killing 11314:com.samsung.android.service.peoplestripe/u0a217 (adj 800): Chimera #0
08-23 19:42:04.040 1452 2007 W ActivityManager: Scheduling restart of crashed service com.samsung.android.service.peoplestripe/.PeopleStripeService in 10937ms for start-requested
08-23 19:42:04.040 1452 2007 D ActivityManager: proc ProcessRecord{6a0d69 11314:com.samsung.android.service.peoplestripe/u0a217} already removed. so we skip next process.
08-23 19:42:04.049 1452 2007 I ActivityManager: Killing 12271:com.sec.phone/1001 (adj 905): Chimera #0
08-23 19:42:04.051 1452 2007 D ActivityManager: proc ProcessRecord{2369503 12271:com.sec.phone/1001} already removed. so we skip next process.
08-23 19:42:04.057 1452 2007 I ActivityManager: Killing 10549:com.dti.samsung/u0a108 (adj 500): Chimera #0
08-23 19:42:04.064 1452 2007 D ActivityManager: proc ProcessRecord{7a1cc7c 10549:com.dti.samsung/u0a108} already removed. so we skip next process.
08-23 19:42:04.068 1452 2228 W ActivityManager: Foreground service started from background can not have location/camera/microphone access: service com.microsoft.skydrive/.upload.AsyncMoveService
08-23 19:42:04.081 1452 4885 V CocktailBarStatePolicyController: binderDied : binder = android.os.BinderProxy@5d5a4d8
08-23 19:42:04.084 1452 2007 I ActivityManager: Killing 10685:com.digitalturbine.ignite.suspend.DataUsageRecorderService/u0a108 (adj 0): Chimera #0
08-23 19:42:04.085 1452 2007 D ActivityManager: proc ProcessRecord{f6257f9 10685:com.digitalturbine.ignite.suspend.DataUsageRecorderService/u0a108} already removed. so we skip next process.
08-23 19:42:04.108 1452 4455 I WindowManager: WIN DEATH: Window{b726702 u0 com.samsung.android.service.peoplestripe/com.samsung.android.service.peoplestripe.PeopleStripeService}
08-23 19:42:04.118 1452 1548 W ActivityManager: setHasOverlayUi called on unknown pid: 11314
08-23 19:42:04.132 1452 4454 W ActivityManager: Foreground service started from background can not have location/camera/microphone access: service com.microsoft.skydrive/.upload.AsyncMoveService
08-23 19:42:04.153 1452 1573 W ActivityManager: Slow operation: 131ms so far, now at startProcess: returned from zygote!
08-23 19:42:04.153 1452 1573 W ActivityManager: Slow operation: 132ms so far, now at startProcess: done updating battery stats
08-23 19:42:04.154 1452 1573 W ActivityManager: Slow operation: 132ms so far, now at startProcess: building log message
08-23 19:42:04.154 1452 1573 I ActivityManager: Start proc 16724:com.qualcomm.embms:remote/u0a129 for service {com.qualcomm.embms/com.qualcomm.embms.EmbmsService}
08-23 19:42:04.154 1452 1573 W ActivityManager: Slow operation: 132ms so far, now at startProcess: starting to update pids map
08-23 19:42:04.154 1452 1573 W ActivityManager: Slow operation: 132ms so far, now at startProcess: done updating pids map
08-23 19:42:04.189 1452 3570 D ConnectivityService: ConnectivityService NetworkRequestInfo binderDied(NetworkRequest [ LISTEN id=347, [ Transports: CELLULAR|WIFI Capabilities: NOT_RESTRICTED&TRUSTED&NOT_VPN&FOREGROUND Uid: 10108 AdministratorUids: [] RequestorUid: 10108 RequestorPackageName: com.dti.samsung] ], android.os.BinderProxy@27f3c20)
08-23 19:42:04.194 1452 2254 I ActivityManager: Changes in 10164 4 to 5, 6 to 0 Caller=com.android.server.am.OomAdjuster.updateOomAdjLockedInner:669 com.android.server.am.OomAdjuster.updateOomAdjLocked:526 com.android.server.am.OomAdjuster.updateOomAdjLocked:332 com.android.server.am.ActivityManagerService.updateOomAdjLocked:21171 com.android.server.am.ActiveServices.bringDownServiceLocked:3745 com.android.server.am.ActiveServices.bringDownServiceIfNeededLocked:3555 com.android.server.am.ActiveServices.stopServiceTokenLocked:1153 08-23 19:42:04.195 1452 1452 W NotificationHistory: Attempted to add notif for locked/gone/disabled user 0
08-23 19:42:04.195 1452 1452 W Looper : Slow dispatch took 152ms main h=com.android.server.notification.NotificationManagerService$WorkerHandler c=com.android.server.notification.NotificationManagerService$PostNotificationRunnable@e47ef9b m=0
08-23 19:42:04.195 1452 3570 I ActivityManager: DSS OFF for com.qualcomm.embms
08-23 19:42:04.205 1452 3570 D ActivityManager: attachApplicationLocked() app=ProcessRecord{caa05cb 16724:com.qualcomm.embms:remote/u0a129} app.isolatedEntryPoint=null instr2=null
08-23 19:42:04.208 1452 2228 V CocktailBarStatePolicyController: binderDied : binder = android.os.BinderProxy@b969b11
08-23 19:42:04.208 1452 2228 V SystemUiVisibilityPolicyController: binderDied : binder = android.os.BinderProxy@2856476
08-23 19:42:04.209 1452 2246 I WindowManager: WIN DEATH: Window{4681548 u0 com.samsung.android.app.cocktailbarservice/com.samsung.android.app.cocktailbarservice.CocktailBarService}
08-23 19:42:04.210 1452 3133 V CocktailBarManagerServiceImpl: binderDied : binder = android.os.BinderProxy@2b8d74d
08-23 19:42:04.216 1452 4454 D NotificationListeners: Removing active service ComponentInfo{com.samsung.android.app.cocktailbarservice/com.samsung.android.app.cocktailbarservice.badge.NotificationListener}
08-23 19:42:04.234 1452 16749 I SystemUiVisibilityPolicyController: handleMessage: entry what = 2
08-23 19:42:04.237 16724 16724 D ActivityThread: handleBindApplication()++ app=com.qualcomm.embms:remote
08-23 19:42:04.240 1452 3133 W ContextImpl: Calling a method in the system process without a qualified user: android.app.ContextImpl.sendBroadcast:1162 com.android.server.cocktailbar.CocktailBarManagerServiceImpl$CocktailHostInfo.binderDied:2846 android.os.IBinder$DeathRecipient.binderDied:311 android.os.BinderProxy.sendDeathNotice:719 <bottom of call stack> 08-23 19:42:04.247 1452 1548 W ActivityManager: setHasOverlayUi called on unknown pid: 6787
08-23 19:42:04.253 1452 1452 E NotificationListeners: unable to notify listener (posted): ManagedServiceInfo[component=ComponentInfo{com.samsung.android.app.cocktailbarservice/com.samsung.android.app.cocktailbarservice.badge.NotificationListener},userid=0,isSystem=true,targetSdkVersion=10000,connection=null,service=android.service.notification.INotificationListener$Stub$Proxy@5635d9b]
08-23 19:42:04.253 1452 1452 E NotificationListeners: android.os.DeadObjectException
08-23 19:42:04.253 1452 1452 E NotificationListeners: at android.os.BinderProxy.transactNative(Native Method)
08-23 19:42:04.253 1452 1452 E NotificationListeners: at android.os.BinderProxy.transact(BinderProxy.java:605)
08-23 19:42:04.253 1452 1452 E NotificationListeners: at android.service.notification.INotificationListener$Stub$Proxy.onNotificationPosted(INotificationListener.java:580)
08-23 19:42:04.253 1452 1452 E NotificationListeners: at com.android.server.notification.NotificationManagerService$NotificationListeners.notifyPosted(NotificationManagerService.java:11270)
08-23 19:42:04.253 1452 1452 E NotificationListeners: at com.android.server.notification.NotificationManagerService$NotificationListeners.access$13600(NotificationManagerService.java:10839)
08-23 19:42:04.253 1452 1452 E NotificationListeners: at com.android.server.notification.NotificationManagerService$NotificationListeners$2.run(NotificationManagerService.java:11051)
08-23 19:42:04.253 1452 1452 E NotificationListeners: at android.os.Handler.handleCallback(Handler.java:938)
08-23 19:42:04.253 1452 1452 E NotificationListeners: at android.os.Handler.dispatchMessage(Handler.java:99)
08-23 19:42:04.253 1452 1452 E NotificationListeners: at android.os.Looper.loop(Looper.java:246)
08-23 19:42:04.253 1452 1452 E NotificationListeners: at com.android.server.SystemServer.run(SystemServer.java:1027)
08-23 19:42:04.253 1452 1452 E NotificationListeners: at com.android.server.SystemServer.main(SystemServer.java:770)
08-23 19:42:04.253 1452 1452 E NotificationListeners: at java.lang.reflect.Method.invoke(Native Method)
08-23 19:42:04.253 1452 1452 E NotificationListeners: at com.android.internal.os.RuntimeInit$MethodAndArgsCaller.run(RuntimeInit.java:602)
08-23 19:42:04.253 1452 1452 E NotificationListeners: at com.android.internal.os.ZygoteInit.main(ZygoteInit.java:1117)
08-23 19:42:04.269 1452 1572 I DropBoxManagerService: add tag=system_server_wtf isTagEnabled=true flags=0x2
08-23 19:42:04.276 1452 1572 W DropBoxManagerService: Dropping: system_server_wtf (1288 > 0 bytes)
08-23 19:42:04.288 1452 1452 D EdgeLightingManager: isCallingUserSupported : callingUserId=0, mUserId=0, isDualAppId=false, isKnoxId=false
08-23 19:42:04.289 1452 1452 D EdgeLightingManager: hideForNotification : packageName = com.microsoft.skydrive
08-23 19:42:04.290 1452 1452 D EdgeLightingPolicyManager:NotificationGroup: remove : sbn : StatusBarNotification(pkg=com.microsoft.skydrive user=UserHandle{0} id=2889 tag=null key=0|com.microsoft.skydrive|2889|null|10093: Notification(channel=com.microsoft.skydrive.syncservice_v2 shortcut=null contentView=null vibrate=null sound=null tick defaults=0x0 flags=0x6a color=0xff0086f0 vis=SECRET semFlags=0x0 semPriority=0 semMissedCount=0))
08-23 19:42:04.291 1452 1452 D EdgeLightingPolicyManager.NotificationGroup: group key = -1|com.android.systemui|3|low_battery|10067 ,value= summary : null , child : 1key = -1|com.android.systemui|3|low_battery|10067 , value = NotificationData { tag= low_battery } , } 08-23 19:42:04.294 1452 1452 D EdgeLightingPolicyManager: isAcceptableApplication: pkg=com.microsoft.skydrive , range=1 , includeAllApp=false , userId=0 , infoRange=0 , infoCategory=0
08-23 19:42:04.301 1452 1452 D EdgeLightingPolicyManager: isAcceptableApplication - accept rechecked by isEdgeLightingAllowed = true uid = 10093
08-23 19:42:04.302 1452 1452 D EdgeLightingPolicyManager: isAcceptableApplication: getRejectablePolicy true
08-23 19:42:04.302 1452 1452 D EdgeLightingManager: hideEdgeLightingInternal : packageName = com.microsoft.skydrive, reason=1
08-23 19:42:04.302 1452 1452 E EdgeLightingClientManager: stopEdgeLightingInternal mHosts is null. pkg=com.microsoft.skydrive,reason=1
08-23 19:42:04.302 1452 1572 D StorageManagerService: getExternalStorageMountMode: uid=10220 packageName=com.samsung.android.app.cocktailbarservice
08-23 19:42:04.303 1452 1572 D CompatibilityChangeReporter: Compat change id reported: 135634846; UID 10220; state: DISABLED
08-23 19:42:04.304 1452 1573 D CompatibilityChangeReporter: Compat change id reported: 143937733; UID 10220; state: DISABLED
08-23 19:42:04.316 1452 1452 W NotificationHistory: Attempted to add notif for locked/gone/disabled user 0
08-23 19:42:04.317 1452 1452 D SmartAlertController: SmartAlert - Found Missed Event
08-23 19:42:04.318 1452 16754 D SmartAlertController: SmartAlert - already registered or Setting disabled
08-23 19:42:04.324 1452 1573 I ActivityManager: Start proc 16756:com.samsung.android.app.cocktailbarservice/u0a220 for broadcast {com.samsung.android.app.cocktailbarservice/com.samsung.android.app.cocktailbarservice.CocktailBarReceiver}
08-23 19:42:04.325 1452 1452 D EdgeLightingManager: isCallingUserSupported : callingUserId=0, mUserId=0, isDualAppId=false, isKnoxId=false
08-23 19:42:04.326 1452 1452 D EdgeLightingManager: hideForNotification : packageName = com.microsoft.skydrive
08-23 19:42:04.326 1452 1452 D EdgeLightingPolicyManager:NotificationGroup: remove : sbn : StatusBarNotification(pkg=com.microsoft.skydrive user=UserHandle{0} id=2889 tag=null key=0|com.microsoft.skydrive|2889|null|10093: Notification(channel=com.microsoft.skydrive.syncservice_v2 shortcut=null contentView=null vibrate=null sound=null tick defaults=0x0 flags=0x6a color=0xff0086f0 vis=SECRET semFlags=0x0 semPriority=0 semMissedCount=0))
08-23 19:42:04.326 1452 1452 D EdgeLightingPolicyManager.NotificationGroup: group key = -1|com.android.systemui|3|low_battery|10067 ,value= summary : null , child : 1key = -1|com.android.systemui|3|low_battery|10067 , value = NotificationData { tag= low_battery } , } 08-23 19:42:04.326 1452 1452 D EdgeLightingPolicyManager: isAcceptableApplication: pkg=com.microsoft.skydrive , range=1 , includeAllApp=false , userId=0 , infoRange=0 , infoCategory=0
08-23 19:42:04.327 1452 1452 D EdgeLightingPolicyManager: isAcceptableApplication - accept rechecked by isEdgeLightingAllowed = true uid = 10093
08-23 19:42:04.327 1452 1452 D EdgeLightingPolicyManager: isAcceptableApplication: getRejectablePolicy true
08-23 19:42:04.327 1452 1452 D EdgeLightingManager: hideEdgeLightingInternal : packageName = com.microsoft.skydrive, reason=1
08-23 19:42:04.327 1452 1452 E EdgeLightingClientManager: stopEdgeLightingInternal mHosts is null. pkg=com.microsoft.skydrive,reason=1
08-23 19:42:04.350 1452 1452 D SmartAlertController: SmartAlert - Found Missed Event
08-23 19:42:04.359 1452 1452 D SmartAlertController: SmartAlert - Found Missed Event
08-23 19:42:04.364 1452 1548 W ActivityManager: setHasOverlayUi called on unknown pid: 9128
08-23 19:42:04.365 1452 16767 D SmartAlertController: SmartAlert - already registered or Setting disabled
08-23 19:42:04.368 1452 2228 I GenerationRegistry: mBackingStore.isClosed() : false
08-23 19:42:04.374 1452 1452 D SmartAlertController: SmartAlert - Found Missed Event
08-23 19:42:04.380 1452 16773 D SmartAlertController: SmartAlert - already registered or Setting disabled
08-23 19:42:04.380 1452 16775 D SmartAlertController: SmartAlert - already registered or Setting disabled
08-23 19:42:04.381 1452 1452 D SmartAlertController: SmartAlert - Found Missed Event
08-23 19:42:04.387 1452 1452 D SmartAlertController: SmartAlert - Found Missed Event
08-23 19:42:04.390 1452 16777 D SmartAlertController: SmartAlert - already registered or Setting disabled
08-23 19:42:04.390 1452 16778 D SmartAlertController: SmartAlert - already registered or Setting disabled
08-23 19:42:04.394 1452 3500 I ActivityManager: DSS OFF for com.samsung.android.app.cocktailbarservice
08-23 19:42:04.398 1452 3500 D ActivityManager: attachApplicationLocked() app=ProcessRecord{56dd726 16756:com.samsung.android.app.cocktailbarservice/u0a220} app.isolatedEntryPoint=null instr2=null
08-23 19:42:04.407 1452 2228 D SecContentProvider: called from android.uid.samsungcloud:5009
08-23 19:42:04.411 16756 16756 D ActivityThread: handleBindApplication()++ app=com.samsung.android.app.cocktailbarservice
08-23 19:42:04.413 16724 16724 D ActivityThread: handleBindApplication() -- skipGraphicsSupport=false
08-23 19:42:04.413 1452 2228 D SecContentProvider: called from android.uid.samsungcloud:5009
08-23 19:42:04.413 1452 2228 D BluetoothManagerService: updateBleAppCount #UP | mBleAppCount: 0, mSappCount: 0, Using SS: true
08-23 19:42:04.414 16724 16724 D ActivityThread: ActivityThread::handleMakeApplication() data=AppBindData{appInfo=ApplicationInfo{f9fc0aa com.qualcomm.embms}} appContext=android.app.ContextImpl@135049b appContext.mOpPackageName=com.qualcomm.embms appContext.mBasePackageName=com.qualcomm.embms appContext.mPackageInfo=android.app.LoadedApk@5dc6038 data.restrictedBackupMode= false data.providers= [] Caller=android.app.ActivityThread.handleBindApplication:7446 android.app.ActivityThread.access$1400:301 android.app.ActivityThread$H.handleMessage:2148 android.os.Handler.dispatchMessage:106 android.os.Looper.loop:246 08-23 19:42:04.415 16724 16724 D LoadedApk: LoadedApk::makeApplication() appContext=android.app.ContextImpl@7763811 appContext.mOpPackageName=com.qualcomm.embms appContext.mBasePackageName=com.qualcomm.embms appContext.mPackageInfo=android.app.LoadedApk@5dc6038
08-23 19:42:04.417 1452 2228 D SecContentProvider: called from android.uid.samsungcloud:5009
08-23 19:42:04.420 1452 2228 D BluetoothManagerService: enableBle(com.samsung.android.scloud): mBluetooth =null mBinding = false mState = OFF
08-23 19:42:04.421 1452 2228 D BluetoothManagerService: enable returning
08-23 19:42:04.425 1452 1547 D StorageManagerService: getExternalStorageMountMode: uid=1002 packageName=com.android.bluetooth
08-23 19:42:04.425 1452 1547 D CompatibilityChangeReporter: Compat change id reported: 135634846; UID 1002; state: DISABLED
08-23 19:42:04.461 1452 1573 I ActivityManager: Start proc 16783:com.android.bluetooth/1002 for service {com.android.bluetooth/com.android.bluetooth.btservice.AdapterService}
08-23 19:42:04.468 1452 4888 W ActivityManager: Unable to start service Intent { cmp=com.qualcomm.qcrilmsgtunnel/.QcrilMsgTunnelService } U=0: not found
08-23 19:42:04.470 1452 4888 W ActivityManager: Unable to start service Intent { cmp=com.qualcomm.qcrilmsgtunnel/.QcrilMsgTunnelService } U=0: not found
08-23 19:42:04.477 1452 2228 I GenerationRegistry: mBackingStore.isClosed() : false
08-23 19:42:04.517 1452 1503 D StorageManagerService: getExternalStorageMountMode: uid=10087 packageName=com.osp.app.signin
08-23 19:42:04.518 1452 1503 D CompatibilityChangeReporter: Compat change id reported: 135634846; UID 10087; state: DISABLED
08-23 19:42:04.520 1452 1573 D CompatibilityChangeReporter: Compat change id reported: 143937733; UID 10087; state: DISABLED
08-23 19:42:04.527 1452 2579 I ActivityManager: DSS OFF for com.android.bluetooth
08-23 19:42:04.542 1452 2579 D ActivityManager: attachApplicationLocked() app=ProcessRecord{2293af3 16783:com.android.bluetooth/1002} app.isolatedEntryPoint=null instr2=null
08-23 19:42:04.544 1452 1452 W NotificationHistory: Attempted to add notif for locked/gone/disabled user 0
08-23 19:42:04.557 1452 1452 D EdgeLightingManager: isCallingUserSupported : callingUserId=0, mUserId=0, isDualAppId=false, isKnoxId=false
08-23 19:42:04.558 1452 1452 D EdgeLightingManager: hideForNotification : packageName = com.microsoft.skydrive
08-23 19:42:04.558 1452 1452 D EdgeLightingPolicyManager:NotificationGroup: remove : sbn : StatusBarNotification(pkg=com.microsoft.skydrive user=UserHandle{0} id=2889 tag=null key=0|com.microsoft.skydrive|2889|null|10093: Notification(channel=com.microsoft.skydrive.syncservice_v2 shortcut=null contentView=null vibrate=null sound=null tick defaults=0x0 flags=0x6a color=0xff0086f0 vis=SECRET semFlags=0x0 semPriority=0 semMissedCount=0))
08-23 19:42:04.558 1452 1452 D EdgeLightingPolicyManager.NotificationGroup: group key = -1|com.android.systemui|3|low_battery|10067 ,value= summary : null , child : 1key = -1|com.android.systemui|3|low_battery|10067 , value = NotificationData { tag= low_battery } , } 08-23 19:42:04.559 1452 1452 D EdgeLightingPolicyManager: isAcceptableApplication: pkg=com.microsoft.skydrive , range=1 , includeAllApp=false , userId=0 , infoRange=0 , infoCategory=0
08-23 19:42:04.559 1452 1452 D EdgeLightingPolicyManager: isAcceptableApplication - accept rechecked by isEdgeLightingAllowed = true uid = 10093
08-23 19:42:04.559 1452 1452 D EdgeLightingPolicyManager: isAcceptableApplication: getRejectablePolicy true
08-23 19:42:04.560 1452 1452 D EdgeLightingManager: hideEdgeLightingInternal : packageName = com.microsoft.skydrive, reason=1
08-23 19:42:04.560 1452 1452 E EdgeLightingClientManager: stopEdgeLightingInternal mHosts is null. pkg=com.microsoft.skydrive,reason=1
08-23 19:42:04.568 1452 1452 D SmartAlertController: SmartAlert - Found Missed Event
08-23 19:42:04.572 1452 1573 W ActivityManager: Slow operation: 56ms so far, now at startProcess: returned from zygote!
08-23 19:42:04.575 1452 16809 D SmartAlertController: SmartAlert - already registered or Setting disabled
08-23 19:42:04.576 1452 1452 D SmartAlertController: SmartAlert - Found Missed Event
08-23 19:42:04.577 1452 2579 I ActivityManager: Changes in 1002 20 to 0, 0 to 7 Caller=com.android.server.am.OomAdjuster.updateOomAdjLocked:399 com.android.server.am.OomAdjuster.updateOomAdjLocked:446 com.android.server.am.ActivityManagerService.updateOomAdjLocked:21469 com.android.server.am.ActiveServices.realStartServiceLocked:3343 com.android.server.am.ActiveServices.attachApplicationLocked:4073 com.android.server.am.ActivityManagerService.attachApplicationLocked:6630 com.android.server.am.ActivityManagerService.attachApplication:6708 08-23 19:42:04.577 1452 2579 I AppOps : updateUidProcState uid: 1002 procState: 0 capability:7
08-23 19:42:04.578 1452 2579 I AppOps : commitUidPendingStateLocked() :: UID - 1002, 700 > 100, 0 > 7
08-23 19:42:04.579 1452 2579 W ActivityManager: Slow operation: 52ms so far, now at attachApplicationLocked: after mServices.attachApplicationLocked
08-23 19:42:04.580 1452 1573 W ActivityManager: Slow operation: 64ms so far, now at startProcess: done updating battery stats
08-23 19:42:04.580 1452 1573 W ActivityManager: Slow operation: 64ms so far, now at startProcess: building log message
08-23 19:42:04.580 1452 1573 I ActivityManager: Start proc 16804:com.osp.app.signin/u0a87 for service {com.osp.app.signin/com.msc.sa.service.RequestService}
08-23 19:42:04.580 1452 1573 W ActivityManager: Slow operation: 64ms so far, now at startProcess: starting to update pids map
08-23 19:42:04.580 1452 1573 W ActivityManager: Slow operation: 65ms so far, now at startProcess: done updating pids map
08-23 19:42:04.582 16783 16783 D ActivityThread: handleBindApplication()++ app=com.android.bluetooth
08-23 19:42:04.583 1452 1452 D SmartAlertController: SmartAlert - Found Missed Event
08-23 19:42:04.585 1452 16811 D SmartAlertController: SmartAlert - already registered or Setting disabled
08-23 19:42:04.600 1452 16813 D SmartAlertController: SmartAlert - already registered or Setting disabled
08-23 19:42:04.654 1452 2228 I ActivityManager: DSS OFF for com.osp.app.signin
08-23 19:42:04.659 1452 2228 D ActivityManager: attachApplicationLocked() app=ProcessRecord{8917f12 16804:com.osp.app.signin/u0a87} app.isolatedEntryPoint=null instr2=null
08-23 19:42:04.682 16804 16804 D ActivityThread: handleBindApplication()++ app=com.osp.app.signin
08-23 19:42:04.706 1452 4888 I GenerationRegistry: mBackingStore.isClosed() : false
08-23 19:42:04.708 1452 4888 I GenerationRegistry: mBackingStore.isClosed() : false
08-23 19:42:04.720 1452 2579 D SettingsProvider: isChangeAllowed() : name = edge_panel_height
08-23 19:42:04.720 1452 2579 D SettingsProvider: edmUri: content://com.sec.knox.provider/RestrictionPolicy3
08-23 19:42:04.720 1452 2579 D SettingsProvider: projectionArgs: isSettingsChangesAllowed
08-23 19:42:04.720 1452 2579 D SettingsProvider: selectionArgs: false
08-23 19:42:04.720 1452 2579 D SettingsProvider: selectionArgs: 10220
08-23 19:42:04.721 1452 2579 D SecContentProvider: called from com.samsung.android.app.cocktailbarservice
08-23 19:42:04.733 1452 2579 D RestrictionPolicy: isSettingsChangesAllowedAsUser, userId 0 : true
08-23 19:42:04.733 1452 2579 D SettingsProvider: ret = 1
08-23 19:42:04.735 1452 2579 I GenerationRegistry: mBackingStore.isClosed() : false
08-23 19:42:04.736 1452 3500 D SettingsProvider: isChangeAllowed() : name = edge_panel_width
08-23 19:42:04.736 1452 3500 D SettingsProvider: edmUri: content://com.sec.knox.provider/RestrictionPolicy3
08-23 19:42:04.736 1452 3500 D SettingsProvider: projectionArgs: isSettingsChangesAllowed
08-23 19:42:04.736 1452 3500 D SettingsProvider: selectionArgs: false
08-23 19:42:04.736 1452 3500 D SettingsProvider: selectionArgs: 10220
08-23 19:42:04.737 1452 3500 D SecContentProvider: called from com.samsung.android.app.cocktailbarservice
08-23 19:42:04.737 1452 3500 D RestrictionPolicy: isSettingsChangesAllowedAsUser, userId 0 : true
08-23 19:42:04.737 1452 3500 D SettingsProvider: ret = 1
08-23 19:42:04.738 1452 3500 D SettingsProvider: isChangeAllowed() : name = edge_panel_height
08-23 19:42:04.738 1452 3500 D SettingsProvider: edmUri: content://com.sec.knox.provider/RestrictionPolicy3
08-23 19:42:04.739 1452 3500 D SettingsProvider: projectionArgs: isSettingsChangesAllowed
08-23 19:42:04.739 1452 3500 D SettingsProvider: selectionArgs: false
08-23 19:42:04.739 1452 3500 D SettingsProvider: selectionArgs: 10220
08-23 19:42:04.739 1452 3500 D SecContentProvider: called from com.samsung.android.app.cocktailbarservice
08-23 19:42:04.739 1452 3500 D RestrictionPolicy: isSettingsChangesAllowedAsUser, userId 0 : true
08-23 19:42:04.739 1452 3500 D SettingsProvider: ret = 1
08-23 19:42:04.741 1452 2579 D SettingsProvider: isChangeAllowed() : name = edge_panel_width
08-23 19:42:04.741 1452 2579 D SettingsProvider: edmUri: content://com.sec.knox.provider/RestrictionPolicy3
08-23 19:42:04.741 1452 2579 D SettingsProvider: projectionArgs: isSettingsChangesAllowed
08-23 19:42:04.741 1452 2579 D SettingsProvider: selectionArgs: false
08-23 19:42:04.741 1452 2579 D SettingsProvider: selectionArgs: 10220
08-23 19:42:04.741 1452 2579 D SecContentProvider: called from com.samsung.android.app.cocktailbarservice
08-23 19:42:04.742 1452 2579 D RestrictionPolicy: isSettingsChangesAllowedAsUser, userId 0 : true
08-23 19:42:04.742 1452 2579 D SettingsProvider: ret = 1
08-23 19:42:04.746 16783 16783 D ActivityThread: handleBindApplication() -- skipGraphicsSupport=false
08-23 19:42:04.747 16783 16783 D ActivityThread: ActivityThread::handleMakeApplication() data=AppBindData{appInfo=ApplicationInfo{f9fc0aa com.android.bluetooth}} appContext=android.app.ContextImpl@135049b appContext.mOpPackageName=com.android.bluetooth appContext.mBasePackageName=com.android.bluetooth appContext.mPackageInfo=android.app.LoadedApk@5dc6038 data.restrictedBackupMode= false data.providers= [ContentProviderInfo{name=com.samsung.bt.btservice.backup className=com.samsung.android.scloud.oem.lib.ClientProvider}, ContentProviderInfo{name=com.android.bluetooth.map.MmsFileProvider className=com.android.bluetooth.map.MmsFileProvider}, ContentProviderInfo{name=com.android.bluetooth.opp className=com.android.bluetooth.opp.BluetoothOppProvider}, ContentProviderInfo{name=com.samsung.bt.btservice className=com.samsung.bt.btservice.AdapterProvider}, ContentProviderInfo{name=com.samsung.ble.LeDbProvider className=com.samsung.ble.LeDbProvider}, ContentProviderInfo{name=com.samsung.downloadabledb.BluetoothDownloadableDbProvider className=com.samsung.downloadabledb.BluetoothDownloadableDbProvider}, ContentProviderInfo{name=com.samsung.bt.btservice.btsettingsprovider className=com.samsung.bt.btservice.BluetoothSettingsProvider}] Caller=android.app.ActivityThread.handleBindApplication:7446 android.app.ActivityThread.access$1400:301 android.app.ActivityThread$H.handleMessage:2148 android.os.Handler.dispatchMessage:106 android.os.Looper.loop:246 08-23 19:42:04.749 16783 16783 D LoadedApk: LoadedApk::makeApplication() appContext=android.app.ContextImpl@7763811 appContext.mOpPackageName=com.android.bluetooth appContext.mBasePackageName=com.android.bluetooth appContext.mPackageInfo=android.app.LoadedApk@5dc6038
08-23 19:42:04.838 1452 1949 D ConnectivityService: NetReassign [no changes]
08-23 19:42:04.940 1452 3500 I GenerationRegistry: mBackingStore.isClosed() : false
08-23 19:42:04.983 1452 3500 I ActivityManager: byname cpr=ContentProviderRecord{c307846 u0 com.samsung.android.providers.media/.MediaProvider},0,true
08-23 19:42:05.000 1452 2579 D SamsungAlarmManager: setExact (T:0/F:9/AC:false) 20210823T194504 now=8566077 - CU:5009/CP:16671/OP:PendingIntent{2a85d32: PendingIntentRecord{4c11a83 com.samsung.android.scloud broadcastIntent}}
08-23 19:42:05.000 1452 2579 I SamsungAlarmManager: setLocked to kernel - T:2 / 20210823T194504, set=8746071, now=8566077
08-23 19:42:05.002 1452 2579 I SamsungAlarmManager: setLocked to kernel - T:3 / 20210823T194215, set=8576197, now=8566078
08-23 19:42:05.050 1452 3500 I GenerationRegistry: mBackingStore.isClosed() : false
08-23 19:42:05.113 16804 16804 D ActivityThread: handleBindApplication() -- skipGraphicsSupport=false
08-23 19:42:05.114 16804 16804 D ActivityThread: ActivityThread::handleMakeApplication() data=AppBindData{appInfo=ApplicationInfo{f9fc0aa com.osp.app.signin}} appContext=android.app.ContextImpl@135049b appContext.mOpPackageName=com.osp.app.signin appContext.mBasePackageName=com.osp.app.signin appContext.mPackageInfo=android.app.LoadedApk@5dc6038 data.restrictedBackupMode= false data.providers= [ContentProviderInfo{name=com.osp.app.signin.firebaseinitprovider className=com.google.firebase.provider.FirebaseInitProvider}, ContentProviderInfo{name=com.samsung.android.samsungaccount.accountmanagerprovider className=com.samsung.android.samsungaccount.utils.accounts.AccountManagerProvider}, ContentProviderInfo{name=com.osp.app.signin.CapsuleProvider className=com.samsung.android.sdk.bixby2.provider.CapsuleProvider}, ContentProviderInfo{name=com.msc.openprovider.openContentProvider className=com.samsung.android.samsungaccount.authentication.data.OpenContentProvider}, ContentProviderInfo{name=com.samsung.android.samsungaccount.mobileservice.SamsungAccountCapabilityProvider className=com.samsung.android.samsungaccount.mobileservice.provider.SamsungAccountCapabilityProvider}, ContentProviderInfo{name=com.sec.android.log.773-399-565755 className=com.sec.android.diagmonagent.log.provider.DiagMonProvider}, ContentProviderInfo{name=com.msc.contentprovider.provider.samsungServiceProvider className=com.samsung.android.samsungaccount.authentication.data.SamsungServiceProvider}, ContentProviderInfo{name=com.samsung.android.mobileservice.profileProvider className=com.samsung.android.samsungaccount.profile.data.provider.ProfileProvider}, ContentProviderInfo{name=com.samsung.android.samsungaccount.signaturecheckprovider className=com.samsung.android.samsungaccount.utils.signature.SignatureCheckProvider}, ContentProviderInfo{name=com.osp.contentprovider.ospcontentprovider className=com.samsung.android.samsungaccount.authentication.data.OSPContentProvider}, ContentProviderInfo{name=com.osp.app.signin.workmanager-init className=androidx.work.impl.WorkManagerInitializer}, ContentProviderInfo{name=com.samsung.android.unifiedprofile className=com.samsung.android.samsungaccount.place.db.PlaceProvider}, ContentProviderInfo{name=com.osp.contentprovider.fileprovider className=androidx.core.content.FileProvider}, ContentProviderInfo{name=com.samsung.android.mobileservice.privacyProvider className=com.samsung.android.samsungaccount.profile.data.PrivacyProvider}, ContentProviderInfo{name=com.osp.app.signin.globalsearch.GlobalSearchProvider className=com.samsung.android.samsungaccount.globalsearch.GlobalSearchProvider}] Caller=android.app.ActivityThread.handleBindApplication:7446 android.app.ActivityThread.access$1400:301 android.app.ActivityThread$H.handleMessage:2148 android.os.Handler.dispatchMessage:106 android.os.Looper.loop:246 08-23 19:42:05.116 16804 16804 D LoadedApk: LoadedApk::makeApplication() appContext=android.app.ContextImpl@7763811 appContext.mOpPackageName=com.osp.app.signin appContext.mBasePackageName=com.osp.app.signin appContext.mPackageInfo=android.app.LoadedApk@5dc6038
08-23 19:42:05.123 1452 3500 D SettingsProvider: isChangeAllowed() : name = restore_panel_list
08-23 19:42:05.123 1452 3500 D SettingsProvider: edmUri: content://com.sec.knox.provider/RestrictionPolicy3
08-23 19:42:05.123 1452 3500 D SettingsProvider: projectionArgs: isSettingsChangesAllowed
08-23 19:42:05.123 1452 3500 D SettingsProvider: selectionArgs: false
08-23 19:42:05.123 1452 3500 D SettingsProvider: selectionArgs: 10220
08-23 19:42:05.124 1452 3500 D SecContentProvider: called from com.samsung.android.app.cocktailbarservice
08-23 19:42:05.124 1452 3500 D RestrictionPolicy: isSettingsChangesAllowedAsUser, userId 0 : true
08-23 19:42:05.124 1452 3500 D SettingsProvider: ret = 1
08-23 19:42:05.357 1452 3500 D StorageManagerService: getExternalStorageMountMode: uid=10217 packageName=com.samsung.android.service.peoplestripe
08-23 19:42:05.357 1452 3500 D CompatibilityChangeReporter: Compat change id reported: 135634846; UID 10217; state: DISABLED
08-23 19:42:05.358 1452 1573 D CompatibilityChangeReporter: Compat change id reported: 143937733; UID 10217; state: ENABLED
08-23 19:42:05.386 1452 3500 D SettingsProvider: isChangeAllowed() : name = edge_panel_height
08-23 19:42:05.386 1452 3500 D SettingsProvider: edmUri: content://com.sec.knox.provider/RestrictionPolicy3
08-23 19:42:05.387 1452 3500 D SettingsProvider: projectionArgs: isSettingsChangesAllowed
08-23 19:42:05.387 1452 3500 D SettingsProvider: selectionArgs: false
08-23 19:42:05.387 1452 3500 D SettingsProvider: selectionArgs: 10220
08-23 19:42:05.387 1452 3500 D SecContentProvider: called from com.samsung.android.app.cocktailbarservice
08-23 19:42:05.387 1452 3500 D RestrictionPolicy: isSettingsChangesAllowedAsUser, userId 0 : true
08-23 19:42:05.387 1452 3500 D SettingsProvider: ret = 1
08-23 19:42:05.393 1452 3500 D SettingsProvider: isChangeAllowed() : name = edge_panel_width
08-23 19:42:05.394 1452 3500 D SettingsProvider: edmUri: content://com.sec.knox.provider/RestrictionPolicy3
08-23 19:42:05.394 1452 3500 D SettingsProvider: projectionArgs: isSettingsChangesAllowed
08-23 19:42:05.394 1452 3500 D SettingsProvider: selectionArgs: false
08-23 19:42:05.394 1452 3500 D SettingsProvider: selectionArgs: 10220
08-23 19:42:05.395 1452 3500 D SecContentProvider: called from com.samsung.android.app.cocktailbarservice
08-23 19:42:05.395 1452 3500 D RestrictionPolicy: isSettingsChangesAllowedAsUser, userId 0 : true
08-23 19:42:05.395 1452 3500 D SettingsProvider: ret = 1
08-23 19:42:05.395 1452 1573 I ActivityManager: Start proc 16904:com.samsung.android.service.peoplestripe/u0a217 for broadcast {com.samsung.android.service.peoplestripe/com.samsung.android.service.peoplestripe.PeopleStripeReceiver}
08-23 19:42:05.399 1452 3500 D SettingsProvider: isChangeAllowed() : name = edge_handle_size_percent
08-23 19:42:05.399 1452 3500 D SettingsProvider: edmUri: content://com.sec.knox.provider/RestrictionPolicy3
08-23 19:42:05.399 1452 3500 D SettingsProvider: projectionArgs: isSettingsChangesAllowed
08-23 19:42:05.399 1452 3500 D SettingsProvider: selectionArgs: false
08-23 19:42:05.399 1452 3500 D SettingsProvider: selectionArgs: 10220
08-23 19:42:05.400 1452 3500 D SecContentProvider: called from com.samsung.android.app.cocktailbarservice
08-23 19:42:05.400 1452 3500 D RestrictionPolicy: isSettingsChangesAllowedAsUser, userId 0 : true
08-23 19:42:05.400 1452 3500 D SettingsProvider: ret = 1
08-23 19:42:05.434 1452 2228 D SettingsProvider: isChangeAllowed() : name = bluetooth_btsnoop_default_mode
08-23 19:42:05.435 1452 3500 I GenerationRegistry: mBackingStore.isClosed() : false
08-23 19:42:05.435 1452 2228 D SettingsProvider: edmUri: content://com.sec.knox.provider/RestrictionPolicy3
08-23 19:42:05.436 1452 2228 D SettingsProvider: projectionArgs: isSettingsChangesAllowed
08-23 19:42:05.436 1452 2228 D SettingsProvider: selectionArgs: false
08-23 19:42:05.436 1452 2228 D SettingsProvider: selectionArgs: 1002
08-23 19:42:05.436 1452 2228 D SecContentProvider: called from android.uid.bluetooth:1002
08-23 19:42:05.436 1452 2228 D RestrictionPolicy: isSettingsChangesAllowedAsUser, userId 0 : true
08-23 19:42:05.436 1452 2228 D SettingsProvider: ret = 1
08-23 19:42:05.456 1452 1452 D SettingsProvider: isChangeAllowed() : name = bluetooth_name
08-23 19:42:05.507 1452 2579 I ActivityManager: DSS OFF for com.samsung.android.service.peoplestripe
08-23 19:42:05.511 1452 2579 D ActivityManager: attachApplicationLocked() app=ProcessRecord{68f8c5c 16904:com.samsung.android.service.peoplestripe/u0a217} app.isolatedEntryPoint=null instr2=null
08-23 19:42:05.526 16904 16904 D ActivityThread: handleBindApplication()++ app=com.samsung.android.service.peoplestripe
08-23 19:42:05.601 1452 1547 D BluetoothManagerService: Broadcasting onBluetoothServiceUp() to 29 receivers.
08-23 19:42:05.633 1452 2228 I GenerationRegistry: mBackingStore.isClosed() : false
08-23 19:42:05.652 1452 1547 D BluetoothManagerService: Ble Turning On, G state: 0, S state: 0
08-23 19:42:05.691 1452 2579 D StorageManagerService: getExternalStorageMountMode: uid=10117 packageName=com.samsung.android.sm.policy
08-23 19:42:05.692 1452 2579 D CompatibilityChangeReporter: Compat change id reported: 135634846; UID 10117; state: DISABLED
08-23 19:42:05.693 1452 2579 W ActivityManager: wait for provider publish: waiters=1 callerApp=ProcessRecord{2293af3 16783:com.android.bluetooth/1002} cpr=ContentProviderRecord{2b176fa u0 com.samsung.android.sm.policy/com.samsung.android.scpm.db.ScpmProvider}
08-23 19:42:05.693 1452 1573 D CompatibilityChangeReporter: Compat change id reported: 143937733; UID 10117; state: DISABLED
08-23 19:42:05.717 1452 1573 I ActivityManager: Start proc 16951:com.samsung.android.sm.policy/u0a117 for content provider {com.samsung.android.sm.policy/com.samsung.android.scpm.db.ScpmProvider}
08-23 19:42:05.796 1452 1975 I RoleManagerService: Granting default roles...
08-23 19:42:05.797 1452 1975 W Looper : Drained
08-23 19:42:05.807 599 599 I io_stats: !@ 179,0 r 1827915 30344237 w 77332 1333280 d 40744 564552 f 43291 51966 iot 735060 581173 th 51200 51200 41500 pt 1070 inp 18 6 2113.366
08-23 19:42:05.823 1452 4888 I ActivityManager: DSS OFF for com.samsung.android.sm.policy
08-23 19:42:05.832 1452 4888 D ActivityManager: attachApplicationLocked() app=ProcessRecord{b5d1525 16951:com.samsung.android.sm.policy/u0a117} app.isolatedEntryPoint=null instr2=null
08-23 19:42:05.844 1452 1975 D StorageManagerService: getExternalStorageMountMode: uid=10104 packageName=com.google.android.permissioncontroller
08-23 19:42:05.851 1452 1975 D CompatibilityChangeReporter: Compat change id reported: 135634846; UID 10104; state: DISABLED
08-23 19:42:05.851 1452 1573 D CompatibilityChangeReporter: Compat change id reported: 143937733; UID 10104; state: DISABLED
08-23 19:42:05.875 1452 4900 D SettingsProvider: isChangeAllowed() : name = bluetooth_sanitized_exposure_notification_supported
08-23 19:42:05.875 1452 4900 D SettingsProvider: edmUri: content://com.sec.knox.provider/RestrictionPolicy3
08-23 19:42:05.875 1452 4900 D SettingsProvider: projectionArgs: isSettingsChangesAllowed
08-23 19:42:05.875 1452 4900 D SettingsProvider: selectionArgs: false
08-23 19:42:05.875 1452 4900 D SettingsProvider: selectionArgs: 1002
08-23 19:42:05.879 16951 16951 D ActivityThread: handleBindApplication()++ app=com.samsung.android.sm.policy
08-23 19:42:05.880 1452 4900 D SecContentProvider: called from android.uid.bluetooth:1002
08-23 19:42:05.880 1452 4900 D RestrictionPolicy: isSettingsChangesAllowedAsUser, userId 0 : true
08-23 19:42:05.881 1452 4900 D SettingsProvider: ret = 1
08-23 19:42:05.884 1452 4888 I GenerationRegistry: mBackingStore.isClosed() : false
08-23 19:42:05.893 1452 3620 I GenerationRegistry: mBackingStore.isClosed() : false
08-23 19:42:05.908 1452 1452 I Telecom : DefaultDialerCache: Refreshing default dialer for user 0: now com.callapp.contacts: DDC.oR@Agw
08-23 19:42:05.916 1452 1573 W ActivityManager: Slow operation: 73ms so far, now at startProcess: returned from zygote!
08-23 19:42:05.916 1452 1573 W ActivityManager: Slow operation: 74ms so far, now at startProcess: done updating battery stats
08-23 19:42:05.917 1452 1573 W ActivityManager: Slow operation: 74ms so far, now at startProcess: building log message
08-23 19:42:05.917 1452 1573 I ActivityManager: Start proc 16976:com.google.android.permissioncontroller/u0a104 for service {com.google.android.permissioncontroller/com.android.permissioncontroller.role.service.RoleControllerServiceImpl}
08-23 19:42:05.917 1452 1573 W ActivityManager: Slow operation: 74ms so far, now at startProcess: starting to update pids map
08-23 19:42:05.917 1452 1573 W ActivityManager: Slow operation: 74ms so far, now at startProcess: done updating pids map
08-23 19:42:05.965 1452 1452 D StorageManagerService: getExternalStorageMountMode: uid=10091 packageName=com.samsung.android.app.galaxyfinder
08-23 19:42:05.969 1452 1452 D CompatibilityChangeReporter: Compat change id reported: 135634846; UID 10091; state: DISABLED
08-23 19:42:05.970 1452 1573 D CompatibilityChangeReporter: Compat change id reported: 143937733; UID 10091; state: DISABLED
08-23 19:42:05.971 1452 1452 D ActivityManager: Received SERVICE intent 0x9bacb9e Key{startService pkg=com.samsung.android.app.galaxyfinder intent=act=package_changed cmp=com.samsung.android.app.galaxyfinder/.acceleration.AppCoreService flags=0x0 u=0} requestCode=0 from uid 1000
08-23 19:42:06.074 1452 1573 W ActivityManager: Slow operation: 109ms so far, now at startProcess: returned from zygote!
08-23 19:42:06.119 1452 1452 W Looper : Slow dispatch took 114ms main h=com.android.server.media.MediaRouter2ServiceImpl$UserHandler c=com.android.server.media.-$$Lambda$MediaRoute2ProviderWatcher$3cuM1Rvi-5yUvcYL_p9NxdTvpDk@92e3a12 m=0
08-23 19:42:06.134 1452 1545 W Looper : Slow dispatch took 200ms android.fg h=android.os.Handler c=<recycled PooledLambda@eb4911a> m=0
08-23 19:42:06.135 1452 1573 W ActivityManager: Slow operation: 170ms so far, now at startProcess: done updating battery stats
08-23 19:42:06.135 1452 1573 W ActivityManager: Slow operation: 170ms so far, now at startProcess: building log message
08-23 19:42:06.135 1452 1573 I ActivityManager: Start proc 16993:com.samsung.android.app.galaxyfinder:appservice/u0a91 for service {com.samsung.android.app.galaxyfinder/com.samsung.android.app.galaxyfinder.acceleration.AppCoreService}
08-23 19:42:06.135 1452 1573 W ActivityManager: Slow operation: 170ms so far, now at startProcess: starting to update pids map
08-23 19:42:06.135 1452 1573 W ActivityManager: Slow operation: 171ms so far, now at startProcess: done updating pids map
08-23 19:42:06.140 1452 3133 I ActivityManager: DSS OFF for com.google.android.permissioncontroller
08-23 19:42:06.146 1452 3133 D ActivityManager: attachApplicationLocked() app=ProcessRecord{5522f76 16976:com.google.android.permissioncontroller/u0a104} app.isolatedEntryPoint=null instr2=null
08-23 19:42:06.167 1452 2107 I ActivityManager: DSS OFF for com.samsung.android.app.galaxyfinder
08-23 19:42:06.170 16976 16976 D ActivityThread: handleBindApplication()++ app=com.google.android.permissioncontroller
08-23 19:42:06.172 1452 2107 D ActivityManager: attachApplicationLocked() app=ProcessRecord{6836226 16993:com.samsung.android.app.galaxyfinder:appservice/u0a91} app.isolatedEntryPoint=null instr2=null
08-23 19:42:06.181 1452 1975 W Looper : Slow dispatch took 320ms PackageManagerHandlerThread h=android.os.Handler c=<recycled PooledLambda@356a1cd> m=0
08-23 19:42:06.205 16993 16993 D ActivityThread: handleBindApplication()++ app=com.samsung.android.app.galaxyfinder:appservice
08-23 19:42:06.211 1452 1545 W Looper : Slow delivery took 251ms android.fg h=android.os.Handler c=<recycled PooledLambda@5363714> m=0
08-23 19:42:06.212 1452 1545 W Looper : Drained
08-23 19:42:06.246 1452 2228 D StorageManagerService: getExternalStorageMountMode: uid=10055 packageName=com.android.settings.intelligence
08-23 19:42:06.247 1452 2228 D CompatibilityChangeReporter: Compat change id reported: 135634846; UID 10055; state: DISABLED
08-23 19:42:06.248 1452 2228 W ActivityManager: wait for provider publish: waiters=1 callerApp=ProcessRecord{56dd726 16756:com.samsung.android.app.cocktailbarservice/u0a220} cpr=ContentProviderRecord{436270d u0 com.android.settings.intelligence/com.samsung.android.settings.intelligence.search.provider.SettingSearchProvider}
08-23 19:42:06.250 1452 1573 D CompatibilityChangeReporter: Compat change id reported: 143937733; UID 10055; state: ENABLED
08-23 19:42:06.294 1452 1572 W BroadcastQueue: Background execution not allowed: receiving Intent { act=android.intent.action.DROPBOX_ENTRY_ADDED flg=0x10 (has extras) } to com.google.android.gms/.stats.service.DropBoxEntryAddedReceiver
08-23 19:42:06.295 1452 1572 W BroadcastQueue: Background execution not allowed: receiving Intent { act=android.intent.action.DROPBOX_ENTRY_ADDED flg=0x10 (has extras) } to com.google.android.gms/.chimera.GmsIntentOperationService$PersistentTrustedReceiver
08-23 19:42:06.335 1452 1503 I GenerationRegistry: mBackingStore.isClosed() : false
08-23 19:42:06.354 1452 1573 W ActivityManager: Slow operation: 110ms so far, now at startProcess: returned from zygote!
08-23 19:42:06.355 1452 1573 W ActivityManager: Slow operation: 110ms so far, now at startProcess: done updating battery stats
