08-23 19:21:00.884 1452 1549 D EdgeLightingManager: hideForWakeLock packageName=android
08-23 19:21:00.884 1452 1549 D EdgeLightingManager: isCallingUserSupported : callingUserId=0, mUserId=0, isDualAppId=false, isKnoxId=false
08-23 19:21:00.884 1452 1549 D EdgeLightingClientManager: isAvailableEdgeLighting: condition=2 mCondition=1 mIsConnected=false0
08-23 19:21:00.884 1452 1549 D EdgeLightingManager: hideForWakeLockInternal : return false by isAvailableEdgeLighting.
08-23 19:21:00.885 1452 1549 D PowerManagerService: [api] applyWakeLockFlagsOnReleaseLocked : userActivityNoUpdateLocked is called : SCREEN_BRIGHT_WAKE_LOCK 'WindowManager' ON_AFTER_RELEASE (uid=1000 pid=1452 pkg=android ws=WorkSource{1000})
08-23 19:21:01.028 1452 6166 D ConnectivityService: Connectivity-MDO: 10193 is true
08-23 19:21:01.029 1452 6166 D ConnectivityService: Connectivity-MDO change default network for 10193, type: mdo
08-23 19:21:01.684 599 599 I io_stats: !@ 179,0 r 1789906 29651365 w 74273 1285072 d 39032 544812 f 41109 49407 iot 710780 560064 th 51200 51200 41500 pt 1070 inp 0 0 1938.019
08-23 19:21:02.038 1452 1548 W WindowManager: Unable to start animation, surface is null or no children.
08-23 19:21:03.697 599 599 I io_stats: !@ 179,0 r 1789915 29651401 w 74278 1285100 d 39032 544812 f 41111 49411 iot 710790 560083 th 51200 51200 41500 pt 1070 inp 0 0 1940.033
08-23 19:21:05.711 599 599 I io_stats: !@ 179,0 r 1789915 29651401 w 74284 1285140 d 39032 544812 f 41111 49411 iot 710790 560090 th 51200 51200 41500 pt 1070 inp 0 0 1942.047
08-23 19:21:05.888 1452 1590 D PowerManagerService: UserActivityState : 1 -> 4
08-23 19:21:05.888 1452 1590 I PowerManagerService: Nap time (uid 1000)...
08-23 19:21:05.894 1452 1452 D IbsQuickDim: BroadcastReceiver flag = 3
08-23 19:21:05.894 1452 1452 I MdnieScenarioControlService: action : com.samsung.server.PowerManagerService.action.USER_ACTIVITY
08-23 19:21:05.896 1452 1590 D PowerManagerService: handleSandman : startDreaming: false (canDreamLocked: false canDozeLocked: false)
08-23 19:21:05.897 1452 1590 I PowerManagerService: !@Screen__Off - 9 : dream(timeout) (2)
08-23 19:21:05.898 1452 1590 I PowerManagerService: Going to sleep due to timeout (uid 1000)...
08-23 19:21:05.927 1452 1590 D PowerManagerService: mDisplayReady: false
08-23 19:21:05.927 1452 1590 D PowerManagerService: mDisplayReady: false
08-23 19:21:05.927 1452 1590 D PowerManagerService: Setting HAL interactive mode to false
08-23 19:21:05.932 1452 1452 I AppOps : updateUidProcState uid: 10067 procState: 5 capability:7
08-23 19:21:05.933 1452 1590 I PowerManagerService: [PWL] Off : 0s ago
08-23 19:21:05.934 1452 1590 I PowerManagerService: [PWL] PowerManagerService.WakeLocks: ref count=1
08-23 19:21:05.935 1452 1590 I PowerManagerService: [PWL] mWakeLockSummary : 0x1
08-23 19:21:05.935 1452 1590 I PowerManagerService: [PWL] PARTIAL_WAKE_LOCK '*telephony-radio*' ACQ=-30s214ms (uid=1001 pid=2050 pkg=com.android.phone ws=WorkSource{1001 com.android.phone})
08-23 19:21:05.936 1452 1590 I PowerManagerService: [PWL] PowerManagerService.Display: ref count=1
08-23 19:21:05.936 1452 1590 I PowerManagerService: [PWL] mUserActivitySummary : 0x4
08-23 19:21:05.936 1452 1590 I PowerManagerService: [PWL] mDisplayReady : false
08-23 19:21:05.945 1452 1590 D DisplayPowerController: animateScreenStateChange: target=1, targetInternal=1, dualScreenPolicy=-1
08-23 19:21:05.949 1452 1452 I WindowManager: Started going to sleep... (why=OFF_BECAUSE_OF_TIMEOUT)
08-23 19:21:05.993 1452 1908 D SamsungAlarmManager: Expired : 8
08-23 19:21:05.993 1452 1908 V SamsungAlarmManager: Sending to uid : 10193 action=com.whatsapp.alarm.CLIENT_PING_PERIODIC alarm=Alarm{9e2b3d5 type 3 when 7307070 com.whatsapp}
08-23 19:21:05.997 1452 1908 D ActivityManager: Received BROADCAST intent 0x6834d Key{broadcastIntent pkg=com.whatsapp intent=act=com.whatsapp.alarm.CLIENT_PING_PERIODIC pkg=com.whatsapp flags=0x0 u=0} requestCode=0 sent=0 from uid 1000
08-23 19:21:06.002 1452 1908 I SamsungAlarmManager: setLocked to kernel - T:2 / 20210823T192106, set=7307906, now=7307078
08-23 19:21:06.007 1452 6166 D SamsungAlarmManager: Cancel Alarm calling from uid:10193 pid :15596 / OP:PendingIntent{8cffadb: PendingIntentRecord{6834d com.whatsapp broadcastIntent}}
08-23 19:21:06.015 1452 6166 D SamsungAlarmManager: setExact (T:2/F:5/AC:false) 20210823T192138 now=7307092 - CU:10193/CP:15596/OP:PendingIntent{f5eb978: PendingIntentRecord{2a7b851 com.whatsapp broadcastIntent}}
08-23 19:21:06.015 1452 6166 I SamsungAlarmManager: setLocked to kernel - T:2 / 20210823T192106, set=7307906, now=7307092
08-23 19:21:06.023 1452 1590 D DisplayPowerController: ColorFade: onAnimationStart
08-23 19:21:06.164 1452 1590 D DisplayPowerState: !@ ColorFade entry
08-23 19:21:06.164 1452 1590 D PowerManagerService: [input device light] onColorFadeExit(false)
08-23 19:21:06.165 1452 1590 D DisplayPowerController: ColorFade: onAnimationEnd
08-23 19:21:06.169 1452 1590 D DisplayPowerController: animateScreenStateChange: target=1, targetInternal=1, dualScreenPolicy=-1
08-23 19:21:06.171 1452 1590 I DisplayPowerController: Blocking screen off
08-23 19:21:06.171 1452 1590 D DisplayPowerController: mWindowManagerPolicy.screenTurningOff()
08-23 19:21:06.196 1452 4888 D SamsungAlarmManager: Cancel Alarm calling from uid:10193 pid :15596 / OP:PendingIntent{4c969b7: PendingIntentRecord{2a7b851 com.whatsapp broadcastIntent}}
08-23 19:21:06.198 1452 4888 I SamsungAlarmManager: setLocked to kernel - T:2 / 20210823T192106, set=7307906, now=7307274
08-23 19:21:06.203 1452 6166 D SamsungAlarmManager: setInexact (T:3/F:0/AC:false) 20210823T192506 now=7307279 - CU:10193/CP:15596/OP:PendingIntent{281f524: PendingIntentRecord{7de888d com.whatsapp broadcastIntent}}
08-23 19:21:06.203 1452 6166 I SamsungAlarmManager: setLocked to kernel - T:2 / 20210823T192106, set=7307906, now=7307279
08-23 19:21:06.213 1452 1590 I DisplayPowerController: Unblocked screen off after 42 ms
08-23 19:21:06.214 1452 1548 D DisplayPowerController: [api] WindowManagerPolicy.ScreenOffListener : called onScreenOff()
08-23 19:21:06.216 1452 1590 D DisplayPowerController: mWindowManagerPolicy.screenTurnedOff()
08-23 19:21:06.216 1452 1590 I WindowManager: Screen turned off...
08-23 19:21:06.223 1452 1581 D BatteryExternalStatsWorker: update stats
08-23 19:21:06.223 1452 1581 D BatteryExternalStatsWorker: WifiActivityEnergyInfo was updated
08-23 19:21:06.223 1452 1581 D BatteryExternalStatsWorker: BluetoothActivityEnergyInfo was updated
08-23 19:21:06.223 1452 1581 D BatteryExternalStatsWorker: ModemActivityEnergyInfo was updated
08-23 19:21:06.237 1452 1590 D DisplayPowerController: getFinalBrightness : Summary is 0 (0.00) -> 0 (0.00)
08-23 19:21:06.239 1452 1590 D DisplayPowerController: Animating brightness: target= 0 (0.00), rate=0.0 (PSM:, AB limit:( 0 (-1.00) ~ 0 (-1.00)) MB Limit:( -1 (NaN) ~ -1 (NaN)), sf=1.0
08-23 19:21:06.244 1452 1590 V DisplayPowerController: Brightness [ 0 (0.00)] reason changing to: 'screen_off', previous reason: 'manual'.
08-23 19:21:06.245 1452 1590 D DisplayPowerController: animateScreenStateChange: target=1, targetInternal=1, dualScreenPolicy=-1
08-23 19:21:06.245 1452 2030 D DisplayManagerService: !@display_state internal: ON -> OFF
08-23 19:21:06.246 1452 1590 D DisplayPowerController: getFinalBrightness : Summary is 0 (0.00) -> 0 (0.00)
08-23 19:21:06.246 1452 1590 D DisplayPowerController: Animating brightness: target= 0 (0.00), rate=0.0 (PSM:, AB limit:( 0 (-1.00) ~ 0 (-1.00)) MB Limit:( -1 (NaN) ~ -1 (NaN)), sf=1.0
08-23 19:21:06.247 1452 2030 D LocalDisplayAdapter: !@ display_state: ON -> OFF (id:0)
08-23 19:21:06.252 1452 1548 I DisplayManagerService: Display device changed state: "Pantalla integrada", OFF
08-23 19:21:06.299 1452 1581 E KernelCpuSpeedReader: Failed to read cpu-freq: /sys/devices/system/cpu/cpu0/cpufreq/stats/time_in_state: open failed: ENOENT (No such file or directory)
08-23 19:21:06.320 1452 1452 D GameManagerService: onDisplayChanged. displyId: 0, state: 1
08-23 19:21:06.321 1452 1581 D BatteryExternalStatsWorker: done updateExternalStatsLocked
08-23 19:21:06.322 1452 1581 D KernelCpuUidUserSysTimeReader: Removing uids 99034-99034
08-23 19:21:06.322 1452 1923 D GameManagerService: onLooperPrepared(), msg: MSG_LCD_OFF
08-23 19:21:06.322 1452 1923 D GameManagerService: sendFocusOutConditionally() - mPrevNotiPackage: KILL_YOURSELF
08-23 19:21:06.371 1452 2574 D BatteryService: Sending ACTION_BATTERY_CHANGED. scale:100, info:{.chargerAcOnline = false, .chargerUsbOnline = false, .chargerWirelessOnline = false, .maxChargingCurrent = 0, .maxChargingVoltage = 0, .batteryStatus = DISCHARGING, .batteryHealth = GOOD, .batteryPresent = true, .batteryLevel = 4, .batteryVoltage = 3566, .batteryTemperature = 354, .batteryCurrent = -376739, .batteryCycleCount = 305, .batteryFullCharge = 2983000, .batteryChargeCounter = 153020, .batteryTechnology = Li-ion}
08-23 19:21:06.372 1452 2574 D BatteryService: online:1, current avg:-376739, charge type:0, POGO powered:false, power sharing:false, high voltage charger:false, charger_type:0, capacity:280000, misc_event:0x0, current_event:0x0, current_now:-376739
08-23 19:21:06.396 2086 2086 I PowerUI : BATTERY_HEALTH_CHECK extraHealth=2 mBatteryMiscEvent=0
08-23 19:21:06.409 1452 6166 D BatteryStatsImpl: This device is not supported own charge time.
08-23 19:21:06.478 1452 2030 D PowerManagerUtil: !@ display_state: OFF: took 232 ms
08-23 19:21:06.479 1452 2030 D DisplayPowerController: setActualDisplayState: ON -> OFF
08-23 19:21:06.479 1452 1590 D DisplayPowerController: animateScreenStateChange: target=1, targetInternal=1, dualScreenPolicy=-1
08-23 19:21:06.480 1452 1590 D DisplayPowerController: getFinalBrightness : Summary is 0 (0.00) -> 0 (0.00)
08-23 19:21:06.481 1452 1590 D DisplayPowerController: Animating brightness: target= 0 (0.00), rate=0.0 (PSM:, AB limit:( 0 (-1.00) ~ 0 (-1.00)) MB Limit:( -1 (NaN) ~ -1 (NaN)), sf=1.0
08-23 19:21:06.481 1452 1590 D DisplayPowerController: animateScreenStateChange: target=1, targetInternal=1, dualScreenPolicy=-1
08-23 19:21:06.482 1452 1590 D DisplayPowerController: getFinalBrightness : Summary is 0 (0.00) -> 0 (0.00)
08-23 19:21:06.483 1452 1590 D DisplayPowerController: Animating brightness: target= 0 (0.00), rate=0.0 (PSM:, AB limit:( 0 (-1.00) ~ 0 (-1.00)) MB Limit:( -1 (NaN) ~ -1 (NaN)), sf=1.0
08-23 19:21:06.483 1452 1590 D PowerManagerService: DisplayPowerCallbacks : onStateChanged()
08-23 19:21:06.484 1452 1590 D PowerManagerService: mDisplayReady: true
08-23 19:21:06.484 1452 1590 D PowerManagerService: mDisplayReady: true
08-23 19:21:06.484 1452 1590 D PowerManagerService: handleSandman : startDreaming: true (canDreamLocked: false canDozeLocked: true)
08-23 19:21:06.486 1452 1590 D PowerManagerService: handleSandman : startDream(true)
08-23 19:21:06.488 1452 1590 I DreamManagerService: Entering dreamland.
08-23 19:21:06.490 1452 1590 I PowerManagerService: Dozing...
08-23 19:21:06.492 1452 1545 I DreamController: Starting dream: name=ComponentInfo{com.android.systemui/com.android.systemui.doze.DozeService}, isTest=false, canDoze=true, userId=0
08-23 19:21:06.497 1452 1452 V InputMethodManagerService: Hide switching menu
08-23 19:21:06.550 1452 6166 D StatusBarManagerService: notifyRequestedSystemKey recent=false home=false
08-23 19:21:06.551 1452 1590 D PowerManagerService: [api] DreamReceiver: onReceive: android.intent.action.DREAMING_STARTED
08-23 19:21:06.558 1452 1452 D SamsungAlarmManager: setInexact (T:2/F:8/AC:false) 20210823T203206 now=7307635 - CU:1000/CP:1452/L:3d22ea7:JS idleness
08-23 19:21:06.558 1452 1452 I SamsungAlarmManager: setLocked to kernel - T:2 / 20210823T192106, set=7307906, now=7307635
08-23 19:21:06.560 1452 4885 D PowerManagerService: [PWL] sb release: PowerManagerService.Display
08-23 19:21:06.561 1452 2259 W CocktailBarStatePolicyController: updateWindowType: current window type is requested window type(1)
08-23 19:21:06.562 1452 6166 D SamsungAlarmManager: setInexact (T:3/F:0/AC:false) 20210823T193606 now=7307638 - CU:10164/CP:2781/OP:PendingIntent{6deef54: PendingIntentRecord{8cfaefd com.google.android.gms/com.google.android.gms.gcm broadcastIntent}}
08-23 19:21:06.562 1452 6166 I SamsungAlarmManager: setLocked to kernel - T:2 / 20210823T192106, set=7307906, now=7307638
08-23 19:21:06.581 1452 6166 I CocktailPolicyManager: findMatchedPolicy: find policy = 1
08-23 19:21:06.586 1452 2259 D StatusBarManagerService: notifyRequestedSystemKey recent=false home=false
08-23 19:21:06.586 1452 2259 W CocktailBarStatePolicyController: updateWindowType: current window type is requested window type(1)
08-23 19:21:06.610 1452 2259 D ActivityTaskManager: setLockScreenShown(true,true) is called from 0
08-23 19:21:06.618 1452 1548 V UsbDeviceManager: onKeyguardStateChanged: isShowing:true secure:false user:0
08-23 19:21:06.623 1452 1926 D StorageManagerService: handleMessage -> H_KEYGUARD_CHANGED isShowing=false
08-23 19:21:06.630 1452 6166 E WindowManager: win=Window{4681548 u0 com.samsung.android.app.cocktailbarservice/com.samsung.android.app.cocktailbarservice.CocktailBarService} destroySurfaces: appStopped=true win.mWindowRemovalAllowed=false win.mRemoveOnExit=false win.mViewVisibility=8 caller=com.android.server.wm.WindowManagerService.tryStartExitingAnimation:2917 com.android.server.wm.WindowManagerService.relayoutWindow:2624 com.android.server.wm.Session.relayout:219 android.view.IWindowSession$Stub.onTransact:871 com.android.server.wm.Session.onTransact:145 android.os.Binder.execTransactInternal:1190 android.os.Binder.execTransact:1159 08-23 19:21:06.631 1452 6166 I WindowManager: Destroying surface Surface(name=com.samsung.android.app.cocktailbarservice/com.samsung.android.app.cocktailbarservice.CocktailBarService$_6787)/@0x31c131e called by com.android.server.wm.WindowStateAnimator.destroySurface:1794 com.android.server.wm.WindowStateAnimator.destroySurfaceLocked:765 com.android.server.wm.WindowState.destroySurfaceUnchecked:3918 com.android.server.wm.WindowState.destroySurface:3892 com.android.server.wm.WindowManagerService.tryStartExitingAnimation:2917 com.android.server.wm.WindowManagerService.relayoutWindow:2624 com.android.server.wm.Session.relayout:219 android.view.IWindowSession$Stub.onTransact:871 08-23 19:21:06.653 1452 6166 W CocktailBarStatePolicyController: updateWindowType: current window type is requested window type(1)
08-23 19:21:06.829 1452 1908 D SamsungAlarmManager: Expired : 4
08-23 19:21:06.831 1452 1908 V SamsungAlarmManager: Sending to uid : 10164 action=com.google.android.gms.gcm.HEARTBEAT_ALARM alarm=Alarm{9232cec type 2 when 7307906 com.google.android.gms}
08-23 19:21:06.833 1452 1908 D ActivityManager: Received BROADCAST intent 0x76713dc Key{broadcastIntent pkg=com.google.android.gms/com.google.android.gms.gcm intent=act=com.google.android.gms.gcm.HEARTBEAT_ALARM flags=0x4000000 u=0} requestCode=0 sent=0 from uid 1000
08-23 19:21:06.848 1452 1908 I SamsungAlarmManager: setLocked to kernel - T:2 / 20210823T192208, set=7369347, now=7307925
08-23 19:21:06.848 1452 1908 I SamsungAlarmManager: setLocked to kernel - T:3 / 20210823T192119, set=7320782, now=7307925
08-23 19:21:06.848 1452 1546 D PowerManagerService: [api] setDeviceIdleTempWhitelist: appids: [0]10081 [1]10164 (uid: 1000 pid: 1452)
08-23 19:21:06.857 1452 2259 D PowerManagerService: [api] setDozeOverrideFromDreamManager: screenState: OFF mode: 0x0 screenBrightness: -1 shouldWait: false
08-23 19:21:06.857 1452 2259 D PowerManagerService: [api] acquire WakeLock DOZE_WAKE_LOCK 'DreamManagerService' (uid=1000 pid=1452 pkg=android)
08-23 19:21:06.858 1452 1590 D DisplayPowerController: animateScreenStateChange: target=1, targetInternal=1, dualScreenPolicy=-1
08-23 19:21:06.859 1452 1590 D DisplayPowerController: getFinalBrightness : Summary is 0 (0.00) -> 0 (0.00)
08-23 19:21:06.859 1452 1590 D DisplayPowerController: Animating brightness: target= 0 (0.00), rate=0.0 (PSM:, AB limit:( 0 (-1.00) ~ 0 (-1.00)) MB Limit:( -1 (NaN) ~ -1 (NaN)), sf=1.0
08-23 19:21:06.860 1452 1590 D PowerManagerService: [PWL] sb acquire: PowerManagerService.Display
08-23 19:21:06.861 1452 2259 D PowerManagerService: mDisplayReady: false
08-23 19:21:06.861 1452 4888 D SamsungAlarmManager: Cancel Alarm calling from uid:10164 pid :2781 / OP:PendingIntent{339634a: PendingIntentRecord{76713dc com.google.android.gms/com.google.android.gms.gcm broadcastIntent}}
08-23 19:21:06.862 1452 2259 D PowerManagerService: mDisplayReady: false
08-23 19:21:06.863 1452 1590 D PowerManagerService: DisplayPowerCallbacks : onStateChanged()
08-23 19:21:06.863 1452 1590 D PowerManagerService: mDisplayReady: true
08-23 19:21:06.863 1452 1590 D PowerManagerService: mDisplayReady: true
08-23 19:21:06.864 1452 1590 D PowerManagerService: [PWL] sb acquire: PowerManagerService.Broadcasts
08-23 19:21:06.866 1452 1452 I WindowManager: Finished going to sleep... (why=OFF_BECAUSE_OF_TIMEOUT)
08-23 19:21:06.867 1452 1590 D PowerManagerService: [PWL] sb release: PowerManagerService.Display
08-23 19:21:06.870 1452 6166 D SamsungAlarmManager: setExact (T:2/F:5/AC:false) 20210823T192206 now=7307947 - CU:10164/CP:2781/OP:PendingIntent{ea3b331: PendingIntentRecord{76713dc com.google.android.gms/com.google.android.gms.gcm broadcastIntent}}
08-23 19:21:06.870 1452 6166 I SamsungAlarmManager: setLocked to kernel - T:2 / 20210823T192206, set=7367944, now=7307947
08-23 19:21:06.871 1452 6166 I SamsungAlarmManager: setLocked to kernel - T:3 / 20210823T192119, set=7320782, now=7307947
08-23 19:21:06.896 1452 1452 D SamsungAlarmManager: setExact (T:0/F:9/AC:false) 20210823T192111 now=7307972 - CU:1000/CP:1452/OP:PendingIntent{ee7248b: PendingIntentRecord{40f1968 android broadcastIntent}}
08-23 19:21:06.896 1452 1452 I SamsungAlarmManager: setLocked to kernel - T:2 / 20210823T192111, set=7312972, now=7307972
08-23 19:21:06.905 1452 1452 D VibratorService: Turning vibrator off.
08-23 19:21:06.906 1452 1452 D VibratorService: Turning vibrator off
08-23 19:21:06.918 1452 6166 D WindowManager: finishDrawingWindow: Window{ac03e0c u0 NotificationShade} mDrawState=HAS_DRAWN
08-23 19:21:06.951 1452 6166 D SamsungAlarmManager: Cancel Alarm calling from uid:10164 pid :2781 / OP:PendingIntent{5ce0f97: PendingIntentRecord{76713dc com.google.android.gms/com.google.android.gms.gcm broadcastIntent}}
08-23 19:21:06.953 1452 6166 I SamsungAlarmManager: setLocked to kernel - T:2 / 20210823T192111, set=7312971, now=7308029
08-23 19:21:06.957 1452 6166 D SamsungAlarmManager: setExact (T:2/F:5/AC:false) 20210823T192556 now=7308034 - CU:10164/CP:2781/OP:PendingIntent{746d584: PendingIntentRecord{76713dc com.google.android.gms/com.google.android.gms.gcm broadcastIntent}}
08-23 19:21:06.958 1452 6166 I SamsungAlarmManager: setLocked to kernel - T:2 / 20210823T192111, set=7312971, now=7308034
08-23 19:21:06.984 1452 1452 D IbsQuickDim: screen off 08-23 19:21:06.989 1452 1452 I SamsungAlarmManager: setLocked to kernel - T:2 / 20210823T192111, set=7312972, now=7308065
08-23 19:21:06.989 1452 1452 D SamsungAlarmManager: setInexact (T:2/F:8/AC:false) 20210823T203206 now=7308065 - CU:1000/CP:1452/L:3d22ea7:JS idleness
08-23 19:21:06.989 1452 1452 I SamsungAlarmManager: setLocked to kernel - T:2 / 20210823T192111, set=7312972, now=7308066
08-23 19:21:07.027 1452 1452 D SamsungAlarmManager: setInexact (T:2/F:8/AC:false) 20210823T195107 now=7308103 - CU:1000/CP:1452/L:1e311a2:DeviceIdleController.deep
08-23 19:21:07.027 1452 1452 I SamsungAlarmManager: setLocked to kernel - T:2 / 20210823T192111, set=7312972, now=7308104
08-23 19:21:07.028 1452 1452 D SamsungAlarmManager: setInexact (T:2/F:8/AC:false) 20210823T192207 now=7308104 - CU:1000/CP:1452/L:25a0e33:DeviceIdleController.light
08-23 19:21:07.028 1452 1452 I SamsungAlarmManager: setLocked to kernel - T:2 / 20210823T192111, set=7312972, now=7308104
08-23 19:21:07.046 1452 1452 I MdnieScenarioControlService: action : android.intent.action.SCREEN_OFF
08-23 19:21:07.051 1452 1452 I AdaptiveDisplaySolutionService: action : android.intent.action.SCREEN_OFF
08-23 19:21:07.069 1452 2260 D SamsungAlarmManager: Cancel Alarm calling from uid:1000 pid :1452 / L:43c6b2f
08-23 19:21:07.071 1452 2260 I SamsungAlarmManager: setLocked to kernel - T:2 / 20210823T192111, set=7312972, now=7308147
08-23 19:21:07.222 1452 2259 D StatusBarManagerService: notifyRequestedSystemKey recent=false home=false
08-23 19:21:07.224 1452 6166 W CocktailBarStatePolicyController: updateWindowType: current window type is requested window type(1)
08-23 19:21:07.377 1452 1452 D PowerManagerService: [PWL] sb release: PowerManagerService.Broadcasts
08-23 19:21:07.519 1452 2984 D SettingsProvider: isChangeAllowed() : name = wifi_client_smart_tethering_settings
08-23 19:21:07.724 599 599 I io_stats: !@ 179,0 r 1792567 29677417 w 74296 1285200 d 39032 544812 f 41114 49417 iot 711710 560760 th 51200 51200 41500 pt 1070 inp 0 0 1944.060
08-23 19:21:08.676 2085 2085 I wpa_supplicant: Heartbeat 191
08-23 19:21:09.738 599 599 I io_stats: !@ 179,0 r 1792760 29679689 w 74334 1285440 d 39032 544812 f 41116 49421 iot 711820 560841 th 51200 51200 41500 pt 1070 inp 0 0 1946.074
08-23 19:21:10.936 1452 1572 I AppOps : commitUidPendingStateLocked() :: UID - 10067, 100 > 500, 7 > 7
08-23 19:21:10.940 1452 1590 I PowerManagerService: [PWL] Off : 5s ago
08-23 19:21:10.941 1452 1590 I PowerManagerService: [PWL] PowerManagerService.WakeLocks: ref count=1
08-23 19:21:10.941 1452 1590 I PowerManagerService: [PWL] mWakeLockSummary : 0x41
08-23 19:21:10.942 1452 1590 I PowerManagerService: [PWL] PARTIAL_WAKE_LOCK '*telephony-radio*' ACQ=-35s221ms (uid=1001 pid=2050 pkg=com.android.phone ws=WorkSource{1001 com.android.phone})
08-23 19:21:11.594 1452 1452 W WindowManager: removeWindowToken: Attempted to remove non-existing token: android.os.Binder@6bbfd3d
08-23 19:21:11.752 599 599 I io_stats: !@ 179,0 r 1792769 29679769 w 74336 1285452 d 39032 544812 f 41117 49423 iot 711830 560853 th 51200 51200 41500 pt 1070 inp 0 0 1948.088
08-23 19:21:11.895 1452 1908 D SamsungAlarmManager: Expired : 4
08-23 19:21:11.896 1452 1908 V SamsungAlarmManager: Sending to uid : 1000 action=FIRST_ALARM_TRIGGER_ACTION alarm=Alarm{f906308 type 0 when 1629764471895 android}
08-23 19:21:11.898 1452 1908 D ActivityManager: Received BROADCAST intent 0x40f1968 Key{broadcastIntent pkg=android intent=act=FIRST_ALARM_TRIGGER_ACTION flg=0x40000000 pkg=android flags=0x0 u=0} requestCode=0 sent=0 from uid 1000
08-23 19:21:11.898 1452 1452 D MARsTrigger: mPolicyIntentReceiver broadcast received action : FIRST_ALARM_TRIGGER_ACTION
08-23 19:21:11.899 1452 1908 I SamsungAlarmManager: setLocked to kernel - T:2 / 20210823T192208, set=7369347, now=7312976
08-23 19:21:11.899 1452 1908 I SamsungAlarmManager: setLocked to kernel - T:3 / 20210823T192159, set=7361076, now=7312976
08-23 19:21:11.906 1452 1586 D MARsPolicyManager: triggerAction called!
08-23 19:21:11.923 1452 1586 D MARs:TopPackageFilter: filtering was skipped by screen off! com.whatsapp(0)
08-23 19:21:11.928 1452 1586 D MARs:TopPackageFilter: filtering was skipped by screen off! com.android.vending(0)
08-23 19:21:11.930 1452 1586 D MARs:TopPackageFilter: filtering was skipped by screen off! com.opera.max.oem(0)
08-23 19:21:13.413 1452 2260 D SamsungAlarmManager: Cancel Alarm calling from uid:1000 pid :1452 / L:a39ef3e
08-23 19:21:13.416 1452 2260 I SamsungAlarmManager: setLocked to kernel - T:2 / 20210823T192208, set=7369347, now=7314493
08-23 19:21:13.416 1452 2260 I SamsungAlarmManager: setLocked to kernel - T:3 / 20210823T192159, set=7361076, now=7314493
08-23 19:21:13.765 599 599 I io_stats: !@ 179,0 r 1792788 29679933 w 74336 1285452 d 39032 544812 f 41117 49423 iot 711840 560871 th 51200 51200 41500 pt 1070 inp 0 0 1950.101
08-23 19:21:15.779 599 599 I io_stats: !@ 179,0 r 1792788 29679933 w 74342 1285476 d 39032 544812 f 41117 49423 iot 711850 560879 th 51200 51200 41500 pt 1070 inp 0 0 1952.115
08-23 19:21:16.877 1452 1571 D PowerManagerService: [api] setDeviceIdleTempWhitelist: appids: [0]10081 (uid: 1000 pid: 1452)
08-23 19:21:17.792 599 599 I io_stats: !@ 179,0 r 1792989 29683865 w 74354 1285536 d 39032 544812 f 41120 49429 iot 711970 560964 th 51200 51200 41500 pt 1070 inp 0 0 1954.128
08-23 19:21:28.680 1452 1908 D SamsungAlarmManager: Expired : 65536
08-23 19:21:28.680 1452 1908 I SamsungAlarmManager: setLocked to kernel - T:2 / 20210823T192208, set=7369347, now=7329756
08-23 19:21:28.680 1452 1908 I SamsungAlarmManager: setLocked to kernel - T:3 / 20210823T192159, set=7361076, now=7329757
08-23 19:21:28.804 2085 2085 I wpa_supplicant: Heartbeat 192
08-23 19:21:42.696 1452 1908 D SamsungAlarmManager: Expired : 65536
08-23 19:21:42.696 1452 1908 I SamsungAlarmManager: setLocked to kernel - T:2 / 20210823T192208, set=7369347, now=7343773
08-23 19:21:42.698 1452 1908 I SamsungAlarmManager: setLocked to kernel - T:3 / 20210823T192200, set=7361076, now=7343774
08-23 19:22:07.111 1452 1581 D BatteryExternalStatsWorker: update stats
08-23 19:22:07.111 1452 1581 D BatteryExternalStatsWorker: WifiActivityEnergyInfo was updated
08-23 19:22:07.111 1452 1581 D BatteryExternalStatsWorker: BluetoothActivityEnergyInfo was updated
08-23 19:22:07.111 1452 1581 D BatteryExternalStatsWorker: ModemActivityEnergyInfo was updated
08-23 19:22:07.116 1452 1908 D SamsungAlarmManager: Expired : 65544
08-23 19:22:07.117 1452 1908 I SamsungAlarmManager: setLocked to kernel - T:2 / 20210823T192208, set=7369347, now=7368193
08-23 19:22:07.117 1452 1908 E AlarmManager: Set nextNonWakeup as mNextNonWakeupDeliveryTime=7548193 , orig nextNonWakeup=0
08-23 19:22:07.117 1452 1908 I SamsungAlarmManager: setLocked to kernel - T:3 / 20210823T192507, set=7548193, now=7368193
08-23 19:22:07.122 1452 1581 D BatteryExternalStatsWorker: done updateExternalStatsLocked
08-23 19:22:07.236 1452 1581 D KernelCpuUidUserSysTimeReader: Removing uids 99036-99036
08-23 19:22:07.506 1452 2259 D ConnectivityService: Connectivity-MDO: 10193 is true
08-23 19:22:07.507 1452 2259 D ConnectivityService: Connectivity-MDO change default network for 10193, type: mdo
08-23 19:22:07.703 599 599 I io_stats: !@ 179,0 r 1793187 29685845 w 74410 1288052 d 39160 545476 f 41237 49560 iot 712420 561410 th 51200 51200 41500 pt 1070 inp 0 0 1956.141
08-23 19:22:08.270 1452 1908 D SamsungAlarmManager: Expired : 4
08-23 19:22:08.275 1452 1908 D SamsungAlarmManager: setInexact (T:3/F:0/AC:false) 20210823T192226 now=7369351 - CU:1000/CP:1452/OP:PendingIntent{7c14bbd: PendingIntentRecord{50e186a com.opera.max.oem broadcastIntent}}
08-23 19:22:08.275 1452 1908 I SamsungAlarmManager: setLocked to kernel - T:2 / 20210823T192545, set=7586973, now=7369352
08-23 19:22:08.275 1452 1908 I SamsungAlarmManager: setLocked to kernel - T:3 / 20210823T192226, set=7387732, now=7369352
08-23 19:22:08.276 1452 1908 V SamsungAlarmManager: Sending to uid : 1000 L=6441702:TIME_TICK alarm=Alarm{1e97a9b type 3 when 7361076 android}
08-23 19:22:08.282 1452 1908 D SamsungAlarmManager: setExact (T:3/F:1/AC:false) 20210823T192300 now=7369358 - CU:1000/CP:1452/L:6441702:TIME_TICK
08-23 19:22:08.282 1452 1908 I SamsungAlarmManager: setLocked to kernel - T:2 / 20210823T192545, set=7586973, now=7369359
08-23 19:22:08.282 1452 1908 I SamsungAlarmManager: setLocked to kernel - T:3 / 20210823T192226, set=7387732, now=7369359
08-23 19:22:08.284 1452 1908 V SamsungAlarmManager: Sending to uid : 1000 L=4968909:*job.delay* alarm=Alarm{2a69e38 type 3 when 7362663 android}
08-23 19:22:08.284 1452 1908 V SamsungAlarmManager: Sending to uid : 1000 L=25a0e33:DeviceIdleController.light alarm=Alarm{c769e11 type 2 when 7368104 android}
08-23 19:22:08.285 1452 1908 V SamsungAlarmManager: Sending to uid : 10164 action=com.google.android.gms.gcm.ACTION_CHECK_QUEUE alarm=Alarm{4d0ab76 type 2 when 7369347 com.google.android.gms}
08-23 19:22:08.286 1452 1908 D ActivityManager: Received BROADCAST intent 0xaf48901 Key{broadcastIntent pkg=com.google.android.gms/com.google.android.gms.gcm intent=act=com.google.android.gms.gcm.ACTION_CHECK_QUEUE cmp=com.google.android.gms/.gcm.nts.SchedulerInternalReceiver flags=0x0 u=0} requestCode=0 sent=0 from uid 1000
08-23 19:22:08.289 1452 1908 V SamsungAlarmManager: Sending to uid : 10160 action=null alarm=Alarm{14365e4 type 3 when 7327732 com.opera.max.oem}
08-23 19:22:08.291 1452 1908 D ActivityManager: Received BROADCAST intent 0x50e186a Key{broadcastIntent pkg=com.opera.max.oem intent=cmp=com.opera.max.oem/com.opera.max.BoostUIService$StopReceiver flags=0x0 u=0} requestCode=0 sent=0 from uid 1000
08-23 19:22:08.292 1452 1908 I SamsungAlarmManager: setLocked to kernel - T:2 / 20210823T192545, set=7586973, now=7369368
08-23 19:22:08.292 1452 1908 I SamsungAlarmManager: setLocked to kernel - T:3 / 20210823T192226, set=7387732, now=7369368
08-23 19:22:08.308 1452 1571 D SamsungAlarmManager: setInexact (T:2/F:8/AC:false) 20210823T192708 now=7369384 - CU:1000/CP:1452/L:25a0e33:DeviceIdleController.light
08-23 19:22:08.308 1452 1571 I SamsungAlarmManager: setLocked to kernel - T:2 / 20210823T192545, set=7586973, now=7369384
08-23 19:22:08.313 1452 4888 D SamsungAlarmManager: Cancel Alarm calling from uid:10164 pid :2781 / OP:PendingIntent{6140902: PendingIntentRecord{af48901 com.google.android.gms/com.google.android.gms.gcm broadcastIntent}}
08-23 19:22:08.320 1452 1571 I SamsungAlarmManager: setLocked to kernel - T:3 / 20210823T192226, set=7387732, now=7369397
08-23 19:22:08.351 1452 1452 D SamsungAlarmManager: setInexact (T:3/F:0/AC:false) 20210823T192706 now=7369427 - CU:1000/CP:1452/L:4968909:*job.delay*
08-23 19:22:08.351 1452 1452 I SamsungAlarmManager: setLocked to kernel - T:2 / 20210823T192545, set=7586973, now=7369427
08-23 19:22:08.351 1452 1452 I SamsungAlarmManager: setLocked to kernel - T:3 / 20210823T192226, set=7387732, now=7369427
08-23 19:22:08.358 1452 1452 D StorageManagerService: getExternalStorageMountMode: uid=10186 packageName=com.microsoft.office.outlook
08-23 19:22:08.359 1452 1452 D CompatibilityChangeReporter: Compat change id reported: 135634846; UID 10186; state: DISABLED
08-23 19:22:08.360 1452 1573 D CompatibilityChangeReporter: Compat change id reported: 143937733; UID 10186; state: DISABLED
08-23 19:22:08.381 1452 1573 I ActivityManager: Start proc 15711:com.microsoft.office.outlook/u0a186 for service {com.microsoft.office.outlook/androidx.work.impl.background.systemjob.SystemJobService}
08-23 19:22:08.400 1452 1571 D PowerManagerService: [api] setDeviceIdleMode: false (uid: 1000 pid: 1452)
08-23 19:22:08.400 1452 1571 D PowerManagerService: [api] setLightDeviceIdleMode: true (uid: 1000 pid: 1452)
08-23 19:22:08.415 1452 4888 D SamsungAlarmManager: setInexact (T:2/F:0/AC:false) 20210823T192910 now=7369491 - CU:10164/CP:2781/OP:PendingIntent{e45b65a: PendingIntentRecord{af48901 com.google.android.gms/com.google.android.gms.gcm broadcastIntent}}
08-23 19:22:08.415 1452 4888 I SamsungAlarmManager: setLocked to kernel - T:2 / 20210823T192545, set=7586973, now=7369491
08-23 19:22:08.415 1452 4888 I SamsungAlarmManager: setLocked to kernel - T:3 / 20210823T192226, set=7387732, now=7369491
08-23 19:22:08.421 1452 4888 I ActivityManager: DSS OFF for com.microsoft.office.outlook
08-23 19:22:08.425 1452 4888 D ActivityManager: attachApplicationLocked() app=ProcessRecord{3db34e 15711:com.microsoft.office.outlook/u0a186} app.isolatedEntryPoint=null instr2=null
08-23 19:22:08.434 15711 15711 D ActivityThread: handleBindApplication()++ app=com.microsoft.office.outlook
08-23 19:22:08.489 1452 1581 D BatteryExternalStatsWorker: update stats
08-23 19:22:08.489 1452 1581 D BatteryExternalStatsWorker: WifiActivityEnergyInfo was updated
08-23 19:22:08.489 1452 1581 D BatteryExternalStatsWorker: BluetoothActivityEnergyInfo was updated
08-23 19:22:08.489 1452 1581 D BatteryExternalStatsWorker: ModemActivityEnergyInfo was updated
08-23 19:22:08.498 1452 1581 D BatteryExternalStatsWorker: done updateExternalStatsLocked
08-23 19:22:08.504 1452 1452 D SamsungAlarmManager: Cancel Alarm calling from uid:1000 pid :1452 / L:7cf470e
08-23 19:22:08.506 1452 1452 I SamsungAlarmManager: setLocked to kernel - T:2 / 20210823T192545, set=7586973, now=7369583
08-23 19:22:08.506 1452 1452 I SamsungAlarmManager: setLocked to kernel - T:3 / 20210823T192226, set=7387732, now=7369583
08-23 19:22:08.507 1452 1452 D SamsungAlarmManager: Cancel Alarm calling from uid:1000 pid :1452 / L:4968909
08-23 19:22:08.508 1452 4888 D SamsungAlarmManager: Cancel Alarm calling from uid:10193 pid :15596 / OP:PendingIntent{98de26: PendingIntentRecord{af78b38 com.whatsapp broadcastIntent}}
08-23 19:22:08.508 1452 1452 I SamsungAlarmManager: setLocked to kernel - T:2 / 20210823T192545, set=7586973, now=7369585
08-23 19:22:08.509 1452 1452 I SamsungAlarmManager: setLocked to kernel - T:3 / 20210823T192226, set=7387732, now=7369585
08-23 19:22:08.511 1452 4888 I SamsungAlarmManager: setLocked to kernel - T:2 / 20210823T192545, set=7586973, now=7369587
08-23 19:22:08.511 1452 4888 I SamsungAlarmManager: setLocked to kernel - T:3 / 20210823T192226, set=7387732, now=7369587
08-23 19:22:08.513 1452 1452 D ConnectivityService: Connectivity-MDO: 10193 is true
08-23 19:22:08.513 1452 1452 D ConnectivityService: Connectivity-MDO change default network for 10193, type: mdo
08-23 19:22:08.515 1452 4885 D SamsungAlarmManager: Cancel Alarm calling from uid:10193 pid :15596 / OP:PendingIntent{c2a5a67: PendingIntentRecord{7de888d com.whatsapp broadcastIntent}}
08-23 19:22:08.516 1452 4885 I SamsungAlarmManager: setLocked to kernel - T:2 / 20210823T192545, set=7586973, now=7369593
08-23 19:22:08.516 1452 4885 I SamsungAlarmManager: setLocked to kernel - T:3 / 20210823T192226, set=7387732, now=7369593
08-23 19:22:08.530 1452 4888 D ConnectivityService: Connectivity-MDO: 10193 is true
08-23 19:22:08.530 1452 4888 D ConnectivityService: Connectivity-MDO change default network for 10193, type: mdo
08-23 19:22:08.531 1452 4888 D ConnectivityService: Returning BLOCKED NetworkInfo to uid=10193
08-23 19:22:08.542 1452 1452 D ConnectivityService: Connectivity-MDO: 10445 is true
08-23 19:22:08.542 1452 1452 D ConnectivityService: Connectivity-MDO change default network for 10445, type: mdo
08-23 19:22:08.710 15711 15711 D ActivityThread: handleBindApplication() -- skipGraphicsSupport=false
08-23 19:22:08.711 15711 15711 D ActivityThread: ActivityThread::handleMakeApplication() data=AppBindData{appInfo=ApplicationInfo{f9fc0aa com.microsoft.office.outlook}} appContext=android.app.ContextImpl@135049b appContext.mOpPackageName=com.microsoft.office.outlook appContext.mBasePackageName=com.microsoft.office.outlook appContext.mPackageInfo=android.app.LoadedApk@5dc6038 data.restrictedBackupMode= false data.providers= [ContentProviderInfo{name=com.microsoft.office.outlook.firebaseinitprovider className=com.google.firebase.provider.FirebaseInitProvider}, ContentProviderInfo{name=com.microsoft.office.outlook.FacebookInitProvider className=com.facebook.internal.FacebookInitProvider}, ContentProviderInfo{name=com.microsoft.office.outlook.fileprovider className=androidx.core.content.FileProvider}, ContentProviderInfo{name=com.microsoft.office.outlook.contentprovider className=com.acompli.acompli.providers.OutlookContentProvider}, ContentProviderInfo{name=com.microsoft.office.outlook.lifecycle-process className=androidx.lifecycle.ProcessLifecycleOwnerInitializer}, ContentProviderInfo{name=com.microsoft.office.outlook.helpshift.fileprovider className=com.helpshift.support.providers.HelpshiftFileProvider}, ContentProviderInfo{name=com.microsoft.office.outlook.provider.bluetooth className=com.microsoft.office.outlook.bluetooth.BluetoothContentProvider}, ContentProviderInfo{name=com.microsoft.office.outlook.shareddatacontentprovider className=com.acompli.acompli.providers.OutlookSharedDataContentProvider}] Caller=android.app.ActivityThread.handleBindApplication:7446 android.app.ActivityThread.access$1400:301 android.app.ActivityThread$H.handleMessage:2148 android.os.Handler.dispatchMessage:106 android.os.Looper.loop:246 08-23 19:22:08.713 15711 15711 D LoadedApk: LoadedApk::makeApplication() appContext=android.app.ContextImpl@7763811 appContext.mOpPackageName=com.microsoft.office.outlook appContext.mBasePackageName=com.microsoft.office.outlook appContext.mPackageInfo=android.app.LoadedApk@5dc6038
08-23 19:22:08.842 1452 1590 I PowerManagerService: [PWL] Off : 62s ago
08-23 19:22:09.084 1452 4888 I GenerationRegistry: mBackingStore.isClosed() : false
08-23 19:22:09.223 1452 1949 D ConnectivityService: NetReassign [no changes]
08-23 19:22:09.462 1452 4885 I GenerationRegistry: mBackingStore.isClosed() : false
08-23 19:22:09.469 1452 4885 D ConnectivityService: requestNetwork for uid/pid:10186/15711 NetworkRequest [ TRACK_DEFAULT id=377, [ Capabilities: INTERNET&NOT_RESTRICTED&TRUSTED Uid: 10186 AdministratorUids: [] RequestorUid: 10186 RequestorPackageName: com.microsoft.office.outlook] ]
08-23 19:22:09.470 1452 1949 D ConnectivityService: NetReassign [377 : null ?? 601]
08-23 19:22:09.714 599 599 I io_stats: !@ 179,0 r 1795560 29733557 w 74475 1288912 d 39213 545820 f 41316 49660 iot 713070 562111 th 51200 51200 41500 pt 1070 inp 0 0 1958.153
08-23 19:22:26.727 1452 1908 D SamsungAlarmManager: Expired : 65544
08-23 19:22:26.730 1452 1908 D SamsungAlarmManager: setInexact (T:3/F:0/AC:false) 20210823T192326 now=7387807 - CU:1000/CP:1452/OP:PendingIntent{7c14bbd: PendingIntentRecord{50e186a com.opera.max.oem broadcastIntent}}
08-23 19:22:26.731 1452 1908 I SamsungAlarmManager: setLocked to kernel - T:2 / 20210823T192545, set=7586973, now=7387807
08-23 19:22:26.732 1452 1908 I SamsungAlarmManager: setLocked to kernel - T:3 / 20210823T192300, set=7421076, now=7387809
08-23 19:22:26.733 1452 1908 I SamsungAlarmManager: setLocked to kernel - T:2 / 20210823T192545, set=7586973, now=7387809
08-23 19:22:26.733 1452 1908 I SamsungAlarmManager: setLocked to kernel - T:3 / 20210823T192300, set=7421076, now=7387809
08-23 19:22:26.775 1452 1581 D BatteryExternalStatsWorker: update stats
08-23 19:22:26.775 1452 1581 D BatteryExternalStatsWorker: WifiActivityEnergyInfo was updated
08-23 19:22:26.775 1452 1581 D BatteryExternalStatsWorker: BluetoothActivityEnergyInfo was updated
08-23 19:22:26.775 1452 1581 D BatteryExternalStatsWorker: ModemActivityEnergyInfo was updated
08-23 19:22:26.783 1452 1581 D BatteryExternalStatsWorker: done updateExternalStatsLocked
08-23 19:22:26.945 1452 1581 D BatteryExternalStatsWorker: update stats
08-23 19:22:26.946 1452 1581 D BatteryExternalStatsWorker: WifiActivityEnergyInfo was updated
08-23 19:22:26.946 1452 1581 D BatteryExternalStatsWorker: BluetoothActivityEnergyInfo was updated
08-23 19:22:26.946 1452 1581 D BatteryExternalStatsWorker: ModemActivityEnergyInfo was updated
08-23 19:22:26.954 1452 1581 D BatteryExternalStatsWorker: done updateExternalStatsLocked
08-23 19:22:27.014 1452 4885 D SamsungAlarmManager: setInexact (T:3/F:0/AC:false) 20310821T192227 now=7388091 - CU:10164/CP:2347/OP:PendingIntent{e46c93f: PendingIntentRecord{b2f120c com.google.android.gms/ startService}}
08-23 19:22:27.014 1452 4885 I SamsungAlarmManager: setLocked to kernel - T:2 / 20210823T192545, set=7586973, now=7388091
08-23 19:22:27.015 1452 4885 I SamsungAlarmManager: setLocked to kernel - T:3 / 20210823T192300, set=7421076, now=7388091
08-23 19:22:27.063 1452 4885 D ConnectivityService: Returning BLOCKED NetworkInfo to uid=10186
08-23 19:22:27.187 1452 4885 D CompatibilityChangeReporter: Compat change id reported: 149924527; UID 10164; state: ENABLED
08-23 19:22:27.189 1452 4885 D CompatibilityChangeReporter: Compat change id reported: 132649864; UID 10164; state: DISABLED
08-23 19:22:27.300 1452 4885 I GenerationRegistry: mBackingStore.isClosed() : false
08-23 19:22:41.801 1452 1908 D SamsungAlarmManager: Expired : 65536
08-23 19:22:41.802 1452 1908 I SamsungAlarmManager: setLocked to kernel - T:2 / 20210823T192545, set=7586973, now=7402878
08-23 19:22:41.802 1452 1908 I SamsungAlarmManager: setLocked to kernel - T:3 / 20210823T192300, set=7421076, now=7402878
08-23 19:22:41.883 1452 1581 D BatteryExternalStatsWorker: update stats
08-23 19:22:41.883 1452 1581 D BatteryExternalStatsWorker: WifiActivityEnergyInfo was updated
08-23 19:22:41.884 1452 1581 D BatteryExternalStatsWorker: BluetoothActivityEnergyInfo was updated
08-23 19:22:41.884 1452 1581 D BatteryExternalStatsWorker: ModemActivityEnergyInfo was updated
08-23 19:22:41.898 1452 1581 D BatteryExternalStatsWorker: done updateExternalStatsLocked
08-23 19:23:45.156 1452 1908 D SamsungAlarmManager: Expired : 65544
08-23 19:23:45.163 1452 1908 D SamsungAlarmManager: setInexact (T:3/F:0/AC:false) 20210823T192426 now=7466239 - CU:1000/CP:1452/OP:PendingIntent{7c14bbd: PendingIntentRecord{50e186a com.opera.max.oem broadcastIntent}}
08-23 19:23:45.163 1452 1908 I SamsungAlarmManager: setLocked to kernel - T:2 / 20210823T192545, set=7586973, now=7466240
08-23 19:23:45.163 1452 1908 I SamsungAlarmManager: setLocked to kernel - T:3 / 20210823T192426, set=7507732, now=7466240
08-23 19:23:45.163 1452 1908 I SamsungAlarmManager: setLocked to kernel - T:2 / 20210823T192545, set=7586973, now=7466240
08-23 19:23:45.164 1452 1908 I SamsungAlarmManager: setLocked to kernel - T:3 / 20210823T192426, set=7507732, now=7466240
08-23 19:23:45.220 1452 1581 D BatteryExternalStatsWorker: update stats
08-23 19:23:45.220 1452 1581 D BatteryExternalStatsWorker: WifiActivityEnergyInfo was updated
08-23 19:23:45.220 1452 1581 D BatteryExternalStatsWorker: BluetoothActivityEnergyInfo was updated
08-23 19:23:45.220 1452 1581 D BatteryExternalStatsWorker: ModemActivityEnergyInfo was updated
08-23 19:23:45.268 1452 1581 D BatteryExternalStatsWorker: done updateExternalStatsLocked
08-23 19:23:45.284 1452 1581 D KernelCpuUidUserSysTimeReader: Removing uids 99037-99037
08-23 19:23:45.354 1452 1581 D BatteryExternalStatsWorker: update stats
08-23 19:23:45.354 1452 1581 D BatteryExternalStatsWorker: WifiActivityEnergyInfo was updated
08-23 19:23:45.354 1452 1581 D BatteryExternalStatsWorker: BluetoothActivityEnergyInfo was updated
08-23 19:23:45.354 1452 1581 D BatteryExternalStatsWorker: ModemActivityEnergyInfo was updated
08-23 19:23:45.376 1452 1581 D BatteryExternalStatsWorker: done updateExternalStatsLocked
08-23 19:23:45.467 599 599 I io_stats: !@ 179,0 r 1797037 29765693 w 74701 1292172 d 39310 549676 f 41485 49855 iot 714070 563039 th 51200 51200 41500 pt 1070 inp 0 5 1960.162
08-23 19:23:45.788 1452 1581 D BatteryExternalStatsWorker: update stats
08-23 19:23:45.788 1452 1581 D BatteryExternalStatsWorker: WifiActivityEnergyInfo was updated
08-23 19:23:45.788 1452 1581 D BatteryExternalStatsWorker: BluetoothActivityEnergyInfo was updated
08-23 19:23:45.789 1452 1581 D BatteryExternalStatsWorker: ModemActivityEnergyInfo was updated
08-23 19:23:45.803 1452 1581 D BatteryExternalStatsWorker: done updateExternalStatsLocked
08-23 19:23:46.185 1452 4888 D CompatibilityChangeReporter: Compat change id reported: 135634846; UID 10186; state: DISABLED
08-23 19:23:46.186 1452 1573 D CompatibilityChangeReporter: Compat change id reported: 143937733; UID 10186; state: ENABLED
08-23 19:23:46.345 1452 1573 W ActivityManager: Slow operation: 161ms so far, now at startProcess: returned from zygote!
08-23 19:23:46.346 1452 1573 W ActivityManager: Slow operation: 162ms so far, now at startProcess: done updating battery stats
08-23 19:23:46.346 1452 1573 W ActivityManager: Slow operation: 163ms so far, now at startProcess: building log message
08-23 19:23:46.346 1452 1573 I ActivityManager: Start proc 15856:com.google.android.webview:sandboxed_process0:org.chromium.content.app.SandboxedProcessService0:0/u0i40 for {com.microsoft.office.outlook/org.chromium.content.app.SandboxedProcessService0:0}
08-23 19:23:46.347 1452 1573 I ActivityManager: check webview name : com.google.android.webview:sandboxed_process0:org.chromium.content.app.SandboxedProcessService0:0check hostingname webview : {com.microsoft.office.outlook/org.chromium.content.app.SandboxedProcessService0:0}
08-23 19:23:46.347 1452 1573 W ActivityManager: Slow operation: 163ms so far, now at startProcess: starting to update pids map
08-23 19:23:46.347 1452 1573 W ActivityManager: Slow operation: 163ms so far, now at startProcess: done updating pids map
08-23 19:23:46.386 1452 2259 I ActivityManager: DSS OFF for com.microsoft.office.outlook
08-23 19:23:46.390 1452 2259 D ActivityManager: attachApplicationLocked() app=ProcessRecord{6620f22 15856:com.google.android.webview:sandboxed_process0:org.chromium.content.app.SandboxedProcessService0:0/u0a186i40} app.isolatedEntryPoint=null instr2=null
08-23 19:23:46.402 15856 15856 D ActivityThread: handleBindApplication()++ app=com.google.android.webview:sandboxed_process0:org.chromium.content.app.SandboxedProcessService0:0
08-23 19:23:46.439 15856 15856 D ActivityThread: handleBindApplication() -- skipGraphicsSupport=false
08-23 19:23:46.439 15856 15856 D ActivityThread: ActivityThread::handleMakeApplication() data=AppBindData{appInfo=ApplicationInfo{f9fc0aa com.microsoft.office.outlook}} appContext=android.app.ContextImpl@135049b appContext.mOpPackageName=com.microsoft.office.outlook appContext.mBasePackageName=com.microsoft.office.outlook appContext.mPackageInfo=android.app.LoadedApk@5dc6038 data.restrictedBackupMode= false data.providers= [] Caller=android.app.ActivityThread.handleBindApplication:7446 android.app.ActivityThread.access$1400:301 android.app.ActivityThread$H.handleMessage:2148 android.os.Handler.dispatchMessage:106 android.os.Looper.loop:246 08-23 19:23:46.442 15856 15856 D LoadedApk: LoadedApk::makeApplication() appContext=android.app.ContextImpl@7763811 appContext.mOpPackageName=com.microsoft.office.outlook appContext.mBasePackageName=com.microsoft.office.outlook appContext.mPackageInfo=android.app.LoadedApk@5dc6038
08-23 19:23:46.544 1452 2259 D ConnectivityService: requestNetwork for uid/pid:10186/15711 NetworkRequest [ TRACK_DEFAULT id=378, [ Capabilities: INTERNET&NOT_RESTRICTED&TRUSTED Uid: 10186 AdministratorUids: [] RequestorUid: 10186 RequestorPackageName: com.microsoft.office.outlook] ]
08-23 19:23:46.544 1452 1949 D ConnectivityService: NetReassign [378 : null ?? 601]
08-23 19:23:46.548 1452 1949 D ConnectivityService: NetReassign [no changes]
08-23 19:23:48.810 1452 1908 D SamsungAlarmManager: Expired : 65536
08-23 19:23:48.811 1452 1908 I SamsungAlarmManager: setLocked to kernel - T:2 / 20210823T192545, set=7586973, now=7469887
08-23 19:23:48.813 1452 1908 I SamsungAlarmManager: setLocked to kernel - T:3 / 20210823T192426, set=7507732, now=7469889
08-23 19:23:48.913 1452 2007 D MARs:NoAppIconFilter: filter : com.google.android.gms(0)
08-23 19:23:48.913 1452 2007 D MARs:DeviceAdminPackageFilter: filter : com.google.android.gms(0)
08-23 19:23:48.914 1452 2007 D MARs:NoAppIconFilter: filter : com.samsung.android.providers.contacts(0)
08-23 19:23:48.914 1452 2007 D MARs:NoAppIconFilter: filter : com.osp.app.signin(0)
08-23 19:23:48.914 1452 2007 D MARs:NoAppIconFilter: filter : com.sec.android.provider.badge(0)
08-23 19:23:48.914 1452 2007 D MARs:NoAppIconFilter: filter : com.samsung.android.rubin.app(0)
08-23 19:23:48.914 1452 2007 D MARs:NoAppIconFilter: filter : com.samsung.klmsagent(0)
08-23 19:23:48.914 1452 2007 D MARs:NoAppIconFilter: filter : com.samsung.android.fmm(0)
08-23 19:23:48.914 1452 2007 D MARs:SystemFilter: filter : com.samsung.android.fmm(0)
08-23 19:23:48.914 1452 2007 D MARs:NoAppIconFilter: filter : com.samsung.android.dialer(0)
08-23 19:23:48.914 1452 2007 D MARs:NoAppIconFilter: filter : com.google.android.cellbroadcastreceiver(0)
08-23 19:23:48.914 1452 2007 D MARs:NoAppIconFilter: filter : com.samsung.android.app.telephonyui(0)
08-23 19:23:48.914 1452 2007 D MARs:NoAppIconFilter: filter : com.android.systemui(0)
08-23 19:23:48.914 1452 2007 D MARs:NoAppIconFilter: filter : com.android.settings(0)
08-23 19:23:48.914 1452 2007 D MARs:SystemFilter: filter : com.android.settings(0)
08-23 19:23:48.914 1452 2007 D MARs:NoAppIconFilter: filter : com.samsung.android.kgclient(0)
08-23 19:23:48.914 1452 2007 D MARs:DeviceAdminPackageFilter: filter : com.samsung.android.kgclient(0)
08-23 19:23:48.914 1452 2007 D MARs:NoAppIconFilter: filter : com.sec.phone(0)
08-23 19:23:48.915 1452 2007 D MARs:NoAppIconFilter: filter : com.samsung.android.service.peoplestripe(0)
08-23 19:23:48.915 1452 2007 D MARs:NoAppIconFilter: filter : com.qualcomm.embms(0)
08-23 19:23:48.915 1452 2007 D MARs:NoAppIconFilter: filter : android(0)
08-23 19:23:48.915 1452 2007 D MARs:SystemFilter: filter : android(0)
08-23 19:23:48.915 1452 2007 D MARs:NoAppIconFilter: filter : com.dti.samsung(0)
08-23 19:23:48.915 1452 2007 D MARs:NoAppIconFilter: filter : com.sec.android.app.servicemodeapp(0)
08-23 19:23:48.915 1452 2007 D MARs:SystemFilter: filter : com.sec.android.app.servicemodeapp(0)
08-23 19:23:48.915 1452 2007 D MARs:NoAppIconFilter: filter : com.samsung.cmh(0)
08-23 19:23:48.915 1452 2007 D MARs:NoAppIconFilter: filter : com.samsung.android.app.cocktailbarservice(0)
08-23 19:23:48.915 1452 2007 D MARs:NoAppIconFilter: filter : com.android.providers.media(0)
08-23 19:23:48.915 1452 2007 D MARs:NoAppIconFilter: filter : com.google.android.ext.services(0)
08-23 19:23:48.915 1452 2007 D MARs:NoAppIconFilter: filter : com.samsung.android.honeyboard(0)
08-23 19:23:48.915 1452 2007 D MARs:DefaultAppFilter: filter : com.samsung.android.honeyboard(0)(IME)
08-23 19:23:48.915 1452 2007 D MARs:NoAppIconFilter: filter : com.sec.modem.settings(0)
08-23 19:23:48.915 1452 2007 D MARs:SystemFilter: filter : com.sec.modem.settings(0)
08-23 19:23:48.933 1452 2007 I ActivityManager: Killing 9323:com.samsung.android.app.telephonyui/1001 (adj 999): Chimera #0
08-23 19:23:48.935 1452 2007 D ActivityManager: proc ProcessRecord{22e3ea1 9323:com.samsung.android.app.telephonyui/1001} already removed. so we skip next process.
