08-23 19:40:31.515 1452 1908 D ActivityManager: Received BROADCAST intent 0x76713dc Key{broadcastIntent pkg=com.google.android.gms/com.google.android.gms.gcm intent=act=com.google.android.gms.gcm.HEARTBEAT_ALARM flags=0x4000000 u=0} requestCode=0 sent=0 from uid 1000
08-23 19:40:31.516 1452 1908 V SamsungAlarmManager: Sending to uid : 10160 action=null alarm=Alarm{8d4abd7 type 3 when 8456197 com.opera.max.oem}
08-23 19:40:31.518 1452 1908 D ActivityManager: Received BROADCAST intent 0x50e186a Key{broadcastIntent pkg=com.opera.max.oem intent=cmp=com.opera.max.oem/com.opera.max.BoostUIService$StopReceiver flags=0x0 u=0} requestCode=0 sent=0 from uid 1000
08-23 19:40:31.519 1452 1908 I SamsungAlarmManager: setLocked to kernel - T:2 / 20210823T194156, set=8557540, now=8472596
08-23 19:40:31.519 1452 1908 I SamsungAlarmManager: setLocked to kernel - T:3 / 20210823T194059, set=8501076, now=8472596
08-23 19:40:31.521 1452 4900 D SamsungAlarmManager: Cancel Alarm calling from uid:10164 pid :2781 / OP:PendingIntent{e32dcc4: PendingIntentRecord{76713dc com.google.android.gms/com.google.android.gms.gcm broadcastIntent}}
08-23 19:40:31.530 1452 3500 D SamsungAlarmManager: setExact (T:2/F:5/AC:false) 20210823T194131 now=8472606 - CU:10164/CP:2781/OP:PendingIntent{e83e7ad: PendingIntentRecord{76713dc com.google.android.gms/com.google.android.gms.gcm broadcastIntent}}
08-23 19:40:31.530 1452 3500 I SamsungAlarmManager: setLocked to kernel - T:2 / 20210823T194131, set=8532603, now=8472606
08-23 19:40:31.530 1452 3500 I SamsungAlarmManager: setLocked to kernel - T:3 / 20210823T194100, set=8501076, now=8472606
08-23 19:40:31.562 1452 2004 D SamsungAlarmManager: Cancel Alarm calling from uid:1000 pid :1452 / L:35e10e4
08-23 19:40:31.566 1452 1581 D BatteryExternalStatsWorker: update stats
08-23 19:40:31.567 1452 1581 D BatteryExternalStatsWorker: WifiActivityEnergyInfo was updated
08-23 19:40:31.567 1452 1581 D BatteryExternalStatsWorker: BluetoothActivityEnergyInfo was updated
08-23 19:40:31.567 1452 1581 D BatteryExternalStatsWorker: ModemActivityEnergyInfo was updated
08-23 19:40:31.570 1452 2004 D SamsungAlarmManager: setInexact (T:1/F:8/AC:false) 20210823T204031 now=8472646 - CU:1000/CP:1452/L:35e10e4:Bootup_Booster
08-23 19:40:31.570 1452 2004 I SamsungAlarmManager: setLocked to kernel - T:2 / 20210823T194131, set=8532603, now=8472647
08-23 19:40:31.570 1452 2004 I SamsungAlarmManager: setLocked to kernel - T:3 / 20210823T194059, set=8501076, now=8472647
08-23 19:40:31.575 1452 1581 D BatteryExternalStatsWorker: done updateExternalStatsLocked
08-23 19:40:31.600 1452 3500 D SamsungAlarmManager: Cancel Alarm calling from uid:10164 pid :2781 / OP:PendingIntent{3d33ecf: PendingIntentRecord{76713dc com.google.android.gms/com.google.android.gms.gcm broadcastIntent}}
08-23 19:40:31.602 1452 3500 I SamsungAlarmManager: setLocked to kernel - T:2 / 20210823T194156, set=8557540, now=8472678
08-23 19:40:31.602 1452 3500 I SamsungAlarmManager: setLocked to kernel - T:3 / 20210823T194059, set=8501076, now=8472679
08-23 19:40:31.605 1452 3500 D SamsungAlarmManager: setExact (T:2/F:5/AC:false) 20210823T194521 now=8472682 - CU:10164/CP:2781/OP:PendingIntent{12f005c: PendingIntentRecord{76713dc com.google.android.gms/com.google.android.gms.gcm broadcastIntent}}
08-23 19:40:31.606 1452 3500 I SamsungAlarmManager: setLocked to kernel - T:2 / 20210823T194156, set=8557540, now=8472682
08-23 19:40:31.606 1452 3500 I SamsungAlarmManager: setLocked to kernel - T:3 / 20210823T194100, set=8501076, now=8472682
08-23 19:40:31.635 1452 1581 D BatteryExternalStatsWorker: update stats
08-23 19:40:31.635 1452 1581 D BatteryExternalStatsWorker: WifiActivityEnergyInfo was updated
08-23 19:40:31.635 1452 1581 D BatteryExternalStatsWorker: BluetoothActivityEnergyInfo was updated
08-23 19:40:31.635 1452 1581 D BatteryExternalStatsWorker: ModemActivityEnergyInfo was updated
08-23 19:40:31.658 1452 1581 D BatteryExternalStatsWorker: done updateExternalStatsLocked
08-23 19:40:31.969 599 599 I io_stats: !@ 179,0 r 1818953 30175521 w 76660 1324076 d 40331 561224 f 42837 51437 iot 729630 576287 th 51200 51200 41500 pt 1070 inp 2 11 2063.031
08-23 19:40:32.093 1452 2007 D MARs:NoAppIconFilter: filter : com.google.android.gms(0)
08-23 19:40:32.093 1452 2007 D MARs:DeviceAdminPackageFilter: filter : com.google.android.gms(0)
08-23 19:40:32.094 1452 2007 D MARs:NoAppIconFilter: filter : com.dti.samsung(0)
08-23 19:40:32.094 1452 2007 D MARs:NoAppIconFilter: filter : com.samsung.android.fmm(0)
08-23 19:40:32.094 1452 2007 D MARs:SystemFilter: filter : com.samsung.android.fmm(0)
08-23 19:40:32.095 1452 2007 D MARs:NoAppIconFilter: filter : com.osp.app.signin(0)
08-23 19:40:32.095 1452 2007 D MARs:NoAppIconFilter: filter : com.google.android.gsf(0)
08-23 19:40:32.095 1452 2007 D MARs:NoAppIconFilter: filter : com.samsung.android.rubin.app(0)
08-23 19:40:32.095 1452 2007 D MARs:NoAppIconFilter: filter : com.samsung.klmsagent(0)
08-23 19:40:32.095 1452 2007 D MARs:NoAppIconFilter: filter : com.android.systemui(0)
08-23 19:40:32.095 1452 2007 D MARs:NoAppIconFilter: filter : com.android.settings(0)
08-23 19:40:32.095 1452 2007 D MARs:SystemFilter: filter : com.android.settings(0)
08-23 19:40:32.095 1452 2007 D MARs:NoAppIconFilter: filter : com.samsung.android.kgclient(0)
08-23 19:40:32.095 1452 2007 D MARs:DeviceAdminPackageFilter: filter : com.samsung.android.kgclient(0)
08-23 19:40:32.095 1452 2007 D MARs:NoAppIconFilter: filter : com.sec.phone(0)
08-23 19:40:32.095 1452 2007 D MARs:NoAppIconFilter: filter : com.samsung.android.service.peoplestripe(0)
08-23 19:40:32.095 1452 2007 D MARs:NoAppIconFilter: filter : com.qualcomm.embms(0)
08-23 19:40:32.095 1452 2007 D MARs:NoAppIconFilter: filter : android(0)
08-23 19:40:32.095 1452 2007 D MARs:SystemFilter: filter : android(0)
08-23 19:40:32.096 1452 2007 D MARs:NoAppIconFilter: filter : com.sec.android.app.servicemodeapp(0)
08-23 19:40:32.096 1452 2007 D MARs:SystemFilter: filter : com.sec.android.app.servicemodeapp(0)
08-23 19:40:32.096 1452 2007 D MARs:NoAppIconFilter: filter : com.samsung.cmh(0)
08-23 19:40:32.096 1452 2007 D MARs:NoAppIconFilter: filter : com.samsung.android.app.cocktailbarservice(0)
08-23 19:40:32.096 1452 2007 D MARs:NoAppIconFilter: filter : com.android.providers.media(0)
08-23 19:40:32.096 1452 2007 D MARs:NoAppIconFilter: filter : com.google.android.ext.services(0)
08-23 19:40:32.096 1452 2007 D MARs:NoAppIconFilter: filter : com.samsung.android.honeyboard(0)
08-23 19:40:32.096 1452 2007 D MARs:DefaultAppFilter: filter : com.samsung.android.honeyboard(0)(IME)
08-23 19:40:32.096 1452 2007 D MARs:NoAppIconFilter: filter : com.sec.modem.settings(0)
08-23 19:40:32.096 1452 2007 D MARs:SystemFilter: filter : com.sec.modem.settings(0)
08-23 19:40:32.213 1452 2007 I ActivityManager: Killing 15170:com.osp.app.signin/u0a87 (adj 999): Chimera #0
08-23 19:40:32.220 1452 2007 D ActivityManager: proc ProcessRecord{a9009fe 15170:com.osp.app.signin/u0a87} already removed. so we skip next process.
08-23 19:40:32.254 1452 2007 I ActivityManager: Killing 13843:com.google.process.gservices/u0a164 (adj 999): Chimera #0
08-23 19:40:32.256 1452 2007 D ActivityManager: proc ProcessRecord{bd314c7 13843:com.google.process.gservices/u0a164} already removed. so we skip next process.
08-23 19:40:32.259 1452 2007 I ActivityManager: Killing 13983:com.google.process.gapps/u0a164 (adj 999): Chimera #0
08-23 19:40:32.260 1452 2007 D ActivityManager: proc ProcessRecord{3ea943b 13983:com.google.process.gapps/u0a164} already removed. so we skip next process.
08-23 19:40:32.265 1452 2007 I ActivityManager: Killing 12928:com.samsung.klmsagent/u0a103 (adj 999): Chimera #0
08-23 19:40:32.267 1452 2007 D ActivityManager: proc ProcessRecord{a62997e 12928:com.samsung.klmsagent/u0a103} already removed. so we skip next process.
08-23 19:40:33.980 599 599 I io_stats: !@ 179,0 r 1819052 30177569 w 76669 1324316 d 40346 561372 f 42868 51478 iot 729920 576789 th 51200 51200 41500 pt 1070 inp 0 0 2065.041
08-23 19:40:35.997 2085 2085 I wpa_supplicant: Heartbeat 203
08-23 19:40:37.689 1452 2004 I MARsPolicyManager: AR not enabled
08-23 19:40:38.008 599 599 I io_stats: !@ 179,0 r 1819059 30177597 w 76689 1324436 d 40346 561372 f 42868 51478 iot 730010 576881 th 51200 51200 41500 pt 1070 inp 0 0 2069.068
08-23 19:40:38.675 1452 2004 I MARsPolicyManager: AR not enabled
08-23 19:40:38.782 1452 1590 I PowerManagerService: [PWL] Off : 822s ago
08-23 19:40:38.783 1452 1590 I PowerManagerService: [PWL] PowerManagerService.WakeLocks: ref count=1
08-23 19:40:38.783 1452 1590 I PowerManagerService: [PWL] mWakeLockSummary : 0x41
08-23 19:40:38.783 1452 1590 I PowerManagerService: [PWL] PARTIAL_WAKE_LOCK '*telephony-radio*' ACQ=-7s192ms (uid=1001 pid=2050 pkg=com.android.phone ws=WorkSource{1001 com.android.phone})
08-23 19:40:39.420 1452 1586 D MARsPolicyManager: triggerAction called!
08-23 19:40:39.427 1452 1586 D MARs:TopPackageFilter: filtering was skipped by screen off! com.whatsapp(0)
08-23 19:40:39.429 1452 1586 D MARs:TopPackageFilter: filtering was skipped by screen off! com.android.vending(0)
08-23 19:40:39.430 1452 1586 D MARs:TopPackageFilter: filtering was skipped by screen off! com.microsoft.office.outlook(0)
08-23 19:40:39.430 1452 1586 D MARs:DeviceAdminPackageFilter: filter : com.microsoft.office.outlook(0)
08-23 19:40:39.430 1452 1586 D MARs:TopPackageFilter: filtering was skipped by screen off! com.opera.max.oem(0)
08-23 19:40:39.431 1452 1586 D MARs:TopPackageFilter: filtering was skipped by screen off! com.facebook.lite(0)
08-23 19:40:39.547 1452 3500 D ConnectivityService: Connectivity-MDO: 10193 is true
08-23 19:40:39.547 1452 3500 D ConnectivityService: Connectivity-MDO change default network for 10193, type: mdo
08-23 19:40:40.021 599 599 I io_stats: !@ 179,0 r 1819061 30177661 w 76689 1324436 d 40346 561372 f 42868 51478 iot 730020 576892 th 51200 51200 41500 pt 1070 inp 0 0 2071.081
08-23 19:40:41.528 1452 1571 D PowerManagerService: [api] setDeviceIdleTempWhitelist: appids: [0]10081 (uid: 1000 pid: 1452)
08-23 19:40:42.036 599 599 I io_stats: !@ 179,0 r 1819068 30177693 w 76703 1324536 d 40346 561372 f 42868 51478 iot 730070 576930 th 51200 51200 41500 pt 1070 inp 0 0 2073.096
08-23 19:40:44.050 599 599 I io_stats: !@ 179,0 r 1819171 30180477 w 76703 1324536 d 40346 561372 f 42868 51478 iot 730120 576979 th 51200 51200 41500 pt 1070 inp 0 0 2075.110
08-23 19:40:46.001 2085 2085 I wpa_supplicant: Heartbeat 204
08-23 19:40:46.065 599 599 I io_stats: !@ 179,0 r 1819191 30180557 w 76755 1324940 d 40346 561372 f 42868 51478 iot 730200 577044 th 51200 51200 41500 pt 1070 inp 0 0 2077.125
08-23 19:40:46.933 1452 1581 D BatteryExternalStatsWorker: update stats
08-23 19:40:46.933 1452 1581 D BatteryExternalStatsWorker: WifiActivityEnergyInfo was updated
08-23 19:40:46.933 1452 1581 D BatteryExternalStatsWorker: BluetoothActivityEnergyInfo was updated
08-23 19:40:46.933 1452 1581 D BatteryExternalStatsWorker: ModemActivityEnergyInfo was updated
08-23 19:40:46.948 1452 1581 D BatteryExternalStatsWorker: done updateExternalStatsLocked
08-23 19:40:48.079 599 599 I io_stats: !@ 179,0 r 1819191 30180557 w 76759 1324956 d 40346 561372 f 42868 51478 iot 730200 577050 th 51200 51200 41500 pt 1070 inp 0 0 2079.139
08-23 19:40:52.108 599 599 I io_stats: !@ 179,0 r 1819200 30180593 w 76763 1324972 d 40346 561372 f 42868 51478 iot 730280 577136 th 51200 51200 41500 pt 1070 inp 0 0 2083.168
08-23 19:40:54.451 1452 1586 D MARsPolicyManager: triggerAction called!
08-23 19:40:54.458 1452 1586 D MARs:TopPackageFilter: filtering was skipped by screen off! com.whatsapp(0)
08-23 19:40:54.460 1452 1586 D MARs:TopPackageFilter: filtering was skipped by screen off! com.android.vending(0)
08-23 19:40:54.461 1452 1586 D MARs:TopPackageFilter: filtering was skipped by screen off! com.microsoft.office.outlook(0)
08-23 19:40:54.461 1452 1586 D MARs:DeviceAdminPackageFilter: filter : com.microsoft.office.outlook(0)
08-23 19:40:54.461 1452 1586 D MARs:TopPackageFilter: filtering was skipped by screen off! com.opera.max.oem(0)
08-23 19:40:54.462 1452 1586 D MARs:TopPackageFilter: filtering was skipped by screen off! com.facebook.lite(0)
08-23 19:40:55.528 1452 1562 E Watchdog: !@Sync: 69 heap: 60 / 78 [2021-08-23 19:40:55.528] sdogWay: softdog
08-23 19:40:56.004 2085 2085 I wpa_supplicant: Heartbeat 205
08-23 19:40:56.135 599 599 I io_stats: !@ 179,0 r 1819234 30180913 w 76763 1324972 d 40346 561372 f 42868 51478 iot 730350 577207 th 51200 51200 41500 pt 1070 inp 0 0 2087.195
08-23 19:40:58.149 599 599 I io_stats: !@ 179,0 r 1819234 30180913 w 76770 1325000 d 40346 561372 f 42868 51478 iot 730360 577216 th 51200 51200 41500 pt 1070 inp 0 0 2089.208
08-23 19:41:00.000 1452 1908 D SamsungAlarmManager: Expired : 8
08-23 19:41:00.000 1452 1908 I SamsungAlarmManager: setLocked to kernel - T:2 / 20210823T194156, set=8557540, now=8501077
08-23 19:41:00.000 1452 1908 E AlarmManager: Set nextNonWakeup as mNextNonWakeupDeliveryTime=9851076 , orig nextNonWakeup=0
08-23 19:41:00.000 1452 1908 I SamsungAlarmManager: setLocked to kernel - T:3 / 20210823T200329, set=9851076, now=8501077
08-23 19:41:02.176 599 599 I io_stats: !@ 179,0 r 1819236 30180937 w 76772 1325008 d 40346 561372 f 42868 51478 iot 730420 577292 th 51200 51200 41500 pt 1070 inp 0 0 2093.235
08-23 19:41:03.804 1452 1590 I PowerManagerService: [PWL] Off : 847s ago
08-23 19:41:03.805 1452 1590 I PowerManagerService: [PWL] PowerManagerService.WakeLocks: ref count=1
08-23 19:41:03.805 1452 1590 I PowerManagerService: [PWL] mWakeLockSummary : 0x41
08-23 19:41:03.806 1452 1590 I PowerManagerService: [PWL] PARTIAL_WAKE_LOCK '*telephony-radio*' ACQ=-32s214ms (uid=1001 pid=2050 pkg=com.android.phone ws=WorkSource{1001 com.android.phone})
08-23 19:41:04.189 599 599 I io_stats: !@ 179,0 r 1819236 30180937 w 76774 1325016 d 40346 561372 f 42868 51478 iot 730420 577299 th 51200 51200 41500 pt 1070 inp 0 0 2095.248
08-23 19:41:06.016 2085 2085 I wpa_supplicant: Heartbeat 206
08-23 19:41:07.965 1452 1581 D BatteryExternalStatsWorker: update stats
08-23 19:41:07.965 1452 1581 D BatteryExternalStatsWorker: WifiActivityEnergyInfo was updated
08-23 19:41:07.965 1452 1581 D BatteryExternalStatsWorker: BluetoothActivityEnergyInfo was updated
08-23 19:41:07.965 1452 1581 D BatteryExternalStatsWorker: ModemActivityEnergyInfo was updated
08-23 19:41:07.973 1452 1581 E KernelCpuSpeedReader: Failed to read cpu-freq: /sys/devices/system/cpu/cpu0/cpufreq/stats/time_in_state: open failed: ENOENT (No such file or directory)
08-23 19:41:07.995 1452 1581 D BatteryExternalStatsWorker: done updateExternalStatsLocked
08-23 19:41:08.215 599 599 I io_stats: !@ 179,0 r 1819236 30180937 w 76778 1325032 d 40346 561372 f 42868 51478 iot 730430 577312 th 51200 51200 41500 pt 1070 inp 0 0 2099.275
08-23 19:41:08.343 1452 2115 V MdnieScenarioControlService: burn_in_prevention_mode() mBrightnessAllAppServerState : true , enabled : true, mBurnInDisableAppEnabled : false , mAutoBrightnessMode : false, mHighBrightnessModeEnabled : false , mBurnInPreventionACL : false , platform_brightness_value : 10 , BURN_IN_PREVENTION_SUPPORT_VALUE : 143 , mBurnInPreventionEnabled : false , mGameAppLauncher : false
08-23 19:41:08.343 1452 2115 V MdnieScenarioControlService: Disabled Burn-In Prevention Mode
08-23 19:41:08.350 1452 2115 D SemDisplaySolutionManagerService: uid : 1000 , pid : 1452 , name : burnin_prevention_off
08-23 19:41:08.353 1452 2115 D SemDisplaySolutionManagerService: where : application what : DEFAULT setScreenBrightnessScaleFactor(1.0) , mBrightnessCompensation : 1.0 , PMS value : 1.0
08-23 19:41:08.355 1452 2115 D PowerManagerService: [api] setScreenBrightnessScaleFactor: scaleFactor: 1.0 (uid: 1000 pid: 1452)
08-23 19:41:08.355 1452 2115 D SemDisplaySolutionManagerService: Normal Mode setMultipleScreenBrightness , application, DEFAULT, 1.0
08-23 19:41:09.480 1452 1586 D MARsPolicyManager: triggerAction called!
08-23 19:41:09.487 1452 1586 D MARs:TopPackageFilter: filtering was skipped by screen off! com.whatsapp(0)
08-23 19:41:09.488 1452 1586 D MARs:TopPackageFilter: filtering was skipped by screen off! com.android.vending(0)
08-23 19:41:09.489 1452 1586 D MARs:TopPackageFilter: filtering was skipped by screen off! com.microsoft.office.outlook(0)
08-23 19:41:09.489 1452 1586 D MARs:DeviceAdminPackageFilter: filter : com.microsoft.office.outlook(0)
08-23 19:41:09.489 1452 1586 D MARs:TopPackageFilter: filtering was skipped by screen off! com.opera.max.oem(0)
08-23 19:41:09.491 1452 1586 D MARs:TopPackageFilter: filtering was skipped by screen off! com.facebook.lite(0)
08-23 19:41:10.229 599 599 I io_stats: !@ 179,0 r 1819243 30180965 w 76778 1325032 d 40346 561372 f 42868 51478 iot 730440 577320 th 51200 51200 41500 pt 1070 inp 0 0 2101.289
08-23 19:41:12.243 599 599 I io_stats: !@ 179,0 r 1819243 30180965 w 76782 1325048 d 40346 561372 f 42868 51478 iot 730440 577327 th 51200 51200 41500 pt 1070 inp 0 0 2103.303
08-23 19:41:57.485 1452 1908 D SamsungAlarmManager: Expired : 65540
08-23 19:41:57.491 1452 1908 D SamsungAlarmManager: setInexact (T:3/F:0/AC:false) 20210823T194215 now=8558568 - CU:1000/CP:1452/OP:PendingIntent{e6efda2: PendingIntentRecord{50e186a com.opera.max.oem broadcastIntent}}
08-23 19:41:57.491 1452 1908 I SamsungAlarmManager: setLocked to kernel - T:2 / 20210823T194521, set=8762679, now=8558568
08-23 19:41:57.493 1452 1908 I SamsungAlarmManager: setLocked to kernel - T:3 / 20210823T194215, set=8576197, now=8558570
08-23 19:41:57.494 1452 1908 V SamsungAlarmManager: Sending to uid : 1000 L=25a0e33:DeviceIdleController.light alarm=Alarm{c440d24 type 2 when 8282354 android}
08-23 19:41:57.504 1452 1908 V SamsungAlarmManager: Sending to uid : 1000 L=6441702:TIME_TICK alarm=Alarm{2d2c08d type 3 when 8501076 android}
08-23 19:41:57.505 1452 1908 D SamsungAlarmManager: setExact (T:3/F:1/AC:false) 20210823T194200 now=8558582 - CU:1000/CP:1452/L:6441702:TIME_TICK
08-23 19:41:57.505 1452 1908 I SamsungAlarmManager: setLocked to kernel - T:2 / 20210823T194521, set=8762679, now=8558582
08-23 19:41:57.505 1452 1908 I SamsungAlarmManager: setLocked to kernel - T:3 / 20210823T194200, set=8561077, now=8558582
08-23 19:41:57.506 1452 1908 V SamsungAlarmManager: Sending to uid : 1000 action=com.sec.android.alarm.refresh.battery_stats alarm=Alarm{4752242 type 3 when 8277387 com.sec.android.sdhms}
08-23 19:41:57.507 1452 1908 D ActivityManager: Received BROADCAST intent 0x1323485 Key{broadcastIntent pkg=com.sec.android.sdhms intent=act=com.sec.android.alarm.refresh.battery_stats flags=0x0 u=0} requestCode=0 sent=0 from uid 1000
08-23 19:41:57.507 1452 1908 V SamsungAlarmManager: Sending to uid : 10160 action=null alarm=Alarm{75be253 type 3 when 8516197 com.opera.max.oem}
08-23 19:41:57.509 1452 1908 D ActivityManager: Received BROADCAST intent 0x50e186a Key{broadcastIntent pkg=com.opera.max.oem intent=cmp=com.opera.max.oem/com.opera.max.BoostUIService$StopReceiver flags=0x0 u=0} requestCode=0 sent=0 from uid 1000
08-23 19:41:57.510 1452 1908 V SamsungAlarmManager: Sending to uid : 10164 action=com.google.android.gms.gcm.TRIGGER_IDLE alarm=Alarm{d37d889 type 3 when 8557540 com.google.android.gms}
08-23 19:41:57.511 1452 1908 D ActivityManager: Received BROADCAST intent 0x8cfaefd Key{broadcastIntent pkg=com.google.android.gms/com.google.android.gms.gcm intent=act=com.google.android.gms.gcm.TRIGGER_IDLE flags=0x40000000 u=0} requestCode=0 sent=0 from uid 1000
08-23 19:41:57.552 1452 1908 I SamsungAlarmManager: setLocked to kernel - T:2 / 20210823T194521, set=8762679, now=8558629
08-23 19:41:57.553 1452 1908 I SamsungAlarmManager: setLocked to kernel - T:3 / 20210823T194200, set=8561077, now=8558629
08-23 19:41:57.554 1452 1571 D SamsungAlarmManager: setInexact (T:2/F:8/AC:false) 20210823T194351 now=8558631 - CU:1000/CP:1452/L:25a0e33:DeviceIdleController.light
08-23 19:41:57.555 1452 1571 I SamsungAlarmManager: setLocked to kernel - T:2 / 20210823T194351, set=8672431, now=8558632
08-23 19:41:57.555 1452 1571 I SamsungAlarmManager: setLocked to kernel - T:3 / 20210823T194200, set=8561077, now=8558632
08-23 19:41:57.557 1452 1571 D PowerManagerService: [api] setDeviceIdleMode: false (uid: 1000 pid: 1452)
08-23 19:41:57.557 1452 1571 D PowerManagerService: [api] setLightDeviceIdleMode: false (uid: 1000 pid: 1452)
08-23 19:41:57.583 1452 1581 D BatteryExternalStatsWorker: update stats
08-23 19:41:57.583 1452 1581 D BatteryExternalStatsWorker: WifiActivityEnergyInfo was updated
08-23 19:41:57.583 1452 1581 D BatteryExternalStatsWorker: BluetoothActivityEnergyInfo was updated
08-23 19:41:57.607 1452 1581 D BatteryExternalStatsWorker: ModemActivityEnergyInfo was updated
08-23 19:41:57.613 1452 1581 E KernelCpuSpeedReader: Failed to read cpu-freq: /sys/devices/system/cpu/cpu0/cpufreq/stats/time_in_state: open failed: ENOENT (No such file or directory)
08-23 19:41:57.632 1452 1452 D SamsungAlarmManager: setInexact (T:3/F:0/AC:false) 20210823T201431 now=8558708 - CU:1000/CP:1452/L:a08b79a:*job.delay*
08-23 19:41:57.632 1452 1452 I SamsungAlarmManager: setLocked to kernel - T:2 / 20210823T194351, set=8672431, now=8558709
08-23 19:41:57.632 1452 1452 I SamsungAlarmManager: setLocked to kernel - T:3 / 20210823T194200, set=8561077, now=8558709
08-23 19:41:57.634 1452 1452 D SamsungAlarmManager: setInexact (T:2/F:0/AC:false) 20210823T214143 now=8558711 - CU:1000/CP:1452/L:8c348cb:*job.deadline*
08-23 19:41:57.635 1452 1452 I SamsungAlarmManager: setLocked to kernel - T:2 / 20210823T194351, set=8672431, now=8558712
08-23 19:41:57.635 1452 1452 I SamsungAlarmManager: setLocked to kernel - T:3 / 20210823T194200, set=8561077, now=8558712
08-23 19:41:57.644 1452 1581 D BatteryExternalStatsWorker: done updateExternalStatsLocked
08-23 19:41:57.646 1452 4900 D ConnectivityService: Connectivity-MDO: 10193 is true
08-23 19:41:57.646 1452 4900 D ConnectivityService: Connectivity-MDO change default network for 10193, type: mdo
08-23 19:41:57.646 1452 4900 D ConnectivityService: Returning UNBLOCKED NetworkInfo to uid=10193
08-23 19:41:57.692 1452 1581 D BatteryExternalStatsWorker: update stats
08-23 19:41:57.692 1452 1581 D BatteryExternalStatsWorker: WifiActivityEnergyInfo was updated
08-23 19:41:57.692 1452 1581 D BatteryExternalStatsWorker: BluetoothActivityEnergyInfo was updated
08-23 19:41:57.692 1452 1581 D BatteryExternalStatsWorker: ModemActivityEnergyInfo was updated
08-23 19:41:57.699 1452 1452 D ConnectivityService: Connectivity-MDO: 10193 is true
08-23 19:41:57.699 1452 1452 D ConnectivityService: Connectivity-MDO change default network for 10193, type: mdo
08-23 19:41:57.718 1452 1581 D BatteryExternalStatsWorker: done updateExternalStatsLocked
08-23 19:41:57.723 1452 3500 D SamsungAlarmManager: Cancel Alarm calling from uid:10164 pid :2781 / OP:PendingIntent{3006b31: PendingIntentRecord{af48901 com.google.android.gms/com.google.android.gms.gcm broadcastIntent}}
08-23 19:41:57.724 1452 1452 D ConnectivityService: Connectivity-MDO: 10445 is true
08-23 19:41:57.724 1452 1452 D ConnectivityService: Connectivity-MDO change default network for 10445, type: mdo
08-23 19:41:57.747 1452 3500 D ConnectivityService: Connectivity-MDO: 10193 is true
08-23 19:41:57.748 1452 3500 D ConnectivityService: Connectivity-MDO change default network for 10193, type: mdo
08-23 19:41:57.757 599 599 I io_stats: !@ 179,0 r 1819281 30181209 w 76810 1325448 d 40393 561732 f 42909 51524 iot 730990 577870 th 51200 51200 41500 pt 1070 inp 1 0 2105.316
08-23 19:41:57.794 1452 2081 D PowerManagerService: [api] setDeviceIdleTempWhitelist: appids: [0]10081 [1]10164 (uid: 1000 pid: 1452)
08-23 19:41:57.814 1452 2081 D JobServiceContext: sendStopMessageLocked stop reason: cancel() called by app, callingUid=1000 uid=1000 jobId=102021
08-23 19:41:57.852 1452 2081 D JobServiceContext: sendStopMessageLocked stop reason: cancel() called by app, callingUid=1000 uid=1000 jobId=106624
08-23 19:41:57.877 3512 3731 I SDHMS:PowerAnomaly:GATHERERBATTSTATS: BarTender BatteryStatsUpdateReceiver Start / reason : POLLING
08-23 19:41:57.877 3512 3731 I SDHMS:PowerAnomaly:GATHERERBATTSTATS: BarTender addStats To DB Start
08-23 19:41:57.878 1452 2228 D SamsungAlarmManager: setInexact (T:2/F:0/AC:false) 20210823T195025 now=8558954 - CU:10164/CP:2781/OP:PendingIntent{162fb08: PendingIntentRecord{af48901 com.google.android.gms/com.google.android.gms.gcm broadcastIntent}}
08-23 19:41:57.878 1452 2228 I SamsungAlarmManager: setLocked to kernel - T:2 / 20210823T194351, set=8672431, now=8558954
08-23 19:41:57.878 1452 2228 I SamsungAlarmManager: setLocked to kernel - T:3 / 20210823T194200, set=8561077, now=8558954
08-23 19:41:57.879 3512 3731 I SDHMS:PowerAnomaly:BatteryStatsDBManager: BarTender DB BulkInsert Start / size=24
08-23 19:41:57.880 3512 3731 I SDHMS:BatteryStatsDBProvider: BarTender DB Provider bulkInsert Start
08-23 19:41:57.889 1452 2081 D JobServiceContext: sendStopMessageLocked stop reason: cancel() called by app, callingUid=1000 uid=1000 jobId=109358
08-23 19:41:57.912 1452 4886 D SamsungAlarmManager: Cancel Alarm calling from uid:10164 pid :2781 / OP:PendingIntent{ab0bfb4: PendingIntentRecord{af48901 com.google.android.gms/com.google.android.gms.gcm broadcastIntent}}
08-23 19:41:57.914 1452 4886 I SamsungAlarmManager: setLocked to kernel - T:2 / 20210823T194351, set=8672431, now=8558990
08-23 19:41:57.914 1452 4886 I SamsungAlarmManager: setLocked to kernel - T:3 / 20210823T194200, set=8561077, now=8558991
08-23 19:41:57.924 1452 2081 D SamsungAlarmManager: setInexact (T:3/F:8/AC:false) 20210823T194257 now=8559000 - CU:1000/CP:1452/L:1742320:*job.quota_check*
08-23 19:41:57.924 1452 2081 I SamsungAlarmManager: setLocked to kernel - T:2 / 20210823T194351, set=8672431, now=8559000
08-23 19:41:57.924 1452 2081 I SamsungAlarmManager: setLocked to kernel - T:3 / 20210823T194200, set=8561077, now=8559000
08-23 19:41:57.925 1452 2081 D JobServiceContext: sendStopMessageLocked stop reason: cancel() called by app, callingUid=1000 uid=1000 jobId=102500
08-23 19:41:57.931 3512 3731 I SDHMS:BatteryStatsDBProvider: BarTender DB Provider bulkInsert End
08-23 19:41:57.931 3512 3731 I SDHMS:PowerAnomaly:BatteryStatsDBManager: BarTender DB BulkInsert End
08-23 19:41:57.949 1452 2081 D JobServiceContext: sendStopMessageLocked stop reason: cancel() called by app, callingUid=1000 uid=1000 jobId=109334
08-23 19:41:57.978 1452 3500 W ActivityManager: Background start not allowed: service Intent { act=com.whatsapp.messaging.MessageService.START cmp=com.whatsapp/.messaging.MessageService } to com.whatsapp/.messaging.MessageService from pid=15596 uid=10193 pkg=com.whatsapp startFg?=false
08-23 19:41:57.980 1452 2081 D JobServiceContext: sendStopMessageLocked stop reason: cancel() called by app, callingUid=1000 uid=1000 jobId=100738
08-23 19:41:57.984 1452 3500 D SamsungAlarmManager: setExact (T:2/F:5/AC:false) 20210823T195545 now=8559060 - CU:10193/CP:15596/OP:PendingIntent{2f5729b: PendingIntentRecord{a4f3638 com.whatsapp broadcastIntent}}
08-23 19:41:57.984 1452 3500 I SamsungAlarmManager: setLocked to kernel - T:2 / 20210823T194351, set=8672431, now=8559060
08-23 19:41:57.984 1452 3500 I SamsungAlarmManager: setLocked to kernel - T:3 / 20210823T194200, set=8561077, now=8559061
08-23 19:41:57.993 1452 4900 D SamsungAlarmManager: setInexact (T:3/F:0/AC:false) 20210823T194545 now=8559070 - CU:10193/CP:15596/OP:PendingIntent{6dd7de4: PendingIntentRecord{b02424d com.whatsapp broadcastIntent}}
08-23 19:41:57.994 1452 4900 I SamsungAlarmManager: setLocked to kernel - T:2 / 20210823T194351, set=8672431, now=8559070
08-23 19:41:57.994 1452 4900 I SamsungAlarmManager: setLocked to kernel - T:3 / 20210823T194200, set=8561077, now=8559070
08-23 19:41:57.995 1452 3500 I SamsungAlarmManager: setLocked to kernel - T:2 / 20210823T194351, set=8672431, now=8559072
08-23 19:41:57.996 1452 3500 I SamsungAlarmManager: setLocked to kernel - T:3 / 20210823T194200, set=8561077, now=8559072
08-23 19:41:57.998 1452 3500 D SamsungAlarmManager: setExact (T:2/F:5/AC:false) 20210823T195545 now=8559074 - CU:10193/CP:15596/OP:PendingIntent{43db649: PendingIntentRecord{a4f3638 com.whatsapp broadcastIntent}}
08-23 19:41:57.998 1452 3500 I SamsungAlarmManager: setLocked to kernel - T:2 / 20210823T194351, set=8672431, now=8559074
08-23 19:41:57.998 1452 3500 I SamsungAlarmManager: setLocked to kernel - T:3 / 20210823T194200, set=8561077, now=8559074
08-23 19:41:58.004 1452 4900 D SamsungAlarmManager: setInexact (T:2/F:0/AC:false) 20210823T195025 now=8559081 - CU:10164/CP:2781/OP:PendingIntent{a28a57c: PendingIntentRecord{af48901 com.google.android.gms/com.google.android.gms.gcm broadcastIntent}}
08-23 19:41:58.004 1452 4900 I SamsungAlarmManager: setLocked to kernel - T:2 / 20210823T194351, set=8672431, now=8559081
08-23 19:41:58.004 1452 4900 I SamsungAlarmManager: setLocked to kernel - T:3 / 20210823T194200, set=8561077, now=8559081
08-23 19:41:58.015 1452 2081 D JobServiceContext: sendStopMessageLocked stop reason: cancel() called by app, callingUid=1000 uid=1000 jobId=109193
08-23 19:41:58.029 3512 3731 I SDHMS:PowerAnomaly:GATHERERBATTSTATS: BarTender addStats To ExtDB Start
08-23 19:41:58.033 1452 2081 D JobServiceContext: sendStopMessageLocked stop reason: cancel() called by app, callingUid=1000 uid=1000 jobId=109691
08-23 19:41:58.052 1452 2081 D JobServiceContext: sendStopMessageLocked stop reason: cancel() called by app, callingUid=1000 uid=1000 jobId=100951
08-23 19:41:58.071 1452 2081 D JobServiceContext: sendStopMessageLocked stop reason: cancel() called by app, callingUid=1000 uid=1000 jobId=105494
08-23 19:41:58.090 1452 2081 D JobServiceContext: sendStopMessageLocked stop reason: cancel() called by app, callingUid=1000 uid=1000 jobId=101025
08-23 19:41:58.099 1452 4900 D ConnectivityService: Connectivity-MDO: 10193 is true
08-23 19:41:58.099 1452 4900 D ConnectivityService: Connectivity-MDO change default network for 10193, type: mdo
08-23 19:41:58.101 1452 4900 D ConnectivityService: Connectivity-MDO: 10193 is true
08-23 19:41:58.101 1452 4900 D ConnectivityService: Connectivity-MDO change default network for 10193, type: mdo
08-23 19:41:58.109 1452 4900 D ConnectivityService: Connectivity-MDO: 10193 is true
08-23 19:41:58.109 1452 4900 D ConnectivityService: Connectivity-MDO change default network for 10193, type: mdo
08-23 19:41:58.112 1452 2081 D JobServiceContext: sendStopMessageLocked stop reason: cancel() called by app, callingUid=1000 uid=1000 jobId=109439
08-23 19:41:58.115 3512 3731 I SDHMS:PowerAnomaly:ANALYZERBATTSTATS: BatteryStats Analyze Start
08-23 19:41:58.131 1452 2081 D JobServiceContext: sendStopMessageLocked stop reason: cancel() called by app, callingUid=1000 uid=1000 jobId=108390
08-23 19:41:58.152 1452 2081 D JobServiceContext: sendStopMessageLocked stop reason: cancel() called by app, callingUid=1000 uid=1000 jobId=109221
08-23 19:41:58.172 1452 2081 D JobServiceContext: sendStopMessageLocked stop reason: cancel() called by app, callingUid=1000 uid=1000 jobId=101751
08-23 19:41:58.190 1452 2081 D JobServiceContext: sendStopMessageLocked stop reason: cancel() called by app, callingUid=1000 uid=1000 jobId=108978
08-23 19:41:58.210 1452 4900 D SamsungAlarmManager: Cancel Alarm calling from uid:10164 pid :2781 / OP:PendingIntent{a4a41ba: PendingIntentRecord{af48901 com.google.android.gms/com.google.android.gms.gcm broadcastIntent}}
08-23 19:41:58.211 1452 4900 I SamsungAlarmManager: setLocked to kernel - T:2 / 20210823T194351, set=8672431, now=8559288
08-23 19:41:58.211 1452 4900 I SamsungAlarmManager: setLocked to kernel - T:3 / 20210823T194200, set=8561077, now=8559288
08-23 19:41:58.215 1452 2081 D JobServiceContext: sendStopMessageLocked stop reason: cancel() called by app, callingUid=1000 uid=1000 jobId=105815
08-23 19:41:58.242 1452 2081 D JobServiceContext: sendStopMessageLocked stop reason: cancel() called by app, callingUid=1000 uid=1000 jobId=104782
08-23 19:41:58.268 1452 2081 D JobServiceContext: sendStopMessageLocked stop reason: cancel() called by app, callingUid=1000 uid=1000 jobId=109359
08-23 19:41:58.294 1452 3500 D SamsungAlarmManager: setInexact (T:2/F:0/AC:false) 20210823T202045 now=8559371 - CU:10164/CP:2781/OP:PendingIntent{644395e: PendingIntentRecord{af48901 com.google.android.gms/com.google.android.gms.gcm broadcastIntent}}
08-23 19:41:58.294 1452 3500 I SamsungAlarmManager: setLocked to kernel - T:2 / 20210823T194351, set=8672431, now=8559371
08-23 19:41:58.295 1452 3500 I SamsungAlarmManager: setLocked to kernel - T:3 / 20210823T194200, set=8561077, now=8559371
08-23 19:41:58.306 1452 2081 D JobServiceContext: sendStopMessageLocked stop reason: cancel() called by app, callingUid=1000 uid=1000 jobId=105789
08-23 19:41:58.330 1452 2081 D JobServiceContext: sendStopMessageLocked stop reason: cancel() called by app, callingUid=1000 uid=1000 jobId=101157
08-23 19:41:58.351 1452 2081 D JobServiceContext: sendStopMessageLocked stop reason: cancel() called by app, callingUid=1000 uid=1000 jobId=105244
08-23 19:41:58.369 1452 2081 D JobServiceContext: sendStopMessageLocked stop reason: cancel() called by app, callingUid=1000 uid=1000 jobId=104382
08-23 19:41:58.391 1452 2081 D JobServiceContext: sendStopMessageLocked stop reason: cancel() called by app, callingUid=1000 uid=1000 jobId=102944
08-23 19:41:58.426 1452 2081 D JobServiceContext: sendStopMessageLocked stop reason: cancel() called by app, callingUid=1000 uid=1000 jobId=104805
08-23 19:41:58.449 1452 2081 D JobServiceContext: sendStopMessageLocked stop reason: cancel() called by app, callingUid=1000 uid=1000 jobId=104851
08-23 19:41:58.473 1452 2081 D JobServiceContext: sendStopMessageLocked stop reason: cancel() called by app, callingUid=1000 uid=1000 jobId=106435
08-23 19:41:58.478 3512 3731 I SDHMS:PowerAnomaly:GATHERERBATTSTATS: BarTender BatteryStatsUpdateReceiver End
08-23 19:41:58.479 3512 3731 I SDHMS:y : Polling event handleUpdatedDeltaLocked will starts.
08-23 19:41:58.479 3512 3731 I SDHMS:y : handleUpdatedDeltaLocked : 2021-08-23 19:27:16.302 ~ 2021-08-23 19:41:58.479 reason=POLLING
08-23 19:41:58.479 3512 3731 I SDHMS:y : refreshStats!! devInfo=power = 0.7170746124902507, screenPower = 0.0, idlePower = 0.029355555555556023, percent = 0, screenOnTime = 0, screenOffTime = 882348, uptime = 66050, screenOffUptime = 66050, AOD = 0, powerSave = 0, wakelock time = 60584 appInfo size=24
08-23 19:41:58.479 3512 3731 I SDHMS:y : Polling event handleUpdatedDeltaLocked finished.
08-23 19:41:58.481 1452 2228 D SamsungAlarmManager: setInexact (T:3/F:8/AC:false) 20210823T195158 now=8559558 - CU:1000/CP:3512/OP:PendingIntent{5ce15c3: PendingIntentRecord{1323485 com.sec.android.sdhms broadcastIntent}}
08-23 19:41:58.482 1452 2228 I SamsungAlarmManager: setLocked to kernel - T:2 / 20210823T194351, set=8672431, now=8559558
08-23 19:41:58.482 1452 2228 I SamsungAlarmManager: setLocked to kernel - T:3 / 20210823T194200, set=8561077, now=8559558
08-23 19:41:58.502 1452 2081 D JobServiceContext: sendStopMessageLocked stop reason: cancel() called by app, callingUid=1000 uid=1000 jobId=108619
08-23 19:41:58.523 1452 2081 D JobServiceContext: sendStopMessageLocked stop reason: cancel() called by app, callingUid=1000 uid=1000 jobId=104671
08-23 19:41:58.546 1452 2081 D JobServiceContext: sendStopMessageLocked stop reason: cancel() called by app, callingUid=1000 uid=1000 jobId=108533
08-23 19:41:58.566 1452 2081 D JobServiceContext: sendStopMessageLocked stop reason: cancel() called by app, callingUid=1000 uid=1000 jobId=109000
08-23 19:41:58.595 1452 2081 D JobServiceContext: sendStopMessageLocked stop reason: cancel() called by app, callingUid=1000 uid=1000 jobId=103697
08-23 19:41:58.601 1452 2228 I DropBoxManagerService: add tag=event_data isTagEnabled=true flags=0x2
08-23 19:41:58.610 1452 2228 W DropBoxManagerService: Dropping: event_data (39 > 0 bytes)
08-23 19:41:58.614 1452 1572 W BroadcastQueue: Background execution not allowed: receiving Intent { act=android.intent.action.DROPBOX_ENTRY_ADDED flg=0x10 (has extras) } to com.google.android.gms/.stats.service.DropBoxEntryAddedReceiver
08-23 19:41:58.614 1452 1572 W BroadcastQueue: Background execution not allowed: receiving Intent { act=android.intent.action.DROPBOX_ENTRY_ADDED flg=0x10 (has extras) } to com.google.android.gms/.chimera.GmsIntentOperationService$PersistentTrustedReceiver
08-23 19:41:58.626 1452 3500 D StorageManagerService: getExternalStorageMountMode: uid=10164 packageName=com.google.android.gsf
08-23 19:41:58.627 1452 3500 D CompatibilityChangeReporter: Compat change id reported: 135634846; UID 10164; state: DISABLED
08-23 19:41:58.628 1452 1573 D CompatibilityChangeReporter: Compat change id reported: 143937733; UID 10164; state: ENABLED
08-23 19:41:58.629 1452 3500 W ActivityManager: wait for provider publish: waiters=1 callerApp=ProcessRecord{a4a08f0 2347:com.google.android.gms/u0a164} cpr=ContentProviderRecord{5b8eca5 u0 com.google.android.gsf/.gservices.GservicesProvider}
08-23 19:41:58.652 1452 4900 D SamsungAlarmManager: setInexact (T:3/F:0/AC:false) 20310821T194158 now=8559729 - CU:10164/CP:2781/OP:PendingIntent{6f0ae21: PendingIntentRecord{80e6246 com.google.android.gms/ startService}}
08-23 19:41:58.652 1452 4900 I SamsungAlarmManager: setLocked to kernel - T:2 / 20210823T194351, set=8672431, now=8559729
08-23 19:41:58.652 1452 4900 I SamsungAlarmManager: setLocked to kernel - T:3 / 20210823T194200, set=8561077, now=8559729
08-23 19:41:58.663 1452 1573 I ActivityManager: Start proc 16413:com.google.process.gservices/u0a164 for content provider {com.google.android.gsf/com.google.android.gsf.gservices.GservicesProvider}
08-23 19:41:58.682 1452 2081 D JobServiceContext: sendStopMessageLocked stop reason: cancel() called by app, callingUid=1000 uid=1000 jobId=100947
08-23 19:41:58.707 1452 4900 I ActivityManager: DSS OFF for com.google.android.gsf
08-23 19:41:58.713 1452 4900 D ActivityManager: attachApplicationLocked() app=ProcessRecord{8e57a9c 16413:com.google.process.gservices/u0a164} app.isolatedEntryPoint=null instr2=null
08-23 19:41:58.723 16413 16413 D ActivityThread: handleBindApplication()++ app=com.google.process.gservices
08-23 19:41:58.733 1452 2228 D SamsungAlarmManager: setInexact (T:3/F:0/AC:false) 20310821T194158 now=8559810 - CU:10164/CP:2347/OP:PendingIntent{accb42a: PendingIntentRecord{a89b21b com.google.android.gms/ startService}}
08-23 19:41:58.733 1452 2228 I SamsungAlarmManager: setLocked to kernel - T:2 / 20210823T194351, set=8672431, now=8559810
08-23 19:41:58.733 1452 2228 I SamsungAlarmManager: setLocked to kernel - T:3 / 20210823T194200, set=8561077, now=8559810
08-23 19:41:58.752 1452 2081 D JobServiceContext: sendStopMessageLocked stop reason: cancel() called by app, callingUid=1000 uid=1000 jobId=100138
08-23 19:41:58.833 1452 2081 D JobServiceContext: sendStopMessageLocked stop reason: cancel() called by app, callingUid=1000 uid=1000 jobId=102045
08-23 19:41:58.844 16413 16413 D ActivityThread: handleBindApplication() -- skipGraphicsSupport=false
08-23 19:41:58.845 16413 16413 D ActivityThread: ActivityThread::handleMakeApplication() data=AppBindData{appInfo=ApplicationInfo{f9fc0aa com.google.android.gsf}} appContext=android.app.ContextImpl@135049b appContext.mOpPackageName=com.google.android.gsf appContext.mBasePackageName=com.google.android.gsf appContext.mPackageInfo=android.app.LoadedApk@5dc6038 data.restrictedBackupMode= false data.providers= [ContentProviderInfo{name=com.google.android.gsf.gservices className=com.google.android.gsf.gservices.GservicesProvider}] Caller=android.app.ActivityThread.handleBindApplication:7446 android.app.ActivityThread.access$1400:301 android.app.ActivityThread$H.handleMessage:2148 android.os.Handler.dispatchMessage:106 android.os.Looper.loop:246 08-23 19:41:58.847 16413 16413 D LoadedApk: LoadedApk::makeApplication() appContext=android.app.ContextImpl@7763811 appContext.mOpPackageName=com.google.android.gsf appContext.mBasePackageName=com.google.android.gsf appContext.mPackageInfo=android.app.LoadedApk@5dc6038
08-23 19:41:58.854 1452 2007 D MARs:NoAppIconFilter: filter : com.google.android.gms(0)
08-23 19:41:58.854 1452 2007 D MARs:DeviceAdminPackageFilter: filter : com.google.android.gms(0)
08-23 19:41:58.854 1452 2007 D MARs:NoAppIconFilter: filter : com.google.android.gsf(0)
08-23 19:41:58.854 1452 2007 D MARs:DeviceAdminPackageFilter: filter : com.microsoft.office.outlook(0)
08-23 19:41:58.854 1452 2007 D MARs:NoAppIconFilter: filter : com.dti.samsung(0)
08-23 19:41:58.854 1452 2007 D MARs:NoAppIconFilter: filter : com.sec.android.provider.badge(0)
08-23 19:41:58.854 1452 2007 D MARs:NoAppIconFilter: filter : com.samsung.android.providers.contacts(0)
08-23 19:41:58.854 1452 2007 D MARs:NoAppIconFilter: filter : com.samsung.android.fmm(0)
08-23 19:41:58.854 1452 2007 D MARs:SystemFilter: filter : com.samsung.android.fmm(0)
08-23 19:41:58.854 1452 2007 D MARs:NoAppIconFilter: filter : com.samsung.android.messaging(0)
08-23 19:41:58.857 1452 2007 D MARs:DefaultAppFilter: filter : com.samsung.android.messaging(0)(SMS)
08-23 19:41:58.857 1452 2007 D MARs:NoAppIconFilter: filter : com.samsung.android.app.telephonyui(0)
08-23 19:41:58.857 1452 2007 D MARs:NoAppIconFilter: filter : com.samsung.android.rubin.app(0)
08-23 19:41:58.857 1452 2007 D MARs:NoAppIconFilter: filter : com.android.systemui(0)
08-23 19:41:58.857 1452 2007 D MARs:NoAppIconFilter: filter : com.android.settings(0)
08-23 19:41:58.857 1452 2007 D MARs:SystemFilter: filter : com.android.settings(0)
08-23 19:41:58.858 1452 2007 D MARs:NoAppIconFilter: filter : com.samsung.android.kgclient(0)
08-23 19:41:58.858 1452 2007 D MARs:DeviceAdminPackageFilter: filter : com.samsung.android.kgclient(0)
08-23 19:41:58.858 1452 2007 D MARs:NoAppIconFilter: filter : com.sec.phone(0)
08-23 19:41:58.858 1452 2007 D MARs:NoAppIconFilter: filter : com.samsung.android.service.peoplestripe(0)
08-23 19:41:58.858 1452 2007 D MARs:NoAppIconFilter: filter : com.qualcomm.embms(0)
08-23 19:41:58.858 1452 2007 D MARs:NoAppIconFilter: filter : android(0)
08-23 19:41:58.858 1452 2007 D MARs:SystemFilter: filter : android(0)
08-23 19:41:58.858 1452 2007 D MARs:JobSchedulerPackageFilter: filter : android(0)
08-23 19:41:58.858 1452 2007 D MARs:NoAppIconFilter: filter : com.sec.android.app.servicemodeapp(0)
08-23 19:41:58.858 1452 2007 D MARs:SystemFilter: filter : com.sec.android.app.servicemodeapp(0)
08-23 19:41:58.858 1452 2007 D MARs:NoAppIconFilter: filter : com.samsung.cmh(0)
08-23 19:41:58.858 1452 2007 D MARs:NoAppIconFilter: filter : com.samsung.android.app.cocktailbarservice(0)
08-23 19:41:58.858 1452 2007 D MARs:NoAppIconFilter: filter : com.android.providers.media(0)
08-23 19:41:58.858 1452 2007 D MARs:NoAppIconFilter: filter : com.google.android.ext.services(0)
08-23 19:41:58.858 1452 2007 D MARs:NoAppIconFilter: filter : com.samsung.android.honeyboard(0)
08-23 19:41:58.859 1452 2007 D MARs:DefaultAppFilter: filter : com.samsung.android.honeyboard(0)(IME)
08-23 19:41:58.859 1452 2007 D MARs:NoAppIconFilter: filter : com.sec.modem.settings(0)
08-23 19:41:58.859 1452 2007 D MARs:SystemFilter: filter : com.sec.modem.settings(0)
08-23 19:41:58.872 1452 2007 I ActivityManager: Killing 15596:com.whatsapp/u0a193 (adj 850): Chimera #0
08-23 19:41:58.874 1452 2007 D ActivityManager: proc ProcessRecord{9dbf7cf 15596:com.whatsapp/u0a193} already removed. so we skip next process.
08-23 19:41:58.883 1452 2007 I ActivityManager: Killing 16272:com.facebook.lite/u0a184 (adj 965): Chimera #0
08-23 19:41:58.886 1452 2007 D ActivityManager: proc ProcessRecord{c9f344d 16272:com.facebook.lite/u0a184} already removed. so we skip next process.
08-23 19:41:58.896 1452 2228 I GenerationRegistry: mBackingStore.isClosed() : false
08-23 19:41:58.907 1452 2007 I ActivityManager: Killing 15969:com.samsung.android.app.telephonyui:callsettingsprovider/1001 (adj 999): Chimera #0
08-23 19:41:58.909 1452 2007 D ActivityManager: proc ProcessRecord{18ef518 15969:com.samsung.android.app.telephonyui:callsettingsprovider/1001} already removed. so we skip next process.
08-23 19:41:58.936 1452 2007 I ActivityManager: Killing 15948:com.sec.android.provider.badge/u0a64 (adj 975): Chimera #0
08-23 19:41:58.938 1452 2007 D ActivityManager: proc ProcessRecord{3625bf6 15948:com.sec.android.provider.badge/u0a64} already removed. so we skip next process.
08-23 19:41:58.962 1452 2081 D JobServiceContext: sendStopMessageLocked stop reason: cancel() called by app, callingUid=1000 uid=1000 jobId=108945
08-23 19:41:58.988 1452 2081 D JobServiceContext: sendStopMessageLocked stop reason: cancel() called by app, callingUid=1000 uid=1000 jobId=100635
08-23 19:41:59.045 1452 2228 I DropBoxManagerService: add tag=platform_stats_bookmark isTagEnabled=true flags=0x2
08-23 19:41:59.050 1452 4900 D ConnectivityService: ConnectivityService NetworkRequestInfo binderDied(NetworkRequest [ TRACK_DEFAULT_MDO id=375, [ Capabilities: INTERNET&NOT_RESTRICTED&TRUSTED Uid: 10193 AdministratorUids: [] RequestorUid: 10193 RequestorPackageName: com.whatsapp] ], android.os.BinderProxy@d661b8c)
08-23 19:41:59.051 1452 1949 D ConnectivityService: releasing NetworkRequest [ TRACK_DEFAULT_MDO id=375, [ Capabilities: INTERNET&NOT_RESTRICTED&TRUSTED Uid: 10193 AdministratorUids: [] RequestorUid: 10193 RequestorPackageName: com.whatsapp] ] (release request)
08-23 19:41:59.056 1452 2081 D JobServiceContext: sendStopMessageLocked stop reason: cancel() called by app, callingUid=1000 uid=1000 jobId=104675
08-23 19:41:59.057 1452 2228 W DropBoxManagerService: Dropping: platform_stats_bookmark (13 > 0 bytes)
08-23 19:41:59.064 1452 1572 W BroadcastQueue: Background execution not allowed: receiving Intent { act=android.intent.action.DROPBOX_ENTRY_ADDED flg=0x10 (has extras) } to com.google.android.gms/.stats.service.DropBoxEntryAddedReceiver
08-23 19:41:59.064 1452 1572 W BroadcastQueue: Background execution not allowed: receiving Intent { act=android.intent.action.DROPBOX_ENTRY_ADDED flg=0x10 (has extras) } to com.google.android.gms/.chimera.GmsIntentOperationService$PersistentTrustedReceiver
08-23 19:41:59.089 1452 2081 D JobServiceContext: sendStopMessageLocked stop reason: cancel() called by app, callingUid=1000 uid=1000 jobId=104349
08-23 19:41:59.128 1452 2081 D JobServiceContext: sendStopMessageLocked stop reason: cancel() called by app, callingUid=1000 uid=1000 jobId=109918
08-23 19:41:59.149 1452 2081 D JobServiceContext: sendStopMessageLocked stop reason: cancel() called by app, callingUid=1000 uid=1000 jobId=106128
08-23 19:41:59.172 1452 4821 I SamsungAlarmManager: setLocked to kernel - T:2 / 20210823T194351, set=8672431, now=8560248
08-23 19:41:59.173 1452 4821 I SamsungAlarmManager: setLocked to kernel - T:3 / 20210823T194200, set=8561077, now=8560250
08-23 19:41:59.175 1452 4821 D SamsungAlarmManager: setInexact (T:2/F:0/AC:false) 20210823T202026 now=8560252 - CU:10164/CP:2781/OP:PendingIntent{3f2db45: PendingIntentRecord{af48901 com.google.android.gms/com.google.android.gms.gcm broadcastIntent}}
08-23 19:41:59.175 1452 4821 I SamsungAlarmManager: setLocked to kernel - T:2 / 20210823T194351, set=8672431, now=8560252
08-23 19:41:59.175 1452 4821 I SamsungAlarmManager: setLocked to kernel - T:3 / 20210823T194200, set=8561077, now=8560252
08-23 19:41:59.182 1452 2081 D JobServiceContext: sendStopMessageLocked stop reason: cancel() called by app, callingUid=1000 uid=1000 jobId=102709
08-23 19:41:59.190 1452 4821 D SamsungAlarmManager: Cancel Alarm calling from uid:10164 pid :2781 / OP:PendingIntent{60987cb: PendingIntentRecord{af48901 com.google.android.gms/com.google.android.gms.gcm broadcastIntent}}
08-23 19:41:59.192 1452 4821 I SamsungAlarmManager: setLocked to kernel - T:2 / 20210823T194351, set=8672431, now=8560268
08-23 19:41:59.192 1452 4821 I SamsungAlarmManager: setLocked to kernel - T:3 / 20210823T194200, set=8561077, now=8560269
08-23 19:41:59.197 1452 4821 D SamsungAlarmManager: setInexact (T:2/F:0/AC:false) 20210823T202026 now=8560274 - CU:10164/CP:2781/OP:PendingIntent{b70dba8: PendingIntentRecord{af48901 com.google.android.gms/com.google.android.gms.gcm broadcastIntent}}
08-23 19:41:59.198 1452 4821 I SamsungAlarmManager: setLocked to kernel - T:2 / 20210823T194351, set=8672431, now=8560274
08-23 19:41:59.198 1452 4821 I SamsungAlarmManager: setLocked to kernel - T:3 / 20210823T194200, set=8561077, now=8560274
08-23 19:41:59.203 1452 2081 D JobServiceContext: sendStopMessageLocked stop reason: cancel() called by app, callingUid=1000 uid=1000 jobId=105584
08-23 19:41:59.219 1452 2081 D JobServiceContext: sendStopMessageLocked stop reason: cancel() called by app, callingUid=1000 uid=1000 jobId=102130
08-23 19:41:59.239 1452 2081 D JobServiceContext: sendStopMessageLocked stop reason: cancel() called by app, callingUid=1000 uid=1000 jobId=102646
08-23 19:41:59.257 1452 2081 D JobServiceContext: sendStopMessageLocked stop reason: cancel() called by app, callingUid=1000 uid=1000 jobId=107438
08-23 19:41:59.274 1452 2081 D JobServiceContext: sendStopMessageLocked stop reason: cancel() called by app, callingUid=1000 uid=1000 jobId=100722
08-23 19:41:59.291 1452 2081 D JobServiceContext: sendStopMessageLocked stop reason: cancel() called by app, callingUid=1000 uid=1000 jobId=101135
08-23 19:41:59.308 1452 2081 D JobServiceContext: sendStopMessageLocked stop reason: cancel() called by app, callingUid=1000 uid=1000 jobId=100089
08-23 19:41:59.324 1452 2081 D JobServiceContext: sendStopMessageLocked stop reason: cancel() called by app, callingUid=1000 uid=1000 jobId=104582
08-23 19:41:59.340 1452 2081 D JobServiceContext: sendStopMessageLocked stop reason: cancel() called by app, callingUid=1000 uid=1000 jobId=100212
08-23 19:41:59.355 1452 2081 D JobServiceContext: sendStopMessageLocked stop reason: cancel() called by app, callingUid=1000 uid=1000 jobId=106867
