08-23 19:41:59.373 1452 2081 D JobServiceContext: sendStopMessageLocked stop reason: cancel() called by app, callingUid=1000 uid=1000 jobId=105888
08-23 19:41:59.388 1452 2081 D JobServiceContext: sendStopMessageLocked stop reason: cancel() called by app, callingUid=1000 uid=1000 jobId=108614
08-23 19:41:59.403 1452 2081 D JobServiceContext: sendStopMessageLocked stop reason: cancel() called by app, callingUid=1000 uid=1000 jobId=105971
08-23 19:41:59.418 1452 2081 D JobServiceContext: sendStopMessageLocked stop reason: cancel() called by app, callingUid=1000 uid=1000 jobId=100818
08-23 19:41:59.433 1452 2081 D JobServiceContext: sendStopMessageLocked stop reason: cancel() called by app, callingUid=1000 uid=1000 jobId=106004
08-23 19:41:59.447 1452 2081 D JobServiceContext: sendStopMessageLocked stop reason: cancel() called by app, callingUid=1000 uid=1000 jobId=106026
08-23 19:41:59.462 1452 2081 D JobServiceContext: sendStopMessageLocked stop reason: cancel() called by app, callingUid=1000 uid=1000 jobId=107491
08-23 19:41:59.543 1452 2081 D JobServiceContext: sendStopMessageLocked stop reason: cancel() called by app, callingUid=1000 uid=1000 jobId=105314
08-23 19:41:59.563 1452 2081 D JobServiceContext: sendStopMessageLocked stop reason: cancel() called by app, callingUid=1000 uid=1000 jobId=103232
08-23 19:41:59.584 1452 2081 D JobServiceContext: sendStopMessageLocked stop reason: cancel() called by app, callingUid=1000 uid=1000 jobId=105295
08-23 19:41:59.608 1452 2081 I SamsungAlarmManager: setLocked to kernel - T:2 / 20210823T194351, set=8672431, now=8560684
08-23 19:41:59.608 1452 2081 I SamsungAlarmManager: setLocked to kernel - T:3 / 20210823T194200, set=8561077, now=8560685
08-23 19:41:59.609 1452 2081 D SamsungAlarmManager: setInexact (T:3/F:8/AC:false) 20210823T195159 now=8560686 - CU:1000/CP:1452/L:1742320:*job.quota_check*
08-23 19:41:59.609 1452 2081 I SamsungAlarmManager: setLocked to kernel - T:2 / 20210823T194351, set=8672431, now=8560686
08-23 19:41:59.610 1452 2081 I SamsungAlarmManager: setLocked to kernel - T:3 / 20210823T194200, set=8561077, now=8560686
08-23 19:41:59.612 1452 2081 D JobServiceContext: sendStopMessageLocked stop reason: cancel() called by app, callingUid=1000 uid=1000 jobId=103642
08-23 19:41:59.635 1452 2081 I SamsungAlarmManager: setLocked to kernel - T:2 / 20210823T194351, set=8672431, now=8560711
08-23 19:41:59.635 1452 2081 I SamsungAlarmManager: setLocked to kernel - T:3 / 20210823T194200, set=8561077, now=8560712
08-23 19:41:59.635 1452 2081 D SamsungAlarmManager: setInexact (T:3/F:8/AC:false) 20210823T195159 now=8560712 - CU:1000/CP:1452/L:1742320:*job.quota_check*
08-23 19:41:59.635 1452 2081 I SamsungAlarmManager: setLocked to kernel - T:2 / 20210823T194351, set=8672431, now=8560712
08-23 19:41:59.635 1452 2081 I SamsungAlarmManager: setLocked to kernel - T:3 / 20210823T194200, set=8561077, now=8560712
08-23 19:41:59.639 1452 2081 D JobServiceContext: sendStopMessageLocked stop reason: cancel() called by app, callingUid=1000 uid=1000 jobId=100914
08-23 19:41:59.659 1452 2081 I SamsungAlarmManager: setLocked to kernel - T:2 / 20210823T194351, set=8672431, now=8560735
08-23 19:41:59.659 1452 2081 I SamsungAlarmManager: setLocked to kernel - T:3 / 20210823T194200, set=8561077, now=8560736
08-23 19:41:59.660 1452 2081 D SamsungAlarmManager: setInexact (T:3/F:8/AC:false) 20210823T195159 now=8560736 - CU:1000/CP:1452/L:1742320:*job.quota_check*
08-23 19:41:59.660 1452 2081 I SamsungAlarmManager: setLocked to kernel - T:2 / 20210823T194351, set=8672431, now=8560736
08-23 19:41:59.660 1452 2081 I SamsungAlarmManager: setLocked to kernel - T:3 / 20210823T194200, set=8561077, now=8560736
08-23 19:41:59.662 1452 2081 D JobServiceContext: sendStopMessageLocked stop reason: cancel() called by app, callingUid=1000 uid=1000 jobId=100629
08-23 19:41:59.677 2085 2085 I wpa_supplicant: Heartbeat 207
08-23 19:41:59.682 1452 2081 I SamsungAlarmManager: setLocked to kernel - T:2 / 20210823T194351, set=8672431, now=8560758
08-23 19:41:59.682 1452 2081 I SamsungAlarmManager: setLocked to kernel - T:3 / 20210823T194200, set=8561077, now=8560759
08-23 19:41:59.682 1452 2081 D SamsungAlarmManager: setInexact (T:3/F:8/AC:false) 20210823T195159 now=8560759 - CU:1000/CP:1452/L:1742320:*job.quota_check*
08-23 19:41:59.682 1452 2081 I SamsungAlarmManager: setLocked to kernel - T:2 / 20210823T194351, set=8672431, now=8560759
08-23 19:41:59.682 1452 2081 I SamsungAlarmManager: setLocked to kernel - T:3 / 20210823T194200, set=8561077, now=8560759
08-23 19:41:59.685 1452 2081 D JobServiceContext: sendStopMessageLocked stop reason: cancel() called by app, callingUid=1000 uid=1000 jobId=100455
08-23 19:41:59.705 1452 2081 I SamsungAlarmManager: setLocked to kernel - T:2 / 20210823T194351, set=8672431, now=8560782
08-23 19:41:59.705 1452 2081 I SamsungAlarmManager: setLocked to kernel - T:3 / 20210823T194200, set=8561077, now=8560782
08-23 19:41:59.706 1452 2081 D SamsungAlarmManager: setInexact (T:3/F:8/AC:false) 20210823T195159 now=8560782 - CU:1000/CP:1452/L:1742320:*job.quota_check*
08-23 19:41:59.706 1452 2081 I SamsungAlarmManager: setLocked to kernel - T:2 / 20210823T194351, set=8672431, now=8560782
08-23 19:41:59.706 1452 2081 I SamsungAlarmManager: setLocked to kernel - T:3 / 20210823T194200, set=8561077, now=8560782
08-23 19:41:59.709 1452 2081 D JobServiceContext: sendStopMessageLocked stop reason: cancel() called by app, callingUid=1000 uid=1000 jobId=101667
08-23 19:41:59.728 1452 2081 I SamsungAlarmManager: setLocked to kernel - T:2 / 20210823T194351, set=8672431, now=8560805
08-23 19:41:59.729 1452 2081 I SamsungAlarmManager: setLocked to kernel - T:3 / 20210823T194200, set=8561077, now=8560805
08-23 19:41:59.729 1452 2081 D SamsungAlarmManager: setInexact (T:3/F:8/AC:false) 20210823T195159 now=8560805 - CU:1000/CP:1452/L:1742320:*job.quota_check*
08-23 19:41:59.729 1452 2081 I SamsungAlarmManager: setLocked to kernel - T:2 / 20210823T194351, set=8672431, now=8560805
08-23 19:41:59.729 1452 2081 I SamsungAlarmManager: setLocked to kernel - T:3 / 20210823T194200, set=8561077, now=8560806
08-23 19:41:59.732 1452 2081 D JobServiceContext: sendStopMessageLocked stop reason: cancel() called by app, callingUid=1000 uid=1000 jobId=108730
08-23 19:41:59.752 1452 2081 I SamsungAlarmManager: setLocked to kernel - T:2 / 20210823T194351, set=8672431, now=8560828
08-23 19:41:59.752 1452 2081 I SamsungAlarmManager: setLocked to kernel - T:3 / 20210823T194200, set=8561077, now=8560829
08-23 19:41:59.752 1452 2081 D SamsungAlarmManager: setInexact (T:3/F:8/AC:false) 20210823T195159 now=8560829 - CU:1000/CP:1452/L:1742320:*job.quota_check*
08-23 19:41:59.752 1452 2081 I SamsungAlarmManager: setLocked to kernel - T:2 / 20210823T194351, set=8672431, now=8560829
08-23 19:41:59.752 1452 2081 I SamsungAlarmManager: setLocked to kernel - T:3 / 20210823T194200, set=8561077, now=8560829
08-23 19:41:59.755 1452 2081 D JobServiceContext: sendStopMessageLocked stop reason: cancel() called by app, callingUid=1000 uid=1000 jobId=101762
08-23 19:41:59.771 599 599 I io_stats: !@ 179,0 r 1820504 30192797 w 76932 1326664 d 40465 562088 f 43008 51648 iot 731600 578359 th 51200 51200 41500 pt 1070 inp 0 0 2107.330
08-23 19:41:59.909 1452 2081 I SamsungAlarmManager: setLocked to kernel - T:2 / 20210823T194351, set=8672431, now=8560986
08-23 19:41:59.909 1452 2081 I SamsungAlarmManager: setLocked to kernel - T:3 / 20210823T194200, set=8561077, now=8560986
08-23 19:41:59.910 1452 2081 D SamsungAlarmManager: setInexact (T:3/F:8/AC:false) 20210823T195159 now=8560986 - CU:1000/CP:1452/L:1742320:*job.quota_check*
08-23 19:41:59.910 1452 2081 I SamsungAlarmManager: setLocked to kernel - T:2 / 20210823T194351, set=8672431, now=8560986
08-23 19:41:59.910 1452 2081 I SamsungAlarmManager: setLocked to kernel - T:3 / 20210823T194200, set=8561077, now=8560986
08-23 19:41:59.910 1452 1452 W Looper : Slow dispatch took 140ms main h=android.app.job.JobServiceEngine$JobHandler c=null m=0
08-23 19:41:59.912 1452 2081 D JobServiceContext: sendStopMessageLocked stop reason: cancel() called by app, callingUid=1000 uid=1000 jobId=109991
08-23 19:41:59.925 1452 2081 I SamsungAlarmManager: setLocked to kernel - T:2 / 20210823T194351, set=8672431, now=8561002
08-23 19:41:59.925 1452 2081 I SamsungAlarmManager: setLocked to kernel - T:3 / 20210823T194200, set=8561077, now=8561002
08-23 19:41:59.925 1452 2081 D SamsungAlarmManager: setInexact (T:3/F:8/AC:false) 20210823T195159 now=8561002 - CU:1000/CP:1452/L:1742320:*job.quota_check*
08-23 19:41:59.926 1452 2081 I SamsungAlarmManager: setLocked to kernel - T:2 / 20210823T194351, set=8672431, now=8561002
08-23 19:41:59.926 1452 2081 I SamsungAlarmManager: setLocked to kernel - T:3 / 20210823T194200, set=8561077, now=8561002
08-23 19:41:59.928 1452 2081 D JobServiceContext: sendStopMessageLocked stop reason: cancel() called by app, callingUid=1000 uid=1000 jobId=109733
08-23 19:41:59.942 1452 2081 I SamsungAlarmManager: setLocked to kernel - T:2 / 20210823T194351, set=8672431, now=8561018
08-23 19:41:59.942 1452 2081 I SamsungAlarmManager: setLocked to kernel - T:3 / 20210823T194200, set=8561077, now=8561019
08-23 19:41:59.942 1452 2081 D SamsungAlarmManager: setInexact (T:3/F:8/AC:false) 20210823T195159 now=8561019 - CU:1000/CP:1452/L:1742320:*job.quota_check*
08-23 19:41:59.942 1452 2081 I SamsungAlarmManager: setLocked to kernel - T:2 / 20210823T194351, set=8672431, now=8561019
08-23 19:41:59.942 1452 2081 I SamsungAlarmManager: setLocked to kernel - T:3 / 20210823T194200, set=8561077, now=8561019
08-23 19:41:59.945 1452 2081 D JobServiceContext: sendStopMessageLocked stop reason: cancel() called by app, callingUid=1000 uid=1000 jobId=102124
08-23 19:41:59.957 1452 2081 I SamsungAlarmManager: setLocked to kernel - T:2 / 20210823T194351, set=8672431, now=8561034
08-23 19:41:59.957 1452 2081 I SamsungAlarmManager: setLocked to kernel - T:3 / 20210823T194200, set=8561077, now=8561034
08-23 19:41:59.957 1452 2081 D SamsungAlarmManager: setInexact (T:3/F:8/AC:false) 20210823T195159 now=8561034 - CU:1000/CP:1452/L:1742320:*job.quota_check*
08-23 19:41:59.957 1452 2081 I SamsungAlarmManager: setLocked to kernel - T:2 / 20210823T194351, set=8672431, now=8561034
08-23 19:41:59.957 1452 2081 I SamsungAlarmManager: setLocked to kernel - T:3 / 20210823T194200, set=8561077, now=8561034
08-23 19:41:59.960 1452 2081 D JobServiceContext: sendStopMessageLocked stop reason: cancel() called by app, callingUid=1000 uid=1000 jobId=100483
08-23 19:41:59.973 1452 2081 I SamsungAlarmManager: setLocked to kernel - T:2 / 20210823T194351, set=8672431, now=8561049
08-23 19:41:59.973 1452 2081 I SamsungAlarmManager: setLocked to kernel - T:3 / 20210823T194200, set=8561077, now=8561049
08-23 19:41:59.973 1452 2081 D SamsungAlarmManager: setInexact (T:3/F:8/AC:false) 20210823T195159 now=8561049 - CU:1000/CP:1452/L:1742320:*job.quota_check*
08-23 19:41:59.973 1452 2081 I SamsungAlarmManager: setLocked to kernel - T:2 / 20210823T194351, set=8672431, now=8561049
08-23 19:41:59.973 1452 2081 I SamsungAlarmManager: setLocked to kernel - T:3 / 20210823T194200, set=8561077, now=8561050
08-23 19:41:59.988 1452 2081 I SamsungAlarmManager: setLocked to kernel - T:2 / 20210823T194351, set=8672431, now=8561064
08-23 19:41:59.988 1452 2081 I SamsungAlarmManager: setLocked to kernel - T:3 / 20210823T194200, set=8561077, now=8561065
08-23 19:41:59.988 1452 2081 D SamsungAlarmManager: setInexact (T:3/F:8/AC:false) 20210823T195159 now=8561065 - CU:1000/CP:1452/L:1742320:*job.quota_check*
08-23 19:41:59.988 1452 2081 I SamsungAlarmManager: setLocked to kernel - T:2 / 20210823T194351, set=8672431, now=8561065
08-23 19:41:59.988 1452 2081 I SamsungAlarmManager: setLocked to kernel - T:3 / 20210823T194200, set=8561077, now=8561065
08-23 19:41:59.991 1452 2081 D JobServiceContext: sendStopMessageLocked stop reason: cancel() called by app, callingUid=1000 uid=1000 jobId=104450
08-23 19:42:00.000 1452 1908 D SamsungAlarmManager: Expired : 8
08-23 19:42:00.000 1452 1908 I SamsungAlarmManager: setLocked to kernel - T:2 / 20210823T194351, set=8672431, now=8561077
08-23 19:42:00.001 1452 1908 I SamsungAlarmManager: setLocked to kernel - T:3 / 20210823T194215, set=8576197, now=8561077
08-23 19:42:00.005 1452 2081 I SamsungAlarmManager: setLocked to kernel - T:2 / 20210823T194351, set=8672431, now=8561081
08-23 19:42:00.005 1452 2081 I SamsungAlarmManager: setLocked to kernel - T:3 / 20210823T194215, set=8576197, now=8561081
08-23 19:42:00.005 1452 2081 D SamsungAlarmManager: setInexact (T:3/F:8/AC:false) 20210823T195200 now=8561082 - CU:1000/CP:1452/L:1742320:*job.quota_check*
08-23 19:42:00.005 1452 2081 I SamsungAlarmManager: setLocked to kernel - T:2 / 20210823T194351, set=8672431, now=8561082
08-23 19:42:00.005 1452 2081 I SamsungAlarmManager: setLocked to kernel - T:3 / 20210823T194215, set=8576197, now=8561082
08-23 19:42:00.008 1452 2081 D JobServiceContext: sendStopMessageLocked stop reason: cancel() called by app, callingUid=1000 uid=1000 jobId=108771
08-23 19:42:00.017 1452 1452 D StorageManagerService: getExternalStorageMountMode: uid=10193 packageName=com.whatsapp
08-23 19:42:00.018 1452 1452 D CompatibilityChangeReporter: Compat change id reported: 135634846; UID 10193; state: DISABLED
08-23 19:42:00.019 1452 1573 D CompatibilityChangeReporter: Compat change id reported: 143937733; UID 10193; state: DISABLED
08-23 19:42:00.023 1452 2081 I SamsungAlarmManager: setLocked to kernel - T:2 / 20210823T194351, set=8672431, now=8561100
08-23 19:42:00.024 1452 2081 I SamsungAlarmManager: setLocked to kernel - T:3 / 20210823T194215, set=8576197, now=8561100
08-23 19:42:00.024 1452 2081 D SamsungAlarmManager: setInexact (T:3/F:8/AC:false) 20210823T195200 now=8561100 - CU:1000/CP:1452/L:1742320:*job.quota_check*
08-23 19:42:00.024 1452 2081 I SamsungAlarmManager: setLocked to kernel - T:2 / 20210823T194351, set=8672431, now=8561101
08-23 19:42:00.024 1452 2081 I SamsungAlarmManager: setLocked to kernel - T:3 / 20210823T194215, set=8576197, now=8561101
08-23 19:42:00.027 1452 2081 D JobServiceContext: sendStopMessageLocked stop reason: cancel() called by app, callingUid=1000 uid=1000 jobId=103260
08-23 19:42:00.043 1452 2081 I SamsungAlarmManager: setLocked to kernel - T:2 / 20210823T194351, set=8672431, now=8561119
08-23 19:42:00.043 1452 2081 I SamsungAlarmManager: setLocked to kernel - T:3 / 20210823T194215, set=8576197, now=8561120
08-23 19:42:00.043 1452 2081 D SamsungAlarmManager: setInexact (T:3/F:8/AC:false) 20210823T195200 now=8561120 - CU:1000/CP:1452/L:1742320:*job.quota_check*
08-23 19:42:00.044 1452 2081 I SamsungAlarmManager: setLocked to kernel - T:2 / 20210823T194351, set=8672431, now=8561120
08-23 19:42:00.044 1452 2081 I SamsungAlarmManager: setLocked to kernel - T:3 / 20210823T194215, set=8576197, now=8561120
08-23 19:42:00.047 1452 1573 I ActivityManager: Start proc 16442:com.whatsapp/u0a193 for service {com.whatsapp/com.whatsapp.push.RegistrationIntentService}
08-23 19:42:00.047 1452 2081 D JobServiceContext: sendStopMessageLocked stop reason: cancel() called by app, callingUid=1000 uid=1000 jobId=107425
08-23 19:42:00.062 1452 2081 I SamsungAlarmManager: setLocked to kernel - T:2 / 20210823T194351, set=8672431, now=8561139
08-23 19:42:00.063 1452 2081 I SamsungAlarmManager: setLocked to kernel - T:3 / 20210823T194215, set=8576197, now=8561140
08-23 19:42:00.064 1452 2081 D SamsungAlarmManager: setInexact (T:3/F:8/AC:false) 20210823T195200 now=8561140 - CU:1000/CP:1452/L:1742320:*job.quota_check*
08-23 19:42:00.064 1452 2081 I SamsungAlarmManager: setLocked to kernel - T:2 / 20210823T194351, set=8672431, now=8561140
08-23 19:42:00.064 1452 2081 I SamsungAlarmManager: setLocked to kernel - T:3 / 20210823T194215, set=8576197, now=8561140
08-23 19:42:00.067 1452 2081 D JobServiceContext: sendStopMessageLocked stop reason: cancel() called by app, callingUid=1000 uid=1000 jobId=105373
08-23 19:42:00.082 1452 2081 I SamsungAlarmManager: setLocked to kernel - T:2 / 20210823T194351, set=8672431, now=8561159
08-23 19:42:00.082 1452 2081 I SamsungAlarmManager: setLocked to kernel - T:3 / 20210823T194215, set=8576197, now=8561159
08-23 19:42:00.083 1452 2081 D SamsungAlarmManager: setInexact (T:3/F:8/AC:false) 20210823T195200 now=8561159 - CU:1000/CP:1452/L:1742320:*job.quota_check*
08-23 19:42:00.083 1452 2081 I SamsungAlarmManager: setLocked to kernel - T:2 / 20210823T194351, set=8672431, now=8561159
08-23 19:42:00.083 1452 2081 I SamsungAlarmManager: setLocked to kernel - T:3 / 20210823T194215, set=8576197, now=8561159
08-23 19:42:00.085 1452 2081 D JobServiceContext: sendStopMessageLocked stop reason: cancel() called by app, callingUid=1000 uid=1000 jobId=102990
08-23 19:42:00.089 1452 4886 I ActivityManager: DSS OFF for com.whatsapp
08-23 19:42:00.093 1452 4886 D ActivityManager: attachApplicationLocked() app=ProcessRecord{9046655 16442:com.whatsapp/u0a193} app.isolatedEntryPoint=null instr2=null
08-23 19:42:00.103 16442 16442 D ActivityThread: handleBindApplication()++ app=com.whatsapp
08-23 19:42:00.105 1452 2081 I SamsungAlarmManager: setLocked to kernel - T:2 / 20210823T194351, set=8672431, now=8561182
08-23 19:42:00.105 1452 2081 I SamsungAlarmManager: setLocked to kernel - T:3 / 20210823T194215, set=8576197, now=8561182
08-23 19:42:00.106 1452 2081 D SamsungAlarmManager: setInexact (T:3/F:8/AC:false) 20210823T195200 now=8561182 - CU:1000/CP:1452/L:1742320:*job.quota_check*
08-23 19:42:00.106 1452 2081 I SamsungAlarmManager: setLocked to kernel - T:2 / 20210823T194351, set=8672431, now=8561182
08-23 19:42:00.106 1452 2081 I SamsungAlarmManager: setLocked to kernel - T:3 / 20210823T194215, set=8576197, now=8561182
08-23 19:42:00.108 1452 2081 D JobServiceContext: sendStopMessageLocked stop reason: cancel() called by app, callingUid=1000 uid=1000 jobId=107885
08-23 19:42:00.119 1452 2081 I SamsungAlarmManager: setLocked to kernel - T:2 / 20210823T194351, set=8672431, now=8561195
08-23 19:42:00.119 1452 2081 I SamsungAlarmManager: setLocked to kernel - T:3 / 20210823T194215, set=8576197, now=8561196
08-23 19:42:00.119 1452 2081 D SamsungAlarmManager: setInexact (T:3/F:8/AC:false) 20210823T195200 now=8561196 - CU:1000/CP:1452/L:1742320:*job.quota_check*
08-23 19:42:00.120 1452 2081 I SamsungAlarmManager: setLocked to kernel - T:2 / 20210823T194351, set=8672431, now=8561196
08-23 19:42:00.120 1452 2081 I SamsungAlarmManager: setLocked to kernel - T:3 / 20210823T194215, set=8576197, now=8561196
08-23 19:42:00.228 16442 16442 D ActivityThread: handleBindApplication() -- skipGraphicsSupport=false
08-23 19:42:00.228 16442 16442 D ActivityThread: ActivityThread::handleMakeApplication() data=AppBindData{appInfo=ApplicationInfo{f9fc0aa com.whatsapp}} appContext=android.app.ContextImpl@135049b appContext.mOpPackageName=com.whatsapp appContext.mBasePackageName=com.whatsapp appContext.mPackageInfo=android.app.LoadedApk@5dc6038 data.restrictedBackupMode= false data.providers= [ContentProviderInfo{name=com.whatsapp.firebaseinitprovider className=com.google.firebase.provider.FirebaseInitProvider}, ContentProviderInfo{name=com.whatsapp.provider.media className=com.whatsapp.contentprovider.MediaProvider}, ContentProviderInfo{name=com.whatsapp.provider.instrumentation className=com.whatsapp.instrumentation.api.InstrumentationProvider}, ContentProviderInfo{name=com.whatsapp.fileprovider className=androidx.core.content.FileProvider}, ContentProviderInfo{name=com.whatsapp.provider.sticker_whitelist_check className=com.whatsapp.stickers.WhitelistPackQueryContentProvider}, ContentProviderInfo{name=com.whatsapp.lifecycle-process className=androidx.lifecycle.ProcessLifecycleOwnerInitializer}, ContentProviderInfo{name=com.whatsapp.provider.MigrationContentProvider className=com.whatsapp.registration.directmigration.MigrationContentProvider}] Caller=android.app.ActivityThread.handleBindApplication:7446 android.app.ActivityThread.access$1400:301 android.app.ActivityThread$H.handleMessage:2148 android.os.Handler.dispatchMessage:106 android.os.Looper.loop:246 08-23 19:42:00.230 16442 16442 D LoadedApk: LoadedApk::makeApplication() appContext=android.app.ContextImpl@7763811 appContext.mOpPackageName=com.whatsapp appContext.mBasePackageName=com.whatsapp appContext.mPackageInfo=android.app.LoadedApk@5dc6038
08-23 19:42:00.593 1452 1452 I SamsungAlarmManager: setLocked to kernel - T:2 / 20210823T194351, set=8672431, now=8561670
08-23 19:42:00.594 1452 1452 I SamsungAlarmManager: setLocked to kernel - T:3 / 20210823T194215, set=8576197, now=8561670
08-23 19:42:00.594 1452 1452 D SamsungAlarmManager: setInexact (T:2/F:0/AC:false) 20210823T194706 now=8561670 - CU:1000/CP:1452/L:8c348cb:*job.deadline*
08-23 19:42:00.594 1452 1452 I SamsungAlarmManager: setLocked to kernel - T:2 / 20210823T194351, set=8672431, now=8561670
08-23 19:42:00.594 1452 1452 I SamsungAlarmManager: setLocked to kernel - T:3 / 20210823T194215, set=8576197, now=8561671
08-23 19:42:00.607 1452 1452 I SamsungAlarmManager: setLocked to kernel - T:2 / 20210823T194351, set=8672431, now=8561684
08-23 19:42:00.608 1452 1452 I SamsungAlarmManager: setLocked to kernel - T:3 / 20210823T194215, set=8576197, now=8561684
08-23 19:42:00.608 1452 1452 D SamsungAlarmManager: setInexact (T:3/F:0/AC:false) 20210823T194206 now=8561684 - CU:1000/CP:1452/L:a08b79a:*job.delay*
08-23 19:42:00.608 1452 1452 I SamsungAlarmManager: setLocked to kernel - T:2 / 20210823T194351, set=8672431, now=8561685
08-23 19:42:00.608 1452 1452 I SamsungAlarmManager: setLocked to kernel - T:3 / 20210823T194206, set=8567523, now=8561685
08-23 19:42:00.619 1452 1452 D StorageManagerService: getExternalStorageMountMode: uid=10098 packageName=com.samsung.android.themestore
08-23 19:42:00.620 1452 1452 D CompatibilityChangeReporter: Compat change id reported: 135634846; UID 10098; state: DISABLED
08-23 19:42:00.621 1452 1573 D CompatibilityChangeReporter: Compat change id reported: 143937733; UID 10098; state: DISABLED
08-23 19:42:00.624 1452 1452 D StorageManagerService: getExternalStorageMountMode: uid=10167 packageName=com.google.android.partnersetup
08-23 19:42:00.625 1452 1452 D CompatibilityChangeReporter: Compat change id reported: 135634846; UID 10167; state: DISABLED
08-23 19:42:00.640 1452 2081 D JobServiceContext: sendStopMessageLocked stop reason: cancel() called by app, callingUid=1000 uid=1000 jobId=109241
08-23 19:42:00.644 1452 1573 I ActivityManager: Start proc 16471:com.samsung.android.themestore/u0a98 for service {com.samsung.android.themestore/com.samsung.android.themestore.manager.periodicJobSchedulingService.PeriodicJobSchedulingService}
08-23 19:42:00.645 1452 1573 D CompatibilityChangeReporter: Compat change id reported: 143937733; UID 10167; state: ENABLED
08-23 19:42:00.668 1452 2081 D JobServiceContext: sendStopMessageLocked stop reason: cancel() called by app, callingUid=1000 uid=1000 jobId=100868
08-23 19:42:00.674 1452 1573 W ActivityManager: Slow operation: 51ms so far, now at startProcess: returned from zygote!
08-23 19:42:00.675 1452 1573 W ActivityManager: Slow operation: 52ms so far, now at startProcess: done updating battery stats
08-23 19:42:00.675 1452 1573 W ActivityManager: Slow operation: 52ms so far, now at startProcess: building log message
08-23 19:42:00.675 1452 1573 I ActivityManager: Start proc 16487:com.google.android.partnersetup/u0a167 for service {com.google.android.partnersetup/com.google.android.partnersetup.InstalledAppJobService}
08-23 19:42:00.675 1452 1573 W ActivityManager: Slow operation: 52ms so far, now at startProcess: starting to update pids map
08-23 19:42:00.675 1452 1573 W ActivityManager: Slow operation: 53ms so far, now at startProcess: done updating pids map
08-23 19:42:00.685 1452 2081 D JobServiceContext: sendStopMessageLocked stop reason: cancel() called by app, callingUid=1000 uid=1000 jobId=101708
08-23 19:42:00.689 1452 4886 I ActivityManager: DSS OFF for com.samsung.android.themestore
08-23 19:42:00.693 1452 4886 D ActivityManager: attachApplicationLocked() app=ProcessRecord{40ec528 16471:com.samsung.android.themestore/u0a98} app.isolatedEntryPoint=null instr2=null
08-23 19:42:00.709 16471 16471 D ActivityThread: handleBindApplication()++ app=com.samsung.android.themestore
08-23 19:42:00.721 1452 4821 I ActivityManager: DSS OFF for com.google.android.partnersetup
08-23 19:42:00.725 1452 4821 D ActivityManager: attachApplicationLocked() app=ProcessRecord{e1f0bd4 16487:com.google.android.partnersetup/u0a167} app.isolatedEntryPoint=null instr2=null
08-23 19:42:00.745 16487 16487 D ActivityThread: handleBindApplication()++ app=com.google.android.partnersetup
08-23 19:42:00.753 1452 2081 D JobServiceContext: sendStopMessageLocked stop reason: cancel() called by app, callingUid=1000 uid=1000 jobId=106807
08-23 19:42:00.760 1452 2081 D PowerManagerService: [api] setDeviceIdleTempWhitelist: appids: [0]10081 [1]10164 [2]10803 (uid: 1000 pid: 1452)
08-23 19:42:00.777 1452 2081 D JobServiceContext: sendStopMessageLocked stop reason: cancel() called by app, callingUid=1000 uid=1000 jobId=100551
08-23 19:42:00.799 1452 2081 D JobServiceContext: sendStopMessageLocked stop reason: cancel() called by app, callingUid=1000 uid=1000 jobId=101918
08-23 19:42:00.813 16487 16487 D ActivityThread: handleBindApplication() -- skipGraphicsSupport=false
08-23 19:42:00.814 16487 16487 D ActivityThread: ActivityThread::handleMakeApplication() data=AppBindData{appInfo=ApplicationInfo{f9fc0aa com.google.android.partnersetup}} appContext=android.app.ContextImpl@135049b appContext.mOpPackageName=com.google.android.partnersetup appContext.mBasePackageName=com.google.android.partnersetup appContext.mPackageInfo=android.app.LoadedApk@5dc6038 data.restrictedBackupMode= false data.providers= [ContentProviderInfo{name=com.google.android.partnersetup.rlzappprovider className=com.google.android.partnersetup.RlzAppProvider}, ContentProviderInfo{name=com.google.android.partnersetup.rlzprovider className=com.google.android.partnersetup.RlzProvider}] Caller=android.app.ActivityThread.handleBindApplication:7446 android.app.ActivityThread.access$1400:301 android.app.ActivityThread$H.handleMessage:2148 android.os.Handler.dispatchMessage:106 android.os.Looper.loop:246 08-23 19:42:00.815 16487 16487 D LoadedApk: LoadedApk::makeApplication() appContext=android.app.ContextImpl@7763811 appContext.mOpPackageName=com.google.android.partnersetup appContext.mBasePackageName=com.google.android.partnersetup appContext.mPackageInfo=android.app.LoadedApk@5dc6038
08-23 19:42:00.822 1452 2081 D PowerManagerService: [api] setDeviceIdleTempWhitelist: appids: [0]5009 [1]10081 [2]10164 [3]10803 (uid: 1000 pid: 1452)
08-23 19:42:00.829 1452 2081 D JobServiceContext: sendStopMessageLocked stop reason: cancel() called by app, callingUid=1000 uid=1000 jobId=103788
08-23 19:42:00.849 1452 2081 D JobServiceContext: sendStopMessageLocked stop reason: cancel() called by app, callingUid=1000 uid=1000 jobId=105876
08-23 19:42:00.902 1452 2081 D JobServiceContext: sendStopMessageLocked stop reason: cancel() called by app, callingUid=1000 uid=1000 jobId=103121
08-23 19:42:00.902 1452 4821 I GenerationRegistry: mBackingStore.isClosed() : false
08-23 19:42:00.924 1452 4886 D ConnectivityService: Connectivity-MDO: 10193 is true
08-23 19:42:00.924 1452 4886 D ConnectivityService: Connectivity-MDO change default network for 10193, type: mdo
08-23 19:42:00.954 1452 2081 D JobServiceContext: sendStopMessageLocked stop reason: cancel() called by app, callingUid=1000 uid=1000 jobId=108049
08-23 19:42:00.989 1452 4821 D ConnectivityService: Connectivity-MDO: 10193 is true
08-23 19:42:00.989 1452 4821 D ConnectivityService: Connectivity-MDO change default network for 10193, type: mdo
08-23 19:42:01.015 1452 4886 I GenerationRegistry: mBackingStore.isClosed() : false
08-23 19:42:01.022 1452 2081 D JobServiceContext: sendStopMessageLocked stop reason: cancel() called by app, callingUid=1000 uid=1000 jobId=108804
08-23 19:42:01.027 1452 4821 D ConnectivityService: Connectivity-MDO: 10193 is true
08-23 19:42:01.028 1452 4821 D ConnectivityService: Connectivity-MDO change default network for 10193, type: mdo
08-23 19:42:01.075 1452 4821 I GenerationRegistry: mBackingStore.isClosed() : false
08-23 19:42:01.116 1452 1503 E PackageDexUsage: Unsupported context?
08-23 19:42:01.119 1452 4821 D ConnectivityService: Connectivity-MDO: 10193 is true
08-23 19:42:01.120 1452 4821 D ConnectivityService: Connectivity-MDO change default network for 10193, type: mdo
08-23 19:42:01.131 1452 4821 D ConnectivityService: Connectivity-MDO: 10193 is true
08-23 19:42:01.132 1452 4821 D ConnectivityService: requestNetwork for uid/pid:10193/16442 NetworkRequest [ TRACK_DEFAULT_MDO id=386, [ Capabilities: INTERNET&NOT_RESTRICTED&TRUSTED Uid: 10193 AdministratorUids: [] RequestorUid: 10193 RequestorPackageName: com.whatsapp] ]
08-23 19:42:01.132 1452 1949 D ConnectivityService: NetReassign [386 : null ?? 601]
08-23 19:42:01.132 1452 1949 D ConnectivityService: Connectivity-MDO: 10193 is true
08-23 19:42:01.137 1452 4821 I GenerationRegistry: mBackingStore.isClosed() : false
08-23 19:42:01.150 1452 1547 D SettingsProvider: isChangeAllowed() : name = enabled_notification_listeners
08-23 19:42:01.150 1452 1547 D SettingsProvider: isChangeAllowed() : name = enabled_notification_assistant
08-23 19:42:01.150 1452 1547 D SettingsProvider: isChangeAllowed() : name = enabled_notification_policy_access_packages
08-23 19:42:01.154 1452 4886 D ConnectivityService: Connectivity-MDO: 10193 is true
08-23 19:42:01.154 1452 4886 D ConnectivityService: Connectivity-MDO change default network for 10193, type: mdo
08-23 19:42:01.178 1452 2081 D JobServiceContext: sendStopMessageLocked stop reason: cancel() called by app, callingUid=1000 uid=1000 jobId=107079
08-23 19:42:01.180 1452 4886 D ConnectivityService: Connectivity-MDO: 10193 is true
08-23 19:42:01.180 1452 4886 D ConnectivityService: Connectivity-MDO change default network for 10193, type: mdo
08-23 19:42:01.202 1452 2081 D JobServiceContext: sendStopMessageLocked stop reason: cancel() called by app, callingUid=1000 uid=1000 jobId=101651
08-23 19:42:01.215 1452 4821 D ConnectivityService: Connectivity-MDO: 10193 is true
08-23 19:42:01.215 1452 4821 D ConnectivityService: Connectivity-MDO change default network for 10193, type: mdo
08-23 19:42:01.224 1452 2081 D JobServiceContext: sendStopMessageLocked stop reason: cancel() called by app, callingUid=1000 uid=1000 jobId=101136
08-23 19:42:01.246 1452 2081 D JobServiceContext: sendStopMessageLocked stop reason: cancel() called by app, callingUid=1000 uid=1000 jobId=105213
08-23 19:42:01.247 1452 1547 D SettingsProvider: isChangeAllowed() : name = enabled_notification_listeners
08-23 19:42:01.247 1452 1547 D SettingsProvider: isChangeAllowed() : name = enabled_notification_assistant
08-23 19:42:01.248 1452 1547 D SettingsProvider: isChangeAllowed() : name = enabled_notification_policy_access_packages
08-23 19:42:01.265 1452 4886 D ConnectivityService: Connectivity-MDO: 10193 is true
08-23 19:42:01.265 1452 4886 D ConnectivityService: Connectivity-MDO change default network for 10193, type: mdo
08-23 19:42:01.265 1452 4886 D ConnectivityService: Connectivity-MDO: 10193 is true
08-23 19:42:01.266 1452 4886 D ConnectivityService: Connectivity-MDO change default network for 10193, type: mdo
08-23 19:42:01.271 1452 2081 D JobServiceContext: sendStopMessageLocked stop reason: cancel() called by app, callingUid=1000 uid=1000 jobId=103789
08-23 19:42:01.289 1452 2081 D JobServiceContext: sendStopMessageLocked stop reason: cancel() called by app, callingUid=1000 uid=1000 jobId=108657
08-23 19:42:01.329 1452 2081 D JobServiceContext: sendStopMessageLocked stop reason: cancel() called by app, callingUid=1000 uid=1000 jobId=101301
08-23 19:42:01.357 1452 2081 D JobServiceContext: sendStopMessageLocked stop reason: cancel() called by app, callingUid=1000 uid=1000 jobId=100129
08-23 19:42:01.417 1452 2081 D JobServiceContext: sendStopMessageLocked stop reason: cancel() called by app, callingUid=1000 uid=1000 jobId=105824
08-23 19:42:01.436 1452 2081 D JobServiceContext: sendStopMessageLocked stop reason: cancel() called by app, callingUid=1000 uid=1000 jobId=109810
08-23 19:42:01.445 1452 2081 D PowerManagerService: [api] setDeviceIdleTempWhitelist: appids: [0]5009 [1]10081 [2]10164 [3]10182 [4]10803 (uid: 1000 pid: 1452)
08-23 19:42:01.458 1452 2081 D JobServiceContext: sendStopMessageLocked stop reason: cancel() called by app, callingUid=1000 uid=1000 jobId=109983
08-23 19:42:01.470 1452 2081 D PowerManagerService: [api] setDeviceIdleTempWhitelist: appids: [0]5009 [1]10081 [2]10164 [3]10179 [4]10182 [5]10803 (uid: 1000 pid: 1452)
08-23 19:42:01.505 1452 2081 D JobServiceContext: sendStopMessageLocked stop reason: cancel() called by app, callingUid=1000 uid=1000 jobId=106040
08-23 19:42:01.538 1452 2081 D PowerManagerService: [api] setDeviceIdleTempWhitelist: appids: [0]5009 [1]10081 [2]10164 [3]10179 [4]10181 [5]10182 [6]10803 (uid: 1000 pid: 1452)
08-23 19:42:01.545 1452 2081 D JobServiceContext: sendStopMessageLocked stop reason: cancel() called by app, callingUid=1000 uid=1000 jobId=109392
08-23 19:42:01.563 1452 1452 D StorageManagerService: getExternalStorageMountMode: uid=10093 packageName=com.microsoft.skydrive
08-23 19:42:01.564 1452 1452 D CompatibilityChangeReporter: Compat change id reported: 135634846; UID 10093; state: DISABLED
08-23 19:42:01.565 1452 1573 D CompatibilityChangeReporter: Compat change id reported: 143937733; UID 10093; state: ENABLED
08-23 19:42:01.570 1452 2081 D JobServiceContext: sendStopMessageLocked stop reason: cancel() called by app, callingUid=1000 uid=1000 jobId=105618
08-23 19:42:01.589 1452 1573 I ActivityManager: Start proc 16591:com.microsoft.skydrive/u0a93 for service {com.microsoft.skydrive/com.microsoft.skydrive.jobs.UpdateMetadataForOfflineFilesJob}
08-23 19:42:01.601 1452 2081 D JobServiceContext: sendStopMessageLocked stop reason: cancel() called by app, callingUid=1000 uid=1000 jobId=104073
08-23 19:42:01.653 1452 2081 D JobServiceContext: sendStopMessageLocked stop reason: cancel() called by app, callingUid=1000 uid=1000 jobId=101479
08-23 19:42:01.663 1452 4886 I ActivityManager: DSS OFF for com.microsoft.skydrive
08-23 19:42:01.671 1452 4886 D ActivityManager: attachApplicationLocked() app=ProcessRecord{27a5ef1 16591:com.microsoft.skydrive/u0a93} app.isolatedEntryPoint=null instr2=null
08-23 19:42:01.680 16591 16591 D ActivityThread: handleBindApplication()++ app=com.microsoft.skydrive
08-23 19:42:01.728 1452 2081 D JobServiceContext: sendStopMessageLocked stop reason: cancel() called by app, callingUid=1000 uid=1000 jobId=107284
08-23 19:42:01.756 1452 2081 D JobServiceContext: sendStopMessageLocked stop reason: cancel() called by app, callingUid=1000 uid=1000 jobId=103985
08-23 19:42:01.757 1452 1503 I SamsungAlarmManager: setLocked to kernel - T:2 / 20210823T194351, set=8672431, now=8562834
08-23 19:42:01.759 1452 1503 I SamsungAlarmManager: setLocked to kernel - T:3 / 20210823T194206, set=8567523, now=8562835
08-23 19:42:01.761 1452 1503 D SamsungAlarmManager: setExact (T:0/F:5/AC:false) 20210824T020045 now=8562838 - CU:10193/CP:16442/OP:PendingIntent{bbd0d55: PendingIntentRecord{e25a008 com.whatsapp broadcastIntent}}
08-23 19:42:01.762 1452 1503 I SamsungAlarmManager: setLocked to kernel - T:2 / 20210823T194351, set=8672431, now=8562838
08-23 19:42:01.762 1452 1503 I SamsungAlarmManager: setLocked to kernel - T:3 / 20210823T194206, set=8567523, now=8562838
08-23 19:42:01.766 1452 1503 I SamsungAlarmManager: setLocked to kernel - T:2 / 20210823T194351, set=8672431, now=8562843
08-23 19:42:01.767 1452 1503 I SamsungAlarmManager: setLocked to kernel - T:3 / 20210823T194206, set=8567523, now=8562843
08-23 19:42:01.769 1452 1503 D SamsungAlarmManager: setExact (T:0/F:5/AC:false) 20210824T000045 now=8562845 - CU:10193/CP:16442/OP:PendingIntent{e4cc36a: PendingIntentRecord{89f89c6 com.whatsapp broadcastIntent}}
08-23 19:42:01.769 1452 1503 I SamsungAlarmManager: setLocked to kernel - T:2 / 20210823T194351, set=8672431, now=8562846
08-23 19:42:01.769 1452 1503 I SamsungAlarmManager: setLocked to kernel - T:3 / 20210823T194206, set=8567523, now=8562846
08-23 19:42:01.784 1452 3500 I SamsungAlarmManager: setLocked to kernel - T:2 / 20210823T194351, set=8672431, now=8562861
08-23 19:42:01.784 1452 3500 I SamsungAlarmManager: setLocked to kernel - T:3 / 20210823T194206, set=8567523, now=8562861
08-23 19:42:01.785 599 599 I io_stats: !@ 179,0 r 1822167 30224641 w 77044 1328260 d 40521 562824 f 43100 51749 iot 732520 579045 th 51200 51200 41500 pt 1070 inp 1 0 2109.344
08-23 19:42:01.786 1452 3500 D SamsungAlarmManager: setInexact (T:3/F:0/AC:false) 20210824T074201 now=8562863 - CU:10193/CP:16442/OP:PendingIntent{835b05b: PendingIntentRecord{cfa7c52 com.whatsapp broadcastIntent}}
08-23 19:42:01.786 1452 3500 I SamsungAlarmManager: setLocked to kernel - T:2 / 20210823T194351, set=8672431, now=8562863
08-23 19:42:01.787 1452 3500 I SamsungAlarmManager: setLocked to kernel - T:3 / 20210823T194206, set=8567523, now=8562863
08-23 19:42:01.795 1452 3500 I SamsungAlarmManager: setLocked to kernel - T:2 / 20210823T194351, set=8672431, now=8562871
08-23 19:42:01.795 1452 3500 I SamsungAlarmManager: setLocked to kernel - T:3 / 20210823T194206, set=8567523, now=8562871
08-23 19:42:01.797 1452 3500 D SamsungAlarmManager: setExact (T:2/F:5/AC:false) 20210913T181545 now=8562874 - CU:10193/CP:16442/OP:PendingIntent{d8e29d1: PendingIntentRecord{5466820 com.whatsapp broadcastIntent}}
08-23 19:42:01.797 1452 3500 I SamsungAlarmManager: setLocked to kernel - T:2 / 20210823T194351, set=8672431, now=8562874
08-23 19:42:01.797 1452 3500 I SamsungAlarmManager: setLocked to kernel - T:3 / 20210823T194206, set=8567523, now=8562874
08-23 19:42:01.808 1452 2228 I SamsungAlarmManager: setLocked to kernel - T:2 / 20210823T194351, set=8672431, now=8562885
08-23 19:42:01.808 1452 2228 I SamsungAlarmManager: setLocked to kernel - T:3 / 20210823T194206, set=8567523, now=8562885
08-23 19:42:01.810 1452 2228 D SamsungAlarmManager: setExact (T:2/F:5/AC:false) 20210824T093045 now=8562887 - CU:10193/CP:16442/OP:PendingIntent{eebac36: PendingIntentRecord{de3467f com.whatsapp broadcastIntent}}
08-23 19:42:01.811 1452 2228 I SamsungAlarmManager: setLocked to kernel - T:2 / 20210823T194351, set=8672431, now=8562887
08-23 19:42:01.811 1452 2228 I SamsungAlarmManager: setLocked to kernel - T:3 / 20210823T194206, set=8567523, now=8562887
08-23 19:42:01.830 1452 2081 D PowerManagerService: [api] setDeviceIdleTempWhitelist: appids: [0]5009 [1]10081 [2]10164 [3]10179 [4]10181 [5]10182 [6]10193 [7]10803 (uid: 1000 pid: 1452)
08-23 19:42:01.848 1452 2081 D ConnectivityService: Connectivity-MDO: 10193 is true
08-23 19:42:01.848 1452 2081 D ConnectivityService: Connectivity-MDO change default network for 10193, type: mdo
08-23 19:42:01.961 16591 16591 D ActivityThread: handleBindApplication() -- skipGraphicsSupport=false
08-23 19:42:01.962 16591 16591 D ActivityThread: ActivityThread::handleMakeApplication() data=AppBindData{appInfo=ApplicationInfo{f9fc0aa com.microsoft.skydrive}} appContext=android.app.ContextImpl@135049b appContext.mOpPackageName=com.microsoft.skydrive appContext.mBasePackageName=com.microsoft.skydrive appContext.mPackageInfo=android.app.LoadedApk@5dc6038 data.restrictedBackupMode= false data.providers= [ContentProviderInfo{name=com.microsoft.skydrive.firebaseinitprovider className=com.google.firebase.provider.FirebaseInitProvider}, ContentProviderInfo{name=com.microsoft.skydrive.mobileadsinitprovider className=com.google.android.gms.ads.MobileAdsInitProvider}, ContentProviderInfo{name=com.microsoft.skydrive.content.external className=com.microsoft.skydrive.content.ExternalContentProvider}, ContentProviderInfo{name=com.microsoft.skydrive.content.StorageAccessProvider className=com.microsoft.skydrive.content.StorageAccessProvider}, ContentProviderInfo{name=com.microsoft.skydrive.content.SamsungGallerySync className=com.microsoft.skydrive.content.SamsungGallerySyncContentProvider}, ContentProviderInfo{name=com.microsoft.skydrive.yimi.fileProvider className=com.microsoft.yimiclient.util.YimiFileProvider}, ContentProviderInfo{name=com.microsoft.skydrive.content.metadata className=com.microsoft.skydrive.content.MetadataContentProvider}, ContentProviderInfo{name=com.microsoft.skydrive.content.manualupload className=com.microsoft.skydrive.upload.ManualUploadContentProvider}, ContentProviderInfo{name=com.microsoft.skydrive.provider className=androidx.core.content.FileProvider}, ContentProviderInfo{name=com.microsoft.skydrive.lifecycle-process className=androidx.lifecycle.ProcessLifecycleOwnerInitializer}, ContentProviderInfo{name=com.microsoft.skydrive.content.autoupload className=com.microsoft.skydrive.upload.AutoUploadContentProvider}, ContentProviderInfo{name=com.microsoft.skydrive.content.move className=com.microsoft.skydrive.upload.AsyncMoveContentProvider}, ContentProviderInfo{name=com.microsoft.skydrive.content.CameraBackupSettings className=com.microsoft.skydrive.content.CameraBackupSettingsContentProvider}, ContentProviderInfo{name=com.microsoft.skydrive.powerlift.provider className=com.microsoft.powerlift.android.internal.provider.PowerLiftContentProvider}, ContentProviderInfo{name=com.microsoft.skydrive.content.modalupload className=com.microsoft.skydrive.upload.ModalUploadContentProvider}] Caller=android.app.ActivityThread.handleBindApplication:7446 android.app.ActivityThread.access$1400:301 android.app.ActivityThread$H.handleMessage:2148 android.os.Handler.dispatchMessage:106 android.os.Looper.loop:246 08-23 19:42:01.964 16591 16591 D LoadedApk: LoadedApk::makeApplication() appContext=android.app.ContextImpl@7763811 appContext.mOpPackageName=com.microsoft.skydrive appContext.mBasePackageName=com.microsoft.skydrive appContext.mPackageInfo=android.app.LoadedApk@5dc6038
08-23 19:42:02.152 1452 2228 I GenerationRegistry: mBackingStore.isClosed() : false
08-23 19:42:02.286 1452 2228 D ConnectivityService: requestNetwork for uid/pid:10093/16591 NetworkRequest [ TRACK_DEFAULT id=387, [ Capabilities: INTERNET&NOT_RESTRICTED&TRUSTED Uid: 10093 AdministratorUids: [] RequestorUid: 10093 RequestorPackageName: com.microsoft.skydrive] ]
08-23 19:42:02.287 1452 1949 D ConnectivityService: NetReassign [387 : null ?? 601]
08-23 19:42:03.211 1452 1949 D ConnectivityService: NetReassign [no changes]
08-23 19:42:03.262 1452 1545 D SamsungAlarmManager: setInexact (T:3/F:8/AC:false) 20210823T194303 now=8564339 - CU:1000/CP:1452/L:37ee7a:*CountQuotaTracker.cleanup*
08-23 19:42:03.262 1452 1545 I SamsungAlarmManager: setLocked to kernel - T:2 / 20210823T194351, set=8672431, now=8564339
08-23 19:42:03.263 1452 1545 I SamsungAlarmManager: setLocked to kernel - T:3 / 20210823T194206, set=8567523, now=8564339
08-23 19:42:03.275 1452 1547 D SettingsProvider: isChangeAllowed() : name = enabled_notification_listeners
08-23 19:42:03.275 1452 1547 D SettingsProvider: isChangeAllowed() : name = enabled_notification_assistant
08-23 19:42:03.276 1452 1547 D SettingsProvider: isChangeAllowed() : name = enabled_notification_policy_access_packages
08-23 19:42:03.324 1452 1547 D SettingsProvider: isChangeAllowed() : name = enabled_notification_listeners
08-23 19:42:03.325 1452 1547 D SettingsProvider: isChangeAllowed() : name = enabled_notification_assistant
08-23 19:42:03.325 1452 1547 D SettingsProvider: isChangeAllowed() : name = enabled_notification_policy_access_packages
08-23 19:42:03.380 1452 1503 D StorageManagerService: getExternalStorageMountMode: uid=5009 packageName=com.samsung.android.scloud
08-23 19:42:03.382 1452 1503 D CompatibilityChangeReporter: Compat change id reported: 135634846; UID 5009; state: DISABLED
08-23 19:42:03.383 1452 1503 W ActivityManager: wait for provider publish: waiters=1 callerApp=ProcessRecord{27a5ef1 16591:com.microsoft.skydrive/u0a93} cpr=ContentProviderRecord{99793cd u0 com.samsung.android.scloud/.app.datamigrator.provider.LinkContextProvider}
08-23 19:42:03.402 1452 1573 I ActivityManager: Start proc 16671:com.samsung.android.scloud/5009 for content provider {com.samsung.android.scloud/com.samsung.android.scloud.app.datamigrator.provider.LinkContextProvider}
08-23 19:42:03.448 1452 1452 I SamsungAlarmManager: setLocked to kernel - T:2 / 20210823T194351, set=8672431, now=8564524
08-23 19:42:03.449 1452 1452 I SamsungAlarmManager: setLocked to kernel - T:3 / 20210823T194206, set=8567523, now=8564526
08-23 19:42:03.450 1452 1452 D SamsungAlarmManager: setInexact (T:3/F:8/AC:false) 20210823T194300 now=8564526 - CU:1000/CP:1452/L:1742320:*job.quota_check*
08-23 19:42:03.450 1452 1452 I SamsungAlarmManager: setLocked to kernel - T:2 / 20210823T194351, set=8672431, now=8564526
08-23 19:42:03.450 1452 1452 I SamsungAlarmManager: setLocked to kernel - T:3 / 20210823T194206, set=8567523, now=8564527
08-23 19:42:03.464 1452 2228 I ActivityManager: DSS OFF for com.samsung.android.scloud
08-23 19:42:03.469 1452 2228 D ActivityManager: attachApplicationLocked() app=ProcessRecord{d3032f7 16671:com.samsung.android.scloud/5009} app.isolatedEntryPoint=null instr2=null
08-23 19:42:03.481 16671 16671 D ActivityThread: handleBindApplication()++ app=com.samsung.android.scloud
08-23 19:42:03.504 1452 4886 D SamsungAlarmManager: Cancel Alarm calling from uid:10093 pid :16591 / OP:PendingIntent{9820a3d: PendingIntentRecord{3ab2232 com.microsoft.skydrive broadcastIntent}}
08-23 19:42:03.505 1452 4886 D SamsungAlarmManager: Cancel Alarm calling from uid:10093 pid :16591 / OP:PendingIntent{8f4fb83: PendingIntentRecord{f433100 com.microsoft.skydrive broadcastIntent}}
08-23 19:42:03.510 1452 4886 D SamsungAlarmManager: Cancel Alarm calling from uid:10093 pid :16591 / OP:PendingIntent{e8a0d39: PendingIntentRecord{3ab2232 com.microsoft.skydrive broadcastIntent}}
08-23 19:42:03.512 1452 4886 D SamsungAlarmManager: Cancel Alarm calling from uid:10093 pid :16591 / OP:PendingIntent{3e52f7e: PendingIntentRecord{f433100 com.microsoft.skydrive broadcastIntent}}
08-23 19:42:03.595 1452 3500 I SamsungAlarmManager: setLocked to kernel - T:2 / 20210823T194351, set=8672431, now=8564672
08-23 19:42:03.596 1452 3500 I SamsungAlarmManager: setLocked to kernel - T:3 / 20210823T194215, set=8576197, now=8564672
08-23 19:42:03.596 1452 3500 D SamsungAlarmManager: setInexact (T:3/F:0/AC:false) 20210823T194203 now=8564672 - CU:1000/CP:1452/L:a08b79a:*job.delay*
08-23 19:42:03.596 1452 3500 I SamsungAlarmManager: setLocked to kernel - T:2 / 20210823T194351, set=8672431, now=8564672
08-23 19:42:03.596 1452 3500 I SamsungAlarmManager: setLocked to kernel - T:3 / 20210823T194204, set=8565670, now=8564673
08-23 19:42:03.612 1452 1452 I SamsungAlarmManager: setLocked to kernel - T:2 / 20210823T194351, set=8672431, now=8564689
08-23 19:42:03.613 1452 1452 I SamsungAlarmManager: setLocked to kernel - T:3 / 20210823T194215, set=8576197, now=8564689
08-23 19:42:03.613 1452 1452 D SamsungAlarmManager: setInexact (T:3/F:0/AC:false) 20210823T194206 now=8564690 - CU:1000/CP:1452/L:a08b79a:*job.delay*
08-23 19:42:03.613 1452 1452 I SamsungAlarmManager: setLocked to kernel - T:2 / 20210823T194351, set=8672431, now=8564690
08-23 19:42:03.613 1452 1452 I SamsungAlarmManager: setLocked to kernel - T:3 / 20210823T194206, set=8567523, now=8564690
08-23 19:42:03.750 1452 2228 I ActivityManager: Changes in 10164 5 to 4, 0 to 6 Caller=com.android.server.am.OomAdjuster.updateOomAdjLockedInner:669 com.android.server.am.OomAdjuster.updateOomAdjLocked:526 com.android.server.am.ActivityManagerService.updateOomAdjLocked:21469 com.android.server.am.ActiveServices.realStartServiceLocked:3343 com.android.server.am.ActiveServices.bringUpServiceLocked:3238 com.android.server.am.ActiveServices.startServiceInnerLocked:934 com.android.server.am.ActiveServices.startServiceLocked:867 08-23 19:42:03.751 1452 2228 I AppOps : updateUidProcState uid: 10164 procState: 4 capability:6
08-23 19:42:03.751 1452 2228 I AppOps : commitUidPendingStateLocked() :: UID - 10164, 500 > 400, 0 > 6
08-23 19:42:03.762 1452 1452 I SamsungAlarmManager: setLocked to kernel - T:2 / 20210823T194521, set=8762679, now=8564839
08-23 19:42:03.762 1452 1452 I SamsungAlarmManager: setLocked to kernel - T:3 / 20210823T194206, set=8567523, now=8564839
08-23 19:42:03.763 1452 1452 D SamsungAlarmManager: setInexact (T:2/F:8/AC:false) 20210823T195703 now=8564839 - CU:1000/CP:1452/L:25a0e33:DeviceIdleController.light
08-23 19:42:03.763 1452 1452 I SamsungAlarmManager: setLocked to kernel - T:2 / 20210823T194521, set=8762679, now=8564839
08-23 19:42:03.763 1452 1452 I SamsungAlarmManager: setLocked to kernel - T:3 / 20210823T194206, set=8567523, now=8564839
08-23 19:42:03.768 1452 1571 D PowerManagerService: [api] setDeviceIdleMode: false (uid: 1000 pid: 1452)
08-23 19:42:03.769 1452 1571 D PowerManagerService: [api] setLightDeviceIdleMode: true (uid: 1000 pid: 1452)
08-23 19:42:03.796 599 599 I io_stats: !@ 179,0 r 1824607 30280601 w 77241 1331768 d 40651 563952 f 43178 51836 iot 733770 580053 th 51200 51200 41500 pt 1070 inp 1 1 2111.355
08-23 19:42:03.822 1452 2228 W ActivityManager: Foreground service started from background can not have location/camera/microphone access: service com.microsoft.skydrive/.upload.ManualUploadService
08-23 19:42:03.824 1452 1452 D ConnectivityService: Connectivity-MDO: 10193 is true
08-23 19:42:03.824 1452 1452 D ConnectivityService: Connectivity-MDO change default network for 10193, type: mdo
08-23 19:42:03.831 1452 1452 D JobServiceContext: sendStopMessageLocked stop reason: cancelled due to doze
08-23 19:42:03.831 1452 1452 D JobServiceContext: sendStopMessageLocked stop reason: cancelled due to doze
08-23 19:42:03.832 1452 1452 D JobServiceContext: sendStopMessageLocked stop reason: cancelled due to doze
