08-23 19:25:47.571 1452 1908 D ActivityManager: Received BROADCAST intent 0x3fa41f7 Key{broadcastIntent pkg=com.facebook.lite intent=act=com.facebook.lite.datausage.DATA_USAGE pkg=com.facebook.lite cmp=com.facebook.lite/.intent.WakefulIntentForwarder flags=0x0 u=0} requestCode=0 sent=0 from uid 1000
08-23 19:25:47.572 1452 1908 V SamsungAlarmManager: Sending to uid : 10184 action=com.facebook.lite.notification.OFFLINE_NOTIFICATION alarm=Alarm{a8c2bd8 type 2 when 7586973 com.facebook.lite}
08-23 19:25:47.573 1452 1908 D ActivityManager: Received BROADCAST intent 0x9d2f6fb Key{broadcastIntent pkg=com.facebook.lite intent=act=com.facebook.lite.notification.OFFLINE_NOTIFICATION pkg=com.facebook.lite cmp=com.facebook.lite/.intent.WakefulIntentForwarder flags=0x0 u=0} requestCode=0 sent=0 from uid 1000
08-23 19:25:47.573 1452 1908 V SamsungAlarmManager: Sending to uid : 10160 action=null alarm=Alarm{246eb02 type 3 when 7556197 com.opera.max.oem}
08-23 19:25:47.574 1452 1908 D ActivityManager: Received BROADCAST intent 0x50e186a Key{broadcastIntent pkg=com.opera.max.oem intent=cmp=com.opera.max.oem/com.opera.max.BoostUIService$StopReceiver flags=0x0 u=0} requestCode=0 sent=0 from uid 1000
08-23 19:25:47.575 1452 1908 I SamsungAlarmManager: setLocked to kernel - T:2 / 20210823T192556, set=7598030, now=7588651
08-23 19:25:47.596 1452 1573 W ActivityManager: Slow operation: 85ms so far, now at startProcess: returned from zygote!
08-23 19:25:47.597 1452 1573 W ActivityManager: Slow operation: 85ms so far, now at startProcess: done updating battery stats
08-23 19:25:47.597 1452 1573 W ActivityManager: Slow operation: 86ms so far, now at startProcess: building log message
08-23 19:25:47.597 1452 1573 I ActivityManager: Start proc 16272:com.facebook.lite/u0a184 for broadcast {com.facebook.lite/com.facebook.lite.intent.WakefulIntentForwarder}
08-23 19:25:47.597 1452 1573 W ActivityManager: Slow operation: 86ms so far, now at startProcess: starting to update pids map
08-23 19:25:47.598 1452 1573 W ActivityManager: Slow operation: 86ms so far, now at startProcess: done updating pids map
08-23 19:25:47.638 1452 4886 I ActivityManager: DSS OFF for com.facebook.lite
08-23 19:25:47.642 1452 4886 D ActivityManager: attachApplicationLocked() app=ProcessRecord{c9f344d 16272:com.facebook.lite/u0a184} app.isolatedEntryPoint=null instr2=null
08-23 19:25:47.651 16272 16272 D ActivityThread: handleBindApplication()++ app=com.facebook.lite
08-23 19:25:47.764 16272 16272 D ActivityThread: handleBindApplication() -- skipGraphicsSupport=false
08-23 19:25:47.765 16272 16272 D ActivityThread: ActivityThread::handleMakeApplication() data=AppBindData{appInfo=ApplicationInfo{f9fc0aa com.facebook.lite}} appContext=android.app.ContextImpl@135049b appContext.mOpPackageName=com.facebook.lite appContext.mBasePackageName=com.facebook.lite appContext.mPackageInfo=android.app.LoadedApk@5dc6038 data.restrictedBackupMode= false data.providers= [ContentProviderInfo{name=com.facebook.lite.firebaseinitprovider className=com.google.firebase.provider.FirebaseInitProvider}, ContentProviderInfo{name=com.facebook.lite.provider.phoneid className=com.facebook.lite.deviceid.FbLitePhoneIdProvider}, ContentProviderInfo{name=com.facebook.lite.apkfileprovider className=androidx.core.content.FileProvider}, ContentProviderInfo{name=com.facebook.lite.securefileprovider className=com.facebook.secure.fileprovider.SecureFileProvider}, ContentProviderInfo{name=com.facebook.lite.provider.UserValuesProvider;com.facebook.lite.provider.FirstPartyUserValuesProvider className=com.facebook.lite.diode.UserValuesProvider}, ContentProviderInfo{name=com.facebook.lite.media className=com.facebook.lite.photo.MediaContentProvider}, ContentProviderInfo{name=com.facebook.lite.photofileprovider className=com.facebook.lite.photo.PhotoFileProvider}] Caller=android.app.ActivityThread.handleBindApplication:7446 android.app.ActivityThread.access$1400:301 android.app.ActivityThread$H.handleMessage:2148 android.os.Handler.dispatchMessage:106 android.os.Looper.loop:246 08-23 19:25:47.768 16272 16272 D LoadedApk: LoadedApk::makeApplication() appContext=android.app.ContextImpl@7763811 appContext.mOpPackageName=com.facebook.lite appContext.mBasePackageName=com.facebook.lite appContext.mPackageInfo=android.app.LoadedApk@5dc6038
08-23 19:25:47.862 1452 4886 I GenerationRegistry: mBackingStore.isClosed() : false
08-23 19:25:48.064 1452 4886 W ActivityManager: Background start not allowed: service Intent { act=com.google.firebase.INSTANCE_ID_EVENT pkg=com.facebook.lite cmp=com.facebook.lite/com.google.firebase.iid.FirebaseInstanceIdService (has extras) } to com.facebook.lite/com.google.firebase.iid.FirebaseInstanceIdService from pid=16272 uid=10184 pkg=com.facebook.lite startFg?=false
08-23 19:25:48.400 16272 16307 E ActivityThread: Failed to find provider info for com.facebook.katana.provider.UserValuesProvider
08-23 19:25:58.480 1452 1908 D SamsungAlarmManager: Expired : 65540
08-23 19:25:58.481 1452 1908 V SamsungAlarmManager: Sending to uid : 10164 action=com.google.android.gms.gcm.HEARTBEAT_ALARM alarm=Alarm{7f2cabd type 2 when 7598030 com.google.android.gms}
08-23 19:25:58.488 1452 1908 D ActivityManager: Received BROADCAST intent 0x76713dc Key{broadcastIntent pkg=com.google.android.gms/com.google.android.gms.gcm intent=act=com.google.android.gms.gcm.HEARTBEAT_ALARM flags=0x4000000 u=0} requestCode=0 sent=0 from uid 1000
08-23 19:25:58.501 1452 1546 D PowerManagerService: [api] setDeviceIdleTempWhitelist: appids: [0]10081 [1]10164 (uid: 1000 pid: 1452)
08-23 19:25:58.504 1452 1908 I SamsungAlarmManager: setLocked to kernel - T:2 / 20210823T192709, set=7670443, now=7599580
08-23 19:25:58.506 1452 1908 I SamsungAlarmManager: setLocked to kernel - T:3 / 20210823T192600, set=7601076, now=7599582
08-23 19:25:58.560 1452 3500 D SamsungAlarmManager: Cancel Alarm calling from uid:10164 pid :2781 / OP:PendingIntent{a00f003: PendingIntentRecord{76713dc com.google.android.gms/com.google.android.gms.gcm broadcastIntent}}
08-23 19:25:58.566 1452 4886 D SamsungAlarmManager: setExact (T:2/F:5/AC:false) 20210823T192658 now=7599643 - CU:10164/CP:2781/OP:PendingIntent{d94b80: PendingIntentRecord{76713dc com.google.android.gms/com.google.android.gms.gcm broadcastIntent}}
08-23 19:25:58.568 1452 4886 I SamsungAlarmManager: setLocked to kernel - T:2 / 20210823T192658, set=7659638, now=7599645
08-23 19:25:58.568 1452 4886 I SamsungAlarmManager: setLocked to kernel - T:3 / 20210823T192559, set=7601076, now=7599645
08-23 19:25:58.619 1452 1581 D BatteryExternalStatsWorker: update stats
08-23 19:25:58.619 1452 1581 D BatteryExternalStatsWorker: WifiActivityEnergyInfo was updated
08-23 19:25:58.619 1452 1581 D BatteryExternalStatsWorker: BluetoothActivityEnergyInfo was updated
08-23 19:25:58.619 1452 1581 D BatteryExternalStatsWorker: ModemActivityEnergyInfo was updated
08-23 19:25:58.663 1452 1581 D BatteryExternalStatsWorker: done updateExternalStatsLocked
08-23 19:25:58.693 1452 4886 D SamsungAlarmManager: Cancel Alarm calling from uid:10164 pid :2781 / OP:PendingIntent{b670dfe: PendingIntentRecord{76713dc com.google.android.gms/com.google.android.gms.gcm broadcastIntent}}
08-23 19:25:58.695 1452 4886 I SamsungAlarmManager: setLocked to kernel - T:2 / 20210823T192709, set=7670443, now=7599772
08-23 19:25:58.695 1452 4886 I SamsungAlarmManager: setLocked to kernel - T:3 / 20210823T192559, set=7601076, now=7599772
08-23 19:25:58.701 1452 4886 D SamsungAlarmManager: setExact (T:2/F:5/AC:false) 20210823T193048 now=7599777 - CU:10164/CP:2781/OP:PendingIntent{198895f: PendingIntentRecord{76713dc com.google.android.gms/com.google.android.gms.gcm broadcastIntent}}
08-23 19:25:58.701 1452 4886 I SamsungAlarmManager: setLocked to kernel - T:2 / 20210823T192709, set=7670443, now=7599778
08-23 19:25:58.701 1452 4886 I SamsungAlarmManager: setLocked to kernel - T:3 / 20210823T192559, set=7601076, now=7599778
08-23 19:26:12.870 1452 1908 D SamsungAlarmManager: Expired : 65544
08-23 19:26:12.870 1452 1908 I SamsungAlarmManager: setLocked to kernel - T:2 / 20210823T192709, set=7670443, now=7613947
08-23 19:26:12.870 1452 1908 I SamsungAlarmManager: setLocked to kernel - T:3 / 20210823T192615, set=7616197, now=7613947
08-23 19:26:12.927 599 599 I io_stats: !@ 179,0 r 1816482 30148857 w 75926 1315996 d 40035 558844 f 42359 50851 iot 726090 573356 th 51200 51200 41500 pt 1070 inp 0 0 2012.606
08-23 19:26:48.982 1452 1908 D SamsungAlarmManager: Expired : 65544
08-23 19:26:48.990 1452 1908 D SamsungAlarmManager: setInexact (T:3/F:0/AC:false) 20210823T192715 now=7650067 - CU:1000/CP:1452/OP:PendingIntent{e6efda2: PendingIntentRecord{50e186a com.opera.max.oem broadcastIntent}}
08-23 19:26:48.990 1452 1908 I SamsungAlarmManager: setLocked to kernel - T:2 / 20210823T192715, set=7676197, now=7650067
08-23 19:26:48.991 1452 1908 E AlarmManager: Set nextNonWakeup as mNextNonWakeupDeliveryTime=7793946 , orig nextNonWakeup=0
08-23 19:26:48.991 1452 1908 I SamsungAlarmManager: setLocked to kernel - T:3 / 20210823T192912, set=7793946, now=7650067
08-23 19:26:48.991 1452 1908 I SamsungAlarmManager: setLocked to kernel - T:2 / 20210823T192715, set=7676197, now=7650067
08-23 19:26:48.991 1452 1908 E AlarmManager: Set nextNonWakeup as mNextNonWakeupDeliveryTime=7793946 , orig nextNonWakeup=0
08-23 19:26:48.991 1452 1908 I SamsungAlarmManager: setLocked to kernel - T:3 / 20210823T192912, set=7793946, now=7650067
08-23 19:26:49.049 1452 1581 D BatteryExternalStatsWorker: update stats
08-23 19:26:49.049 1452 1581 D BatteryExternalStatsWorker: WifiActivityEnergyInfo was updated
08-23 19:26:49.049 1452 1581 D BatteryExternalStatsWorker: BluetoothActivityEnergyInfo was updated
08-23 19:26:49.049 1452 1581 D BatteryExternalStatsWorker: ModemActivityEnergyInfo was updated
08-23 19:26:49.059 1452 1581 D BatteryExternalStatsWorker: done updateExternalStatsLocked
08-23 19:26:49.154 1452 2228 D ConnectivityService: Connectivity-MDO: 10184 is true
08-23 19:26:49.154 1452 2228 D ConnectivityService: Connectivity-MDO change default network for 10184, type: mdo
08-23 19:26:49.227 1452 2228 I Telecom:SamsungTelecomServiceImpl: getDefaultDialerPackage - callingPid : 2050 / processName : sts
08-23 19:26:49.234 1452 2228 I Telecom:SamsungTelecomServiceImpl: getDefaultDialerPackage - callingPid : 2050 / processName : sts
08-23 19:26:49.241 1452 4454 I Telecom:SamsungTelecomServiceImpl: getSystemDialerPackage - callingPid : 2050 / processName : sts
08-23 19:26:49.357 1452 4454 D PowerManagerService: [api] setDeviceIdleTempWhitelist: appids: [0]10077 [1]10081 [2]10164 (uid: 1000 pid: 1452)
08-23 19:26:49.406 1452 1975 W Looper : Drained
08-23 19:26:49.430 1452 4454 I AppOps : updateUidProcState uid: 1001 procState: 0 capability:7
08-23 19:26:49.432 1452 4454 D PowerManagerService: [api] setDeviceIdleTempWhitelist: appids: [0]1001 [1]10077 [2]10081 [3]10164 (uid: 1000 pid: 1452)
08-23 19:26:49.449 1452 4454 W ActivityManager: Foreground service started from background can not have location/camera/microphone access: service com.samsung.android.messaging/.common.service.ForegroundService
08-23 19:26:49.463 1452 1546 D PowerManagerService: [api] setDeviceIdleTempWhitelist: appids: [0]1001 [1]10077 [2]10081 [3]10164 [4]10513 (uid: 1000 pid: 1452)
08-23 19:26:49.476 1452 3500 I AppOps : updateUidProcState uid: 1000 procState: 0 capability:7
08-23 19:26:49.491 1452 1546 D PowerManagerService: [api] setDeviceIdleTempWhitelist: appids: [0]1000 [1]1001 [2]10077 [3]10081 [4]10164 [5]10513 (uid: 1000 pid: 1452)
08-23 19:26:49.570 1452 1975 W Looper : Slow delivery took 229ms PackageManagerHandlerThread h=android.os.Handler c=<recycled PooledLambda@e435a6b> m=0
08-23 19:26:49.619 1452 2115 D MdnieScenarioControlService: packageName : com.callapp.contacts className : com.callapp.contacts.activity.missedcall.missedAnswer.MissedCallActivity
08-23 19:26:49.621 1452 2115 V MdnieScenarioControlService: setUIMode from UI function(3)
08-23 19:26:49.724 1452 2115 V MdnieScenarioControlService: mAclOffEnabled : false mAclPreviewState : false mAclCompensationState : false
08-23 19:26:50.298 1452 1975 W Looper : Slow dispatch took 164ms PackageManagerHandlerThread h=android.os.Handler c=<recycled PooledLambda@a067840> m=0
08-23 19:26:50.311 1452 4886 D PowerManagerService: [api] acquire WakeLock FULL_WAKE_LOCK 'ORC New message notification LCD on' ACQUIRE_CAUSES_WAKEUP (uid=10077 pid=13004 pkg=com.samsung.android.messaging)
08-23 19:26:50.312 1452 4886 D NotificationService: WAKELOCK isDelayed by edgelighting : com.samsung.android.messaging
08-23 19:26:50.312 1452 4886 D PowerManagerService: applyWakeLockFlagsOnAcquireLocked return by isWakeUpPreventionNeededForEdgeLighting
08-23 19:26:50.534 1452 1452 D EasyMuteController: Register failed. already registered or setting not eanbled
08-23 19:26:50.560 1452 1452 W NotificationHistory: Attempted to add notif for locked/gone/disabled user 0
08-23 19:26:50.567 1452 1452 D SmartAlertController: SmartAlert - Found Missed Event
08-23 19:26:50.575 1452 16337 D SmartAlertController: SmartAlert - already registered or Setting disabled
08-23 19:26:50.758 599 599 I io_stats: !@ 179,0 r 1817291 30157785 w 75956 1316292 d 40050 558928 f 42395 50897 iot 726520 573726 th 51200 51200 41500 pt 1070 inp 0 0 2014.615
08-23 19:26:50.813 1452 1452 D PowerManagerService: [api] acquire WakeLock FULL_WAKE_LOCK 'EDGELIGHTING:ORC New message notification LCD on' ACQUIRE_CAUSES_WAKEUP (uid=1000 pid=1452 pkg=android)
08-23 19:26:50.813 1452 1452 D NotificationService: WAKELOCK/UP clear all delayed lists..
08-23 19:26:50.813 1452 1452 I PowerManagerService: !@Screen__On - 10 : wl: EDGELIGHTING:ORC New message notification LCD on (2)
08-23 19:26:50.813 1452 1452 I PowerManagerService: Waking up from Dozing (uid=1000, reason=WAKE_REASON_APPLICATION, details=EDGELIGHTING:ORC New message notification LCD on)...
08-23 19:26:50.815 1452 1452 D PowerManagerNotifier: startedEarlyWakingUp: interactive: true reason: 2
08-23 19:26:50.816 1452 1452 D PowerManagerService: [PWL] sb acquire: PowerManagerService.Broadcasts
08-23 19:26:50.818 1452 1452 D PowerManagerService: UserActivityState : 4 -> 1
08-23 19:26:50.819 1452 1452 D PowerManagerService: mDisplayReady: false
08-23 19:26:50.819 1452 1452 D PowerManagerService: mDisplayReady: false
08-23 19:26:50.820 1452 1590 D DisplayPowerController: animateScreenStateChange: target=2, targetInternal=2, dualScreenPolicy=-1
08-23 19:26:50.820 1452 1452 D PowerManagerService: [PWL] sb acquire: PowerManagerService.Display
08-23 19:26:50.821 1452 1590 I DisplayPowerController: Blocking screen on until initial contents have been drawn.
08-23 19:26:50.821 1452 1590 D DisplayPowerController: mWindowManagerPolicy.screenTurningOn() +
08-23 19:26:50.821 1452 1590 I WindowManager: Screen turning on...
08-23 19:26:50.821 1452 1590 I WindowManager: screenTurningOn(+), before calling onScreenTurningOn to KeyguardDelegate
08-23 19:26:50.822 1452 1452 D PowerManagerService: [api] release WakeLock FULL_WAKE_LOCK 'EDGELIGHTING:ORC New message notification LCD on' ACQUIRE_CAUSES_WAKEUP ACQ=0 (uid=1000 pid=1452 pkg=android)
08-23 19:26:50.822 1452 1452 D EdgeLightingManager: hideForWakeLock packageName=android
08-23 19:26:50.822 1452 1452 D EdgeLightingManager: isCallingUserSupported : callingUserId=0, mUserId=0, isDualAppId=false, isKnoxId=false
08-23 19:26:50.822 1452 1452 D EdgeLightingClientManager: isAvailableEdgeLighting: condition=2 mCondition=1 mIsConnected=false0
08-23 19:26:50.822 1452 1452 D EdgeLightingManager: hideForWakeLockInternal : return false by isAvailableEdgeLighting.
08-23 19:26:50.824 1452 1590 I WindowManager: screenTurningOn(-), after calling onScreenTurningOn to KeyguardDelegate
08-23 19:26:50.825 1452 1590 D DisplayPowerController: mWindowManagerPolicy.screenTurningOn() -
08-23 19:26:50.825 1452 1581 D BatteryExternalStatsWorker: update stats
08-23 19:26:50.825 1452 1581 D BatteryExternalStatsWorker: WifiActivityEnergyInfo was updated
08-23 19:26:50.825 1452 1581 D BatteryExternalStatsWorker: BluetoothActivityEnergyInfo was updated
08-23 19:26:50.825 1452 1581 D BatteryExternalStatsWorker: ModemActivityEnergyInfo was updated
08-23 19:26:50.825 1452 1590 D DisplayPowerController: getFinalBrightness : Summary is 13 (0.05) -> 13 (0.05)
08-23 19:26:50.826 1452 3573 D WindowManager: mKeyguardDelegate.ShowListener.onDrawn.
08-23 19:26:50.826 1452 1590 D DisplayPowerController: Animating brightness: target= 13 (0.05), rate=0.0 (PSM:, AB limit:( 0 (-1.00) ~ 0 (-1.00)) MB Limit:( -1 (NaN) ~ -1 (NaN)), sf=1.0
08-23 19:26:50.827 1452 1546 W WindowManager: Setting mKeyguardDrawComplete
08-23 19:26:50.829 1452 1546 I WindowManager: Waiting for drawn Window{ac03e0c u0 NotificationShade}: removed=false visible=true mHasSurface=true drawState=1
08-23 19:26:50.830 1452 1590 V DisplayPowerController: Brightness [ 13 (0.05)] reason changing to: 'manual', previous reason: 'screen_off'.
08-23 19:26:50.833 1452 1590 D DisplayPowerController: animateScreenStateChange: target=2, targetInternal=2, dualScreenPolicy=-1
08-23 19:26:50.833 1452 2030 D DisplayManagerService: !@display_state internal: OFF -> ON
08-23 19:26:50.834 1452 1549 I WindowManager: Waiting for drawn Window{ac03e0c u0 NotificationShade}: removed=false visible=true mHasSurface=true drawState=1
08-23 19:26:50.837 1452 1590 D DisplayPowerController: getFinalBrightness : Summary is 13 (0.05) -> 13 (0.05)
08-23 19:26:50.837 1452 2030 D LocalDisplayAdapter: !@ display_state: OFF -> ON (id:0)
08-23 19:26:50.838 1452 1548 I DisplayManagerService: Display device changed state: "Pantalla integrada", ON
08-23 19:26:50.841 1452 1590 D DisplayPowerController: Animating brightness: target= 13 (0.05), rate=0.0 (PSM:, AB limit:( 0 (-1.00) ~ 0 (-1.00)) MB Limit:( -1 (NaN) ~ -1 (NaN)), sf=1.0
08-23 19:26:50.872 1452 1549 I WindowManager: Waiting for drawn Window{ac03e0c u0 NotificationShade}: removed=false visible=true mHasSurface=true drawState=1
08-23 19:26:50.879 1452 1581 E KernelCpuSpeedReader: Failed to read cpu-freq: /sys/devices/system/cpu/cpu0/cpufreq/stats/time_in_state: open failed: ENOENT (No such file or directory)
08-23 19:26:50.888 1452 1549 I WindowManager: Waiting for drawn Window{ac03e0c u0 NotificationShade}: removed=false visible=true mHasSurface=true drawState=1
08-23 19:26:50.898 1452 1452 I AppOps : updateUidProcState uid: 10067 procState: 1 capability:7
08-23 19:26:50.898 1452 1452 I AppOps : commitUidPendingStateLocked() :: UID - 10067, 500 > 100, 7 > 7
08-23 19:26:50.901 1452 1452 I WindowManager: Started waking up... (why=ON_BECAUSE_OF_APPLICATION)
08-23 19:26:50.902 1452 1452 D PowerManagerNotifier: handleEarlyInteractiveChange reason = 2
08-23 19:26:50.905 1452 1452 D IbsQuickDim: BroadcastReceiver flag = 1
08-23 19:26:50.905 1452 1452 D IbsQuickDim: pause check dim
08-23 19:26:50.906 1452 1452 I MdnieScenarioControlService: action : com.samsung.server.PowerManagerService.action.USER_ACTIVITY
08-23 19:26:50.907 1452 1452 D GameManagerService: onDisplayChanged. displyId: 0, state: 2
08-23 19:26:50.907 1452 1923 D GameManagerService: onLooperPrepared(), msg: MSG_LCD_ON
08-23 19:26:50.908 1452 1923 D GameManagerService: handleLcdOn(). isDeviceLocked: false, inKeyguardRestrictedInputMode: true
08-23 19:26:50.908 1452 1452 V SamsungAlarmManager: Sending to uid : 1000 L=6441702:TIME_TICK alarm=Alarm{e76a882 type 3 when 7601076 android}
08-23 19:26:50.909 2086 2086 W Looper : Slow dispatch took 48ms main h=android.view.Choreographer$FrameHandler c=android.view.Choreographer$FrameDisplayEventReceiver@e45fe9b m=0
08-23 19:26:50.910 1452 4900 D WindowManager: finishDrawingWindow: Window{ac03e0c u0 NotificationShade} mDrawState=DRAW_PENDING
08-23 19:26:50.910 2086 2086 W Looper : Slow delivery took 56ms main h=android.app.ActivityThread$H c=null m=159
08-23 19:26:50.911 2086 2086 W Looper : Drained
08-23 19:26:50.912 1452 1549 I WindowManager: Waiting for drawn Window{ac03e0c u0 NotificationShade}: removed=false visible=true mHasSurface=true drawState=4
08-23 19:26:50.912 1452 1549 D WindowManager: Window drawn win=Window{ac03e0c u0 NotificationShade}
08-23 19:26:50.912 1452 1549 D WindowManager: All windows drawn!
08-23 19:26:50.914 1452 1548 I WindowManager: All windows ready for display!
08-23 19:26:50.914 1452 1546 W WindowManager: Setting mWindowManagerDrawComplete
08-23 19:26:50.916 1452 1923 D GameManagerService: process is not found.
08-23 19:26:50.920 1452 1452 D SamsungAlarmManager: setExact (T:3/F:1/AC:false) 20210823T192700 now=7651996 - CU:1000/CP:1452/L:6441702:TIME_TICK
08-23 19:26:50.920 1452 1452 I SamsungAlarmManager: setLocked to kernel - T:2 / 20210823T192715, set=7676197, now=7651997
08-23 19:26:50.922 1452 1452 I SamsungAlarmManager: setLocked to kernel - T:3 / 20210823T192700, set=7661077, now=7651998
08-23 19:26:50.923 1452 1452 V SamsungAlarmManager: Sending to uid : 10160 action=null alarm=Alarm{c22c3c9 type 3 when 7616197 com.opera.max.oem}
08-23 19:26:50.927 1452 1581 D BatteryExternalStatsWorker: done updateExternalStatsLocked
08-23 19:26:50.927 2086 2086 W Looper : Slow dispatch took 16ms main h=com.android.keyguard.KeyguardUpdateMonitor$18 c=null m=1006
08-23 19:26:50.930 1452 4454 D AdaptiveDisplaySolutionService: setAutoCurrentLimitState(true) , mADSEnableCondition : true
08-23 19:26:50.930 1452 4454 I AdaptiveDisplaySolutionService: updateAdaptiveControlState(true)
08-23 19:26:50.930 1452 4454 D AdaptiveDisplaySolutionService: !AVAILABLE_ADAPTIVE_CONTROL
08-23 19:26:50.930 1452 1546 D WindowManager: finishScreenTurningOn: mAwake=true, mScreenOnEarly=true, mScreenOnFully=false, mKeyguardDrawComplete=true, mWindowManagerDrawComplete=true
08-23 19:26:50.931 1452 1546 I WindowManager: Finished screen turning on...
08-23 19:26:50.931 1452 1546 D DisplayPowerController: [api] WindowManagerPolicy.ScreenOnListener : called onScreenOn()
08-23 19:26:50.931 1452 1590 I DisplayPowerController: Unblocked screen on after 111 ms
08-23 19:26:50.932 1452 1590 D DisplayPowerController: animateScreenStateChange: target=2, targetInternal=2, dualScreenPolicy=-1
08-23 19:26:50.932 1452 1590 D DisplayPowerState: !@ ColorFade exit
08-23 19:26:50.932 1452 1590 D PowerManagerService: [input device light] onColorFadeExit(true)
08-23 19:26:50.941 1452 2574 D BatteryService: Sending ACTION_BATTERY_CHANGED. scale:100, info:{.chargerAcOnline = false, .chargerUsbOnline = false, .chargerWirelessOnline = false, .maxChargingCurrent = 0, .maxChargingVoltage = 0, .batteryStatus = DISCHARGING, .batteryHealth = GOOD, .batteryPresent = true, .batteryLevel = 4, .batteryVoltage = 3672, .batteryTemperature = 339, .batteryCurrent = -5493, .batteryCycleCount = 305, .batteryFullCharge = 2983000, .batteryChargeCounter = 153020, .batteryTechnology = Li-ion}
08-23 19:26:50.942 1452 2574 D BatteryService: online:1, current avg:-5493, charge type:0, POGO powered:false, power sharing:false, high voltage charger:false, charger_type:0, capacity:280000, misc_event:0x0, current_event:0x0, current_now:-5493
08-23 19:26:50.948 1452 1590 D DisplayPowerController: getFinalBrightness : Summary is 13 (0.05) -> 13 (0.05)
08-23 19:26:50.953 1452 4454 D ActivityTaskManager: setLockScreenShown(true,false) is called from 0
08-23 19:26:50.958 1452 1548 V UsbDeviceManager: onKeyguardStateChanged: isShowing:true secure:false user:0
08-23 19:26:50.958 1452 1452 D ActivityManager: Received BROADCAST intent 0x50e186a Key{broadcastIntent pkg=com.opera.max.oem intent=cmp=com.opera.max.oem/com.opera.max.BoostUIService$StopReceiver flags=0x0 u=0} requestCode=0 sent=0 from uid 1000
08-23 19:26:50.959 1452 1926 D StorageManagerService: handleMessage -> H_KEYGUARD_CHANGED isShowing=false
08-23 19:26:50.985 1452 1452 D SamsungAlarmManager: Cancel Alarm calling from uid:1000 pid :1452 / OP:PendingIntent{ee7248b: PendingIntentRecord{40f1968 android broadcastIntent}}
08-23 19:26:50.985 1452 4886 D WALLPAPER_SVC:WallpaperManagerService: getWallpaperSafeLocked, userId = 0, which = 2, caller = com.android.server.wallpaper.WallpaperManagerService.semGetWallpaperColors:7615 08-23 19:26:51.009 2086 2086 W Looper : Slow delivery took 22ms main h=com.android.systemui.keyguard.KeyguardLifecyclesDispatcher$1 c=null m=4
08-23 19:26:51.009 2086 2086 W Looper : Slow dispatch took 81ms main h=com.android.systemui.keyguard.KeyguardLifecyclesDispatcher$1 c=null m=4
08-23 19:26:51.015 1452 1452 I HERMES#Service: hermesSecnvmPowerOn called!.
08-23 19:26:51.026 2086 2086 W Looper : Slow dispatch took 16ms main h=android.view.Choreographer$FrameHandler c=android.view.Choreographer$FrameDisplayEventReceiver@e45fe9b m=0
08-23 19:26:51.033 1452 1452 I HERMES#Service: notify key guard showing to hermesd ret : -16777217
08-23 19:26:51.054 1452 16336 V VibratorService: vibratePatternMagnitude - package: com.samsung.android.messaging, reason: Notification (delayed), repeat: -1, token: android.os.Binder@cef45c7, mag: 9999, TYPE_NOTIFICATION
08-23 19:26:51.055 1452 16336 D VibratorService: Turning vibrator off.
08-23 19:26:51.055 1452 16336 D VibratorService: Turning vibrator off
08-23 19:26:51.058 2086 2086 W Looper : Slow dispatch took 31ms main h=com.android.systemui.statusbar.LockscreenNotificationManager$LockscreenNotificationMgrHandler c=null m=101
08-23 19:26:51.065 1452 16344 D VibratorService: Turning vibrator on for 250 ms.
08-23 19:26:51.067 1452 16344 D VibratorService: vibratorOn() : 250ms, mag :9999, f : -1
08-23 19:26:51.069 1452 1452 D NotificationService: WAKELOCK/UP clear all delayed lists..
08-23 19:26:51.072 1452 2030 D PowerManagerUtil: !@ display_state: ON: took 239 ms
08-23 19:26:51.076 1452 2030 D DisplayPowerController: setActualDisplayState: OFF -> ON
08-23 19:26:51.082 1452 1590 D DisplayPowerController: animateScreenStateChange: target=2, targetInternal=2, dualScreenPolicy=-1
08-23 19:26:51.083 1452 1590 D DisplayPowerController: getFinalBrightness : Summary is 13 (0.05) -> 13 (0.05)
08-23 19:26:51.085 1452 1452 D SamsungAlarmManager: Cancel Alarm calling from uid:1000 pid :1452 / L:3d22ea7
08-23 19:26:51.086 1452 1590 D DisplayPowerController: animateScreenStateChange: target=2, targetInternal=2, dualScreenPolicy=-1
08-23 19:26:51.087 1452 1590 D DisplayPowerController: getFinalBrightness : Summary is 13 (0.05) -> 13 (0.05)
08-23 19:26:51.087 1452 1452 I SamsungAlarmManager: setLocked to kernel - T:2 / 20210823T192715, set=7676197, now=7652163
08-23 19:26:51.087 1452 1452 I SamsungAlarmManager: setLocked to kernel - T:3 / 20210823T192700, set=7661077, now=7652164
08-23 19:26:51.087 1452 1590 D DisplayPowerController: !@mWindowManagerPolicy.screenTurnedOn()
08-23 19:26:51.091 1452 1590 D PowerManagerService: DisplayPowerCallbacks : onStateChanged()
08-23 19:26:51.093 1452 1590 D PowerManagerService: mDisplayReady: true
08-23 19:26:51.093 1452 1590 D PowerManagerService: mDisplayReady: true
08-23 19:26:51.093 1452 1590 W PowerManagerService: Screen on took 281 ms
08-23 19:26:51.094 1452 1590 D PowerManagerService: Setting HAL interactive mode to true
08-23 19:26:51.094 1452 1590 D PowerManagerService: handleSandman : stopDream
08-23 19:26:51.094 1452 1590 I DreamManagerService: Gently waking up from dream.
08-23 19:26:51.094 1452 1545 I DreamManagerService: Performing gentle wake from dream.
08-23 19:26:51.099 1452 1452 I WindowManager: Finished waking up... (why=ON_BECAUSE_OF_APPLICATION)
08-23 19:26:51.106 2086 2086 I PowerUI : BATTERY_HEALTH_CHECK extraHealth=2 mBatteryMiscEvent=0
08-23 19:26:51.112 1452 1973 D ConnectivityService: Connectivity-MDO: 10445 is true
08-23 19:26:51.112 1452 1973 D ConnectivityService: Connectivity-MDO change default network for 10445, type: mdo
08-23 19:26:51.112 1452 1973 D ConnectivityService: Connectivity-MDO: 10193 is true
08-23 19:26:51.112 1452 1973 D ConnectivityService: Connectivity-MDO change default network for 10193, type: mdo
08-23 19:26:51.118 2085 2085 I wpa_supplicant: Heartbeat 198
08-23 19:26:51.125 2086 2086 W Looper : Slow dispatch took 12ms main h=android.view.ViewRootImpl$ViewRootHandler c=com.android.systemui.qs.animator.QsImmersiveAnimator$2@74f1431 m=0
08-23 19:26:51.159 2086 2086 W Looper : Slow dispatch took 33ms main h=android.view.Choreographer$FrameHandler c=android.view.Choreographer$FrameDisplayEventReceiver@e45fe9b m=0
08-23 19:26:51.166 1452 4886 I DreamManagerService: Leaving dreamland.
08-23 19:26:51.166 1452 4886 D PowerManagerService: [api] release WakeLock DOZE_WAKE_LOCK 'DreamManagerService' ACQ=-41s860ms (uid=1000 pid=1452 pkg=android)
08-23 19:26:51.167 1452 1545 I DreamManagerService: Performing gentle wake from dream.
08-23 19:26:51.167 1452 1545 I DreamController: Stopping dream: name=ComponentInfo{com.android.systemui/com.android.systemui.doze.DozeService}, isTest=false, canDoze=true, userId=0, reason='finished self'(from 'requested stopDream')
08-23 19:26:51.167 1452 4886 D BatteryStatsImpl: This device is not supported own charge time.
08-23 19:26:51.170 1452 1590 D PowerManagerService: [api] DreamReceiver: onReceive: android.intent.action.DREAMING_STOPPED
08-23 19:26:51.170 1452 1452 I MdnieScenarioControlService: action : android.intent.action.SCREEN_ON
08-23 19:26:51.171 1452 1452 D MdnieScenarioControlService: isLockScreenOn : true
08-23 19:26:51.171 1452 1452 V MdnieScenarioControlService: mAclOffEnabled : false mAclPreviewState : false mAclCompensationState : false
08-23 19:26:51.172 1452 4900 D SamsungAlarmManager: Cancel Alarm calling from uid:10164 pid :2781 / OP:PendingIntent{7345bfb: PendingIntentRecord{8cfaefd com.google.android.gms/com.google.android.gms.gcm broadcastIntent}}
08-23 19:26:51.174 1452 4900 I SamsungAlarmManager: setLocked to kernel - T:2 / 20210823T192715, set=7676197, now=7652250
08-23 19:26:51.174 1452 4900 I SamsungAlarmManager: setLocked to kernel - T:3 / 20210823T192700, set=7661077, now=7652250
08-23 19:26:51.188 2086 2086 W Looper : Slow dispatch took 10ms main h=com.android.systemui.statusbar.policy.CallbackHandler c=com.android.systemui.statusbar.policy.CallbackHandler$1@4cfc26d m=0
08-23 19:26:51.195 1452 1452 D SamsungAlarmManager: Cancel Alarm calling from uid:1000 pid :1452 / L:3d22ea7
08-23 19:26:51.195 1452 1452 I AdaptiveDisplaySolutionService: action : android.intent.action.SCREEN_ON
08-23 19:26:51.206 2086 2086 W Looper : Slow dispatch took 18ms main h=android.view.Choreographer$FrameHandler c=android.view.Choreographer$FrameDisplayEventReceiver@e45fe9b m=0
08-23 19:26:51.227 1452 4886 D WindowManager: makeSurface duration=13 name=com.samsung.android.app.cocktailbarservice/com.samsung.android.app.cocktailbarservice.CocktailBarService$_6787
08-23 19:26:51.228 2086 2086 W Looper : Drained
08-23 19:26:51.229 1452 1973 D SemWifiTransportLayerNotificationManager: showTcpMonitorSuggestionNotification: false, null
08-23 19:26:51.229 1452 1973 D SemWifiTransportLayerNotificationManager: showTcpMonitorHeadUpNotification: false, 0, null
08-23 19:26:51.230 1452 1973 D SemWifiTransportLayerNotificationManager: showTcpMonitorNotification: false, 0, null
08-23 19:26:51.243 1452 1452 W ContextImpl: Calling a method in the system process without a qualified user: android.app.ContextImpl.sendBroadcast:1162 vendor.samsung.frameworks.codecsolution.Logging.insertDiagmonLog:78 vendor.samsung.frameworks.codecsolution.Logging.insertLog:54 vendor.samsung.frameworks.codecsolution.Logging.insertLog:46 vendor.samsung.frameworks.codecsolution.SehCodecSolutionService$1.handleMessage:307 08-23 19:26:51.269 1452 3500 D WindowManager: finishDrawingWindow: Window{4681548 u0 com.samsung.android.app.cocktailbarservice/com.samsung.android.app.cocktailbarservice.CocktailBarService} mDrawState=DRAW_PENDING
08-23 19:26:51.273 1452 4887 W CocktailBarStatePolicyController: updateWindowType: current window type is requested window type(1)
08-23 19:26:51.344 2086 2086 W Looper : Slow dispatch took 115ms main h=com.android.systemui.shared.plugins.PluginInstanceManager$MainHandler c=null m=2
08-23 19:26:51.344 2086 2086 W Looper : Slow delivery took 124ms main h=android.app.ActivityThread$H c=null m=119
08-23 19:26:51.354 2086 2086 W Looper : Slow dispatch took 10ms main h=android.view.Choreographer$FrameHandler c=android.view.Choreographer$FrameDisplayEventReceiver@e45fe9b m=0
08-23 19:26:51.358 2086 2086 W Looper : Drained
08-23 19:26:51.359 1452 1581 D BatteryExternalStatsWorker: update stats
08-23 19:26:51.359 1452 1581 D BatteryExternalStatsWorker: WifiActivityEnergyInfo was updated
08-23 19:26:51.359 1452 1581 D BatteryExternalStatsWorker: BluetoothActivityEnergyInfo was updated
08-23 19:26:51.359 1452 1581 D BatteryExternalStatsWorker: ModemActivityEnergyInfo was updated
08-23 19:26:51.399 1452 2260 D SamsungAlarmManager: setExact (T:3/F:9/AC:false) 20210823T192751 now=7652475 - CU:1000/CP:1452/L:94a4f1d:DetectMovementSPListener
08-23 19:26:51.399 1452 2260 I SamsungAlarmManager: setLocked to kernel - T:2 / 20210823T192715, set=7676197, now=7652475
08-23 19:26:51.399 1452 2260 I SamsungAlarmManager: setLocked to kernel - T:3 / 20210823T192700, set=7661077, now=7652476
08-23 19:26:51.406 1452 1581 D BatteryExternalStatsWorker: done updateExternalStatsLocked
08-23 19:26:51.409 3468 3468 W ContextImpl: Calling a method in the system process without a qualified user: android.app.ContextImpl.startService:1739 android.content.ContextWrapper.startService:738 android.content.ContextWrapper.startService:738 com.sec.android.diagmonagent.sa.receiver.CFLogReceiver.sendCFLog:26 com.sec.android.diagmonagent.sa.receiver.CFLogReceiver.onReceive:18 08-23 19:26:51.493 1452 1913 W ContextImpl: Calling a method in the system process without a qualified user: android.app.ContextImpl.sendBroadcast:1162 com.samsung.android.gesture.PocketModeEvent$1.handleMessage:342 android.os.Handler.dispatchMessage:106 android.os.Looper.loop:246 android.os.HandlerThread.run:67 08-23 19:26:51.566 1452 16344 D VibratorService: Turning vibrator on for 250 ms.
08-23 19:26:51.566 1452 16344 D VibratorService: vibratorOn() : 250ms, mag :9999, f : -1
08-23 19:26:51.870 1452 1452 D PowerManagerService: [PWL] sb release: PowerManagerService.Broadcasts
08-23 19:26:52.768 599 599 I io_stats: !@ 179,0 r 1817745 30161245 w 75994 1316468 d 40050 558928 f 42401 50909 iot 726810 573888 th 51200 51200 41500 pt 1070 inp 0 0 2016.624
08-23 19:26:53.317 1452 4887 D PowerManagerService: [api] release WakeLock FULL_WAKE_LOCK 'ORC New message notification LCD on' ACQUIRE_CAUSES_WAKEUP ACQ=-3s4ms (uid=10077 pid=13004 pkg=com.samsung.android.messaging)
08-23 19:26:53.318 1452 4887 D EdgeLightingManager: hideForWakeLock packageName=com.samsung.android.messaging
08-23 19:26:53.318 1452 4887 D EdgeLightingManager: isCallingUserSupported : callingUserId=0, mUserId=0, isDualAppId=false, isKnoxId=false
08-23 19:26:53.318 1452 4887 D EdgeLightingClientManager: isAvailableEdgeLighting: condition=2 mCondition=1 mIsConnected=false0
08-23 19:26:53.318 1452 4887 D EdgeLightingManager: hideForWakeLockInternal : return false by isAvailableEdgeLighting.
08-23 19:26:54.779 599 599 I io_stats: !@ 179,0 r 1817774 30161457 w 76073 1317036 d 40050 558928 f 42422 50930 iot 726850 573964 th 51200 51200 41500 pt 1070 inp 0 0 2018.636
08-23 19:26:55.934 1452 1590 D PowerManagerService: UserActivityState : 1 -> 4
08-23 19:26:55.935 1452 1590 I PowerManagerService: Nap time (uid 1000)...
08-23 19:26:55.939 1452 1590 D PowerManagerService: handleSandman : startDreaming: false (canDreamLocked: false canDozeLocked: false)
08-23 19:26:55.939 1452 1590 I PowerManagerService: !@Screen__Off - 11 : dream(timeout) (2)
08-23 19:26:55.940 1452 1590 I PowerManagerService: Going to sleep due to timeout (uid 1000)...
08-23 19:26:55.943 1452 1590 D PowerManagerService: mDisplayReady: false
08-23 19:26:55.943 1452 1590 D PowerManagerService: mDisplayReady: false
08-23 19:26:55.944 1452 1590 D PowerManagerService: Setting HAL interactive mode to false
08-23 19:26:55.945 1452 1590 I PowerManagerService: [PWL] Off : 0s ago
08-23 19:26:55.946 1452 1590 I PowerManagerService: [PWL] PowerManagerService.WakeLocks: ref count=1
08-23 19:26:55.947 1452 1590 I PowerManagerService: [PWL] mWakeLockSummary : 0x1
08-23 19:26:55.947 1452 1590 I PowerManagerService: [PWL] PARTIAL_WAKE_LOCK '*telephony-radio*' ACQ=-4s665ms (uid=1001 pid=2050 pkg=com.android.phone ws=WorkSource{1001 com.android.phone})
08-23 19:26:55.948 1452 1590 I PowerManagerService: [PWL] PowerManagerService.Display: ref count=1
08-23 19:26:55.949 1452 1590 I PowerManagerService: [PWL] mUserActivitySummary : 0x4
08-23 19:26:55.949 1452 1590 I PowerManagerService: [PWL] mDisplayReady : false
08-23 19:26:55.956 1452 1452 I AppOps : updateUidProcState uid: 10067 procState: 5 capability:7
08-23 19:26:55.956 1452 1590 D DisplayPowerController: animateScreenStateChange: target=1, targetInternal=1, dualScreenPolicy=-1
08-23 19:26:55.956 1452 1452 D IbsQuickDim: BroadcastReceiver flag = 3
08-23 19:26:55.957 1452 1452 I MdnieScenarioControlService: action : com.samsung.server.PowerManagerService.action.USER_ACTIVITY
08-23 19:26:55.970 1452 1452 I WindowManager: Started going to sleep... (why=OFF_BECAUSE_OF_TIMEOUT)
08-23 19:26:56.017 1452 1590 D DisplayPowerController: ColorFade: onAnimationStart
08-23 19:26:56.166 1452 1590 D DisplayPowerState: !@ ColorFade entry
08-23 19:26:56.166 1452 1590 D PowerManagerService: [input device light] onColorFadeExit(false)
08-23 19:26:56.167 1452 1590 D DisplayPowerController: ColorFade: onAnimationEnd
08-23 19:26:56.171 1452 1590 D DisplayPowerController: animateScreenStateChange: target=1, targetInternal=1, dualScreenPolicy=-1
08-23 19:26:56.171 1452 1590 I DisplayPowerController: Blocking screen off
08-23 19:26:56.171 1452 1590 D DisplayPowerController: mWindowManagerPolicy.screenTurningOff()
08-23 19:26:56.172 1452 1590 I DisplayPowerController: Unblocked screen off after 1 ms
08-23 19:26:56.173 1452 1548 D DisplayPowerController: [api] WindowManagerPolicy.ScreenOffListener : called onScreenOff()
08-23 19:26:56.175 1452 1590 D DisplayPowerController: mWindowManagerPolicy.screenTurnedOff()
08-23 19:26:56.175 1452 1590 I WindowManager: Screen turned off...
08-23 19:26:56.182 1452 1581 D BatteryExternalStatsWorker: update stats
08-23 19:26:56.182 1452 1581 D BatteryExternalStatsWorker: WifiActivityEnergyInfo was updated
08-23 19:26:56.182 1452 1581 D BatteryExternalStatsWorker: BluetoothActivityEnergyInfo was updated
08-23 19:26:56.182 1452 1581 D BatteryExternalStatsWorker: ModemActivityEnergyInfo was updated
08-23 19:26:56.185 1452 1590 D DisplayPowerController: getFinalBrightness : Summary is 0 (0.00) -> 0 (0.00)
08-23 19:26:56.186 1452 1590 D DisplayPowerController: Animating brightness: target= 0 (0.00), rate=0.0 (PSM:, AB limit:( 0 (-1.00) ~ 0 (-1.00)) MB Limit:( -1 (NaN) ~ -1 (NaN)), sf=1.0
08-23 19:26:56.192 1452 1590 V DisplayPowerController: Brightness [ 0 (0.00)] reason changing to: 'screen_off', previous reason: 'manual'.
08-23 19:26:56.193 1452 1590 D DisplayPowerController: animateScreenStateChange: target=1, targetInternal=1, dualScreenPolicy=-1
08-23 19:26:56.193 1452 2030 D DisplayManagerService: !@display_state internal: ON -> OFF
08-23 19:26:56.193 1452 1590 D DisplayPowerController: getFinalBrightness : Summary is 0 (0.00) -> 0 (0.00)
08-23 19:26:56.193 1452 2030 D LocalDisplayAdapter: !@ display_state: ON -> OFF (id:0)
08-23 19:26:56.194 1452 1590 D DisplayPowerController: Animating brightness: target= 0 (0.00), rate=0.0 (PSM:, AB limit:( 0 (-1.00) ~ 0 (-1.00)) MB Limit:( -1 (NaN) ~ -1 (NaN)), sf=1.0
08-23 19:26:56.194 1452 1548 I DisplayManagerService: Display device changed state: "Pantalla integrada", OFF
08-23 19:26:56.201 1452 1581 E KernelCpuSpeedReader: Failed to read cpu-freq: /sys/devices/system/cpu/cpu0/cpufreq/stats/time_in_state: open failed: ENOENT (No such file or directory)
08-23 19:26:56.204 1452 1452 D GameManagerService: onDisplayChanged. displyId: 0, state: 1
08-23 19:26:56.207 1452 1923 D GameManagerService: onLooperPrepared(), msg: MSG_LCD_OFF
08-23 19:26:56.207 1452 1923 D GameManagerService: sendFocusOutConditionally() - mPrevNotiPackage: KILL_YOURSELF
08-23 19:26:56.245 1452 1581 D BatteryExternalStatsWorker: done updateExternalStatsLocked
08-23 19:26:56.429 1452 2030 D PowerManagerUtil: !@ display_state: OFF: took 236 ms
08-23 19:26:56.429 1452 2030 D DisplayPowerController: setActualDisplayState: ON -> OFF
08-23 19:26:56.430 1452 1590 D DisplayPowerController: animateScreenStateChange: target=1, targetInternal=1, dualScreenPolicy=-1
08-23 19:26:56.431 1452 1590 D DisplayPowerController: getFinalBrightness : Summary is 0 (0.00) -> 0 (0.00)
08-23 19:26:56.431 1452 1590 D DisplayPowerController: Animating brightness: target= 0 (0.00), rate=0.0 (PSM:, AB limit:( 0 (-1.00) ~ 0 (-1.00)) MB Limit:( -1 (NaN) ~ -1 (NaN)), sf=1.0
08-23 19:26:56.432 1452 1590 D DisplayPowerController: animateScreenStateChange: target=1, targetInternal=1, dualScreenPolicy=-1
08-23 19:26:56.432 1452 1590 D DisplayPowerController: getFinalBrightness : Summary is 0 (0.00) -> 0 (0.00)
08-23 19:26:56.433 1452 1590 D DisplayPowerController: Animating brightness: target= 0 (0.00), rate=0.0 (PSM:, AB limit:( 0 (-1.00) ~ 0 (-1.00)) MB Limit:( -1 (NaN) ~ -1 (NaN)), sf=1.0
08-23 19:26:56.433 1452 1590 D PowerManagerService: DisplayPowerCallbacks : onStateChanged()
08-23 19:26:56.433 1452 1590 D PowerManagerService: mDisplayReady: true
08-23 19:26:56.434 1452 1590 D PowerManagerService: mDisplayReady: true
08-23 19:26:56.434 1452 1590 D PowerManagerService: handleSandman : startDreaming: true (canDreamLocked: false canDozeLocked: true)
08-23 19:26:56.434 1452 1590 D PowerManagerService: handleSandman : startDream(true)
08-23 19:26:56.435 1452 1590 I DreamManagerService: Entering dreamland.
08-23 19:26:56.435 1452 1590 I PowerManagerService: Dozing...
08-23 19:26:56.436 1452 1452 V InputMethodManagerService: Hide switching menu
08-23 19:26:56.439 1452 1545 I DreamController: Starting dream: name=ComponentInfo{com.android.systemui/com.android.systemui.doze.DozeService}, isTest=false, canDoze=true, userId=0
08-23 19:26:56.449 1452 2228 D StatusBarManagerService: notifyRequestedSystemKey recent=false home=false
08-23 19:26:56.450 1452 2228 W CocktailBarStatePolicyController: updateWindowType: current window type is requested window type(1)
08-23 19:26:56.461 1452 1590 D PowerManagerService: [api] DreamReceiver: onReceive: android.intent.action.DREAMING_STARTED
08-23 19:26:56.464 1452 1452 D SamsungAlarmManager: setInexact (T:2/F:8/AC:false) 20210823T203756 now=7657540 - CU:1000/CP:1452/L:3d22ea7:JS idleness
08-23 19:26:56.464 1452 1452 I SamsungAlarmManager: setLocked to kernel - T:2 / 20210823T192715, set=7676197, now=7657541
08-23 19:26:56.465 1452 1452 I SamsungAlarmManager: setLocked to kernel - T:3 / 20210823T192700, set=7661077, now=7657542
08-23 19:26:56.466 1452 2228 I CocktailPolicyManager: findMatchedPolicy: find policy = 1
08-23 19:26:56.468 1452 4900 D SamsungAlarmManager: setInexact (T:3/F:0/AC:false) 20210823T194156 now=7657544 - CU:10164/CP:2781/OP:PendingIntent{dca3876: PendingIntentRecord{8cfaefd com.google.android.gms/com.google.android.gms.gcm broadcastIntent}}
08-23 19:26:56.468 1452 4900 I SamsungAlarmManager: setLocked to kernel - T:2 / 20210823T192715, set=7676197, now=7657544
08-23 19:26:56.468 1452 4900 I SamsungAlarmManager: setLocked to kernel - T:3 / 20210823T192700, set=7661077, now=7657545
08-23 19:26:56.470 1452 2228 D PowerManagerService: [PWL] sb release: PowerManagerService.Display
08-23 19:26:56.479 1452 4900 D StatusBarManagerService: notifyRequestedSystemKey recent=false home=false
08-23 19:26:56.480 1452 4900 W CocktailBarStatePolicyController: updateWindowType: current window type is requested window type(1)
08-23 19:26:56.482 1452 4900 D ActivityTaskManager: setLockScreenShown(true,true) is called from 0
08-23 19:26:56.488 1452 1548 V UsbDeviceManager: onKeyguardStateChanged: isShowing:true secure:false user:0
08-23 19:26:56.489 1452 1926 D StorageManagerService: handleMessage -> H_KEYGUARD_CHANGED isShowing=false
08-23 19:26:56.505 1452 3500 E WindowManager: win=Window{4681548 u0 com.samsung.android.app.cocktailbarservice/com.samsung.android.app.cocktailbarservice.CocktailBarService} destroySurfaces: appStopped=true win.mWindowRemovalAllowed=false win.mRemoveOnExit=false win.mViewVisibility=8 caller=com.android.server.wm.WindowManagerService.tryStartExitingAnimation:2917 com.android.server.wm.WindowManagerService.relayoutWindow:2624 com.android.server.wm.Session.relayout:219 android.view.IWindowSession$Stub.onTransact:871 com.android.server.wm.Session.onTransact:145 android.os.Binder.execTransactInternal:1190 android.os.Binder.execTransact:1159 08-23 19:26:56.506 1452 3500 I WindowManager: Destroying surface Surface(name=com.samsung.android.app.cocktailbarservice/com.samsung.android.app.cocktailbarservice.CocktailBarService$_6787)/@0xa12bb4d called by com.android.server.wm.WindowStateAnimator.destroySurface:1794 com.android.server.wm.WindowStateAnimator.destroySurfaceLocked:765 com.android.server.wm.WindowState.destroySurfaceUnchecked:3918 com.android.server.wm.WindowState.destroySurface:3892 com.android.server.wm.WindowManagerService.tryStartExitingAnimation:2917 com.android.server.wm.WindowManagerService.relayoutWindow:2624 com.android.server.wm.Session.relayout:219 android.view.IWindowSession$Stub.onTransact:871 08-23 19:26:56.506 1452 2228 D PowerManagerService: [api] setDozeOverrideFromDreamManager: screenState: OFF mode: 0x0 screenBrightness: -1 shouldWait: false
08-23 19:26:56.506 1452 2228 D PowerManagerService: [api] acquire WakeLock DOZE_WAKE_LOCK 'DreamManagerService' (uid=1000 pid=1452 pkg=android)
08-23 19:26:56.507 1452 2228 D PowerManagerService: mDisplayReady: false
08-23 19:26:56.507 1452 2228 D PowerManagerService: mDisplayReady: false
08-23 19:26:56.508 1452 1590 D DisplayPowerController: animateScreenStateChange: target=1, targetInternal=1, dualScreenPolicy=-1
08-23 19:26:56.508 1452 1590 D DisplayPowerController: getFinalBrightness : Summary is 0 (0.00) -> 0 (0.00)
08-23 19:26:56.509 1452 1590 D DisplayPowerController: Animating brightness: target= 0 (0.00), rate=0.0 (PSM:, AB limit:( 0 (-1.00) ~ 0 (-1.00)) MB Limit:( -1 (NaN) ~ -1 (NaN)), sf=1.0
08-23 19:26:56.509 1452 1590 D PowerManagerService: [PWL] sb acquire: PowerManagerService.Display
08-23 19:26:56.512 1452 1590 D PowerManagerService: DisplayPowerCallbacks : onStateChanged()
08-23 19:26:56.512 1452 1590 D PowerManagerService: mDisplayReady: true
08-23 19:26:56.513 1452 1590 D PowerManagerService: mDisplayReady: true
08-23 19:26:56.513 1452 1590 D PowerManagerService: [PWL] sb acquire: PowerManagerService.Broadcasts
08-23 19:26:56.513 1452 1452 I WindowManager: Finished going to sleep... (why=OFF_BECAUSE_OF_TIMEOUT)
08-23 19:26:56.514 1452 1590 D PowerManagerService: [PWL] sb release: PowerManagerService.Display
08-23 19:26:56.520 1452 4900 W CocktailBarStatePolicyController: updateWindowType: current window type is requested window type(1)
08-23 19:26:56.523 1452 3500 D WindowManager: finishDrawingWindow: Window{ac03e0c u0 NotificationShade} mDrawState=HAS_DRAWN
08-23 19:26:56.542 1452 1452 D SamsungAlarmManager: setExact (T:0/F:9/AC:false) 20210823T192701 now=7657619 - CU:1000/CP:1452/OP:PendingIntent{ee7248b: PendingIntentRecord{40f1968 android broadcastIntent}}
08-23 19:26:56.542 1452 1452 I SamsungAlarmManager: setLocked to kernel - T:2 / 20210823T192701, set=7662618, now=7657619
08-23 19:26:56.543 1452 1452 I SamsungAlarmManager: setLocked to kernel - T:3 / 20210823T192700, set=7661077, now=7657619
08-23 19:26:56.555 1452 1452 D VibratorService: Turning vibrator off.
08-23 19:26:56.555 1452 1452 D VibratorService: Turning vibrator off
08-23 19:26:56.581 1452 1913 W ContextImpl: Calling a method in the system process without a qualified user: android.app.ContextImpl.sendBroadcast:1162 com.samsung.android.gesture.PocketModeEvent$1.handleMessage:348 android.os.Handler.dispatchMessage:106 android.os.Looper.loop:246 android.os.HandlerThread.run:67 08-23 19:26:56.595 1452 1452 D IbsQuickDim: screen off 08-23 19:26:56.599 1452 1452 I SamsungAlarmManager: setLocked to kernel - T:2 / 20210823T192701, set=7662619, now=7657676
08-23 19:26:56.599 1452 1452 I SamsungAlarmManager: setLocked to kernel - T:3 / 20210823T192700, set=7661077, now=7657676
08-23 19:26:56.600 1452 1452 D SamsungAlarmManager: setInexact (T:2/F:8/AC:false) 20210823T203756 now=7657676 - CU:1000/CP:1452/L:3d22ea7:JS idleness
08-23 19:26:56.600 1452 1452 I SamsungAlarmManager: setLocked to kernel - T:2 / 20210823T192701, set=7662619, now=7657676
08-23 19:26:56.600 1452 1452 I SamsungAlarmManager: setLocked to kernel - T:3 / 20210823T192700, set=7661077, now=7657676
08-23 19:26:56.637 1452 1452 I MdnieScenarioControlService: action : android.intent.action.SCREEN_OFF
08-23 19:26:56.639 1452 1452 I AdaptiveDisplaySolutionService: action : android.intent.action.SCREEN_OFF
08-23 19:26:56.643 1452 2260 D SamsungAlarmManager: Cancel Alarm calling from uid:1000 pid :1452 / L:94a4f1d
08-23 19:26:56.644 1452 2260 I SamsungAlarmManager: setLocked to kernel - T:2 / 20210823T192701, set=7662619, now=7657721
08-23 19:26:56.645 1452 2260 I SamsungAlarmManager: setLocked to kernel - T:3 / 20210823T192700, set=7661077, now=7657721
08-23 19:26:56.734 1452 3500 D StatusBarManagerService: notifyRequestedSystemKey recent=false home=false
08-23 19:26:56.735 1452 3500 W CocktailBarStatePolicyController: updateWindowType: current window type is requested window type(1)
08-23 19:26:56.756 1452 2228 D GameManagerService: identifyForegroundApp. com.callapp.contacts, mCurrentUserId: 0, callerUserId: 0
08-23 19:26:56.756 1452 2228 D PkgDataHelper: getGamePkgData(). com.callapp.contacts
08-23 19:26:56.788 599 599 I io_stats: !@ 179,0 r 1817802 30161625 w 76092 1317152 d 40050 558928 f 42432 50943 iot 726910 574001 th 51200 51200 41500 pt 1070 inp 0 0 2020.645
