08-23 19:46:06.581 1452 17389 I Telecom:SamsungRespondViaSmsRepositoryImpl: isRespondViaSmsCapable - phoneNumber : 81******33 / presentation : 1 / hasRespondViaSmsCapable : false / isRespondViaSmsCapable : false
08-23 19:46:06.586 1452 17389 I Telecom : Event: RecordEntry TC@8: SET_RINGING, successful incoming call: NCSSF.aC->ICFG.sF->ICFG.sF->ICFG.sF@Ahg
08-23 19:46:06.588 1452 17389 I Telecom:SamsungCallsManager: call : [Call id=TC@8, state=RINGING, tpac=ComponentInfo{com.android.phone/com.android.services.telephony.TelephonyConnectionService}, ***, UserHandle{0}, cmgr=ComponentInfo{com.android.phone/com.android.services.telephony.TelephonyConnectionService}, ***, UserHandle{0}, handle=tel:**********, vidst=A, childs(0), has_parent(false), cap=[ sup_hld mut !v2a spd_aud], prop=[], caps=[Capabilities: CAPABILITY_SUPPORT_HOLD CAPABILITY_MUTE CAPABILITY_CANNOT_DOWNGRADE_VIDEO_TO_AUDIO CAPABILITY_SPEED_UP_MT_AUDIO], props=[Properties:], conf(false), had_child(false)] / hasCall : false
08-23 19:46:06.588 1452 17389 I Telecom:SamsungSpeakerManagerForSessionModify: onCallAdded 08-23 19:46:06.588 1452 17389 I Telecom:SamsungSpeakerManagerForSessionModify: isSktTPhoneMode : false
08-23 19:46:06.594 1452 17389 D Telecom:SamsungRingingTimeCallAddedTimeMarker: callAddedElapsedTime : 8807670
08-23 19:46:06.594 1452 17389 I Telecom : Event: RecordEntry TC@8: ICS_CALL_ADDED, not bound or connected: NCSSF.aC->ICFG.sF->ICFG.sF->ICFG.sF@Ahg
08-23 19:46:06.595 1452 17389 I Telecom : InCallController: onCallAdded: [Call id=TC@8, state=RINGING, tpac=ComponentInfo{com.android.phone/com.android.services.telephony.TelephonyConnectionService}, ***, UserHandle{0}, cmgr=ComponentInfo{com.android.phone/com.android.services.telephony.TelephonyConnectionService}, ***, UserHandle{0}, handle=tel:**********, vidst=A, childs(0), has_parent(false), cap=[ sup_hld mut !v2a spd_aud], prop=[], caps=[Capabilities: CAPABILITY_SUPPORT_HOLD CAPABILITY_MUTE CAPABILITY_CANNOT_DOWNGRADE_VIDEO_TO_AUDIO CAPABILITY_SPEED_UP_MT_AUDIO], props=[Properties:], conf(false), had_child(false)]; not bound or connected.: NCSSF.aC->ICFG.sF->ICFG.sF->ICFG.sF@Ahg
08-23 19:46:06.596 1452 17389 I Telecom : Event: RecordEntry TC@8: BTS_ICS, null, false, 1452, 17389: NCSSF.aC->ICFG.sF->ICFG.sF->ICFG.sF@Ahg
08-23 19:46:06.598 1452 17389 I Telecom:SamsungInCallController: isAllowedSelfManagedCallsSupported - isAllowedSelfManagedCallsSupported : false / packageName : com.callapp.contacts / name : com.callapp.contacts.inCallService.InCallServiceImpl / defaultInCallUIPackage : com.samsung.android.incallui
08-23 19:46:06.598 1452 17389 I Telecom : InCallController: defaultDialer: [ComponentInfo{com.callapp.contacts/com.callapp.contacts.inCallService.InCallServiceImpl} supportsExternal? false supportsSelfMg?false supportsAllowedSelfMg?false], 1: NCSSF.aC->ICFG.sF->ICFG.sF->ICFG.sF@Ahg
08-23 19:46:06.598 1452 17389 I Telecom : InCallController: defaultDialer: com.android.server.telecom.InCallController$InCallServiceBindingConnection@bbef109: NCSSF.aC->ICFG.sF->ICFG.sF->ICFG.sF@Ahg
08-23 19:46:06.600 1452 17389 I Telecom:SamsungInCallController: isAllowedSelfManagedCallsSupported - isAllowedSelfManagedCallsSupported : false / packageName : com.samsung.android.incallui / name : com.android.incallui.InCallServiceImpl / defaultInCallUIPackage : com.samsung.android.incallui
08-23 19:46:06.604 1452 17389 I Telecom:SamsungInCallController: isAllowedSelfManagedCallsSupported - isAllowedSelfManagedCallsSupported : false / packageName : com.google.android.googlequicksearchbox / name : com.google.android.apps.gsa.staticplugins.opa.morris2.framework.datasources.phone.LocalInCallServiceImpl / defaultInCallUIPackage : com.samsung.android.incallui
08-23 19:46:06.606 1452 17389 I Telecom:SamsungInCallController: isAllowedSelfManagedCallsSupported - isAllowedSelfManagedCallsSupported : false / packageName : com.google.android.projection.gearhead / name : com.google.android.gms.car.telecom.SharedInCallServiceImpl / defaultInCallUIPackage : com.samsung.android.incallui
08-23 19:46:06.607 1452 17389 I Telecom : Event: RecordEntry TC@8: NEW_ICSC, [ComponentInfo{com.callapp.contacts/com.callapp.contacts.inCallService.InCallServiceImpl} supportsExternal? false supportsSelfMg?false supportsAllowedSelfMg?false], 1, [ComponentInfo{com.callapp.contacts/com.callapp.contacts.inCallService.InCallServiceImpl} supportsExternal? false supportsSelfMg?false supportsAllowedSelfMg?false], 1, [ComponentInfo{com.callapp.contacts/com.callapp.contacts.inCallService.InCallServiceImpl} supportsExternal? false supportsSelfMg?false supportsAllowedSelfMg?false], 1, [ComponentInfo{com.google.android.googlequicksearchbox/com.google.android.apps.gsa.staticplugins.opa.morris2.framework.datasources.phone.LocalInCallServiceImpl} supportsExternal? false supportsSelfMg?true supportsAllowedSelfMg?false], 3: NCSSF.aC->ICFG.sF->ICFG.sF->ICFG.sF@Ahg
08-23 19:46:06.608 1452 17389 I Telecom : Event: RecordEntry TC@8: NEW_ICS_INFO, [ComponentInfo{com.callapp.contacts/com.callapp.contacts.inCallService.InCallServiceImpl} supportsExternal? false supportsSelfMg?false supportsAllowedSelfMg?false], 1, [ComponentInfo{com.samsung.android.incallui/com.android.incallui.InCallServiceImpl} supportsExternal? true supportsSelfMg?false supportsAllowedSelfMg?false], 2, [ComponentInfo{com.google.android.googlequicksearchbox/com.google.android.apps.gsa.staticplugins.opa.morris2.framework.datasources.phone.LocalInCallServiceImpl} supportsExternal? false supportsSelfMg?true supportsAllowedSelfMg?false], 3, false, false: NCSSF.aC->ICFG.sF->ICFG.sF->ICFG.sF@Ahg
08-23 19:46:06.608 1452 17389 I Telecom : CarSwappingInCallServiceConnection: chooseInitialInCallService: false => false: NCSSF.aC->ICFG.sF->ICFG.sF->ICFG.sF@Ahg
08-23 19:46:06.608 1452 17389 I Telecom : InCallServiceBindingConnection: Attempting to bind to InCall [ComponentInfo{com.callapp.contacts/com.callapp.contacts.inCallService.InCallServiceImpl} supportsExternal? false supportsSelfMg?false supportsAllowedSelfMg?false], 1, with Intent { act=android.telecom.InCallService cmp=com.callapp.contacts/.inCallService.InCallServiceImpl }: NCSSF.aC->ICFG.sF->ICFG.sF->ICFG.sF@Ahg
08-23 19:46:06.609 1452 17389 I Telecom : Event: RecordEntry TC@8: BIND_ICS, [ComponentInfo{com.callapp.contacts/com.callapp.contacts.inCallService.InCallServiceImpl} supportsExternal? false supportsSelfMg?false supportsAllowedSelfMg?false], 1: NCSSF.aC->ICFG.sF->ICFG.sF->ICFG.sF@Ahg
08-23 19:46:06.614 1452 17389 I Telecom : InCallServiceBindingConnection: mCall: [Call id=TC@8, state=RINGING, tpac=ComponentInfo{com.android.phone/com.android.services.telephony.TelephonyConnectionService}, ***, UserHandle{0}, cmgr=ComponentInfo{com.android.phone/com.android.services.telephony.TelephonyConnectionService}, ***, UserHandle{0}, handle=tel:**********, vidst=A, childs(0), has_parent(false), cap=[ sup_hld mut !v2a spd_aud], prop=[], caps=[Capabilities: CAPABILITY_SUPPORT_HOLD CAPABILITY_MUTE CAPABILITY_CANNOT_DOWNGRADE_VIDEO_TO_AUDIO CAPABILITY_SPEED_UP_MT_AUDIO], props=[Properties:], conf(false), had_child(false)], mIsConnected: true: NCSSF.aC->ICFG.sF->ICFG.sF->ICFG.sF@Ahg
08-23 19:46:06.617 1452 17389 I Telecom:SamsungATCommandManager: onCallAdded() command = null
08-23 19:46:06.617 1452 17389 I Telecom:SamsungAutoAnswerCallsManagerListener: onCallAdded : [Call id=TC@8, state=RINGING, tpac=ComponentInfo{com.android.phone/com.android.services.telephony.TelephonyConnectionService}, ***, UserHandle{0}, cmgr=ComponentInfo{com.android.phone/com.android.services.telephony.TelephonyConnectionService}, ***, UserHandle{0}, handle=tel:**********, vidst=A, childs(0), has_parent(false), cap=[ sup_hld mut !v2a spd_aud], prop=[], caps=[Capabilities: CAPABILITY_SUPPORT_HOLD CAPABILITY_MUTE CAPABILITY_CANNOT_DOWNGRADE_VIDEO_TO_AUDIO CAPABILITY_SPEED_UP_MT_AUDIO], props=[Properties:], conf(false), had_child(false)]
08-23 19:46:06.618 1452 17389 I Telecom:SamsungAutoAnswer: checkAutoAnsweringMode
08-23 19:46:06.619 1452 17389 I Telecom:SamsungCallSettingsRepositoryImpl: isAutoAnsweringModeOn : false
08-23 19:46:06.622 1452 17382 I Telecom:SamsungAutoAnswer: conditionToAutoAnswerCall: false isRelaxMode : false
08-23 19:46:06.624 1452 2584 I Telecom : CallAudioRouteStateMachine: Message received: UPDATE_SYSTEM_AUDIO_ROUTE=1201, arg1=0: NCSSF.aC->ICFG.sF->ICFG.sF->ICFG.sF->CARSM.pM_UPDATE_SYSTEM_AUDIO_ROUTE@Ahg
08-23 19:46:06.624 1452 17419 I Telecom:SamsungQuickResponsesRepositoryImpl: loadCannedTextMessages - count : 3
08-23 19:46:06.625 1452 2584 I Telecom : QuiescentEarpieceRoute: Processing message UPDATE_SYSTEM_AUDIO_ROUTE: NCSSF.aC->ICFG.sF->ICFG.sF->ICFG.sF->CARSM.pM_UPDATE_SYSTEM_AUDIO_ROUTE@Ahg
08-23 19:46:06.626 1452 2584 I Telecom : BluetoothRouteManager: getBluetoothAudioConnectedDevice: no service available.: NCSSF.aC->ICFG.sF->ICFG.sF->ICFG.sF->CARSM.pM_UPDATE_SYSTEM_AUDIO_ROUTE@Ahg
08-23 19:46:06.627 1452 17389 I Telecom : Event: RecordEntry TC@8: FOREGROUND_CALL_CHANGED, oldCall=null, newCall=[Call id=TC@8, state=RINGING]: NCSSF.aC->ICFG.sF->ICFG.sF->ICFG.sF@Ahg
08-23 19:46:06.629 1452 2584 I Telecom : CallAudioRouteStateMachine: updateLastKnownCallAudioStateWithCurrent [AudioState isMuted: false, route: EARPIECE, supportedRouteMask: EARPIECE, SPEAKER, activeBluetoothDevice: [null], supportedBluetoothDevices: []] -> [AudioState isMuted: false, route: EARPIECE, supportedRouteMask: EARPIECE, SPEAKER, activeBluetoothDevice: [null], supportedBluetoothDevices: []]: NCSSF.aC->ICFG.sF->ICFG.sF->ICFG.sF->CARSM.pM_UPDATE_SYSTEM_AUDIO_ROUTE@Ahg
08-23 19:46:06.629 1452 17389 I Telecom : BluetoothPhoneService: updateHeadsetWithCallState : false: NCSSF.aC->ICFG.sF->ICFG.sF->ICFG.sF@Ahg
08-23 19:46:06.630 1452 2586 I Telecom : CallAudioModeStateMachine: Message received: NEW_RINGING_CALL.: NCSSF.aC->ICFG.sF->ICFG.sF->ICFG.sF->CAMSM.pM_2002@Ahg
08-23 19:46:06.630 1452 17389 I Telecom : BluetoothPhoneService: updateHeadsetWithCallState checking update : false 0 0 0 4 *** 129: NCSSF.aC->ICFG.sF->ICFG.sF->ICFG.sF@Ahg
08-23 19:46:06.630 1452 17389 D PowerManagerService: [api] acquire WakeLock FULL_WAKE_LOCK 'InCallWakeLockController' (uid=1000 pid=1452 pkg=com.android.server.telecom)
08-23 19:46:06.631 1452 17389 I Telecom : TelecomWakeLock: Acquiring WakeLock with id: 26: NCSSF.aC->ICFG.sF->ICFG.sF->ICFG.sF@Ahg
08-23 19:46:06.631 1452 17389 I Telecom : InCallWakeLockController: Acquiring full wake lock: NCSSF.aC->ICFG.sF->ICFG.sF->ICFG.sF@Ahg
08-23 19:46:06.631 1452 2586 I Telecom:SamsungCallAudioModeStateMachine: getDefaultAudioMode : mode = 2
08-23 19:46:06.631 1452 17389 I Telecom : IncomingCallNotifier: updateIncomingCall: foundIncomingcall = null: NCSSF.aC->ICFG.sF->ICFG.sF->ICFG.sF@Ahg
08-23 19:46:06.632 1452 2586 I Telecom:SamsungCallAudioModeStateMachine: getTargetAudioMode : mode = 2 mSamsungMessageArg: SamsungMessageArgs{foregroundCallPhoneId =0, foregroundCallIsCs =true, foregroundCallIsVideo =false, mUseIWLAN =false, foregroundCallIsCmcSdCall =false, foregroundCallIsVoip =false, foregroundCallIsInContact =true, foregroundCallIsVoiceMailNumber =false}
08-23 19:46:06.632 1452 2586 I Telecom : CallAudioModeStateMachine: Audio focus entering RINGING state: NCSSF.aC->ICFG.sF->ICFG.sF->ICFG.sF->CAMSM.pM_2002@Ahg
08-23 19:46:06.632 1452 2586 I Telecom : CallAudioModeStateMachine: checkDelayThenTryStartRinging false DelayedRinger: false, delay: 0: NCSSF.aC->ICFG.sF->ICFG.sF->ICFG.sF->CAMSM.pM_2002@Ahg
08-23 19:46:06.634 1452 2586 I Telecom:SamsungRecordingRepositoryImpl: Video recording: false
08-23 19:46:06.644 1452 4456 I Telecom:SamsungTelecomServiceImpl: getCallState - callingPid : 2086 / processName : sts
08-23 19:46:06.661 1452 3619 I Telecom:SamsungTelecomServiceImpl: @hide @test isInEmergencyCall - callingPid : 2399 / processName : sts
08-23 19:46:06.662 1452 2259 I Telecom:SamsungTelecomServiceImpl: isInCall - callingPackage : com.android.systemui
08-23 19:46:06.669 1452 1572 W BroadcastQueue: Permission Denial: receiving Intent { act=android.intent.action.PHONE_STATE flg=0x1000010 (has extras) } to com.callapp.contacts/.receiver.PhoneStateReceiver requires android.permission.READ_PRIVILEGED_PHONE_STATE due to sender android (uid 1000)
08-23 19:46:06.670 1452 17389 I Telecom : PhoneStateBroadcaster: Broadcasted state change: 1: NCSSF.aC->ICFG.sF->ICFG.sF->ICFG.sF@Ahg
08-23 19:46:06.676 1452 2247 I Telecom:SamsungTelecomServiceImpl: getDefaultDialerPackage - callingPid : 4233 / processName : sts
08-23 19:46:06.678 1452 1572 W BroadcastQueue: Permission Denial: receiving Intent { act=android.intent.action.PHONE_STATE flg=0x1000010 (has extras) } to ProcessRecord{56dd726 16756:com.samsung.android.app.cocktailbarservice/u0a220} (pid=16756, uid=10220) requires android.permission.READ_CALL_LOG due to sender android (uid 1000)
08-23 19:46:06.681 1452 17389 I Telecom:SamsungPhoneStateIntentBroadcaster: Broadcasted state change: 1 - RINGING
08-23 19:46:06.684 1452 17389 I Telecom : Event: RecordEntry TC@8: FILTERING_COMPLETED, [Allow, logged, notified, contact exists], 13: NCSSF.aC->ICFG.sF->ICFG.sF->ICFG.sF@Ahg
08-23 19:46:06.684 1452 1452 I Telecom : Event: RecordEntry TC@8: ICS_SERVICE_CONNECTED, com.callapp.contacts/.inCallService.InCallServiceImpl, android.os.BinderProxy@f310f40, false, true, false, 1: ICSBC.oSC(ccc)@Ahk
08-23 19:46:06.686 1452 1452 I Telecom : InCallController: onConnected to ComponentInfo{com.callapp.contacts/com.callapp.contacts.inCallService.InCallServiceImpl}: ICSBC.oSC(ccc)@Ahk
08-23 19:46:06.687 1452 1452 I Telecom : InCallController: Adding 1 calls to InCallService after onConnected: ComponentInfo{com.callapp.contacts/com.callapp.contacts.inCallService.InCallServiceImpl}, including external calls: ICSBC.oSC(ccc)@Ahk
08-23 19:46:06.687 1452 1452 I Telecom:SamsungConnectionServiceCallEvent: sendCallEvent - callId : TC@8 / event : com.samsung.telecom.CALL_EVENT_ADD_CALL / extras : null
08-23 19:46:06.687 1452 1452 I Telecom : Event: RecordEntry TC@8: CALL_EVENT, com.samsung.telecom.CALL_EVENT_ADD_CALL: ICSBC.oSC(ccc)@Ahk
08-23 19:46:06.687 1452 1452 D Telecom:SamsungCallAudioManager: onSendCallEvent - event : com.samsung.telecom.CALL_EVENT_ADD_CALL
08-23 19:46:06.688 1452 1452 I Telecom : ConnectionServiceWrapper: TC -> CS[cap]: sendCallEvent TC@8_1 com.samsung.telecom.CALL_EVENT_ADD_CALL: ICSBC.oSC(ccc)@Ahk
08-23 19:46:06.690 1452 1452 I Telecom:SamsungCall: sendCallEvent - targetPhoneAccountHandle : ComponentInfo{com.android.phone/com.android.services.telephony.TelephonyConnectionService}, ***, UserHandle{0} / connectionMgrAccountHandle : ComponentInfo{com.android.phone/com.android.services.telephony.TelephonyConnectionService}, ***, UserHandle{0}
08-23 19:46:06.691 2050 2050 I TelecomFramework: TelephonyConnectionService: sendCallEvent(TC@8_1, com.samsung.telecom.CALL_EVENT_ADD_CALL): (ICSBC.oSC)->CS.sCE->H.CS.sCE(ccc/cast)@E-Ahk
08-23 19:46:06.723 1452 1452 I Telecom:SamsungRespondViaSmsRepositoryImpl: isRespondViaSmsCapable - phoneNumber : 81******33 / presentation : 1 / hasRespondViaSmsCapable : false / isRespondViaSmsCapable : false
08-23 19:46:06.726 1452 1452 I Telecom : Event: RecordEntry TC@8: ICS_ADD_CALL, onConnected - [ComponentInfo{com.callapp.contacts/com.callapp.contacts.inCallService.InCallServiceImpl} supportsExternal? false supportsSelfMg?false supportsAllowedSelfMg?false], 1: ICSBC.oSC(ccc)@Ahk
08-23 19:46:06.728 1452 1452 I Telecom : InCallController: 1 calls sent to InCallService.: ICSBC.oSC(ccc)@Ahk
08-23 19:46:06.729 1452 17419 I Telecom : InCallController: Sending updateCall [Call id=TC@8, state=RINGING, tpac=ComponentInfo{com.android.phone/com.android.services.telephony.TelephonyConnectionService}, ***, UserHandle{0}, cmgr=ComponentInfo{com.android.phone/com.android.services.telephony.TelephonyConnectionService}, ***, UserHandle{0}, handle=tel:**********, vidst=A, childs(0), has_parent(false), cap=[ sup_hld mut !v2a spd_aud], prop=[], caps=[Capabilities: CAPABILITY_SUPPORT_HOLD CAPABILITY_MUTE CAPABILITY_CANNOT_DOWNGRADE_VIDEO_TO_AUDIO CAPABILITY_SPEED_UP_MT_AUDIO], props=[Properties:], conf(false), had_child(false)]
08-23 19:46:06.729 1452 1452 W Looper : Slow dispatch took 107ms main h=android.app.ActivityThread$H c=android.app.LoadedApk$ServiceDispatcher$RunConnection@8a7d7be m=0
08-23 19:46:06.732 1452 1903 I Telecom:SamsungTelecomServiceImpl: getDefaultDialerPackage - callingPid : 4233 / processName : sts
08-23 19:46:06.741 1452 1581 D BatteryExternalStatsWorker: update stats
08-23 19:46:06.741 1452 1581 D BatteryExternalStatsWorker: WifiActivityEnergyInfo was updated
08-23 19:46:06.741 1452 1581 D BatteryExternalStatsWorker: BluetoothActivityEnergyInfo was updated
08-23 19:46:06.741 1452 1581 D BatteryExternalStatsWorker: ModemActivityEnergyInfo was updated
08-23 19:46:06.754 1452 1581 D BatteryExternalStatsWorker: done updateExternalStatsLocked
08-23 19:46:06.766 1452 17419 I Telecom:SamsungRespondViaSmsRepositoryImpl: isRespondViaSmsCapable - phoneNumber : 81******33 / presentation : 1 / hasRespondViaSmsCapable : false / isRespondViaSmsCapable : false
08-23 19:46:06.766 1452 1452 D StorageManagerService: getExternalStorageMountMode: uid=10067 packageName=com.android.systemui
08-23 19:46:06.766 1452 1975 W Looper : Slow dispatch took 101ms PackageManagerHandlerThread h=android.os.Handler c=<recycled PooledLambda@fe53935> m=0
08-23 19:46:06.769 1452 17419 I Telecom : InCallController: Components updated: [ComponentInfo{com.callapp.contacts/com.callapp.contacts.inCallService.InCallServiceImpl}]
08-23 19:46:06.769 1452 1452 D CompatibilityChangeReporter: Compat change id reported: 135634846; UID 10067; state: DISABLED
08-23 19:46:06.770 1452 1573 D CompatibilityChangeReporter: Compat change id reported: 143937733; UID 10067; state: ENABLED
08-23 19:46:06.771 1452 2584 I Telecom : CallAudioRouteStateMachine: setSystemAudioState: changing from [AudioState isMuted: false, route: EARPIECE, supportedRouteMask: EARPIECE, SPEAKER, activeBluetoothDevice: [null], supportedBluetoothDevices: []] to [AudioState isMuted: false, route: EARPIECE, supportedRouteMask: EARPIECE, SPEAKER, activeBluetoothDevice: [null], supportedBluetoothDevices: []]: NCSSF.aC->ICFG.sF->ICFG.sF->ICFG.sF->CARSM.pM_UPDATE_SYSTEM_AUDIO_ROUTE@Ahg
08-23 19:46:06.771 1452 2584 I Telecom : InCallController: Calling onAudioStateChanged, audioState: [AudioState isMuted: false, route: EARPIECE, supportedRouteMask: EARPIECE, SPEAKER, activeBluetoothDevice: [null], supportedBluetoothDevices: []] -> [AudioState isMuted: false, route: EARPIECE, supportedRouteMask: EARPIECE, SPEAKER, activeBluetoothDevice: [null], supportedBluetoothDevices: []]: NCSSF.aC->ICFG.sF->ICFG.sF->ICFG.sF->CARSM.pM_UPDATE_SYSTEM_AUDIO_ROUTE@Ahg
08-23 19:46:06.772 1452 2584 I Telecom : ConnectionServiceWrapper: TC -> CS[cap]: onCallAudioStateChanged TC@8_1 [AudioState isMuted: false, route: EARPIECE, supportedRouteMask: EARPIECE, SPEAKER, activeBluetoothDevice: [null], supportedBluetoothDevices: []]: NCSSF.aC->ICFG.sF->ICFG.sF->ICFG.sF->CARSM.pM_UPDATE_SYSTEM_AUDIO_ROUTE@Ahg
08-23 19:46:06.773 1452 3619 I Telecom : : isInEmergencyCall: false: TSI.iIEC@Ahs
08-23 19:46:06.773 2050 2050 I TelecomFramework: TelephonyConnectionService: onAudioStateChanged TC@8_1 [AudioState isMuted: false, route: EARPIECE, supportedRouteMask: EARPIECE, SPEAKER, activeBluetoothDevice: [null], supportedBluetoothDevices: []]: (NCSSF.aC->ICFG.sF->ICFG.sF->ICFG.sF->CARSM.pM_UPDATE_SYSTEM_AUDIO_ROUTE)->CS.cASC->H.CS.cASC(cast)@E-Ahg
08-23 19:46:06.775 1452 1903 I Telecom:SamsungTelecomServiceImpl: @hide @test isInEmergencyCall - callingPid : 2399 / processName : sts
08-23 19:46:06.775 1452 2586 I Telecom:SamsungRingerInfo: getContactUriForDND contactUri : ***, rawContactId : 1197
08-23 19:46:06.780 1452 1452 I Telecom:SamsungTelecomServiceImpl: getCallState - callingPid : 1452 / processName : sts
08-23 19:46:06.784 1452 2586 I Telecom:RingtoneFactory: isWorkContact= false contactCallerInfo= android.telecom.CallerInfo@b450f4d { name non-null, phoneNumber non-null }
08-23 19:46:06.785 1452 2586 I Telecom:SamsungRingtoneHelper: getSamsungRingTone - ringtoneUri: null
08-23 19:46:06.785 1452 2586 I Telecom:SamsungRingerInfo: mGroupRingtoneUriForKnoxContact = 08-23 19:46:06.785 1452 2586 I Telecom:SamsungRingerInfo: mGroupRingtoneUri = 08-23 19:46:06.785 1452 2586 I Telecom:SamsungRingerInfo: getActualGroupRingtoneUri uri = 08-23 19:46:06.785 1452 2586 I Telecom:SamsungRingtoneHelper: getSamsungRingTone - groupRingtoneUri: 08-23 19:46:06.785 1452 2586 I Telecom:SamsungModeRepositoryImpl: isEmergencyMode : false
08-23 19:46:06.785 1452 2586 I Telecom:SamsungModeRepositoryImpl: isUltraPowerSavingMode : false
08-23 19:46:06.786 1452 2586 I Telecom:SamsungModeRepositoryImpl: isSafetyAssistanceMode : false
08-23 19:46:06.786 1452 2586 I Telecom:SamsungRingtoneHelper: getSamsungFeatureRingtoneUri Uri.EMPTY
08-23 19:46:06.786 1452 2586 I Telecom:SamsungRingtoneHelper: getSamsungRingTone - specialUri: 08-23 19:46:06.786 1452 2586 I Telecom:SamsungRingtoneHelper: getSamsungRingTone - ringtone: null
08-23 19:46:06.786 1452 2586 I Telecom:RingtoneFactory: userContext UserHandle{0}
08-23 19:46:06.786 1452 2586 I Telecom:SamsungRingtoneHelper: syncParentSound : 0
08-23 19:46:06.786 1452 2586 I Telecom:RingtoneFactory: contextToUse.getUser: UserHandle{0} contextToUse: android.app.ContextImpl@5b1ca
08-23 19:46:06.802 1452 1573 I ActivityManager: Start proc 17420:com.android.systemui:edgelighting/u0a67 for service {com.android.systemui/com.android.systemui.edgelighting.EdgeLightingService}
08-23 19:46:06.811 1452 2259 I Telecom:SamsungTelecomServiceImpl: isInCall - callingPackage : com.android.systemui
08-23 19:46:06.823 1452 2586 D CompatibilityChangeReporter: Compat change id reported: 149924527; UID 1000; state: ENABLED
08-23 19:46:06.827 1452 2586 D CompatibilityChangeReporter: Compat change id reported: 132649864; UID 1000; state: DISABLED
08-23 19:46:06.840 1452 2115 D MdnieScenarioControlService: packageName : com.callapp.contacts className : com.callapp.contacts.activity.missedcall.missedAnswer.MissedCallActivity
08-23 19:46:06.844 1452 2115 V MdnieScenarioControlService: setUIMode from UI function(3)
08-23 19:46:06.860 1452 3619 I ActivityManager: DSS OFF for com.android.systemui
08-23 19:46:06.864 1452 3619 D ActivityManager: attachApplicationLocked() app=ProcessRecord{ab7df6c 17420:com.android.systemui:edgelighting/u0a67} app.isolatedEntryPoint=null instr2=null
08-23 19:46:06.878 17420 17420 D ActivityThread: handleBindApplication()++ app=com.android.systemui:edgelighting
08-23 19:46:06.881 1452 1975 W Looper : Slow delivery took 256ms PackageManagerHandlerThread h=android.os.Handler c=<recycled PooledLambda@346c870> m=0
08-23 19:46:06.945 1452 2115 V MdnieScenarioControlService: mAclOffEnabled : false mAclPreviewState : false mAclCompensationState : false
08-23 19:46:07.033 1452 2586 I Telecom:RingtoneFactory: defaultRingtoneUri: content://media/internal/audio/media/58?title=Over%20the%20Horizon&canonical=1
08-23 19:46:07.122 1452 2586 I Telecom:RingtoneFactory: getRingtone android.media.Ringtone@13b9d2b
08-23 19:46:07.123 1452 2586 I Telecom:SamsungAudioRecordingChecker: isAudioRecording false
08-23 19:46:07.124 1452 2586 I Telecom:SamsungRecordingRepositoryImpl: Video recording: false
08-23 19:46:07.125 1452 2586 I Telecom : Ringer: startRinging timings: isRingerAudible: 0, letDialerHandleRinging: 0, isVolumeOverZero: 2, hasExternalRinger: 0, letDialerHandleCallBackground: 0, isSilentRingRequested: 0, endEarlySamsung: 1, isSelfManaged: 0, isRecordingBySamsungApps: 1, getRingtone: 338, isTheaterModeOn: 0, shouldRingForContact: 9, : NCSSF.aC->ICFG.sF->ICFG.sF->ICFG.sF->CAMSM.pM_2002@Ahg
08-23 19:46:07.125 1452 2586 I Telecom : Event: RecordEntry TC@8: RINGER_INFO, startRinging timings: isRingerAudible: 0, letDialerHandleRinging: 0, isVolumeOverZero: 2, hasExternalRinger: 0, letDialerHandleCallBackground: 0, isSilentRingRequested: 0, endEarlySamsung: 1, isSelfManaged: 0, isRecordingBySamsungApps: 1, getRingtone: 338, isTheaterModeOn: 0, shouldRingForContact: 9, : NCSSF.aC->ICFG.sF->ICFG.sF->ICFG.sF->CAMSM.pM_2002@Ahg
08-23 19:46:07.126 1452 2586 I Telecom : Event: RecordEntry TC@8: RINGER_INFO, RawContactId=1197, uri=content://com.android.contacts/contacts/lookup/1155i752ceda38ce88986/1197: NCSSF.aC->ICFG.sF->ICFG.sF->ICFG.sF->CAMSM.pM_2002@Ahg
08-23 19:46:07.126 1452 2586 I Telecom : Event: RecordEntry TC@8: RINGER_INFO, contactIdOrZero=1197, userType=0, contactRingtoneUri=null: NCSSF.aC->ICFG.sF->ICFG.sF->ICFG.sF->CAMSM.pM_2002@Ahg
08-23 19:46:07.126 1452 2586 I Telecom:SamsungRingerInfo: setShouldRingForContact : true
08-23 19:46:07.127 1452 2586 I Telecom:SamsungRingerInfo: setLetDialerHandleCallBackground : false
08-23 19:46:07.127 1452 2586 I Telecom : Event: RecordEntry TC@8: RINGER_INFO, isRingerAudible=true, isVolumeOverZero=true, shouldRingForContact=true, endEarlySamsung=0, isHfpDeviceAttached=false, isRecordingBySamsungApps= false, getDevicesForStream=2: NCSSF.aC->ICFG.sF->ICFG.sF->ICFG.sF->CAMSM.pM_2002@Ahg
08-23 19:46:07.128 1452 2586 I Telecom : Event: RecordEntry TC@8: RINGER_INFO, endEarly=false, endEarly2=false, isTheaterModeOn=false, letDialerHandleRinging=false, isSelfManaged=false, hasExternalRinger=false, letDialerHandleCallBackground=false: NCSSF.aC->ICFG.sF->ICFG.sF->ICFG.sF->CAMSM.pM_2002@Ahg
08-23 19:46:07.128 1452 2586 I Telecom : Ringer: stop call waiting.: NCSSF.aC->ICFG.sF->ICFG.sF->ICFG.sF->CAMSM.pM_2002@Ahg
08-23 19:46:07.129 1452 2632 I Telecom:SamsungNotificationManager: start
08-23 19:46:07.129 1452 2632 I Telecom:SamsungMotionGroup: start
08-23 19:46:07.129 1452 2632 I Telecom:SamsungMotionPalm: start
08-23 19:46:07.129 1452 2632 I Telecom:SamsungMotionPalm: checkRun : true true
08-23 19:46:07.129 1452 2632 I Telecom:SamsungMotionPalm: checkRunStart - isRegistered: false
08-23 19:46:07.130 1452 2632 I Telecom:SamsungMotionTurnOver: start
08-23 19:46:07.130 1452 2632 I Telecom:SamsungMotionTurnOver: checkRun : true true
08-23 19:46:07.135 1452 2632 I Telecom:SamsungIncomingCallReader: startTtsIfPossible - there is no tts text
08-23 19:46:07.138 1452 2586 I Telecom : Event: RecordEntry TC@8: START_VIBRATOR, hasVibrator=true, userRequestsVibrate=true, ringerMode=2, isVibrating=false: NCSSF.aC->ICFG.sF->ICFG.sF->ICFG.sF->CAMSM.pM_2002@Ahg
08-23 19:46:07.138 1452 2586 I Telecom : Event: RecordEntry TC@8: START_RINGER, null: NCSSF.aC->ICFG.sF->ICFG.sF->ICFG.sF->CAMSM.pM_2002@Ahg
08-23 19:46:07.139 1452 2586 I Telecom : AsyncRingtonePlayer: Posting play.: NCSSF.aC->ICFG.sF->ICFG.sF->ICFG.sF->CAMSM.pM_2002@Ahg
08-23 19:46:07.139 1452 2586 I Telecom : AsyncRingtonePlayer: make HapticsFuture: NCSSF.aC->ICFG.sF->ICFG.sF->ICFG.sF->CAMSM.pM_2002@Ahg
08-23 19:46:07.145 1452 1903 I Telecom : : isInEmergencyCall: false: TSI.iIEC@Ah8
08-23 19:46:07.147 1452 17448 I Telecom : AsyncRingtonePlayer: handlePlay - HapticsFuture : java.util.concurrent.CompletableFuture@754e107[Not completed, 1 dependents]
08-23 19:46:07.149 1452 1903 I Telecom:SamsungTelecomServiceImpl: @hide @test isInEmergencyCall - callingPid : 2399 / processName : sts
08-23 19:46:07.150 1452 17448 I Telecom : AsyncRingtonePlayer: handlePlay: Play ringtone.: NCSSF.aC->ICFG.sF->ICFG.sF->ICFG.sF->CAMSM.pM_2002->ARP.hP@Ahg
08-23 19:46:07.150 1452 17448 I Telecom:RingtoneFactory: isWorkContact= false contactCallerInfo= android.telecom.CallerInfo@b450f4d { name non-null, phoneNumber non-null }
08-23 19:46:07.151 1452 17448 I Telecom:SamsungRingtoneHelper: getSamsungRingTone - ringtoneUri: null
08-23 19:46:07.151 1452 17448 I Telecom:SamsungRingerInfo: mGroupRingtoneUriForKnoxContact = 08-23 19:46:07.151 1452 17448 I Telecom:SamsungRingerInfo: mGroupRingtoneUri = 08-23 19:46:07.151 1452 17448 I Telecom:SamsungRingerInfo: getActualGroupRingtoneUri uri = 08-23 19:46:07.151 1452 17448 I Telecom:SamsungRingtoneHelper: getSamsungRingTone - groupRingtoneUri: 08-23 19:46:07.151 1452 17448 I Telecom:SamsungModeRepositoryImpl: isEmergencyMode : false
08-23 19:46:07.153 1452 1452 W LoadedApk: Slow system_server main thread handled for android.intent.action.PHONE_STATE took 375 ms, Receiver = com.android.server.enterprise.security.PasswordPolicy$5@702160a
08-23 19:46:07.153 1452 1452 W Looper : Slow dispatch took 375ms main h=android.app.ActivityThread$H c=android.app.-$$Lambda$LoadedApk$ReceiverDispatcher$Args$_BumDX2UKsnxLVrE6UJsJZkotuA@e1e2234 m=0
08-23 19:46:07.153 1452 1452 W Looper : Slow delivery took 499ms main h=android.app.ActivityThread$H c=android.app.-$$Lambda$LoadedApk$ReceiverDispatcher$Args$_BumDX2UKsnxLVrE6UJsJZkotuA@978985d m=0
08-23 19:46:07.154 1452 1903 I Telecom : : isInEmergencyCall: false: TSI.iIEC@AiI
08-23 19:46:07.155 1452 1452 I Telecom:SamsungTelecomServiceImpl: getCallState - callingPid : 1452 / processName : sts
08-23 19:46:07.156 1452 1452 I Telecom:SamsungTelecomServiceImpl: getCallState - callingPid : 1452 / processName : sts
08-23 19:46:07.158 1452 17448 I Telecom:SamsungModeRepositoryImpl: isUltraPowerSavingMode : false
08-23 19:46:07.159 1452 17448 I Telecom:SamsungModeRepositoryImpl: isSafetyAssistanceMode : false
08-23 19:46:07.163 1452 2586 I Telecom:SamsungCallMultiSimAudioParam: setNone : mState = -1
08-23 19:46:07.163 1452 2259 I Telecom:SamsungTelecomServiceImpl: isInCall - callingPackage : com.android.systemui
08-23 19:46:07.164 1452 17448 I Telecom:SamsungRingtoneHelper: getSamsungFeatureRingtoneUri Uri.EMPTY
08-23 19:46:07.164 1452 17448 I Telecom:SamsungRingtoneHelper: getSamsungRingTone - specialUri: 08-23 19:46:07.164 1452 17448 I Telecom:SamsungRingtoneHelper: getSamsungRingTone - ringtone: null
08-23 19:46:07.164 1452 17448 I Telecom:RingtoneFactory: userContext UserHandle{0}
08-23 19:46:07.166 1452 17448 I Telecom:SamsungRingtoneHelper: syncParentSound : 0
08-23 19:46:07.166 1452 17448 I Telecom:RingtoneFactory: contextToUse.getUser: UserHandle{0} contextToUse: android.app.ContextImpl@bb365d2
08-23 19:46:07.190 1452 1903 I Telecom:SamsungTelecomServiceImpl: isInCall - callingPackage : com.android.systemui
08-23 19:46:07.193 1452 1903 I Telecom:SamsungTelecomServiceImpl: isInCall - callingPackage : com.android.systemui
08-23 19:46:07.197 1452 1903 I Telecom:SamsungTelecomServiceImpl: isInCall - callingPackage : com.android.systemui
08-23 19:46:07.204 1452 2586 I Telecom:SamsungTelecomServiceImpl: isInCall - callingPackage : android
08-23 19:46:07.204 1452 1960 I Telecom:SamsungTelecomServiceImpl: isInCall - callingPackage : android
08-23 19:46:07.206 1452 2586 I Telecom:SamsungTelecomServiceImpl: isInCall - callingPackage : android
08-23 19:46:07.212 1452 2586 I Telecom:SamsungTelecomServiceImpl: isInCall - callingPackage : android
08-23 19:46:07.217 1452 1452 W Looper : Drained
08-23 19:46:07.218 1452 1903 I Telecom:SamsungTelecomServiceImpl: isVoiceMailNumber - PhoneAccountHandle : ComponentInfo{com.android.phone/com.android.services.telephony.TelephonyConnectionService}, ***, UserHandle{0} / number : 81******33 / callingPackage : com.callapp.contacts
08-23 19:46:07.220 1452 1903 I Telecom:PhoneAccountRegistrar: isVoiceMailNumber subId = 1 *** ComponentInfo{com.android.phone/com.android.services.telephony.TelephonyConnectionService}, ***, UserHandle{0}
08-23 19:46:07.244 1452 2586 I Telecom:SamsungCallAudioModeStateMachine: unMarkShouldControlEngine
08-23 19:46:07.244 1452 2584 I Telecom : CallAudioRouteStateMachine: Message received: SWITCH_FOCUS=4001, arg1=3: NCSSF.aC->ICFG.sF->ICFG.sF->ICFG.sF->CAMSM.pM_2002->CARSM.pM_SWITCH_FOCUS@Ahg
08-23 19:46:07.244 1452 2584 I Telecom : QuiescentEarpieceRoute: Processing message SWITCH_FOCUS: NCSSF.aC->ICFG.sF->ICFG.sF->ICFG.sF->CAMSM.pM_2002->CARSM.pM_SWITCH_FOCUS@Ahg
08-23 19:46:07.245 1452 2584 I Telecom : Event: RecordEntry TC@8: AUDIO_ROUTE, Leaving state QuiescentEarpieceRoute: NCSSF.aC->ICFG.sF->ICFG.sF->ICFG.sF->CAMSM.pM_2002->CARSM.pM_SWITCH_FOCUS@Ahg
08-23 19:46:07.245 1452 2584 I Telecom : Event: RecordEntry TC@8: AUDIO_ROUTE, Entering state ActiveEarpieceRoute: NCSSF.aC->ICFG.sF->ICFG.sF->ICFG.sF->CAMSM.pM_2002->CARSM.pM_SWITCH_FOCUS@Ahg
08-23 19:46:07.246 1452 2584 I Telecom : Event: RecordEntry TC@8: AUDIO_ROUTE_EARPIECE, null: NCSSF.aC->ICFG.sF->ICFG.sF->ICFG.sF->CAMSM.pM_2002->CARSM.pM_SWITCH_FOCUS@Ahg
08-23 19:46:07.246 1452 2584 I Telecom : CallAudioRouteStateMachine: turning speaker phone false: NCSSF.aC->ICFG.sF->ICFG.sF->ICFG.sF->CAMSM.pM_2002->CARSM.pM_SWITCH_FOCUS@Ahg
08-23 19:46:07.271 1452 2586 I Telecom : Ringer: stop call waiting.: NCSSF.aC->ICFG.sF->ICFG.sF->ICFG.sF->CAMSM.pM_2002@Ahg
08-23 19:46:07.277 1452 2584 I Telecom : CallAudioRouteStateMachine: setSystemAudioState: changing from [AudioState isMuted: false, route: EARPIECE, supportedRouteMask: EARPIECE, SPEAKER, activeBluetoothDevice: [null], supportedBluetoothDevices: []] to [AudioState isMuted: false, route: EARPIECE, supportedRouteMask: EARPIECE, SPEAKER, activeBluetoothDevice: [null], supportedBluetoothDevices: []]: NCSSF.aC->ICFG.sF->ICFG.sF->ICFG.sF->CAMSM.pM_2002->CARSM.pM_SWITCH_FOCUS@Ahg
08-23 19:46:07.277 1452 2584 I Telecom : InCallController: Calling onAudioStateChanged, audioState: [AudioState isMuted: false, route: EARPIECE, supportedRouteMask: EARPIECE, SPEAKER, activeBluetoothDevice: [null], supportedBluetoothDevices: []] -> [AudioState isMuted: false, route: EARPIECE, supportedRouteMask: EARPIECE, SPEAKER, activeBluetoothDevice: [null], supportedBluetoothDevices: []]: NCSSF.aC->ICFG.sF->ICFG.sF->ICFG.sF->CAMSM.pM_2002->CARSM.pM_SWITCH_FOCUS@Ahg
08-23 19:46:07.278 1452 2584 I Telecom : ConnectionServiceWrapper: TC -> CS[cap]: onCallAudioStateChanged TC@8_1 [AudioState isMuted: false, route: EARPIECE, supportedRouteMask: EARPIECE, SPEAKER, activeBluetoothDevice: [null], supportedBluetoothDevices: []]: NCSSF.aC->ICFG.sF->ICFG.sF->ICFG.sF->CAMSM.pM_2002->CARSM.pM_SWITCH_FOCUS@Ahg
08-23 19:46:07.279 1452 2584 I Telecom : BluetoothRouteManager: getBluetoothAudioConnectedDevice: no service available.: NCSSF.aC->ICFG.sF->ICFG.sF->ICFG.sF->CAMSM.pM_2002->CARSM.pM_SWITCH_FOCUS@Ahg
08-23 19:46:07.280 2050 2050 I TelecomFramework: TelephonyConnectionService: onAudioStateChanged TC@8_1 [AudioState isMuted: false, route: EARPIECE, supportedRouteMask: EARPIECE, SPEAKER, activeBluetoothDevice: [null], supportedBluetoothDevices: []]: (NCSSF.aC->ICFG.sF->ICFG.sF->ICFG.sF->CAMSM.pM_2002->CARSM.pM_SWITCH_FOCUS)->CS.cASC->H.CS.cASC(cast)@E-Ahg
08-23 19:46:07.284 599 599 I io_stats: !@ 179,0 r 1841509 30592811 w 78051 1342192 d 41207 567644 f 43726 52457 iot 744350 589358 th 51200 51200 41500 pt 1070 inp 3 5 2173.880
08-23 19:46:07.294 1452 17448 I Telecom:RingtoneFactory: defaultRingtoneUri: content://media/internal/audio/media/58?title=Over%20the%20Horizon&canonical=1
08-23 19:46:07.302 1452 1960 I Telecom:SamsungTelecomServiceImpl: isInCall - callingPackage : android
08-23 19:46:07.358 1452 1903 D PowerManagerService: [api] wakeUp (uid: 10067 pid: 2086) eventTime = 2173950
08-23 19:46:07.358 1452 1903 I PowerManagerService: !@Screen__On - 11 : wakeUp: (uid: 10067 pid: 2086) (4)
08-23 19:46:07.359 1452 1903 I PowerManagerService: Waking up from Dozing (uid=10067, reason=WAKE_REASON_GESTURE, details=com.android.systemui:BOUNCER_DOZING)...
08-23 19:46:07.367 1452 1903 D PowerManagerNotifier: startedEarlyWakingUp: interactive: true reason: 4
08-23 19:46:07.374 17420 17420 D ActivityThread: handleBindApplication() -- skipGraphicsSupport=false
08-23 19:46:07.375 17420 17420 D ActivityThread: ActivityThread::handleMakeApplication() data=AppBindData{appInfo=ApplicationInfo{f9fc0aa com.android.systemui}} appContext=android.app.ContextImpl@135049b appContext.mOpPackageName=com.android.systemui appContext.mBasePackageName=com.android.systemui appContext.mPackageInfo=android.app.LoadedApk@5dc6038 data.restrictedBackupMode= false data.providers= [ContentProviderInfo{name=com.android.systemui.edgelighting.backup.EdgeLightingContentProvider className=com.android.systemui.edgelighting.backup.EdgeLightingContentProvider}] Caller=android.app.ActivityThread.handleBindApplication:7446 android.app.ActivityThread.access$1400:301 android.app.ActivityThread$H.handleMessage:2148 android.os.Handler.dispatchMessage:106 android.os.Looper.loop:246 08-23 19:46:07.423 17420 17420 D LoadedApk: LoadedApk::makeApplication() appContext=android.app.ContextImpl@7763811 appContext.mOpPackageName=com.android.systemui appContext.mBasePackageName=com.android.systemui appContext.mPackageInfo=android.app.LoadedApk@5dc6038
08-23 19:46:07.435 1452 1903 D PowerManagerService: [PWL] sb acquire: PowerManagerService.Broadcasts
08-23 19:46:07.451 1452 1903 D PowerManagerService: UserActivityState : 4 -> 1
08-23 19:46:07.464 1452 1903 D PowerManagerService: mDisplayReady: false
08-23 19:46:07.465 1452 17448 I Telecom:RingtoneFactory: getRingtone android.media.Ringtone@69f3ed0
08-23 19:46:07.465 1452 1590 D DisplayPowerController: animateScreenStateChange: target=2, targetInternal=2, dualScreenPolicy=-1
08-23 19:46:07.465 1452 1903 D PowerManagerService: mDisplayReady: false
08-23 19:46:07.467 1452 1590 I DisplayPowerController: Blocking screen on until initial contents have been drawn.
08-23 19:46:07.468 1452 1903 D PowerManagerService: [PWL] sb acquire: PowerManagerService.Display
08-23 19:46:07.468 1452 1590 D DisplayPowerController: mWindowManagerPolicy.screenTurningOn() +
08-23 19:46:07.469 1452 1452 I AppOps : updateUidProcState uid: 10067 procState: 1 capability:7
08-23 19:46:07.469 1452 1452 I AppOps : commitUidPendingStateLocked() :: UID - 10067, 500 > 100, 7 > 7
08-23 19:46:07.472 1452 1581 D BatteryExternalStatsWorker: update stats
08-23 19:46:07.472 1452 1581 D BatteryExternalStatsWorker: WifiActivityEnergyInfo was updated
08-23 19:46:07.472 1452 1581 D BatteryExternalStatsWorker: BluetoothActivityEnergyInfo was updated
08-23 19:46:07.472 1452 1581 D BatteryExternalStatsWorker: ModemActivityEnergyInfo was updated
08-23 19:46:07.482 1452 1452 I WindowManager: Started waking up... (why=ON_BECAUSE_OF_LID_SWITCH)
08-23 19:46:07.483 1452 1452 D PowerManagerNotifier: handleEarlyInteractiveChange reason = 4
08-23 19:46:07.490 1452 4456 D CompatibilityChangeReporter: Compat change id reported: 149924527; UID 10513; state: ENABLED
08-23 19:46:07.492 1452 1903 D CompatibilityChangeReporter: Compat change id reported: 132649864; UID 10513; state: DISABLED
08-23 19:46:07.492 1452 1452 D IbsQuickDim: BroadcastReceiver flag = 1
08-23 19:46:07.493 1452 1452 D IbsQuickDim: pause check dim
08-23 19:46:07.493 1452 1452 I MdnieScenarioControlService: action : com.samsung.server.PowerManagerService.action.USER_ACTIVITY
08-23 19:46:07.508 1452 2247 D AdaptiveDisplaySolutionService: setAutoCurrentLimitState(true) , mADSEnableCondition : true
08-23 19:46:07.508 1452 2247 I AdaptiveDisplaySolutionService: updateAdaptiveControlState(true)
08-23 19:46:07.508 1452 2247 D AdaptiveDisplaySolutionService: !AVAILABLE_ADAPTIVE_CONTROL
08-23 19:46:07.528 1452 1581 E KernelCpuSpeedReader: Failed to read cpu-freq: /sys/devices/system/cpu/cpu0/cpufreq/stats/time_in_state: open failed: ENOENT (No such file or directory)
08-23 19:46:07.530 1452 1590 I WindowManager: Screen turning on...
08-23 19:46:07.536 1452 1975 W Looper : Slow dispatch took 113ms PackageManagerHandlerThread h=android.os.Handler c=<recycled PooledLambda@2370d0b> m=0
08-23 19:46:07.553 1452 2259 V WindowManager: Prepare app transition: transit=TRANSIT_KEYGUARD_GOING_AWAY mNextAppTransition=TRANSIT_UNSET alwaysKeepCurrent=false displayId=0 Callers=com.android.server.wm.DisplayContent.prepareAppTransition:5809 com.android.server.wm.KeyguardController.keyguardGoingAway:248 com.android.server.wm.ActivityTaskManagerService.keyguardGoingAway:4927 android.app.IActivityTaskManager$Stub.onTransact:3267 android.os.Binder.execTransactInternal:1195 08-23 19:46:07.556 1452 2259 D MARsPolicyManager: onPackageResumedFG pkgName = com.callapp.contacts, userId = 0
08-23 19:46:07.572 1452 2574 D BatteryService: Sending ACTION_BATTERY_CHANGED. scale:100, info:{.chargerAcOnline = false, .chargerUsbOnline = false, .chargerWirelessOnline = false, .maxChargingCurrent = 0, .maxChargingVoltage = 0, .batteryStatus = DISCHARGING, .batteryHealth = GOOD, .batteryPresent = true, .batteryLevel = 4, .batteryVoltage = 3562, .batteryTemperature = 329, .batteryCurrent = -464172, .batteryCycleCount = 305, .batteryFullCharge = 2983000, .batteryChargeCounter = 153020, .batteryTechnology = Li-ion}
08-23 19:46:07.572 1452 2574 D BatteryService: online:1, current avg:-464172, charge type:0, POGO powered:false, power sharing:false, high voltage charger:false, charger_type:0, capacity:280000, misc_event:0x0, current_event:0x0, current_now:-464172
08-23 19:46:07.576 1452 2259 V WindowManager: Prepare app transition: transit=TRANSIT_ACTIVITY_OPEN mNextAppTransition=TRANSIT_KEYGUARD_GOING_AWAY alwaysKeepCurrent=false displayId=0 Callers=com.android.server.wm.DisplayContent.prepareAppTransition:5809 com.android.server.wm.DisplayContent.prepareAppTransition:5803 com.android.server.wm.ActivityStack.resumeTopActivityInnerLocked:2267 com.android.server.wm.ActivityStack.resumeTopActivityUncheckedLocked:1873 com.android.server.wm.ActivityRecord.makeActiveIfNeeded:5510 08-23 19:46:07.599 1452 2259 V WindowManager: Setting visibility of Window{65678cf u0 com.callapp.contacts/com.callapp.contacts.activity.missedcall.missedAnswer.MissedCallActivity}: true, caller=com.android.server.wm.WindowContainer.sendAppVisibilityToClients:1004 com.android.server.wm.ActivityRecord.setClientVisible:6391 com.android.server.wm.ActivityRecord.setVisibility:4866 com.android.server.wm.ActivityRecord.setVisibility:4764 com.android.server.wm.ActivityStack.resumeTopActivityInnerLocked:2298 08-23 19:46:07.614 1452 3705 D WALLPAPER_SVC:WallpaperManagerService: getWallpaperSafeLocked, userId = 0, which = 2, caller = com.android.server.wallpaper.WallpaperManagerService.semGetWallpaperColors:7615 08-23 19:46:07.621 1452 1581 D BatteryExternalStatsWorker: done updateExternalStatsLocked
08-23 19:46:07.630 1452 2259 D ActivityTaskManager: finishFixedRotationTransform, r=ActivityRecord{a86e4c9 u0 com.callapp.contacts/.activity.missedcall.missedAnswer.MissedCallActivity t72}, caller=com.android.server.wm.WindowToken.finishFixedRotationTransform:664 com.android.server.wm.DisplayContent$FixedRotationTransitionListener.onAppTransitionFinishedLocked:7026 com.android.server.wm.AppTransition.notifyAppTransitionFinishedLocked:543 com.android.server.wm.ActivityRecord.onAnimationFinished:7164 com.android.server.wm.ActivityRecord.postApplyAnimation:5013 08-23 19:46:07.642 1452 1975 W Looper : Slow dispatch took 106ms PackageManagerHandlerThread h=android.os.Handler c=<recycled PooledLambda@ff42825> m=0
08-23 19:46:07.656 1452 2259 V WindowManager: rotationForOrientation(orient=SCREEN_ORIENTATION_PORTRAIT (1), last=ROTATION_0 (0)); user=ROTATION_0 (0) 08-23 19:46:07.657 1452 2259 D WindowManager: rotationForOrientation, orientationSource=ActivityRecord{a86e4c9 u0 com.callapp.contacts/.activity.missedcall.missedAnswer.MissedCallActivity t72}
08-23 19:46:07.673 1452 2259 V WindowManager: Computed rotation=ROTATION_0 (0) for display id=0 based on lastOrientation=SCREEN_ORIENTATION_PORTRAIT (1) and oldRotation=ROTATION_0 (0), caller=com.android.server.wm.DisplayRotation.updateOrientation:394 com.android.server.wm.DisplayContent.updateOrientation:1698 com.android.server.wm.DisplayContent.updateOrientation:1626 com.android.server.wm.RootWindowContainer.ensureVisibilityAndConfig:2152 com.android.server.wm.ActivityStack.resumeTopActivityInnerLocked:2340 com.android.server.wm.ActivityStack.resumeTopActivityUncheckedLocked:1873 08-23 19:46:07.680 1452 2259 D TspStateManager: updateCustomValue customSetting=
08-23 19:46:07.683 1452 2259 D TspStateManager: updateCustomValue customSetting=
08-23 19:46:07.693 1452 2259 D MARsPolicyManager: onPackageResumedFG pkgName = com.callapp.contacts, userId = 0
08-23 19:46:07.698 1452 2259 W WindowManager: Execute app transition: mNextAppTransition=TRANSIT_KEYGUARD_GOING_AWAY, displayId: 0 Callers=com.android.server.wm.RootWindowContainer.executeAppTransitionForAllDisplay:2586 com.android.server.wm.ActivityStackSupervisor.reportResumedActivityLocked:2265 com.android.server.wm.ActivityRecord.completeResumeLocked:5710 com.android.server.wm.ActivityStack.resumeTopActivityInnerLocked:2434 com.android.server.wm.ActivityStack.resumeTopActivityUncheckedLocked:1873 08-23 19:46:07.703 1452 2259 W WindowManager: Execute app transition: mNextAppTransition=TRANSIT_KEYGUARD_GOING_AWAY, displayId: 0 Callers=com.android.server.wm.WindowManagerService.executeAppTransition:3231 com.android.server.wm.KeyguardController.keyguardGoingAway:272 com.android.server.wm.ActivityTaskManagerService.keyguardGoingAway:4927 android.app.IActivityTaskManager$Stub.onTransact:3267 android.os.Binder.execTransactInternal:1195 08-23 19:46:07.721 1452 1960 D SettingsProvider: isChangeAllowed() : name = volume_voice_earpiece
08-23 19:46:07.739 1452 1590 I WindowManager: screenTurningOn(+), before calling onScreenTurningOn to KeyguardDelegate
08-23 19:46:07.740 1452 1590 I WindowManager: screenTurningOn(-), after calling onScreenTurningOn to KeyguardDelegate
08-23 19:46:07.740 1452 1590 D DisplayPowerController: mWindowManagerPolicy.screenTurningOn() -
08-23 19:46:07.741 1452 1590 D DisplayPowerController: getFinalBrightness : Summary is 13 (0.05) -> 13 (0.05)
08-23 19:46:07.741 1452 1590 D DisplayPowerController: Animating brightness: target= 13 (0.05), rate=0.0 (PSM:, AB limit:( 0 (-1.00) ~ 0 (-1.00)) MB Limit:( -1 (NaN) ~ -1 (NaN)), sf=1.0
08-23 19:46:07.743 1452 1590 V DisplayPowerController: Brightness [ 13 (0.05)] reason changing to: 'manual', previous reason: 'screen_off'.
08-23 19:46:07.744 1452 1590 D DisplayPowerController: animateScreenStateChange: target=2, targetInternal=2, dualScreenPolicy=-1
08-23 19:46:07.745 1452 1590 D DisplayPowerController: getFinalBrightness : Summary is 13 (0.05) -> 13 (0.05)
08-23 19:46:07.745 1452 1590 D DisplayPowerController: Animating brightness: target= 13 (0.05), rate=0.0 (PSM:, AB limit:( 0 (-1.00) ~ 0 (-1.00)) MB Limit:( -1 (NaN) ~ -1 (NaN)), sf=1.0
08-23 19:46:07.747 1452 2030 D DisplayManagerService: !@display_state internal: OFF -> ON
08-23 19:46:07.747 1452 2030 D LocalDisplayAdapter: !@ display_state: OFF -> ON (id:0)
08-23 19:46:07.747 1452 2259 D ActivityTaskManager: setLockScreenShown(true,false) is called from 0
08-23 19:46:07.763 1452 2259 D ActivityTaskManager: Top Process State changed to PROCESS_STATE_TOP
08-23 19:46:07.788 1452 2259 V WindowManager: Setting visibility of Window{ef38711 u0 com.sec.android.app.launcher/com.sec.android.app.launcher.activities.LauncherActivity}: true, caller=com.android.server.wm.WindowContainer.sendAppVisibilityToClients:1004 com.android.server.wm.ActivityRecord.setClientVisible:6391 com.android.server.wm.ActivityRecord.setVisibility:4866 com.android.server.wm.ActivityRecord.setVisibility:4764 com.android.server.wm.ActivityRecord.makeVisibleIfNeeded:5409 08-23 19:46:07.796 1452 2259 D ActivityTaskManager: finishFixedRotationTransform, r=ActivityRecord{3592fc9 u0 com.sec.android.app.launcher/.activities.LauncherActivity t66}, caller=com.android.server.wm.WindowToken.finishFixedRotationTransform:664 com.android.server.wm.DisplayContent$FixedRotationTransitionListener.onAppTransitionFinishedLocked:7026 com.android.server.wm.AppTransition.notifyAppTransitionFinishedLocked:543 com.android.server.wm.ActivityRecord.onAnimationFinished:7164 com.android.server.wm.ActivityRecord.postApplyAnimation:5013 08-23 19:46:07.808 1452 1452 W LoadedApk: Slow system_server main thread handled for android.intent.action.SCREEN_ON took 306 ms, Receiver = com.android.server.CachedDeviceStateService$1@654e108
08-23 19:46:07.808 1452 1452 W Looper : Slow dispatch took 305ms main h=android.app.ActivityThread$H c=android.app.-$$Lambda$LoadedApk$ReceiverDispatcher$Args$_BumDX2UKsnxLVrE6UJsJZkotuA@2121283 m=0
08-23 19:46:07.809 1452 1452 D SamsungAlarmManager: Cancel Alarm calling from uid:1000 pid :1452 / OP:PendingIntent{ee7248b: PendingIntentRecord{40f1968 android broadcastIntent}}
08-23 19:46:07.846 1452 4886 I ActivityManager: Changes in 10513 5 to 2, 0 to 7 Caller=com.android.server.am.OomAdjuster.updateOomAdjLocked:399 com.android.server.am.OomAdjuster.updateOomAdjLocked:446 com.android.server.am.ActivityManagerService.updateOomAdjLocked:21469 com.android.server.am.ActivityManagerService.updateProcessForegroundLocked:21103 com.android.server.am.ActiveServices.updateServiceForegroundLocked:1956 com.android.server.am.ActiveServices.setServiceForegroundInnerLocked:1669 com.android.server.am.ActiveServices.setServiceForegroundLocked:1167 08-23 19:46:07.846 1452 4886 I AppOps : updateUidProcState uid: 10513 procState: 2 capability:7
08-23 19:46:07.846 1452 4886 I AppOps : commitUidPendingStateLocked() :: UID - 10513, 500 > 200, 0 > 7
08-23 19:46:07.870 1452 1452 I ActivityManager: Changes in 99035 5 to 3, 0 to 7 Caller=com.android.server.am.OomAdjuster.updateOomAdjLockedInner:669 com.android.server.am.OomAdjuster.updateOomAdjLocked:413 com.android.server.am.ActivityManagerService.updateOomAdjLocked:21459 com.android.server.am.ActivityManagerService.trimApplicationsLocked:21730 com.android.server.am.ActivityManagerService.finishReceiver:19980 android.content.BroadcastReceiver$PendingResult.sendFinished:275 android.content.BroadcastReceiver$PendingResult.finish:251 08-23 19:46:07.870 1452 1452 I AppOps : updateUidProcState uid: 99035 procState: 3 capability:7
08-23 19:46:07.870 1452 1452 I AppOps : commitUidPendingStateLocked() :: UID - 99035, 500 > 500, 0 > 7
