08-23 19:46:42.399 1452 1452 I SamsungAlarmManager: setLocked to kernel - T:2 / 20210823T194647, set=8848301, now=8843475
08-23 19:46:42.399 1452 1452 D SamsungAlarmManager: setInexact (T:2/F:8/AC:false) 20210823T194742 now=8843476 - CU:1000/CP:1452/L:1acf374:DeviceIdleController.light
08-23 19:46:42.400 1452 1452 I SamsungAlarmManager: setLocked to kernel - T:2 / 20210823T194647, set=8848301, now=8843476
08-23 19:46:42.401 2086 2086 W Looper : Slow dispatch took 168ms main h=android.view.Choreographer$FrameHandler c=android.view.Choreographer$FrameDisplayEventReceiver@e45fe9b m=0
08-23 19:46:42.402 1452 1903 D WindowManager: finishDrawingWindow: Window{ac03e0c u0 NotificationShade} mDrawState=DRAW_PENDING
08-23 19:46:42.414 2086 2086 W Looper : Slow dispatch took 10ms main h=com.android.systemui.qs.tileimpl.QSTileBaseView$H c=null m=1
08-23 19:46:42.436 1452 1452 I MdnieScenarioControlService: action : android.intent.action.SCREEN_OFF
08-23 19:46:42.439 1452 1452 I AdaptiveDisplaySolutionService: action : android.intent.action.SCREEN_OFF
08-23 19:46:42.442 2086 2086 W Looper : Slow dispatch took 14ms main h=android.os.Handler c=com.airbnb.lottie.LottieTask$1@425a6e9 m=0
08-23 19:46:42.444 1452 2260 D SamsungAlarmManager: Cancel Alarm calling from uid:1000 pid :1452 / L:3ce63a3
08-23 19:46:42.453 1452 2260 I SamsungAlarmManager: setLocked to kernel - T:2 / 20210823T194647, set=8848302, now=8843530
08-23 19:46:42.464 2086 2086 W Looper : Slow dispatch took 10ms main h=com.android.systemui.statusbar.LockscreenNotificationManager$LockscreenNotificationMgrHandler c=null m=100
08-23 19:46:42.498 2086 2086 W Looper : Slow dispatch took 35ms main h=com.android.systemui.statusbar.LockscreenNotificationManager$LockscreenNotificationMgrHandler c=null m=101
08-23 19:46:42.508 1452 3500 V WindowManager: Changing focus from null to Window{ac03e0c u0 NotificationShade} displayId=0 Callers=com.android.server.wm.RootWindowContainer.updateFocusedWindowLocked:566 com.android.server.wm.WindowManagerService.updateFocusedWindowLocked:6307 com.android.server.wm.WindowManagerService.relayoutWindow:2710 com.android.server.wm.Session.relayout:219 08-23 19:46:42.512 1452 3500 I WindowManager: Cancelling animation restarting=true, leash=Surface(name=Surface(name=2818a36 StatusBar)/@0x2b13cba - animation-leash)/@0x2e003
08-23 19:46:42.512 1452 3500 I WindowManager: Reparenting to original parent: Surface(name=WindowToken{878bfd1 android.os.BinderProxy@a5cd65b})/@0x7d3b76b, destroy=false, surface=Surface(name=2818a36 StatusBar)/@0x2b13cba
08-23 19:46:42.513 1452 17960 I SystemUiVisibilityPolicyController: handleMessage: entry what = 1
08-23 19:46:42.513 1452 3500 I WindowManager: Reparenting to leash, surface=Surface(name=2818a36 StatusBar)/@0x2b13cba, leashParent=Surface(name=WindowToken{878bfd1 android.os.BinderProxy@a5cd65b})/@0x7d3b76b
08-23 19:46:42.514 1452 3500 D WindowManager: makeSurface duration=1 leash=Surface(name=Surface(name=2818a36 StatusBar)/@0x2b13cba - animation-leash)/@0x8b978e3
08-23 19:46:42.514 1452 3500 I WindowManager: Cancelling animation restarting=true, leash=Surface(name=Surface(name=48627e NavigationBar0)/@0xdbeaf61 - animation-leash)/@0x7b1c5b9
08-23 19:46:42.514 1452 3500 I WindowManager: Reparenting to original parent: Surface(name=WindowToken{6ee4283 android.os.BinderProxy@3983a94})/@0x9a66a86, destroy=false, surface=Surface(name=48627e NavigationBar0)/@0xdbeaf61
08-23 19:46:42.514 1452 3500 I WindowManager: Reparenting to leash, surface=Surface(name=48627e NavigationBar0)/@0xdbeaf61, leashParent=Surface(name=WindowToken{6ee4283 android.os.BinderProxy@3983a94})/@0x9a66a86
08-23 19:46:42.515 1452 3500 D WindowManager: makeSurface duration=1 leash=Surface(name=Surface(name=48627e NavigationBar0)/@0xdbeaf61 - animation-leash)/@0x4d3999
08-23 19:46:42.516 1452 3500 D StatusBarManagerService: notifyRequestedSystemKey recent=false home=false
08-23 19:46:42.519 1452 17960 I SystemUiVisibilityPolicyController: handleMessage: entry what = 1
08-23 19:46:42.529 1452 3500 D ConnectivityService: Connectivity-MDO: 10193 is true
08-23 19:46:42.529 1452 3500 D ConnectivityService: Connectivity-MDO change default network for 10193, type: mdo
08-23 19:46:42.539 1452 1548 V WindowManager: Orientation start waiting for draw, mDrawState=DRAW_PENDING in Window{8cac242 u0 com.android.systemui}, surfaceController Surface(name=$_2086)/@0xc107db9
08-23 19:46:42.539 1452 1548 V WindowManager: Orientation start waiting for draw, mDrawState=DRAW_PENDING in Window{ac03e0c u0 NotificationShade}, surfaceController Surface(name=NotificationShade$_2086)/@0xdc4545e
08-23 19:46:42.544 2086 2086 W Looper : Slow dispatch took 44ms main h=android.view.Choreographer$FrameHandler c=android.view.Choreographer$FrameDisplayEventReceiver@e45fe9b m=0
08-23 19:46:42.568 1452 17960 I SystemUiVisibilityPolicyController: handleMessage: entry what = 1
08-23 19:46:42.579 2086 2086 W Looper : Slow dispatch took 18ms main h=com.android.systemui.statusbar.CommandQueue$H c=null m=393216
08-23 19:46:42.609 1452 4887 E WindowManager: win=Window{2153bea u0 SGestureOverlayWindow} destroySurfaces: appStopped=true win.mWindowRemovalAllowed=false win.mRemoveOnExit=false win.mViewVisibility=8 caller=com.android.server.wm.WindowManagerService.tryStartExitingAnimation:2917 com.android.server.wm.WindowManagerService.relayoutWindow:2624 com.android.server.wm.Session.relayout:219 android.view.IWindowSession$Stub.onTransact:871 com.android.server.wm.Session.onTransact:145 android.os.Binder.execTransactInternal:1190 android.os.Binder.execTransact:1159 08-23 19:46:42.610 1452 4887 I WindowManager: Destroying surface Surface(name=SGestureOverlayWindow$_2542)/@0xd00c03f called by com.android.server.wm.WindowStateAnimator.destroySurface:1794 com.android.server.wm.WindowStateAnimator.destroySurfaceLocked:765 com.android.server.wm.WindowState.destroySurfaceUnchecked:3918 com.android.server.wm.WindowState.destroySurface:3892 com.android.server.wm.WindowManagerService.tryStartExitingAnimation:2917 com.android.server.wm.WindowManagerService.relayoutWindow:2624 com.android.server.wm.Session.relayout:219 android.view.IWindowSession$Stub.onTransact:871 08-23 19:46:42.669 2086 2086 W Looper : Slow dispatch took 76ms main h=android.os.Handler c=androidx.lifecycle.LiveData$1@3c75ec0 m=0
08-23 19:46:42.680 1452 3500 D SamsungAlarmManager: Cancel Alarm calling from uid:10164 pid :2347 / OP:PendingIntent{47d586a: PendingIntentRecord{499dea4 com.google.android.gms/ startService}}
08-23 19:46:42.683 1452 3500 I SamsungAlarmManager: setLocked to kernel - T:2 / 20210823T194647, set=8848301, now=8843759
08-23 19:46:42.683 1452 1903 D StatusBarManagerService: notifyRequestedSystemKey recent=false home=false
08-23 19:46:42.686 1452 1903 W CocktailBarStatePolicyController: updateWindowType: current window type is requested window type(1)
08-23 19:46:42.707 2086 2086 W Looper : Slow dispatch took 37ms main h=android.view.ViewRootImpl$ViewRootHandler c=null m=6
08-23 19:46:42.733 2086 2086 W Looper : Slow dispatch took 26ms main h=android.view.Choreographer$FrameHandler c=android.view.Choreographer$FrameDisplayEventReceiver@e45fe9b m=0
08-23 19:46:42.734 1452 3133 D WindowManager: finishDrawingWindow: Window{ac03e0c u0 NotificationShade} mDrawState=DRAW_PENDING
08-23 19:46:42.737 1452 3133 D WindowManager: finishDrawingWindow: Window{8cac242 u0 com.android.systemui} mDrawState=DRAW_PENDING
08-23 19:46:42.741 2086 2086 W Looper : Drained
08-23 19:46:42.746 1452 1452 D PowerManagerService: [PWL] sb release: PowerManagerService.Broadcasts
08-23 19:46:42.885 1452 2984 D SettingsProvider: isChangeAllowed() : name = wifi_client_smart_tethering_settings
08-23 19:46:43.332 2086 2086 W Looper : Slow dispatch took 10ms main h=com.android.systemui.keyguard.KeyguardViewMediator$10 c=null m=8
08-23 19:46:43.357 2086 2086 W Looper : Slow dispatch took 18ms main h=com.android.systemui.keyguard.KeyguardLifecyclesDispatcher$1 c=null m=7
08-23 19:46:43.487 1452 3133 D SamsungAlarmManager: Cancel Alarm calling from uid:10164 pid :2347 / OP:PendingIntent{9891df8: PendingIntentRecord{5b2b19a com.google.android.gms/com.google.android.gms.measurement broadcastIntent}}
08-23 19:46:43.620 599 599 I io_stats: !@ 179,0 r 1870507 30984390 w 78927 1352080 d 41714 571568 f 44326 53213 iot 760210 598559 th 51200 51200 41500 pt 1070 inp 0 0 2210.215
08-23 19:46:43.942 2085 2085 I wpa_supplicant: Heartbeat 218
08-23 19:46:45.631 599 599 I io_stats: !@ 179,0 r 1870591 30985270 w 78954 1352320 d 41714 571568 f 44327 53215 iot 760260 598612 th 51200 51200 41500 pt 1070 inp 0 0 2212.228
08-23 19:46:45.661 1452 1590 I PowerManagerService: [PWL] Off : 5s ago
08-23 19:46:45.662 1452 1590 I PowerManagerService: [PWL] PowerManagerService.WakeLocks: ref count=1
08-23 19:46:45.662 1452 1590 I PowerManagerService: [PWL] mWakeLockSummary : 0x41
08-23 19:46:45.662 1452 1590 I PowerManagerService: [PWL] PARTIAL_WAKE_LOCK 'RILJ_ACK_WL' ACQ=-23ms (uid=1001 pid=2050 pkg=com.android.phone)
08-23 19:46:45.663 1452 1590 I PowerManagerService: [PWL] PARTIAL_WAKE_LOCK '*job*/com.samsung.android.networkdiagnostic/.core.background.cp.SurveyMeasurementService' ACQ=-14ms (uid=1000 pid=1452 pkg=android ws=WorkSource{5023})
08-23 19:46:46.136 1452 1572 I DropBoxManagerService: add tag=system_server_wtf isTagEnabled=true flags=0x2
08-23 19:46:46.155 1452 1572 W DropBoxManagerService: Dropping: system_server_wtf (1248 > 0 bytes)
08-23 19:46:46.158 1452 3133 I Telecom:SamsungTelecomServiceImpl: getCallState - callingPid : 2399 / processName : sts
08-23 19:46:46.159 1452 1572 I DropBoxManagerService: add tag=system_server_wtf isTagEnabled=true flags=0x2
08-23 19:46:46.162 1452 1572 W DropBoxManagerService: Dropping: system_server_wtf (1248 > 0 bytes)
08-23 19:46:46.269 1452 3500 D SettingsProvider: isChangeAllowed() : name = set_network_mode_by_quick_panel
08-23 19:46:46.281 1452 1949 D ConnectivityService: releasing NetworkRequest [ REQUEST id=391, [ Transports: CELLULAR Capabilities: IMS&TRUSTED&NOT_VPN Uid: 1000 AdministratorUids: [] RequestorUid: 1000 RequestorPackageName: com.sec.imsservice] ] (release request)
08-23 19:46:46.287 1452 3500 D SamsungAlarmManager: setExact (T:2/F:9/AC:false) 20210823T194647 now=8847364 - CU:1000/CP:2399/OP:PendingIntent{5fc693b: PendingIntentRecord{8da8c08 com.sec.imsservice broadcastIntent}}
08-23 19:46:46.287 1452 3500 I SamsungAlarmManager: setLocked to kernel - T:2 / 20210823T194647, set=8848301, now=8847364
08-23 19:46:46.293 1452 3133 I Telecom:SamsungTelecomServiceImpl: getCallState - callingPid : 2399 / processName : sts
08-23 19:46:46.794 1452 1572 I AppOps : commitUidPendingStateLocked() :: UID - 10067, 100 > 500, 7 > 7
08-23 19:46:47.210 1452 1941 V NetworkPolicy: updateNotificationsNL() - totalBytes : 81241401, policy : NetworkPolicy{template=NetworkTemplate: matchRule=MOBILE, subscriberId=334020..., matchSubscriberIds=[334020...] cycleRule=RecurrenceRule{start=2020-01-01T00:00-06:00[America/Mexico_City] end=null period=P1M} warningBytes=-1 limitBytes=-1 lastWarningSnooze=-1 lastLimitSnooze=-1 lastRapidSnooze=-1 metered=true inferred=false}, CallingUID: 1000
08-23 19:46:47.224 1452 1908 D SamsungAlarmManager: Expired : 4
08-23 19:46:47.225 1452 1908 V SamsungAlarmManager: Sending to uid : 1000 action=FIRST_ALARM_TRIGGER_ACTION alarm=Alarm{d06bdb1 type 0 when 1629766007225 android}
08-23 19:46:47.226 1452 1908 D ActivityManager: Received BROADCAST intent 0x40f1968 Key{broadcastIntent pkg=android intent=act=FIRST_ALARM_TRIGGER_ACTION flg=0x40000000 pkg=android flags=0x0 u=0} requestCode=0 sent=0 from uid 1000
08-23 19:46:47.227 1452 1452 D MARsTrigger: mPolicyIntentReceiver broadcast received action : FIRST_ALARM_TRIGGER_ACTION
08-23 19:46:47.228 1452 1586 D MARsPolicyManager: triggerAction called!
08-23 19:46:47.234 1452 1908 I SamsungAlarmManager: setLocked to kernel - T:2 / 20210823T194647, set=8848363, now=8848311
08-23 19:46:47.240 1452 1586 D MARs:TopPackageFilter: filtering was skipped by screen off! com.android.vending(0)
08-23 19:46:47.243 1452 1586 D MARs:TopPackageFilter: filtering was skipped by screen off! com.microsoft.skydrive(0)
08-23 19:46:47.245 1452 1586 D MARs:TopPackageFilter: filtering was skipped by screen off! com.microsoft.office.outlook(0)
08-23 19:46:47.245 1452 1586 D MARs:DeviceAdminPackageFilter: filter : com.microsoft.office.outlook(0)
08-23 19:46:47.245 1452 1586 D MARs:TopPackageFilter: filtering was skipped by screen off! com.opera.max.oem(0)
08-23 19:46:47.286 1452 1908 D SamsungAlarmManager: Expired : 4
08-23 19:46:47.287 1452 1908 V SamsungAlarmManager: Sending to uid : 1000 action=com.sec.internal.ims.imsservice.alarmmanager alarm=Alarm{5be5e17 type 2 when 8848359 com.sec.imsservice}
08-23 19:46:47.289 1452 1908 D ActivityManager: Received BROADCAST intent 0x8da8c08 Key{broadcastIntent pkg=com.sec.imsservice intent=act=com.sec.internal.ims.imsservice.alarmmanager flags=0x40000000 u=0} requestCode=0 sent=0 from uid 1000
08-23 19:46:47.291 1452 1908 I SamsungAlarmManager: setLocked to kernel - T:2 / 20210823T194742, set=8903475, now=8848368
08-23 19:46:47.292 1452 1908 I SamsungAlarmManager: setLocked to kernel - T:3 / 20210823T194700, set=8861077, now=8848368
08-23 19:46:47.331 1452 3500 D SamsungAlarmManager: Cancel Alarm calling from uid:1000 pid :2399 / OP:PendingIntent{c1883ed: PendingIntentRecord{4f09222 com.sec.imsservice broadcastIntent}}
08-23 19:46:47.574 1452 17960 I SystemUiVisibilityPolicyController: handleMessage: entry what = 101
08-23 19:46:47.649 599 599 I io_stats: !@ 179,0 r 1870853 30988474 w 79027 1353532 d 41792 572176 f 44433 53331 iot 760620 598910 th 51200 51200 41500 pt 1070 inp 0 0 2214.244
08-23 19:46:48.108 1452 3500 I Telecom:SamsungTelecomServiceImpl: addNewIncomingCall - PhoneAccountHandle : ComponentInfo{com.android.phone/com.android.services.telephony.TelephonyConnectionService}, ***, UserHandle{0} / extras : Bundle[mParcelledData.dataSize=308], 81******33 / callingPid : 2050 / processName : sts
08-23 19:46:48.109 1452 3500 I Telecom : : Adding new incoming call with phoneAccountHandle ComponentInfo{com.android.phone/com.android.services.telephony.TelephonyConnectionService}, ***, UserHandle{0}: TSI.aNIC@AkU
08-23 19:46:48.121 1452 3500 I Telecom : PhoneAccountRegistrar: getSimCallManager: SimCallManager for subId 1 queried, returning: null: TSI.aNIC@AkU
08-23 19:46:48.121 1452 3500 I Telecom:SamsungTelecomServiceImpl: boostCpu
08-23 19:46:48.121 1452 3500 I Telecom:SamsungDvfsManagerAdapterImpl: CoreNumLockHelper.acquire()
08-23 19:46:48.123 1452 3500 I Telecom:SamsungDvfsManagerAdapterImpl: CpuBooster.acquire()
08-23 19:46:48.131 1452 3500 I Telecom:SamsungCall: startCallerInfoLookup : ***
08-23 19:46:48.131 1452 3500 I Telecom:SamsungCallerInfoLookupHelper: SamsungCallVibrationLookupListener@121287658 - startLookup
08-23 19:46:48.134 1452 17965 I Telecom:SamsungCallVibrationLookupListener: startLookupVibrationTypeDefault : vibType50035
08-23 19:46:48.135 1452 1452 I Telecom:SamsungCallerInfoAsyncQueryFactory: CallerInfoAsyncQuery.startQuery number =81******33 cookie= TSI.aNIC->CILH.sL->CILH.sL@AkU
08-23 19:46:48.135 1452 3500 I Telecom : LogUtils: EventRecord added as Call: [Call id=TC@9, state=NEW, tpac=null, cmgr=null, handle=tel:**********, vidst=A, childs(0), has_parent(false), cap=[], prop=[], caps=[Capabilities:], props=[Properties:], conf(false), had_child(false)]: TSI.aNIC@AkU
08-23 19:46:48.136 1452 3500 I Telecom : Event: RecordEntry TC@9: CALL_HANDLE, tel:81******33, Allowed, 81******33, null: TSI.aNIC@AkU
08-23 19:46:48.136 1452 3500 I Telecom:SamsungPhoneAccountInfo: setTargetPhoneAccount : ComponentInfo{com.android.phone/com.android.services.telephony.TelephonyConnectionService}, ***, UserHandle{0}, 895**************80F
08-23 19:46:48.136 1452 1452 I Telecom:SamsungCallerInfoQueryCompleteListener: SamsungCallerInfoQueryCompleteListener - create
08-23 19:46:48.137 1452 3500 I Telecom:SamsungPhoneAccountInfo: setTargetPhoneAccount null, n**l -> ComponentInfo{com.android.phone/com.android.services.telephony.TelephonyConnectionService}, ***, UserHandle{0}, 895**************80F, call: [Call id=TC@9, state=NEW, tpac=null, cmgr=null, handle=tel:**********, vidst=A, childs(0), has_parent(false), cap=[], prop=[], caps=[Capabilities:], props=[Properties:], conf(false), had_child(false)]
08-23 19:46:48.137 1452 3500 I Telecom : Event: RecordEntry TC@9: TARGET_PHONE_ACCOUNT, accountHandle=ComponentInfo{com.android.phone/com.android.services.telephony.TelephonyConnectionService}, ***, UserHandle{0}, 895**************80F: TSI.aNIC@AkU
08-23 19:46:48.144 1452 17965 I Telecom:SamsungRingerRepositoryImpl: startLookupVibrationType id : 5 name : Zig-zig-zig pattern : 50036
08-23 19:46:48.145 1452 3500 I Telecom:SamsungTelephonyManagerAdapterImpl: getSubIdForPhoneAccount : 1
08-23 19:46:48.147 1452 3500 I Telecom:SamsungTelephonyManagerAdapterImpl: getSubIdForPhoneAccount : 1
08-23 19:46:48.149 1452 3500 I Telecom:SamsungCallNotifier: setIsSelfManaged : false
08-23 19:46:48.158 1452 3500 I Telecom : Event: RecordEntry TC@9: CREATED, INCOMING, com.android.phone, false, incoming call: TSI.aNIC@AkU
08-23 19:46:48.164 1452 1572 W BroadcastQueue: Background execution not allowed: receiving Intent { act=android.intent.action.DROPBOX_ENTRY_ADDED flg=0x10 (has extras) } to com.google.android.gms/.stats.service.DropBoxEntryAddedReceiver
08-23 19:46:48.167 1452 3500 I Telecom : PhoneAccountRegistrar: getSimCallManager: SimCallManager for subId 1 queried, returning: null: TSI.aNIC@AkU
08-23 19:46:48.168 1452 3500 I Telecom : CreateConnectionProcessor: Trying attempt CallAttemptRecord(ComponentInfo{com.android.phone/com.android.services.telephony.TelephonyConnectionService}, ***, UserHandle{0},ComponentInfo{com.android.phone/com.android.services.telephony.TelephonyConnectionService}, ***, UserHandle{0}): TSI.aNIC@AkU
08-23 19:46:48.168 1452 3500 I Telecom:SamsungPhoneAccountInfo: setTargetPhoneAccount : ComponentInfo{com.android.phone/com.android.services.telephony.TelephonyConnectionService}, ***, UserHandle{0}, 895**************80F
08-23 19:46:48.169 1452 1572 W BroadcastQueue: Background execution not allowed: receiving Intent { act=android.intent.action.DROPBOX_ENTRY_ADDED flg=0x10 (has extras) } to com.google.android.gms/.chimera.GmsIntentOperationService$PersistentTrustedReceiver
08-23 19:46:48.171 1452 3500 I Telecom : Event: RecordEntry TC@9: REQUEST_START_CONNECTION, isIncoming=true, true, phoneAccount=ComponentInfo{com.android.phone/com.android.services.telephony.TelephonyConnectionService}, ***, UserHandle{0}, targetPhoneAccount=ComponentInfo{com.android.phone/com.android.services.telephony.TelephonyConnectionService}, ***, UserHandle{0}, isSelfManaged=false, isEmergencyCall=false, connectionAttempt=1, attemptRecords=1: TSI.aNIC@AkU
08-23 19:46:48.171 1452 3500 I Telecom : ConnectionServiceWrapper: createConnection([Call id=TC@9, state=NEW, tpac=ComponentInfo{com.android.phone/com.android.services.telephony.TelephonyConnectionService}, ***, UserHandle{0}, cmgr=ComponentInfo{com.android.phone/com.android.services.telephony.TelephonyConnectionService}, ***, UserHandle{0}, handle=tel:**********, vidst=A, childs(0), has_parent(false), cap=[], prop=[], caps=[Capabilities:], props=[Properties:], conf(false), had_child(false)]) via ComponentInfo{com.android.phone/com.android.services.telephony.TelephonyConnectionService}.: TSI.aNIC@AkU
08-23 19:46:48.172 1452 3500 I Telecom : Event: RecordEntry TC@9: BIND_CS, ComponentInfo{com.android.phone/com.android.services.telephony.TelephonyConnectionService}: TSI.aNIC@AkU
08-23 19:46:48.187 1452 1903 D SamsungAlarmManager: setInexact (T:3/F:0/AC:false) 20310821T194648 now=8849263 - CU:10164/CP:2781/OP:PendingIntent{68440a3: PendingIntentRecord{3135fa0 com.google.android.gms/ startService}}
08-23 19:46:48.187 1452 1903 I SamsungAlarmManager: setLocked to kernel - T:2 / 20210823T194742, set=8903475, now=8849264
08-23 19:46:48.187 1452 1903 I SamsungAlarmManager: setLocked to kernel - T:3 / 20210823T194700, set=8861077, now=8849264
08-23 19:46:48.217 1452 1903 D SamsungAlarmManager: setInexact (T:3/F:0/AC:false) 20310821T194648 now=8849293 - CU:10164/CP:2347/OP:PendingIntent{8d563f6: PendingIntentRecord{d94b3f7 com.google.android.gms/ startService}}
08-23 19:46:48.217 1452 1903 I SamsungAlarmManager: setLocked to kernel - T:2 / 20210823T194742, set=8903475, now=8849293
08-23 19:46:48.217 1452 1903 I SamsungAlarmManager: setLocked to kernel - T:3 / 20210823T194700, set=8861077, now=8849294
08-23 19:46:48.226 1452 1452 I Telecom : ServiceBinderConnection: Service bound ComponentInfo{com.android.phone/com.android.services.telephony.TelephonyConnectionService}: SBC.oSC(cap)@AkY
08-23 19:46:48.227 1452 1452 I Telecom : Event: RecordEntry TC@9: CS_BOUND, ComponentInfo{com.android.phone/com.android.services.telephony.TelephonyConnectionService}: SBC.oSC(cap)@AkY
08-23 19:46:48.227 1452 1452 I Telecom : ConnectionServiceWrapper: TC -> CS[cap]: addConnectionServiceAdapter com.android.server.telecom.ConnectionServiceWrapper$Adapter@f301264: SBC.oSC(cap)@AkY
08-23 19:46:48.228 1452 1452 I Telecom : Event: RecordEntry TC@9: START_CONNECTION, tel:********** via:, true, ComponentInfo{com.android.phone/com.android.services.telephony.TelephonyConnectionService}, ComponentInfo{com.android.phone/com.android.services.telephony.TelephonyConnectionService}, ***, UserHandle{0}, 895**************80F, Audio Only: SBC.oSC(cap)@AkY
08-23 19:46:48.229 1452 1452 I Telecom:SamsungCallerInfoQueryCompleteListener: onQueryComplete - start : CallerInfo - name : M**a / contactRingtoneUri : null / number : 81 ******133 / cnapName : null
08-23 19:46:48.232 1452 1452 I Telecom:SamsungCallerInfoQueryCompleteListener: onQueryComplete end
08-23 19:46:48.232 1452 3500 I Telecom : ConnectionServiceWrapper: CS -> TC[cap]: queryRemoteConnectionServices callingPackage=com.android.phone: (...->CS.aCSA->H.CS.aCSA)->CSW.qRCS(cap)@E-E-AkY
08-23 19:46:48.234 1452 17382 I Telecom:SamsungCallerInfoQueryCompleteListener: updateCallerInfo : android.telecom.CallerInfo@e2f18c9 { name non-null, phoneNumber non-null }
08-23 19:46:48.236 1452 1452 I Telecom:SamsungCallerInfoQueryCompleteListener: SamsungCallerInfoQueryCompleteListener [doOnSuccess] - CallerInfo - name : M**a / contactRingtoneUri : null / number : 81 ******133 / cnapName : null
08-23 19:46:48.236 1452 1452 I Telecom:SamsungCallerInfoQueryCompleteListener: onQueryComplete : CallerInfo - name : M**a / contactRingtoneUri : null / number : 81 ******133 / cnapName : null
08-23 19:46:48.242 1452 3500 I Telecom : PhoneAccountRegistrar: getSimCallManager: SimCallManager for subId 1 queried, returning: null: (...->CS.aCSA->H.CS.aCSA)->CSW.qRCS(cap)@E-E-AkY
08-23 19:46:48.242 1452 3500 W Telecom : ConnectionServiceWrapper: call provider also detected as SIM call manager: [ConnectionServiceWrapper componentName=ComponentInfo{com.android.phone/com.android.services.telephony.TelephonyConnectionService}]: (...->CS.aCSA->H.CS.aCSA)->CSW.qRCS(cap)@E-E-AkY
08-23 19:46:48.243 1452 1452 I Telecom : CallerInfoLookupHelper: CI query for handle tel:********** has completed; notifying all listeners.: TSI.aNIC->CILH.sL->CILH.oQC@AkU
08-23 19:46:48.243 1452 1452 I Telecom:SamsungRingerInfo: RawContactId = 1197, VibrationUri : null
08-23 19:46:48.243 1452 1452 I Telecom:SamsungCallerInfo: startRingtoneLookup : android.telecom.CallerInfo@e2f18c9 { name non-null, phoneNumber non-null }
08-23 19:46:48.243 1452 1452 I Telecom:SamsungRingtoneLookupHelper: SamsungCallVibrationLookupListener@121287658 - startLookup
08-23 19:46:48.243 1452 1452 I Telecom:SamsungRingtoneLookupHelper: SamsungGroupRingtoneLookupListener@130815707 - startLookup
08-23 19:46:48.243 1452 1452 I Telecom:SamsungGroupRingtoneLookupListener: startGroupRingtoneLookup: 1197
08-23 19:46:48.244 1452 1452 I Telecom : Call: CallerInfo received for tel:**********: android.telecom.CallerInfo@e2f18c9 { name non-null, phoneNumber non-null }: TSI.aNIC->CILH.sL->CILH.oQC@AkU
08-23 19:46:48.244 1452 17382 I Telecom:SamsungGroupRingtoneLookupListener: getUserId : 0
08-23 19:46:48.244 1452 1452 I Telecom : CallerInfoLookupHelper: There is no photo for this contact, skipping photo query: TSI.aNIC->CILH.sL->CILH.oQC@AkU
08-23 19:46:48.246 1452 17965 I Telecom:SamsungCallVibrationLookupListener: startLookupVibrationType : null defaultVibType-1
08-23 19:46:48.250 1452 17965 E Telecom:SamsungRingerRepositoryImpl: startLookupVibrationType uri
08-23 19:46:48.260 1452 17382 I Telecom:SamsungRingerRepositoryImpl: getGroupId 0 1197 null
08-23 19:46:48.317 1452 3500 I Telecom:SamsungPhoneAccountInfo: setTargetPhoneAccount : ComponentInfo{com.android.phone/com.android.services.telephony.TelephonyConnectionService}, ***, UserHandle{0}, 895**************80F
08-23 19:46:48.321 1452 3500 I Telecom : Event: RecordEntry TC@9: CALL_TECHNOLOGY_TYPE, NONE -> GSM: (...->CS.crCo->H.CS.crCo->H.CS.crCo.pICR)->CSW.pE(cap/cast)@E-E-AkY
08-23 19:46:48.321 1452 3500 I Telecom : Event: RecordEntry TC@9: CALL_NETWORK_TYPE, 0, [UNKNOWN], 0, [<undefined>] -> 3, [UMTS], 4, [3G]: (...->CS.crCo->H.CS.crCo->H.CS.crCo.pICR)->CSW.pE(cap/cast)@E-E-AkY
08-23 19:46:48.323 1452 3500 I Telecom : ConnectionServiceWrapper: CS -> TC[cap]: handleCreateConnectionComplete TC@9_1: (...->CS.crCo->H.CS.crCo->H.CS.crCo.pICR)->CSW.hCCC(cap/cast)@E-E-AkY
08-23 19:46:48.323 1452 3500 I Telecom:SamsungPhoneAccountInfo: setTargetPhoneAccount : ComponentInfo{com.android.phone/com.android.services.telephony.TelephonyConnectionService}, ***, UserHandle{0}, 895**************80F
08-23 19:46:48.324 1452 3500 I Telecom : Event: RecordEntry TC@9: CAPABILITY_CHANGE, Current: [[ sup_hld mut !v2a spd_aud]], Removed [[]], Added [[ sup_hld mut !v2a spd_aud]]: (...->CS.crCo->H.CS.crCo->H.CS.crCo.pICR)->CSW.hCCC(cap/cast)@E-E-AkY
08-23 19:46:48.324 1452 3500 I Telecom:SamsungCall: prevcap=[Capabilities:]cap=[Capabilities: CAPABILITY_SUPPORT_HOLD CAPABILITY_MUTE CAPABILITY_CANNOT_DOWNGRADE_VIDEO_TO_AUDIO CAPABILITY_SPEED_UP_MT_AUDIO]callcap=[Capabilities: CAPABILITY_SUPPORT_HOLD CAPABILITY_MUTE CAPABILITY_CANNOT_DOWNGRADE_VIDEO_TO_AUDIO CAPABILITY_SPEED_UP_MT_AUDIO]xorcaps=[Capabilities: CAPABILITY_SUPPORT_HOLD CAPABILITY_MUTE CAPABILITY_CANNOT_DOWNGRADE_VIDEO_TO_AUDIO CAPABILITY_SPEED_UP_MT_AUDIO]forceUpdate=false
08-23 19:46:48.325 1452 3500 I Telecom : Event: RecordEntry TC@9: VIDEO_PROVIDER, null, null, proxy=null: (...->CS.crCo->H.CS.crCo->H.CS.crCo.pICR)->CSW.hCCC(cap/cast)@E-E-AkY
08-23 19:46:48.325 1452 3500 I Telecom : Event: RecordEntry TC@9: VIDEO_CALL_PROVIDER_CHANGED, null, proxy=null: (...->CS.crCo->H.CS.crCo->H.CS.crCo.pICR)->CSW.hCCC(cap/cast)@E-E-AkY
08-23 19:46:48.325 1452 3500 I Telecom : Event: RecordEntry TC@9: AUDIO_INFO, setRingbackRequested=false: (...->CS.crCo->H.CS.crCo->H.CS.crCo.pICR)->CSW.hCCC(cap/cast)@E-E-AkY
08-23 19:46:48.333 1452 3500 I Telecom:SamsungTelecomServiceImpl: getDefaultDialerPackage - callingPid : 1452 / processName : sts
08-23 19:46:48.336 1452 3500 I Telecom : Event: RecordEntry TC@9: REQUEST_BLOCKING_SUPPRESSED, null: (...->CS.crCo->H.CS.crCo->H.CS.crCo.pICR)->CSW.hCCC(cap/cast)@E-E-AkY
08-23 19:46:48.337 1452 2519 I Telecom : Event: RecordEntry TC@9: BLOCKING_SUPPRESSED_INITIATED, null
08-23 19:46:48.339 1452 17965 W Telecom : AppLabelProxy: Could not determine app label. Package name is null
08-23 19:46:48.341 1452 17975 I Telecom : AppLabelProxy: package com.callapp.contacts: name is CallApp Contacts
08-23 19:46:48.341 1452 2519 I Telecom : Event: RecordEntry TC@9: BLOCKING_SUPPRESSED_FINISHED, NO_SUPPRESSED
08-23 19:46:48.341 1452 2519 I Telecom : Event: RecordEntry TC@9: BLOCKING_SUPPRESSED_COMPLETED, false
08-23 19:46:48.342 1452 3500 I Telecom : Event: RecordEntry TC@9: NO_BLOCKING_SUPPRESSED, 2000: (...->CS.crCo->H.CS.crCo->H.CS.crCo.pICR)->CSW.hCCC(cap/cast)@E-E-AkY
08-23 19:46:48.342 1452 3500 I Telecom:SamsungCallScreeningServiceFilterManager: There are no call screening services installed on this device.
08-23 19:46:48.343 1452 3500 I Telecom : Event: RecordEntry TC@9: NO_MANAGER_SCREENING_FILTERING, There are no call screening services installed on this device.: (...->CS.crCo->H.CS.crCo->H.CS.crCo.pICR)->CSW.hCCC(cap/cast)@E-E-AkY
08-23 19:46:48.343 1452 3500 I Telecom : Event: RecordEntry TC@9: FILTERING_INITIATED, 13: (...->CS.crCo->H.CS.crCo->H.CS.crCo.pICR)->CSW.hCCC(cap/cast)@E-E-AkY
08-23 19:46:48.344 1452 3500 I Telecom : IncomingCallFilterGraph: Filter com.android.server.telecom.callfiltering.CallFilter@74506da scheduled.: (...->CS.crCo->H.CS.crCo->H.CS.crCo.pICR)->CSW.hCCC(cap/cast)@E-E-AkY
08-23 19:46:48.344 1452 17973 I Telecom : IncomingCallFilterGraph: Filter com.android.server.telecom.callfiltering.CallFilter@74506da done, result: [Allow, logged, notified].: (...->CS.crCo->H.CS.crCo->H.CS.crCo.pICR)->CSW.hCCC->ICFG.sF->ICFG.sF(cap/cast)@E-E-AkY
08-23 19:46:48.345 1452 17973 I Telecom : IncomingCallFilterGraph: Filter com.android.server.telecom.callfiltering.DirectToVoicemailFilter@f3f09e8 scheduled.: (...->CS.crCo->H.CS.crCo->H.CS.crCo.pICR)->CSW.hCCC->ICFG.sF->ICFG.sF(cap/cast)@E-E-AkY
08-23 19:46:48.345 1452 17973 I Telecom : IncomingCallFilterGraph: Filter com.android.server.telecom.callfiltering.BlockCheckerFilter@44c1801 scheduled.: (...->CS.crCo->H.CS.crCo->H.CS.crCo.pICR)->CSW.hCCC->ICFG.sF->ICFG.sF(cap/cast)@E-E-AkY
08-23 19:46:48.345 1452 17973 I Telecom : IncomingCallFilterGraph: Filter com.samsung.server.telecom.advancedcall.video.SamsungVideoCallIncomingCallFiltering@57cb6a6 scheduled.: (...->CS.crCo->H.CS.crCo->H.CS.crCo.pICR)->CSW.hCCC->ICFG.sF->ICFG.sF(cap/cast)@E-E-AkY
08-23 19:46:48.345 1452 17973 I Telecom : IncomingCallFilterGraph: Filter com.samsung.server.telecom.advancedcall.filtering.accessibility.SamsungAccessControlIncomingCallFiltering@2488e7 scheduled.: (...->CS.crCo->H.CS.crCo->H.CS.crCo.pICR)->CSW.hCCC->ICFG.sF->ICFG.sF(cap/cast)@E-E-AkY
08-23 19:46:48.346 1452 17973 I Telecom : IncomingCallFilterGraph: Filter com.samsung.server.telecom.advancedcall.autoanswer.SamsungAutomaticAnsweringMachineIncomingCallFiltering@aeedc94 scheduled.: (...->CS.crCo->H.CS.crCo->H.CS.crCo.pICR)->CSW.hCCC->ICFG.sF->ICFG.sF(cap/cast)@E-E-AkY
08-23 19:46:48.346 1452 17973 I Telecom : IncomingCallFilterGraph: Filter com.samsung.server.telecom.advancedcall.filtering.autoreject.SamsungAutoRejectIncomingCallFiltering@d61333d scheduled.: (...->CS.crCo->H.CS.crCo->H.CS.crCo.pICR)->CSW.hCCC->ICFG.sF->ICFG.sF(cap/cast)@E-E-AkY
08-23 19:46:48.346 1452 17973 I Telecom : IncomingCallFilterGraph: Filter com.samsung.server.telecom.advancedcall.filtering.internationalcalllock.SamsungInternationalCallLockIncomingCallFiltering@e2d9732 scheduled.: (...->CS.crCo->H.CS.crCo->H.CS.crCo.pICR)->CSW.hCCC->ICFG.sF->ICFG.sF(cap/cast)@E-E-AkY
08-23 19:46:48.346 1452 17973 I Telecom : IncomingCallFilterGraph: Filter com.samsung.server.telecom.advancedcall.multinumber.SamsungTwoPhoneIncomingCallFiltering@26cc83 scheduled.: (...->CS.crCo->H.CS.crCo->H.CS.crCo.pICR)->CSW.hCCC->ICFG.sF->ICFG.sF(cap/cast)@E-E-AkY
08-23 19:46:48.346 1452 17973 I Telecom : IncomingCallFilterGraph: Filter com.samsung.server.telecom.advancedcall.rtt.SamsungRttIncomingCallFiltering@3272e00 scheduled.: (...->CS.crCo->H.CS.crCo->H.CS.crCo.pICR)->CSW.hCCC->ICFG.sF->ICFG.sF(cap/cast)@E-E-AkY
08-23 19:46:48.346 1452 17973 I Telecom : IncomingCallFilterGraph: Filter com.samsung.server.telecom.advancedcall.secure.vipmode.SamsungVipModeIncomingCallFiltering@bb2c639 scheduled.: (...->CS.crCo->H.CS.crCo->H.CS.crCo.pICR)->CSW.hCCC->ICFG.sF->ICFG.sF(cap/cast)@E-E-AkY
08-23 19:46:48.347 1452 17973 I Telecom : IncomingCallFilterGraph: Filter com.samsung.server.telecom.advancedcall.tphone.SamsungTPhoneIncomingCallFiltering@c99f47e scheduled.: (...->CS.crCo->H.CS.crCo->H.CS.crCo.pICR)->CSW.hCCC->ICFG.sF->ICFG.sF(cap/cast)@E-E-AkY
08-23 19:46:48.348 1452 17973 I Telecom : Event: RecordEntry TC@9: DIRECT_TO_VM_INITIATED, null: (...->CS.crCo->H.CS.crCo->H.CS.crCo.pICR)->CSW.hCCC->ICFG.sF->ICFG.sF->ICFG.sF(cap/cast)@E-E-AkY
08-23 19:46:48.348 1452 3500 I Telecom : Event: RecordEntry TC@9: SUCCESSFUL_INCOMING_CALL, null: (...->CS.crCo->H.CS.crCo->H.CS.crCo.pICR)->CSW.hCCC(cap/cast)@E-E-AkY
08-23 19:46:48.349 1452 3500 I Telecom:SamsungConnectionServiceWrapper: handleCreateConnectionComplete - callId : TC@9_1 / telecomCallId : TC@9_1
08-23 19:46:48.349 1452 3500 I Telecom : ConnectionServiceWrapper: TC -> CS[cap]: createConnectionComplete TC@9_1: (...->CS.crCo->H.CS.crCo->H.CS.crCo.pICR)->CSW.hCCC(cap/cast)@E-E-AkY
08-23 19:46:48.350 1452 17973 I Telecom : Event: RecordEntry TC@9: BLOCK_CHECK_INITIATED, null: (...->CS.crCo->H.CS.crCo->H.CS.crCo.pICR)->CSW.hCCC->ICFG.sF->ICFG.sF->ICFG.sF(cap/cast)@E-E-AkY
08-23 19:46:48.351 1452 1452 I Telecom:SamsungCallerInfoAsyncQueryFactory: CallerInfoAsyncQuery.startQuery number =81******33 cookie= (...->CS.crCo->H.CS.crCo->H.CS.crCo.pICR)->CSW.hCCC->ICFG.sF->ICFG.sF->ICFG.sF->CILH.sL->CILH.sL(cap/cast)@E-E-AkY
08-23 19:46:48.352 1452 1452 I Telecom:SamsungCallerInfoQueryCompleteListener: SamsungCallerInfoQueryCompleteListener - create
08-23 19:46:48.355 2050 2050 I TelecomFramework: TelephonyConnectionService: notifyCreateConnectionComplete TC@9_1: (...->CSW.hCCC)->CS.crCoC->H.CS.crCoC(cap/cast)@E-E-E-AkY
08-23 19:46:48.359 1452 17973 I Telecom : CallerInfoLookupHelper: There is a previously incomplete query for handle tel:**********. Adding to listeners for this query.: (...->CS.crCo->H.CS.crCo->H.CS.crCo.pICR)->CSW.hCCC->ICFG.sF->ICFG.sF->ICFG.sF(cap/cast)@E-E-AkY
08-23 19:46:48.360 1452 17973 I Telecom : Event: RecordEntry TC@9: INCOMING_FILTERING_INITIATED, SamsungVideoCallIncomingCallFiltering: (...->CS.crCo->H.CS.crCo->H.CS.crCo.pICR)->CSW.hCCC->ICFG.sF->ICFG.sF->ICFG.sF(cap/cast)@E-E-AkY
08-23 19:46:48.360 1452 17973 I Telecom:SamsungIncomingCallFilter: SamsungVideoCallIncomingCallFiltering@92059302 startFilterLookup
08-23 19:46:48.360 1452 17973 I Telecom:SamsungModeRepositoryImpl: isEmergencyMode : false
08-23 19:46:48.360 1452 17973 I Telecom:SamsungModeRepositoryImpl: isUltraPowerSavingMode : false
08-23 19:46:48.361 1452 17973 I Telecom:SamsungModeRepositoryImpl: isUltraPowerSavingMode : false
08-23 19:46:48.361 1452 17973 I Telecom:SamsungModeRepositoryImpl: isMaximumPowerSavingMode : false
08-23 19:46:48.361 1452 17973 I Telecom:SamsungModeRepositoryImpl: isUltraPowerSavingMode : false
08-23 19:46:48.361 1452 17973 I Telecom:SamsungVideoCallIncomingCallFiltering: startFilterLookup - filterCase=0, isVideoCall=false, isEmergencyMode=false, isPowerSavingModes=false, isUltraPowerSavingMode=false, isPstnCallServicePhoneAccount= true
08-23 19:46:48.362 1452 17973 I Telecom : Event: RecordEntry TC@9: INCOMING_FILTERING_FINISHED, SamsungVideoCallIncomingCallFiltering, 26, filterCase=0, isVideoCall=false, isEmergencyMode=false, isPowerSavingModes=false, isUltraPowerSavingMode=false, isPstnCallServicePhoneAccount= true: (...->CS.crCo->H.CS.crCo->H.CS.crCo.pICR)->CSW.hCCC->ICFG.sF->ICFG.sF->ICFG.sF(cap/cast)@E-E-AkY
08-23 19:46:48.362 1452 17973 I Telecom:SamsungIncomingCallFilter: SamsungVideoCallIncomingCallFiltering@92059302 reportCallFilterResult [Allow, logged, notified] elapsedTime = 26
08-23 19:46:48.363 1452 17973 I Telecom : Event: RecordEntry TC@9: INCOMING_FILTERING_INITIATED, SamsungAccessControlIncomingCallFiltering: (...->CS.crCo->H.CS.crCo->H.CS.crCo.pICR)->CSW.hCCC->ICFG.sF->ICFG.sF->ICFG.sF(cap/cast)@E-E-AkY
08-23 19:46:48.363 1452 17973 I Telecom:SamsungIncomingCallFilter: SamsungAccessControlIncomingCallFiltering@2394343 startFilterLookup
08-23 19:46:48.363 1452 17973 I Telecom:SamsungSettingsRepositoryImpl: isAccessControlEnabled : false
08-23 19:46:48.363 1452 17973 I Telecom : Event: RecordEntry TC@9: INCOMING_FILTERING_FINISHED, SamsungAccessControlIncomingCallFiltering, 20, isAccessControlEnabled=false: (...->CS.crCo->H.CS.crCo->H.CS.crCo.pICR)->CSW.hCCC->ICFG.sF->ICFG.sF->ICFG.sF(cap/cast)@E-E-AkY
08-23 19:46:48.364 1452 17973 I Telecom:SamsungIncomingCallFilter: SamsungAccessControlIncomingCallFiltering@2394343 reportCallFilterResult [Allow, logged, notified] elapsedTime = 20
08-23 19:46:48.364 1452 17973 I Telecom : Event: RecordEntry TC@9: INCOMING_FILTERING_INITIATED, SamsungAutomaticAnsweringMachineIncomingCallFiltering: (...->CS.crCo->H.CS.crCo->H.CS.crCo.pICR)->CSW.hCCC->ICFG.sF->ICFG.sF->ICFG.sF(cap/cast)@E-E-AkY
08-23 19:46:48.364 1452 17973 I Telecom:SamsungIncomingCallFilter: SamsungAutomaticAnsweringMachineIncomingCallFiltering@183426196 startFilterLookup
08-23 19:46:48.364 1452 17973 I Telecom:SamsungAutomaticAnsweringMachineIncomingCallFiltering: isAutoAnsweringModeOn : false
08-23 19:46:48.365 1452 17973 I Telecom : Event: RecordEntry TC@9: INCOMING_FILTERING_FINISHED, SamsungAutomaticAnsweringMachineIncomingCallFiltering, 21, isAutoAnsweringModeOn=false: (...->CS.crCo->H.CS.crCo->H.CS.crCo.pICR)->CSW.hCCC->ICFG.sF->ICFG.sF->ICFG.sF(cap/cast)@E-E-AkY
08-23 19:46:48.365 1452 17973 I Telecom:SamsungIncomingCallFilter: SamsungAutomaticAnsweringMachineIncomingCallFiltering@183426196 reportCallFilterResult [Allow, logged, notified] elapsedTime = 21
08-23 19:46:48.366 1452 17973 I Telecom : Event: RecordEntry TC@9: INCOMING_FILTERING_INITIATED, SamsungAutoRejectIncomingCallFiltering: (...->CS.crCo->H.CS.crCo->H.CS.crCo.pICR)->CSW.hCCC->ICFG.sF->ICFG.sF->ICFG.sF(cap/cast)@E-E-AkY
08-23 19:46:48.366 1452 17973 I Telecom:SamsungIncomingCallFilter: SamsungAutoRejectIncomingCallFiltering@224473917 startFilterLookup
08-23 19:46:48.366 1452 17973 I Telecom:SamsungAutoRejectIncomingCallFiltering: isSktTPhoneMode : false
08-23 19:46:48.366 1452 17973 I Telecom:SamsungAutoRejectIncomingCallFiltering: getBlockNumberExtra - presentation : 1
08-23 19:46:48.366 1452 17973 I Telecom:SamsungBlockNumbersRepositoryImpl: isBlockingNumber phoneNumber : 81******33
08-23 19:46:48.391 1452 1452 I Telecom:SamsungCallerInfoQueryCompleteListener: onQueryComplete - start : CallerInfo - name : M**a / contactRingtoneUri : null / number : 81 ******133 / cnapName : null
08-23 19:46:48.391 1452 1452 I Telecom:SamsungCallerInfoQueryCompleteListener: onQueryComplete end
08-23 19:46:48.391 1452 17382 I Telecom:SamsungCallerInfoQueryCompleteListener: updateCallerInfo : android.telecom.CallerInfo@d8b79d7 { name non-null, phoneNumber non-null }
08-23 19:46:48.393 1452 1452 I Telecom:SamsungCallerInfoQueryCompleteListener: SamsungCallerInfoQueryCompleteListener [doOnSuccess] - CallerInfo - name : M**a / contactRingtoneUri : null / number : 81 ******133 / cnapName : null
08-23 19:46:48.393 1452 1452 I Telecom:SamsungCallerInfoQueryCompleteListener: onQueryComplete : CallerInfo - name : M**a / contactRingtoneUri : null / number : 81 ******133 / cnapName : null
08-23 19:46:48.394 1452 1452 I Telecom : CallerInfoLookupHelper: CI query for handle tel:********** has completed; notifying all listeners.: (...->CS.crCo->H.CS.crCo->H.CS.crCo.pICR)->CSW.hCCC->ICFG.sF->ICFG.sF->ICFG.sF->CILH.sL->CILH.oQC(cap/cast)@E-E-AkY
08-23 19:46:48.394 1452 1452 I Telecom : Event: RecordEntry TC@9: DIRECT_TO_VM_FINISHED, null: (...->CS.crCo->H.CS.crCo->H.CS.crCo.pICR)->CSW.hCCC->ICFG.sF->ICFG.sF->ICFG.sF->CILH.sL->CILH.oQC(cap/cast)@E-E-AkY
08-23 19:46:48.402 1452 1452 I Telecom : CallerInfoLookupHelper: There is no photo for this contact, skipping photo query: (...->CS.crCo->H.CS.crCo->H.CS.crCo.pICR)->CSW.hCCC->ICFG.sF->ICFG.sF->ICFG.sF->CILH.sL->CILH.oQC(cap/cast)@E-E-AkY
08-23 19:46:48.410 1452 17973 I Telecom:SamsungBlockNumbersRepositoryImpl: isBlockingNumber [doOnSuccess] - false
08-23 19:46:48.410 1452 17973 I Telecom:SamsungAutoRejectIncomingCallFiltering: isBlockNumber=false
08-23 19:46:48.411 1452 17973 I Telecom : Event: RecordEntry TC@9: INCOMING_FILTERING_FINISHED, SamsungAutoRejectIncomingCallFiltering, 67, isSktTPhoneMode=false, isBlockNumber=false: (...->CS.crCo->H.CS.crCo->H.CS.crCo.pICR)->CSW.hCCC->ICFG.sF->ICFG.sF->ICFG.sF(cap/cast)@E-E-AkY
08-23 19:46:48.411 1452 17973 I Telecom:SamsungIncomingCallFilter: SamsungAutoRejectIncomingCallFiltering@224473917 reportCallFilterResult [Allow, logged, notified] elapsedTime = 67
08-23 19:46:48.411 1452 17973 I Telecom : Event: RecordEntry TC@9: INCOMING_FILTERING_INITIATED, SamsungInternationalCallLockIncomingCallFiltering: (...->CS.crCo->H.CS.crCo->H.CS.crCo.pICR)->CSW.hCCC->ICFG.sF->ICFG.sF->ICFG.sF(cap/cast)@E-E-AkY
08-23 19:46:48.411 1452 17973 I Telecom:SamsungIncomingCallFilter: SamsungInternationalCallLockIncomingCallFiltering@237868850 startFilterLookup
08-23 19:46:48.413 1452 17973 I Telecom : Event: RecordEntry TC@9: INCOMING_FILTERING_FINISHED, SamsungInternationalCallLockIncomingCallFiltering, 68, isInternationalCallLock=false: (...->CS.crCo->H.CS.crCo->H.CS.crCo.pICR)->CSW.hCCC->ICFG.sF->ICFG.sF->ICFG.sF(cap/cast)@E-E-AkY
08-23 19:46:48.413 1452 17973 I Telecom:SamsungIncomingCallFilter: SamsungInternationalCallLockIncomingCallFiltering@237868850 reportCallFilterResult [Allow, logged, notified] elapsedTime = 68
08-23 19:46:48.413 1452 17973 I Telecom : Event: RecordEntry TC@9: INCOMING_FILTERING_INITIATED, SamsungTwoPhoneIncomingCallFiltering: (...->CS.crCo->H.CS.crCo->H.CS.crCo.pICR)->CSW.hCCC->ICFG.sF->ICFG.sF->ICFG.sF(cap/cast)@E-E-AkY
08-23 19:46:48.414 1452 17973 I Telecom:SamsungIncomingCallFilter: SamsungTwoPhoneIncomingCallFiltering@2542723 startFilterLookup
08-23 19:46:48.414 1452 17973 I Telecom : Event: RecordEntry TC@9: INCOMING_FILTERING_FINISHED, SamsungTwoPhoneIncomingCallFiltering, 70, two phone not supported: (...->CS.crCo->H.CS.crCo->H.CS.crCo.pICR)->CSW.hCCC->ICFG.sF->ICFG.sF->ICFG.sF(cap/cast)@E-E-AkY
08-23 19:46:48.414 1452 17973 I Telecom:SamsungIncomingCallFilter: SamsungTwoPhoneIncomingCallFiltering@2542723 reportCallFilterResult [Allow, logged, notified] elapsedTime = 70
08-23 19:46:48.415 1452 17973 I Telecom : Event: RecordEntry TC@9: INCOMING_FILTERING_INITIATED, SamsungRttIncomingCallFiltering: (...->CS.crCo->H.CS.crCo->H.CS.crCo.pICR)->CSW.hCCC->ICFG.sF->ICFG.sF->ICFG.sF(cap/cast)@E-E-AkY
08-23 19:46:48.415 1452 17973 I Telecom:SamsungIncomingCallFilter: SamsungRttIncomingCallFiltering@52899328 startFilterLookup
08-23 19:46:48.415 1452 17973 I Telecom : Event: RecordEntry TC@9: INCOMING_FILTERING_FINISHED, SamsungRttIncomingCallFiltering, 72, rtt calls not supported: (...->CS.crCo->H.CS.crCo->H.CS.crCo.pICR)->CSW.hCCC->ICFG.sF->ICFG.sF->ICFG.sF(cap/cast)@E-E-AkY
08-23 19:46:48.415 1452 17973 I Telecom:SamsungIncomingCallFilter: SamsungRttIncomingCallFiltering@52899328 reportCallFilterResult [Allow, logged, notified] elapsedTime = 72
08-23 19:46:48.416 1452 17973 I Telecom : Event: RecordEntry TC@9: INCOMING_FILTERING_INITIATED, SamsungVipModeIncomingCallFiltering: (...->CS.crCo->H.CS.crCo->H.CS.crCo.pICR)->CSW.hCCC->ICFG.sF->ICFG.sF->ICFG.sF(cap/cast)@E-E-AkY
08-23 19:46:48.416 1452 17973 I Telecom:SamsungIncomingCallFilter: SamsungVipModeIncomingCallFiltering@196265529 startFilterLookup
08-23 19:46:48.417 1452 17973 I Telecom : Event: RecordEntry TC@9: INCOMING_FILTERING_FINISHED, SamsungVipModeIncomingCallFiltering, 73, vip mode not supported: (...->CS.crCo->H.CS.crCo->H.CS.crCo.pICR)->CSW.hCCC->ICFG.sF->ICFG.sF->ICFG.sF(cap/cast)@E-E-AkY
08-23 19:46:48.417 1452 17973 I Telecom:SamsungIncomingCallFilter: SamsungVipModeIncomingCallFiltering@196265529 reportCallFilterResult [Allow, logged, notified] elapsedTime = 73
08-23 19:46:48.418 1452 17973 I Telecom : Event: RecordEntry TC@9: INCOMING_FILTERING_INITIATED, SamsungTPhoneIncomingCallFiltering: (...->CS.crCo->H.CS.crCo->H.CS.crCo.pICR)->CSW.hCCC->ICFG.sF->ICFG.sF->ICFG.sF(cap/cast)@E-E-AkY
08-23 19:46:48.418 1452 17973 I Telecom:SamsungIncomingCallFilter: SamsungTPhoneIncomingCallFiltering@211416190 startFilterLookup
08-23 19:46:48.418 1452 17973 I Telecom:SamsungTPhoneIncomingCallFiltering: isSktTPhoneMode : false
08-23 19:46:48.418 1452 17973 I Telecom : Event: RecordEntry TC@9: INCOMING_FILTERING_FINISHED, SamsungTPhoneIncomingCallFiltering, 74, isSktTPhoneMode=false: (...->CS.crCo->H.CS.crCo->H.CS.crCo.pICR)->CSW.hCCC->ICFG.sF->ICFG.sF->ICFG.sF(cap/cast)@E-E-AkY
08-23 19:46:48.418 1452 17973 I Telecom:SamsungIncomingCallFilter: SamsungTPhoneIncomingCallFiltering@211416190 reportCallFilterResult [Allow, logged, notified] elapsedTime = 74
08-23 19:46:48.418 1452 17973 I Telecom : IncomingCallFilterGraph: Filter com.samsung.server.telecom.advancedcall.video.SamsungVideoCallIncomingCallFiltering@57cb6a6 done, result: [Allow, logged, notified].: (...->CS.crCo->H.CS.crCo->H.CS.crCo.pICR)->CSW.hCCC->ICFG.sF->ICFG.sF->ICFG.sF->ICFG.sF(cap/cast)@E-E-AkY
08-23 19:46:48.418 1452 17974 I Telecom : Event: RecordEntry TC@9: BLOCK_CHECK_FINISHED, not blocked [Allow, logged, notified, contact exists]: (...->CS.crCo->H.CS.crCo->H.CS.crCo.pICR)->CSW.hCCC->ICFG.sF->ICFG.sF->ICFG.sF->CILH.sL->CILH.oQC->BCF.gBS->BCF.gBS(cap/cast)@E-E-AkY
08-23 19:46:48.419 1452 17973 I Telecom : IncomingCallFilterGraph: Filter com.samsung.server.telecom.advancedcall.filtering.accessibility.SamsungAccessControlIncomingCallFiltering@2488e7 done, result: [Allow, logged, notified].: (...->CS.crCo->H.CS.crCo->H.CS.crCo.pICR)->CSW.hCCC->ICFG.sF->ICFG.sF->ICFG.sF->ICFG.sF(cap/cast)@E-E-AkY
08-23 19:46:48.419 1452 17973 I Telecom : IncomingCallFilterGraph: Filter com.samsung.server.telecom.advancedcall.autoanswer.SamsungAutomaticAnsweringMachineIncomingCallFiltering@aeedc94 done, result: [Allow, logged, notified].: (...->CS.crCo->H.CS.crCo->H.CS.crCo.pICR)->CSW.hCCC->ICFG.sF->ICFG.sF->ICFG.sF->ICFG.sF(cap/cast)@E-E-AkY
08-23 19:46:48.419 1452 17973 I Telecom : IncomingCallFilterGraph: Filter com.android.server.telecom.callfiltering.DirectToVoicemailFilter@f3f09e8 done, result: [Allow, logged, notified, contact exists].: (...->CS.crCo->H.CS.crCo->H.CS.crCo.pICR)->CSW.hCCC->ICFG.sF->ICFG.sF->ICFG.sF->CILH.sL->CILH.oQC->ICFG.sF(cap/cast)@E-E-AkY
08-23 19:46:48.420 1452 17973 I Telecom : IncomingCallFilterGraph: Filter com.samsung.server.telecom.advancedcall.filtering.autoreject.SamsungAutoRejectIncomingCallFiltering@d61333d done, result: [Allow, logged, notified].: (...->CS.crCo->H.CS.crCo->H.CS.crCo.pICR)->CSW.hCCC->ICFG.sF->ICFG.sF->ICFG.sF->ICFG.sF(cap/cast)@E-E-AkY
08-23 19:46:48.420 1452 17973 I Telecom : IncomingCallFilterGraph: Filter com.samsung.server.telecom.advancedcall.filtering.internationalcalllock.SamsungInternationalCallLockIncomingCallFiltering@e2d9732 done, result: [Allow, logged, notified].: (...->CS.crCo->H.CS.crCo->H.CS.crCo.pICR)->CSW.hCCC->ICFG.sF->ICFG.sF->ICFG.sF->ICFG.sF(cap/cast)@E-E-AkY
08-23 19:46:48.420 1452 17973 I Telecom : IncomingCallFilterGraph: Filter com.samsung.server.telecom.advancedcall.multinumber.SamsungTwoPhoneIncomingCallFiltering@26cc83 done, result: [Allow, logged, notified].: (...->CS.crCo->H.CS.crCo->H.CS.crCo.pICR)->CSW.hCCC->ICFG.sF->ICFG.sF->ICFG.sF->ICFG.sF(cap/cast)@E-E-AkY
08-23 19:46:48.420 1452 17973 I Telecom : IncomingCallFilterGraph: Filter com.samsung.server.telecom.advancedcall.rtt.SamsungRttIncomingCallFiltering@3272e00 done, result: [Allow, logged, notified].: (...->CS.crCo->H.CS.crCo->H.CS.crCo.pICR)->CSW.hCCC->ICFG.sF->ICFG.sF->ICFG.sF->ICFG.sF(cap/cast)@E-E-AkY
08-23 19:46:48.420 1452 17973 I Telecom : IncomingCallFilterGraph: Filter com.samsung.server.telecom.advancedcall.secure.vipmode.SamsungVipModeIncomingCallFiltering@bb2c639 done, result: [Allow, logged, notified].: (...->CS.crCo->H.CS.crCo->H.CS.crCo.pICR)->CSW.hCCC->ICFG.sF->ICFG.sF->ICFG.sF->ICFG.sF(cap/cast)@E-E-AkY
08-23 19:46:48.421 1452 17973 I Telecom : IncomingCallFilterGraph: Filter com.samsung.server.telecom.advancedcall.tphone.SamsungTPhoneIncomingCallFiltering@c99f47e done, result: [Allow, logged, notified].: (...->CS.crCo->H.CS.crCo->H.CS.crCo.pICR)->CSW.hCCC->ICFG.sF->ICFG.sF->ICFG.sF->ICFG.sF(cap/cast)@E-E-AkY
08-23 19:46:48.421 1452 17973 I Telecom : IncomingCallFilterGraph: Filter com.android.server.telecom.callfiltering.BlockCheckerFilter@44c1801 done, result: [Allow, logged, notified, contact exists].: (...->CS.crCo->H.CS.crCo->H.CS.crCo.pICR)->CSW.hCCC->ICFG.sF->ICFG.sF->ICFG.sF->CILH.sL->CILH.oQC->BCF.gBS->BCF.gBS->ICFG.sF(cap/cast)@E-E-AkY
08-23 19:46:48.421 1452 17973 I Telecom : IncomingCallFilterGraph: Filter com.android.server.telecom.callfiltering.CallScreeningServiceFilter@ef4afa9: null scheduled.: (...->CS.crCo->H.CS.crCo->H.CS.crCo.pICR)->CSW.hCCC->ICFG.sF->ICFG.sF->ICFG.sF->CILH.sL->CILH.oQC->BCF.gBS->BCF.gBS->ICFG.sF(cap/cast)@E-E-AkY
08-23 19:46:48.421 1452 17973 I Telecom : Event: RecordEntry TC@9: SCREENING_SKIPPED, null, 0: (...->CS.crCo->H.CS.crCo->H.CS.crCo.pICR)->CSW.hCCC->ICFG.sF->ICFG.sF->ICFG.sF->CILH.sL->CILH.oQC->BCF.gBS->BCF.gBS->ICFG.sF->ICFG.sF(cap/cast)@E-E-AkY
08-23 19:46:48.423 1452 17973 I Telecom : IncomingCallFilterGraph: Filter com.android.server.telecom.callfiltering.CallScreeningServiceFilter@ef4afa9: null done, result: [Allow, logged, notified, contact exists].: (...->CS.crCo->H.CS.crCo->H.CS.crCo.pICR)->CSW.hCCC->ICFG.sF->ICFG.sF->ICFG.sF->CILH.sL->CILH.oQC->BCF.gBS->BCF.gBS->ICFG.sF->ICFG.sF->ICFG.sF(cap/cast)@E-E-AkY
08-23 19:46:48.423 1452 17973 I Telecom : IncomingCallFilterGraph: Filter com.android.server.telecom.callfiltering.CallScreeningServiceFilter@16a792e: com.callapp.contacts scheduled.: (...->CS.crCo->H.CS.crCo->H.CS.crCo.pICR)->CSW.hCCC->ICFG.sF->ICFG.sF->ICFG.sF->CILH.sL->CILH.oQC->BCF.gBS->BCF.gBS->ICFG.sF->ICFG.sF->ICFG.sF(cap/cast)@E-E-AkY
08-23 19:46:48.424 1452 17973 I Telecom : Event: RecordEntry TC@9: SCREENING_SENT, com.callapp.contacts, 1: (...->CS.crCo->H.CS.crCo->H.CS.crCo.pICR)->CSW.hCCC->ICFG.sF->ICFG.sF->ICFG.sF->CILH.sL->CILH.oQC->BCF.gBS->BCF.gBS->ICFG.sF->ICFG.sF->ICFG.sF->ICFG.sF(cap/cast)@E-E-AkY
