08-23 19:26:56.820 1452 1452 D PowerManagerService: [PWL] sb release: PowerManagerService.Broadcasts
08-23 19:26:57.118 1452 2984 D SettingsProvider: isChangeAllowed() : name = wifi_client_smart_tethering_settings
08-23 19:26:57.757 1452 4900 D SamsungAlarmManager: Cancel Alarm calling from uid:5010 pid :14927 / OP:PendingIntent{9b6027c: PendingIntentRecord{87b7b6d com.samsung.android.rubin.app broadcastIntent}}
08-23 19:26:58.799 599 599 I io_stats: !@ 179,0 r 1817803 30161629 w 76094 1317160 d 40050 558928 f 42432 50943 iot 726930 574015 th 51200 51200 41500 pt 1070 inp 0 0 2022.655
08-23 19:27:00.000 1452 1908 D SamsungAlarmManager: Expired : 8
08-23 19:27:00.001 1452 1908 I SamsungAlarmManager: setLocked to kernel - T:2 / 20210823T192701, set=7662619, now=7661077
08-23 19:27:00.001 1452 1908 E AlarmManager: Set nextNonWakeup as mNextNonWakeupDeliveryTime=7841077 , orig nextNonWakeup=0
08-23 19:27:00.001 1452 1908 I SamsungAlarmManager: setLocked to kernel - T:3 / 20210823T193000, set=7841077, now=7661078
08-23 19:27:00.812 599 599 I io_stats: !@ 179,0 r 1817804 30161629 w 76126 1317600 d 40050 558928 f 42433 50944 iot 726970 574047 th 51200 51200 41500 pt 1070 inp 0 0 2024.668
08-23 19:27:00.955 1452 1590 I PowerManagerService: [PWL] Off : 5s ago
08-23 19:27:00.956 1452 1590 I PowerManagerService: [PWL] PowerManagerService.WakeLocks: ref count=1
08-23 19:27:00.956 1452 1590 I PowerManagerService: [PWL] mWakeLockSummary : 0x41
08-23 19:27:00.956 1452 1590 I PowerManagerService: [PWL] PARTIAL_WAKE_LOCK '*telephony-radio*' ACQ=-9s674ms (uid=1001 pid=2050 pkg=com.android.phone ws=WorkSource{1001 com.android.phone})
08-23 19:27:00.957 1452 1572 I AppOps : commitUidPendingStateLocked() :: UID - 10067, 100 > 500, 7 > 7
08-23 19:27:01.123 2085 2085 I wpa_supplicant: Heartbeat 199
08-23 19:27:01.270 1452 1571 D BinderCallsStatsService: reportCpuUsage() : -20%
08-23 19:27:01.542 1452 1908 D SamsungAlarmManager: Expired : 4
08-23 19:27:01.543 1452 1908 V SamsungAlarmManager: Sending to uid : 1000 L=6441702:TIME_TICK alarm=Alarm{ea099f1 type 3 when 7661077 android}
08-23 19:27:01.544 1452 1908 D SamsungAlarmManager: setExact (T:3/F:1/AC:false) 20210823T192800 now=7662620 - CU:1000/CP:1452/L:6441702:TIME_TICK
08-23 19:27:01.544 1452 1908 I SamsungAlarmManager: setLocked to kernel - T:2 / 20210823T192715, set=7676197, now=7662621
08-23 19:27:01.545 1452 1908 V SamsungAlarmManager: Sending to uid : 1000 action=FIRST_ALARM_TRIGGER_ACTION alarm=Alarm{aaf29d6 type 0 when 1629764821542 android}
08-23 19:27:01.548 1452 1908 D ActivityManager: Received BROADCAST intent 0x40f1968 Key{broadcastIntent pkg=android intent=act=FIRST_ALARM_TRIGGER_ACTION flg=0x40000000 pkg=android flags=0x0 u=0} requestCode=0 sent=0 from uid 1000
08-23 19:27:01.549 1452 1908 I SamsungAlarmManager: setLocked to kernel - T:2 / 20210823T192715, set=7676197, now=7662626
08-23 19:27:01.550 1452 1452 D MARsTrigger: mPolicyIntentReceiver broadcast received action : FIRST_ALARM_TRIGGER_ACTION
08-23 19:27:01.551 1452 1586 D MARsPolicyManager: triggerAction called!
08-23 19:27:01.562 1452 1586 D MARs:TopPackageFilter: filtering was skipped by screen off! com.whatsapp(0)
08-23 19:27:01.564 1452 1586 D MARs:TopPackageFilter: filtering was skipped by screen off! com.android.vending(0)
08-23 19:27:01.566 1452 1586 D MARs:TopPackageFilter: filtering was skipped by screen off! com.microsoft.office.outlook(0)
08-23 19:27:01.566 1452 1586 D MARs:DeviceAdminPackageFilter: filter : com.microsoft.office.outlook(0)
08-23 19:27:01.566 1452 1586 D MARs:TopPackageFilter: filtering was skipped by screen off! com.opera.max.oem(0)
08-23 19:27:01.569 1452 1586 D MARs:TopPackageFilter: filtering was skipped by screen off! com.facebook.lite(0)
08-23 19:27:02.709 1452 1562 E Watchdog: !@Sync: 67 heap: 69 / 78 [2021-08-23 19:27:02.709] sdogWay: softdog
08-23 19:27:02.825 599 599 I io_stats: !@ 179,0 r 1817813 30161805 w 76126 1317600 d 40050 558928 f 42433 50944 iot 726990 574057 th 51200 51200 41500 pt 1070 inp 0 0 2026.681
08-23 19:27:04.840 599 599 I io_stats: !@ 179,0 r 1817813 30161805 w 76128 1317608 d 40050 558928 f 42433 50944 iot 726990 574064 th 51200 51200 41500 pt 1070 inp 0 0 2028.696
08-23 19:27:09.393 1452 1571 D PowerManagerService: [api] setDeviceIdleTempWhitelist: appids: [0]1000 [1]1001 [2]10081 [3]10164 [4]10513 (uid: 1000 pid: 1452)
08-23 19:27:09.442 1452 1571 I AppOps : updateUidProcState uid: 1001 procState: 0 capability:7
08-23 19:27:09.444 1452 1571 D PowerManagerService: [api] setDeviceIdleTempWhitelist: appids: [0]1000 [1]10081 [2]10164 [3]10513 (uid: 1000 pid: 1452)
08-23 19:27:09.469 1452 1571 D PowerManagerService: [api] setDeviceIdleTempWhitelist: appids: [0]1000 [1]10081 [2]10164 (uid: 1000 pid: 1452)
08-23 19:27:09.499 1452 1571 I AppOps : updateUidProcState uid: 1000 procState: 0 capability:7
08-23 19:27:09.501 1452 1571 D PowerManagerService: [api] setDeviceIdleTempWhitelist: appids: [0]10081 [1]10164 (uid: 1000 pid: 1452)
08-23 19:27:09.509 1452 1571 D PowerManagerService: [api] setDeviceIdleTempWhitelist: appids: [0]10081 (uid: 1000 pid: 1452)
08-23 19:27:10.883 599 599 I io_stats: !@ 179,0 r 1817834 30161993 w 76137 1317644 d 40050 558928 f 42433 50944 iot 727070 574143 th 51200 51200 41500 pt 1070 inp 0 0 2034.739
08-23 19:27:10.968 1452 1590 I PowerManagerService: [PWL] Off : 15s ago
08-23 19:27:10.969 1452 1590 I PowerManagerService: [PWL] PowerManagerService.WakeLocks: ref count=1
08-23 19:27:10.969 1452 1590 I PowerManagerService: [PWL] mWakeLockSummary : 0x41
08-23 19:27:10.970 1452 1590 I PowerManagerService: [PWL] PARTIAL_WAKE_LOCK '*telephony-radio*' ACQ=-19s688ms (uid=1001 pid=2050 pkg=com.android.phone ws=WorkSource{1001 com.android.phone})
08-23 19:27:11.133 2085 2085 I wpa_supplicant: Heartbeat 200
08-23 19:27:12.896 599 599 I io_stats: !@ 179,0 r 1817835 30161997 w 76139 1317652 d 40050 558928 f 42433 50944 iot 727080 574152 th 51200 51200 41500 pt 1070 inp 0 0 2036.752
08-23 19:27:14.910 599 599 I io_stats: !@ 179,0 r 1817835 30161997 w 76153 1317724 d 40050 558928 f 42433 50944 iot 727080 574160 th 51200 51200 41500 pt 1070 inp 0 0 2038.766
08-23 19:27:15.122 1452 1908 D SamsungAlarmManager: Expired : 4
08-23 19:27:15.126 1452 1908 D SamsungAlarmManager: setInexact (T:3/F:0/AC:false) 20210823T192815 now=7676202 - CU:1000/CP:1452/OP:PendingIntent{e6efda2: PendingIntentRecord{50e186a com.opera.max.oem broadcastIntent}}
08-23 19:27:15.126 1452 1908 I SamsungAlarmManager: setLocked to kernel - T:2 / 20210823T193048, set=7889773, now=7676203
08-23 19:27:15.126 1452 1908 I SamsungAlarmManager: setLocked to kernel - T:3 / 20210823T192800, set=7721077, now=7676203
08-23 19:27:15.127 1452 1908 V SamsungAlarmManager: Sending to uid : 1000 L=25a0e33:DeviceIdleController.light alarm=Alarm{ec1bef3 type 2 when 7669361 android}
08-23 19:27:15.129 1452 1908 V SamsungAlarmManager: Sending to uid : 1000 action=com.sec.android.alarm.refresh.battery_stats alarm=Alarm{1594633 type 3 when 7670443 com.sec.android.sdhms}
08-23 19:27:15.130 1452 1908 D ActivityManager: Received BROADCAST intent 0x1323485 Key{broadcastIntent pkg=com.sec.android.sdhms intent=act=com.sec.android.alarm.refresh.battery_stats flags=0x0 u=0} requestCode=0 sent=0 from uid 1000
08-23 19:27:15.130 1452 1908 V SamsungAlarmManager: Sending to uid : 10160 action=null alarm=Alarm{39e87b0 type 3 when 7676197 com.opera.max.oem}
08-23 19:27:15.138 1452 1908 D ActivityManager: Received BROADCAST intent 0x50e186a Key{broadcastIntent pkg=com.opera.max.oem intent=cmp=com.opera.max.oem/com.opera.max.BoostUIService$StopReceiver flags=0x0 u=0} requestCode=0 sent=0 from uid 1000
08-23 19:27:15.149 1452 1908 I SamsungAlarmManager: setLocked to kernel - T:2 / 20210823T193048, set=7889773, now=7676225
08-23 19:27:15.149 1452 1908 I SamsungAlarmManager: setLocked to kernel - T:3 / 20210823T192800, set=7721077, now=7676225
08-23 19:27:15.155 1452 1571 D SamsungAlarmManager: setInexact (T:2/F:8/AC:false) 20210823T192815 now=7676231 - CU:1000/CP:1452/L:25a0e33:DeviceIdleController.light
08-23 19:27:15.162 1452 1571 I SamsungAlarmManager: setLocked to kernel - T:2 / 20210823T192815, set=7736205, now=7676239
08-23 19:27:15.162 1452 1571 I SamsungAlarmManager: setLocked to kernel - T:3 / 20210823T192800, set=7721077, now=7676239
08-23 19:27:15.164 1452 1571 D PowerManagerService: [api] setDeviceIdleMode: false (uid: 1000 pid: 1452)
08-23 19:27:15.164 1452 1571 D PowerManagerService: [api] setLightDeviceIdleMode: false (uid: 1000 pid: 1452)
08-23 19:27:15.186 1452 1452 D SamsungAlarmManager: setInexact (T:3/F:0/AC:false) 20210823T192910 now=7676263 - CU:1000/CP:1452/L:75c6edc:*job.delay*
08-23 19:27:15.186 1452 1452 I SamsungAlarmManager: setLocked to kernel - T:2 / 20210823T192815, set=7736205, now=7676263
08-23 19:27:15.187 1452 1452 I SamsungAlarmManager: setLocked to kernel - T:3 / 20210823T192800, set=7721077, now=7676263
08-23 19:27:15.207 1452 1452 D SamsungAlarmManager: setInexact (T:2/F:0/AC:false) 20210823T214143 now=7676284 - CU:1000/CP:1452/L:64a6be5:*job.deadline*
08-23 19:27:15.207 1452 1452 I SamsungAlarmManager: setLocked to kernel - T:2 / 20210823T192815, set=7736205, now=7676284
08-23 19:27:15.207 1452 1452 I SamsungAlarmManager: setLocked to kernel - T:3 / 20210823T192800, set=7721077, now=7676284
08-23 19:27:15.229 1452 1581 D BatteryExternalStatsWorker: update stats
08-23 19:27:15.229 1452 1581 D BatteryExternalStatsWorker: WifiActivityEnergyInfo was updated
08-23 19:27:15.229 1452 1581 D BatteryExternalStatsWorker: BluetoothActivityEnergyInfo was updated
08-23 19:27:15.241 1452 1452 D ConnectivityService: Connectivity-MDO: 10193 is true
08-23 19:27:15.241 1452 1452 D ConnectivityService: Connectivity-MDO change default network for 10193, type: mdo
08-23 19:27:15.256 1452 4886 D ConnectivityService: Connectivity-MDO: 10193 is true
08-23 19:27:15.256 1452 4886 D ConnectivityService: Connectivity-MDO change default network for 10193, type: mdo
08-23 19:27:15.256 1452 4886 D ConnectivityService: Returning UNBLOCKED NetworkInfo to uid=10193
08-23 19:27:15.259 1452 1452 D ConnectivityService: Connectivity-MDO: 10445 is true
08-23 19:27:15.259 1452 1452 D ConnectivityService: Connectivity-MDO change default network for 10445, type: mdo
08-23 19:27:15.261 1452 1581 D BatteryExternalStatsWorker: ModemActivityEnergyInfo was updated
08-23 19:27:15.265 1452 1581 E KernelCpuSpeedReader: Failed to read cpu-freq: /sys/devices/system/cpu/cpu0/cpufreq/stats/time_in_state: open failed: ENOENT (No such file or directory)
08-23 19:27:15.275 1452 4887 D SamsungAlarmManager: Cancel Alarm calling from uid:10164 pid :2781 / OP:PendingIntent{dc3b486: PendingIntentRecord{af48901 com.google.android.gms/com.google.android.gms.gcm broadcastIntent}}
08-23 19:27:15.280 1452 4887 D SamsungAlarmManager: setInexact (T:2/F:0/AC:false) 20210823T192910 now=7676356 - CU:10164/CP:2781/OP:PendingIntent{2f8e147: PendingIntentRecord{af48901 com.google.android.gms/com.google.android.gms.gcm broadcastIntent}}
08-23 19:27:15.280 1452 4887 I SamsungAlarmManager: setLocked to kernel - T:2 / 20210823T192815, set=7736205, now=7676357
08-23 19:27:15.280 1452 4887 I SamsungAlarmManager: setLocked to kernel - T:3 / 20210823T192800, set=7721077, now=7676357
08-23 19:27:15.296 1452 1581 D BatteryExternalStatsWorker: done updateExternalStatsLocked
08-23 19:27:15.380 1452 4900 D ConnectivityService: Connectivity-MDO: 10193 is true
08-23 19:27:15.381 1452 4900 D ConnectivityService: Connectivity-MDO change default network for 10193, type: mdo
08-23 19:27:15.485 1452 2115 D MdnieScenarioControlService: packageName : com.callapp.contacts className : com.callapp.contacts.activity.missedcall.missedAnswer.MissedCallActivity
08-23 19:27:15.487 1452 2115 V MdnieScenarioControlService: setUIMode from UI function(3)
08-23 19:27:15.516 1452 4887 D SamsungAlarmManager: Cancel Alarm calling from uid:10164 pid :2347 / OP:PendingIntent{36de4d1: PendingIntentRecord{c284b36 com.google.android.gms/com.google.android.gms.measurement broadcastIntent}}
08-23 19:27:15.535 1452 4886 D SamsungAlarmManager: Cancel Alarm calling from uid:10164 pid :2347 / OP:PendingIntent{9a5e4c2: PendingIntentRecord{c284b36 com.google.android.gms/com.google.android.gms.measurement broadcastIntent}}
08-23 19:27:15.539 3512 3731 I SDHMS:PowerAnomaly:GATHERERBATTSTATS: BarTender BatteryStatsUpdateReceiver Start / reason : POLLING
08-23 19:27:15.540 3512 3731 I SDHMS:PowerAnomaly:GATHERERBATTSTATS: BarTender addStats To DB Start
08-23 19:27:15.544 3512 3731 I SDHMS:PowerAnomaly:BatteryStatsDBManager: BarTender DB BulkInsert Start / size=60
08-23 19:27:15.545 3512 3731 I SDHMS:BatteryStatsDBProvider: BarTender DB Provider bulkInsert Start
08-23 19:27:15.550 1452 4887 D SamsungAlarmManager: Cancel Alarm calling from uid:10164 pid :2347 / OP:PendingIntent{b479e10: PendingIntentRecord{c284b36 com.google.android.gms/com.google.android.gms.measurement broadcastIntent}}
08-23 19:27:15.565 1452 4886 D SamsungAlarmManager: Cancel Alarm calling from uid:10164 pid :2347 / OP:PendingIntent{75d09: PendingIntentRecord{c284b36 com.google.android.gms/com.google.android.gms.measurement broadcastIntent}}
08-23 19:27:15.587 1452 2115 V MdnieScenarioControlService: mAclOffEnabled : false mAclPreviewState : false mAclCompensationState : false
08-23 19:27:15.635 1452 4887 W ActivityManager: Background start not allowed: service Intent { act=com.whatsapp.messaging.MessageService.START cmp=com.whatsapp/.messaging.MessageService } to com.whatsapp/.messaging.MessageService from pid=15596 uid=10193 pkg=com.whatsapp startFg?=false
08-23 19:27:15.646 1452 4887 D SamsungAlarmManager: setExact (T:2/F:5/AC:false) 20210823T194045 now=7676722 - CU:10193/CP:15596/OP:PendingIntent{f718b0e: PendingIntentRecord{68aa92f com.whatsapp broadcastIntent}}
08-23 19:27:15.646 1452 4887 I SamsungAlarmManager: setLocked to kernel - T:2 / 20210823T192815, set=7736205, now=7676722
08-23 19:27:15.646 1452 4887 I SamsungAlarmManager: setLocked to kernel - T:3 / 20210823T192800, set=7721077, now=7676722
08-23 19:27:15.654 1452 4887 I SamsungAlarmManager: setLocked to kernel - T:2 / 20210823T192815, set=7736205, now=7676730
08-23 19:27:15.654 1452 4887 I SamsungAlarmManager: setLocked to kernel - T:3 / 20210823T192800, set=7721077, now=7676731
08-23 19:27:15.656 1452 4887 D SamsungAlarmManager: setExact (T:2/F:5/AC:false) 20210823T194045 now=7676733 - CU:10193/CP:15596/OP:PendingIntent{8a2a94b: PendingIntentRecord{68aa92f com.whatsapp broadcastIntent}}
08-23 19:27:15.656 1452 4887 I SamsungAlarmManager: setLocked to kernel - T:2 / 20210823T192815, set=7736205, now=7676733
08-23 19:27:15.656 1452 4887 I SamsungAlarmManager: setLocked to kernel - T:3 / 20210823T192800, set=7721077, now=7676733
08-23 19:27:15.659 1452 4886 D SamsungAlarmManager: setInexact (T:3/F:0/AC:false) 20210823T193045 now=7676736 - CU:10193/CP:15596/OP:PendingIntent{7d91f28: PendingIntentRecord{fe0a441 com.whatsapp broadcastIntent}}
08-23 19:27:15.659 1452 4886 I SamsungAlarmManager: setLocked to kernel - T:2 / 20210823T192815, set=7736205, now=7676736
08-23 19:27:15.660 1452 4886 I SamsungAlarmManager: setLocked to kernel - T:3 / 20210823T192800, set=7721077, now=7676736
08-23 19:27:15.750 3512 3731 I SDHMS:BatteryStatsDBProvider: BarTender DB Provider bulkInsert End
08-23 19:27:15.751 3512 3731 I SDHMS:PowerAnomaly:BatteryStatsDBManager: BarTender DB BulkInsert End
08-23 19:27:15.759 1452 4886 D ConnectivityService: Connectivity-MDO: 10193 is true
08-23 19:27:15.759 1452 4886 D ConnectivityService: Connectivity-MDO change default network for 10193, type: mdo
08-23 19:27:15.761 1452 4886 D ConnectivityService: Connectivity-MDO: 10193 is true
08-23 19:27:15.761 1452 4886 D ConnectivityService: Connectivity-MDO change default network for 10193, type: mdo
08-23 19:27:15.781 1452 4886 D ConnectivityService: Connectivity-MDO: 10193 is true
08-23 19:27:15.781 1452 4886 D ConnectivityService: Connectivity-MDO change default network for 10193, type: mdo
08-23 19:27:15.844 3512 3731 I SDHMS:PowerAnomaly:GATHERERBATTSTATS: BarTender addStats To ExtDB Start
08-23 19:27:16.017 3512 3731 I SDHMS:PowerAnomaly:ANALYZERBATTSTATS: BatteryStats Analyze Start
08-23 19:27:16.301 3512 3731 I SDHMS:PowerAnomaly:GATHERERBATTSTATS: BarTender BatteryStatsUpdateReceiver End
08-23 19:27:16.302 3512 3731 I SDHMS:y : Polling event handleUpdatedDeltaLocked will starts.
08-23 19:27:16.309 3512 3731 I SDHMS:y : handleUpdatedDeltaLocked : 2021-08-23 19:17:09.364 ~ 2021-08-23 19:27:16.302 reason=POLLING
08-23 19:27:16.309 3512 3731 I SDHMS:y : refreshStats!! devInfo=power = 18.967054182260654, screenPower = 6.190494750000198, idlePower = 0.14930044444444412, percent = 1, screenOnTime = 250121, screenOffTime = 358285, uptime = 85805, screenOffUptime = 85805, AOD = 0, powerSave = 0, wakelock time = 72843 appInfo size=60
08-23 19:27:16.310 3512 3731 I SDHMS:y : Polling event handleUpdatedDeltaLocked finished.
08-23 19:27:16.313 1452 4886 D SamsungAlarmManager: setInexact (T:3/F:8/AC:false) 20210823T193716 now=7677389 - CU:1000/CP:3512/OP:PendingIntent{3449a79: PendingIntentRecord{1323485 com.sec.android.sdhms broadcastIntent}}
08-23 19:27:16.313 1452 4886 I SamsungAlarmManager: setLocked to kernel - T:2 / 20210823T192815, set=7736205, now=7677390
08-23 19:27:16.313 1452 4886 I SamsungAlarmManager: setLocked to kernel - T:3 / 20210823T192800, set=7721077, now=7677390
08-23 19:27:16.562 1452 1586 D MARsPolicyManager: triggerAction called!
08-23 19:27:16.569 1452 1586 D MARs:TopPackageFilter: filtering was skipped by screen off! com.whatsapp(0)
08-23 19:27:16.571 1452 1586 D MARs:TopPackageFilter: filtering was skipped by screen off! com.android.vending(0)
08-23 19:27:16.573 1452 1586 D MARs:TopPackageFilter: filtering was skipped by screen off! com.microsoft.office.outlook(0)
08-23 19:27:16.573 1452 1586 D MARs:DeviceAdminPackageFilter: filter : com.microsoft.office.outlook(0)
08-23 19:27:16.574 1452 1586 D MARs:TopPackageFilter: filtering was skipped by screen off! com.opera.max.oem(0)
08-23 19:27:16.575 1452 1586 D MARs:TopPackageFilter: filtering was skipped by screen off! com.facebook.lite(0)
08-23 19:27:16.923 599 599 I io_stats: !@ 179,0 r 1818553 30169169 w 76360 1319428 d 40161 559852 f 42518 51055 iot 727540 574546 th 51200 51200 41500 pt 1070 inp 0 0 2040.780
08-23 19:27:18.177 1452 1452 I SamsungAlarmManager: setLocked to kernel - T:2 / 20210823T192815, set=7736205, now=7679253
08-23 19:27:18.177 1452 1452 I SamsungAlarmManager: setLocked to kernel - T:3 / 20210823T192800, set=7721077, now=7679254
08-23 19:27:18.177 1452 1452 D SamsungAlarmManager: setInexact (T:2/F:0/AC:false) 20210823T192917 now=7679254 - CU:1000/CP:1452/L:64a6be5:*job.deadline*
08-23 19:27:18.177 1452 1452 I SamsungAlarmManager: setLocked to kernel - T:2 / 20210823T192815, set=7736205, now=7679254
08-23 19:27:18.178 1452 1452 I SamsungAlarmManager: setLocked to kernel - T:3 / 20210823T192800, set=7721077, now=7679254
08-23 19:27:18.253 1452 4900 I GenerationRegistry: mBackingStore.isClosed() : false
08-23 19:27:18.264 1452 4900 D ConnectivityService: Connectivity-MDO: 10184 is true
08-23 19:27:18.264 1452 4900 D ConnectivityService: Connectivity-MDO change default network for 10184, type: mdo
08-23 19:27:18.266 1452 4887 D ConnectivityService: Connectivity-MDO: 10184 is true
08-23 19:27:18.266 1452 4887 D ConnectivityService: Connectivity-MDO change default network for 10184, type: mdo
08-23 19:27:18.689 1452 1941 V NetworkPolicy: updateNotificationsNL() - totalBytes : 81241401, policy : NetworkPolicy{template=NetworkTemplate: matchRule=MOBILE, subscriberId=334020..., matchSubscriberIds=[334020...] cycleRule=RecurrenceRule{start=2020-01-01T00:00-06:00[America/Mexico_City] end=null period=P1M} warningBytes=-1 limitBytes=-1 lastWarningSnooze=-1 lastLimitSnooze=-1 lastRapidSnooze=-1 metered=true inferred=false}, CallingUID: 1000
08-23 19:27:18.936 599 599 I io_stats: !@ 179,0 r 1818804 30173781 w 76379 1319528 d 40161 559852 f 42522 51063 iot 727730 574649 th 51200 51200 41500 pt 1070 inp 0 0 2042.793
08-23 19:27:20.951 599 599 I io_stats: !@ 179,0 r 1818813 30173841 w 76449 1320364 d 40206 560424 f 42559 51103 iot 727830 574765 th 51200 51200 41500 pt 1070 inp 0 0 2044.807
08-23 19:27:21.144 2085 2085 I wpa_supplicant: Heartbeat 201
08-23 19:27:21.284 1452 2228 I SamsungAlarmManager: setLocked to kernel - T:2 / 20210823T192917, set=7799066, now=7682361
08-23 19:27:21.285 1452 2228 I SamsungAlarmManager: setLocked to kernel - T:3 / 20210823T192800, set=7721077, now=7682361
08-23 19:27:21.285 1452 2228 D SamsungAlarmManager: setInexact (T:2/F:8/AC:false) 20210823T193721 now=7682361 - CU:1000/CP:1452/L:25a0e33:DeviceIdleController.light
08-23 19:27:21.285 1452 2228 I SamsungAlarmManager: setLocked to kernel - T:2 / 20210823T192917, set=7799066, now=7682361
08-23 19:27:21.285 1452 2228 I SamsungAlarmManager: setLocked to kernel - T:3 / 20210823T192800, set=7721077, now=7682362
08-23 19:27:21.286 1452 1571 D PowerManagerService: [api] setDeviceIdleMode: false (uid: 1000 pid: 1452)
08-23 19:27:21.287 1452 1571 D PowerManagerService: [api] setLightDeviceIdleMode: true (uid: 1000 pid: 1452)
08-23 19:27:21.336 1452 1452 D SamsungAlarmManager: Cancel Alarm calling from uid:1000 pid :1452 / L:64a6be5
08-23 19:27:21.337 1452 4900 D SamsungAlarmManager: Cancel Alarm calling from uid:10193 pid :15596 / OP:PendingIntent{a94ad07: PendingIntentRecord{68aa92f com.whatsapp broadcastIntent}}
08-23 19:27:21.338 1452 1452 I SamsungAlarmManager: setLocked to kernel - T:2 / 20210823T192910, set=7791384, now=7682414
08-23 19:27:21.338 1452 1452 I SamsungAlarmManager: setLocked to kernel - T:3 / 20210823T192800, set=7721077, now=7682414
08-23 19:27:21.339 1452 1452 D SamsungAlarmManager: Cancel Alarm calling from uid:1000 pid :1452 / L:75c6edc
08-23 19:27:21.341 1452 4900 I SamsungAlarmManager: setLocked to kernel - T:2 / 20210823T192910, set=7791384, now=7682418
08-23 19:27:21.341 1452 4900 I SamsungAlarmManager: setLocked to kernel - T:3 / 20210823T192800, set=7721077, now=7682418
08-23 19:27:21.343 1452 1452 I SamsungAlarmManager: setLocked to kernel - T:2 / 20210823T192910, set=7791384, now=7682420
08-23 19:27:21.343 1452 1452 I SamsungAlarmManager: setLocked to kernel - T:3 / 20210823T192800, set=7721077, now=7682420
08-23 19:27:21.345 1452 2228 D SamsungAlarmManager: Cancel Alarm calling from uid:10193 pid :15596 / OP:PendingIntent{86ffe34: PendingIntentRecord{fe0a441 com.whatsapp broadcastIntent}}
08-23 19:27:21.346 1452 1452 D ConnectivityService: Connectivity-MDO: 10193 is true
08-23 19:27:21.346 1452 1452 D ConnectivityService: Connectivity-MDO change default network for 10193, type: mdo
08-23 19:27:21.346 1452 2228 I SamsungAlarmManager: setLocked to kernel - T:2 / 20210823T192910, set=7791384, now=7682423
08-23 19:27:21.347 1452 2228 I SamsungAlarmManager: setLocked to kernel - T:3 / 20210823T192800, set=7721077, now=7682423
08-23 19:27:21.349 1452 4900 D ConnectivityService: Connectivity-MDO: 10193 is true
08-23 19:27:21.349 1452 4900 D ConnectivityService: Connectivity-MDO change default network for 10193, type: mdo
08-23 19:27:21.349 1452 4900 D ConnectivityService: Returning BLOCKED NetworkInfo to uid=10193
08-23 19:27:21.356 1452 1452 D ConnectivityService: Connectivity-MDO: 10445 is true
08-23 19:27:21.356 1452 1452 D ConnectivityService: Connectivity-MDO change default network for 10445, type: mdo
08-23 19:27:22.964 599 599 I io_stats: !@ 179,0 r 1818835 30174373 w 76449 1320364 d 40206 560424 f 42559 51103 iot 727840 574782 th 51200 51200 41500 pt 1070 inp 0 0 2046.820
08-23 19:27:24.977 599 599 I io_stats: !@ 179,0 r 1818835 30174373 w 76465 1320464 d 40206 560424 f 42559 51103 iot 727850 574796 th 51200 51200 41500 pt 1070 inp 0 0 2048.833
08-23 19:27:25.975 1452 1590 I PowerManagerService: [PWL] Off : 30s ago
08-23 19:27:25.976 1452 1590 I PowerManagerService: [PWL] PowerManagerService.WakeLocks: ref count=1
08-23 19:27:25.976 1452 1590 I PowerManagerService: [PWL] mWakeLockSummary : 0x41
08-23 19:27:25.977 1452 1590 I PowerManagerService: [PWL] PARTIAL_WAKE_LOCK '*telephony-radio*' ACQ=-10s724ms (uid=1001 pid=2050 pkg=com.android.phone ws=WorkSource{1001 com.android.phone})
08-23 19:27:26.992 599 599 I io_stats: !@ 179,0 r 1818835 30174373 w 76466 1320468 d 40206 560424 f 42559 51103 iot 727860 574803 th 51200 51200 41500 pt 1070 inp 0 0 2050.848
08-23 19:27:30.224 1452 1956 D DeviceStorageMonitorService: check() STORAGE TOTAL <= 64G
08-23 19:27:30.225 1452 1956 W DeviceStorageMonitorService: check(/data) freeStorage = 263585792
08-23 19:27:30.353 1452 1956 W PackageManager: Not removing package com.google.android.trichromelibrary hosting lib com.google.android.trichromelibrary version 447212030 used by [VersionedPackage[com.google.android.webview/447212030]] for user 0
08-23 19:27:30.455 1452 1956 W DeviceStorageMonitorService: java.io.IOException: Failed to free 3221225472 on storage device at /data
08-23 19:27:30.455 1452 1956 W DeviceStorageMonitorService: at com.android.server.pm.PackageManagerService.freeStorage(PackageManagerService.java:6254)
08-23 19:27:30.455 1452 1956 W DeviceStorageMonitorService: at com.android.server.storage.DeviceStorageMonitorService.check(DeviceStorageMonitorService.java:343)
08-23 19:27:30.455 1452 1956 W DeviceStorageMonitorService: at com.android.server.storage.DeviceStorageMonitorService.access$200(DeviceStorageMonitorService.java:94)
08-23 19:27:30.455 1452 1956 W DeviceStorageMonitorService: at com.android.server.storage.DeviceStorageMonitorService$1.handleMessage(DeviceStorageMonitorService.java:487)
08-23 19:27:30.455 1452 1956 W DeviceStorageMonitorService: at android.os.Handler.dispatchMessage(Handler.java:106)
08-23 19:27:30.455 1452 1956 W DeviceStorageMonitorService: at android.os.Looper.loop(Looper.java:246)
08-23 19:27:30.455 1452 1956 W DeviceStorageMonitorService: at android.os.HandlerThread.run(HandlerThread.java:67)
08-23 19:27:30.455 1452 1956 W DeviceStorageMonitorService: check(/data) oldLevel:2, newLevel:2 (usableBytes=263585792)
08-23 19:27:30.455 1452 1956 W DeviceStorageMonitorService: updateBroadcasts(/data) oldLevel:2, newLevel:2, seq:1
08-23 19:27:30.456 1452 1956 D DeviceStorageMonitorService: Available File Node Number is [2358583]
08-23 19:27:30.456 1452 1956 W DeviceStorageMonitorService: updateBroadcasts_filenode(/data) fn_oldLevel:0, fn_newLevel:0, seq:1
08-23 19:27:31.018 599 599 I io_stats: !@ 179,0 r 1818838 30174385 w 76471 1320488 d 40206 560424 f 42559 51103 iot 727940 574884 th 51200 51200 41500 pt 1070 inp 0 0 2054.875
08-23 19:27:31.156 2085 2085 I wpa_supplicant: Heartbeat 202
08-23 19:27:31.593 1452 1586 D MARsPolicyManager: triggerAction called!
08-23 19:27:31.600 1452 1586 D MARs:TopPackageFilter: filtering was skipped by screen off! com.whatsapp(0)
08-23 19:27:31.602 1452 1586 D MARs:TopPackageFilter: filtering was skipped by screen off! com.android.vending(0)
08-23 19:27:31.603 1452 1586 D MARs:TopPackageFilter: filtering was skipped by screen off! com.microsoft.office.outlook(0)
08-23 19:27:31.604 1452 1586 D MARs:DeviceAdminPackageFilter: filter : com.microsoft.office.outlook(0)
08-23 19:27:31.604 1452 1586 D MARs:TopPackageFilter: filtering was skipped by screen off! com.opera.max.oem(0)
08-23 19:27:31.605 1452 1586 D MARs:TopPackageFilter: filtering was skipped by screen off! com.facebook.lite(0)
08-23 19:27:32.718 1452 1562 E Watchdog: !@Sync: 68 heap: 76 / 78 [2021-08-23 19:27:32.718] sdogWay: softdog
08-23 19:27:46.621 1452 1908 D SamsungAlarmManager: Expired : 65536
08-23 19:27:46.621 1452 1908 I SamsungAlarmManager: setLocked to kernel - T:2 / 20210823T192910, set=7791384, now=7707698
08-23 19:27:46.622 1452 1908 I SamsungAlarmManager: setLocked to kernel - T:3 / 20210823T192800, set=7721077, now=7707699
08-23 19:28:01.579 1452 1908 D SamsungAlarmManager: Expired : 65544
08-23 19:28:01.580 1452 1908 I SamsungAlarmManager: setLocked to kernel - T:2 / 20210823T192910, set=7791384, now=7722656
08-23 19:28:01.580 1452 1908 I SamsungAlarmManager: setLocked to kernel - T:3 / 20210823T192815, set=7736197, now=7722657
08-23 19:28:01.666 1452 1581 D BatteryExternalStatsWorker: update stats
08-23 19:28:01.666 1452 1581 D BatteryExternalStatsWorker: WifiActivityEnergyInfo was updated
08-23 19:28:01.666 1452 1581 D BatteryExternalStatsWorker: BluetoothActivityEnergyInfo was updated
08-23 19:28:01.667 1452 1581 D BatteryExternalStatsWorker: ModemActivityEnergyInfo was updated
08-23 19:28:01.683 1452 1581 D BatteryExternalStatsWorker: done updateExternalStatsLocked
08-23 19:28:18.282 1452 1908 D SamsungAlarmManager: Expired : 65544
08-23 19:28:18.289 1452 1908 D SamsungAlarmManager: setInexact (T:3/F:0/AC:false) 20210823T192915 now=7739365 - CU:1000/CP:1452/OP:PendingIntent{e6efda2: PendingIntentRecord{50e186a com.opera.max.oem broadcastIntent}}
08-23 19:28:18.290 1452 1908 I SamsungAlarmManager: setLocked to kernel - T:2 / 20210823T192915, set=7796197, now=7739366
08-23 19:28:18.290 1452 1908 E AlarmManager: Set nextNonWakeup as mNextNonWakeupDeliveryTime=7902656 , orig nextNonWakeup=0
08-23 19:28:18.291 1452 1908 I SamsungAlarmManager: setLocked to kernel - T:3 / 20210823T193101, set=7902656, now=7739367
08-23 19:28:18.291 1452 1908 I SamsungAlarmManager: setLocked to kernel - T:2 / 20210823T192915, set=7796197, now=7739368
08-23 19:28:18.291 1452 1908 E AlarmManager: Set nextNonWakeup as mNextNonWakeupDeliveryTime=7902656 , orig nextNonWakeup=0
08-23 19:28:18.291 1452 1908 I SamsungAlarmManager: setLocked to kernel - T:3 / 20210823T193101, set=7902656, now=7739368
08-23 19:28:18.342 1452 1581 D BatteryExternalStatsWorker: update stats
08-23 19:28:18.342 1452 1581 D BatteryExternalStatsWorker: WifiActivityEnergyInfo was updated
08-23 19:28:18.342 1452 1581 D BatteryExternalStatsWorker: BluetoothActivityEnergyInfo was updated
08-23 19:28:18.342 1452 1581 D BatteryExternalStatsWorker: ModemActivityEnergyInfo was updated
08-23 19:28:18.354 1452 1581 D BatteryExternalStatsWorker: done updateExternalStatsLocked
08-23 19:28:18.398 1452 1581 D BatteryExternalStatsWorker: update stats
08-23 19:28:18.398 1452 1581 D BatteryExternalStatsWorker: WifiActivityEnergyInfo was updated
08-23 19:28:18.398 1452 1581 D BatteryExternalStatsWorker: BluetoothActivityEnergyInfo was updated
08-23 19:28:18.398 1452 1581 D BatteryExternalStatsWorker: ModemActivityEnergyInfo was updated
08-23 19:28:18.409 1452 1581 D BatteryExternalStatsWorker: done updateExternalStatsLocked
08-23 19:28:18.894 1452 1908 D SamsungAlarmManager: Expired : 65536
08-23 19:28:18.895 1452 1908 I SamsungAlarmManager: setLocked to kernel - T:2 / 20210823T192915, set=7796197, now=7739971
08-23 19:28:18.895 1452 1908 E AlarmManager: Set nextNonWakeup as mNextNonWakeupDeliveryTime=7902656 , orig nextNonWakeup=0
08-23 19:28:18.895 1452 1908 I SamsungAlarmManager: setLocked to kernel - T:3 / 20210823T193101, set=7902656, now=7739972
08-23 19:28:22.173 1452 1908 D SamsungAlarmManager: Expired : 65536
08-23 19:28:22.173 1452 1908 I SamsungAlarmManager: setLocked to kernel - T:2 / 20210823T192915, set=7796197, now=7743250
08-23 19:28:22.173 1452 1908 E AlarmManager: Set nextNonWakeup as mNextNonWakeupDeliveryTime=7902656 , orig nextNonWakeup=0
08-23 19:28:22.173 1452 1908 I SamsungAlarmManager: setLocked to kernel - T:3 / 20210823T193101, set=7902656, now=7743250
08-23 19:28:22.174 599 599 I io_stats: !@ 179,0 r 1818860 30174585 w 76546 1321300 d 40274 560820 f 42658 51219 iot 728340 575273 th 51200 51200 41500 pt 1070 inp 0 0 2058.989
08-23 19:28:23.812 1452 1908 D SamsungAlarmManager: Expired : 65536
08-23 19:28:23.812 1452 1908 I SamsungAlarmManager: setLocked to kernel - T:2 / 20210823T192915, set=7796197, now=7744889
08-23 19:28:23.812 1452 1908 E AlarmManager: Set nextNonWakeup as mNextNonWakeupDeliveryTime=7902656 , orig nextNonWakeup=0
08-23 19:28:23.813 1452 1908 I SamsungAlarmManager: setLocked to kernel - T:3 / 20210823T193101, set=7902656, now=7744889
08-23 19:29:16.480 1452 1908 D SamsungAlarmManager: Expired : 65540
08-23 19:29:16.485 1452 1908 D SamsungAlarmManager: setInexact (T:3/F:0/AC:false) 20210823T193015 now=7797562 - CU:1000/CP:1452/OP:PendingIntent{e6efda2: PendingIntentRecord{50e186a com.opera.max.oem broadcastIntent}}
08-23 19:29:16.486 1452 1908 I SamsungAlarmManager: setLocked to kernel - T:2 / 20210823T193048, set=7889773, now=7797562
08-23 19:29:16.486 1452 1908 I SamsungAlarmManager: setLocked to kernel - T:3 / 20210823T193015, set=7856197, now=7797562
08-23 19:29:16.486 1452 1908 V SamsungAlarmManager: Sending to uid : 1000 L=6441702:TIME_TICK alarm=Alarm{b222cb8 type 3 when 7721077 android}
08-23 19:29:16.492 1452 1908 D SamsungAlarmManager: setExact (T:3/F:1/AC:false) 20210823T193000 now=7797568 - CU:1000/CP:1452/L:6441702:TIME_TICK
08-23 19:29:16.492 1452 1908 I SamsungAlarmManager: setLocked to kernel - T:2 / 20210823T193048, set=7889773, now=7797569
08-23 19:29:16.493 1452 1908 I SamsungAlarmManager: setLocked to kernel - T:3 / 20210823T193000, set=7841077, now=7797569
08-23 19:29:16.504 1452 1908 V SamsungAlarmManager: Sending to uid : 10164 action=com.google.android.gms.gcm.ACTION_CHECK_QUEUE alarm=Alarm{57d4a91 type 2 when 7791384 com.google.android.gms}
08-23 19:29:16.506 1452 1908 D ActivityManager: Received BROADCAST intent 0xaf48901 Key{broadcastIntent pkg=com.google.android.gms/com.google.android.gms.gcm intent=act=com.google.android.gms.gcm.ACTION_CHECK_QUEUE cmp=com.google.android.gms/.gcm.nts.SchedulerInternalReceiver flags=0x0 u=0} requestCode=0 sent=0 from uid 1000
08-23 19:29:16.508 1452 1908 V SamsungAlarmManager: Sending to uid : 10160 action=null alarm=Alarm{4dce5f7 type 3 when 7796197 com.opera.max.oem}
08-23 19:29:16.510 1452 1908 D ActivityManager: Received BROADCAST intent 0x50e186a Key{broadcastIntent pkg=com.opera.max.oem intent=cmp=com.opera.max.oem/com.opera.max.BoostUIService$StopReceiver flags=0x0 u=0} requestCode=0 sent=0 from uid 1000
08-23 19:29:16.511 1452 1908 I SamsungAlarmManager: setLocked to kernel - T:2 / 20210823T193048, set=7889773, now=7797587
08-23 19:29:16.511 1452 1908 I SamsungAlarmManager: setLocked to kernel - T:3 / 20210823T193000, set=7841077, now=7797587
08-23 19:29:16.535 1452 3500 D SamsungAlarmManager: Cancel Alarm calling from uid:10164 pid :2781 / OP:PendingIntent{91afecd: PendingIntentRecord{af48901 com.google.android.gms/com.google.android.gms.gcm broadcastIntent}}
08-23 19:29:16.582 1452 1581 D BatteryExternalStatsWorker: update stats
08-23 19:29:16.582 1452 1581 D BatteryExternalStatsWorker: WifiActivityEnergyInfo was updated
08-23 19:29:16.582 1452 1581 D BatteryExternalStatsWorker: BluetoothActivityEnergyInfo was updated
08-23 19:29:16.582 1452 1581 D BatteryExternalStatsWorker: ModemActivityEnergyInfo was updated
08-23 19:29:16.608 1452 1581 D BatteryExternalStatsWorker: done updateExternalStatsLocked
08-23 19:29:16.619 1452 1581 D KernelCpuUidUserSysTimeReader: Removing uids 99039-99039
08-23 19:30:49.482 1452 1908 D SamsungAlarmManager: Expired : 65548
08-23 19:30:49.487 1452 1908 D SamsungAlarmManager: setInexact (T:3/F:0/AC:false) 20210823T193115 now=7890564 - CU:1000/CP:1452/OP:PendingIntent{e6efda2: PendingIntentRecord{50e186a com.opera.max.oem broadcastIntent}}
08-23 19:30:49.488 1452 1908 I SamsungAlarmManager: setLocked to kernel - T:2 / 20210823T193048, set=7889773, now=7890564
08-23 19:30:49.488 1452 1908 V SamsungAlarmManager: Sending to uid : 1000 L=6441702:TIME_TICK alarm=Alarm{451dad0 type 3 when 7841077 android}
08-23 19:30:49.492 1452 1908 D SamsungAlarmManager: setExact (T:3/F:1/AC:false) 20210823T193059 now=7890569 - CU:1000/CP:1452/L:6441702:TIME_TICK
08-23 19:30:49.493 1452 1908 I SamsungAlarmManager: setLocked to kernel - T:2 / 20210823T194156, set=8557540, now=7890569
08-23 19:30:49.493 1452 1908 I SamsungAlarmManager: setLocked to kernel - T:3 / 20210823T193100, set=7901076, now=7890569
08-23 19:30:49.506 1452 1908 V SamsungAlarmManager: Sending to uid : 10164 action=com.google.android.gms.gcm.HEARTBEAT_ALARM alarm=Alarm{465bac9 type 2 when 7889773 com.google.android.gms}
08-23 19:30:49.508 1452 1908 D ActivityManager: Received BROADCAST intent 0x76713dc Key{broadcastIntent pkg=com.google.android.gms/com.google.android.gms.gcm intent=act=com.google.android.gms.gcm.HEARTBEAT_ALARM flags=0x4000000 u=0} requestCode=0 sent=0 from uid 1000
08-23 19:30:49.516 1452 4900 D SamsungAlarmManager: Cancel Alarm calling from uid:10164 pid :2781 / OP:PendingIntent{9249cef: PendingIntentRecord{76713dc com.google.android.gms/com.google.android.gms.gcm broadcastIntent}}
08-23 19:30:49.585 1452 1546 D PowerManagerService: [api] setDeviceIdleTempWhitelist: appids: [0]10081 [1]10164 (uid: 1000 pid: 1452)
08-23 19:30:49.586 1452 1908 V SamsungAlarmManager: Sending to uid : 10160 action=null alarm=Alarm{c41d3fc type 3 when 7856197 com.opera.max.oem}
08-23 19:30:49.588 1452 1908 D ActivityManager: Received BROADCAST intent 0x50e186a Key{broadcastIntent pkg=com.opera.max.oem intent=cmp=com.opera.max.oem/com.opera.max.BoostUIService$StopReceiver flags=0x0 u=0} requestCode=0 sent=0 from uid 1000
08-23 19:30:49.589 1452 1908 I SamsungAlarmManager: setLocked to kernel - T:2 / 20210823T194156, set=8557540, now=7890666
08-23 19:30:49.589 1452 1908 I SamsungAlarmManager: setLocked to kernel - T:3 / 20210823T193059, set=7901076, now=7890666
08-23 19:30:49.590 1452 1452 W Looper : Slow dispatch took 101ms main h=com.android.server.AlarmManagerService$AlarmHandler c=com.android.server.-$$Lambda$AlarmManagerService$3$jIkPWjqS66vG6aFVQoHxR2w4HPE@7863a85 m=0
08-23 19:30:49.592 1452 1452 V AlarmManager: com.android.server.AlarmManagerServiceExt@ec4a2ef
08-23 19:30:49.592 1452 1452 V AlarmManagerEXT: <AppSync3 Whitelist>
08-23 19:30:49.592 1452 1452 V AlarmManagerEXT: (AppSync) ### 0 added ###
08-23 19:30:49.601 1452 2228 D SamsungAlarmManager: setExact (T:2/F:5/AC:false) 20210823T193149 now=7890677 - CU:10164/CP:2781/OP:PendingIntent{1d9a0da: PendingIntentRecord{76713dc com.google.android.gms/com.google.android.gms.gcm broadcastIntent}}
08-23 19:30:49.601 1452 2228 I SamsungAlarmManager: setLocked to kernel - T:2 / 20210823T193149, set=7950670, now=7890678
08-23 19:30:49.602 1452 2228 I SamsungAlarmManager: setLocked to kernel - T:3 / 20210823T193100, set=7901076, now=7890678
08-23 19:30:49.615 1452 2228 D SamsungAlarmManager: Cancel Alarm calling from uid:10164 pid :2781 / OP:PendingIntent{ed633e8: PendingIntentRecord{76713dc com.google.android.gms/com.google.android.gms.gcm broadcastIntent}}
08-23 19:30:49.628 1452 2228 I SamsungAlarmManager: setLocked to kernel - T:2 / 20210823T194156, set=8557540, now=7890705
08-23 19:30:49.629 1452 2228 I SamsungAlarmManager: setLocked to kernel - T:3 / 20210823T193100, set=7901076, now=7890705
08-23 19:30:49.637 1452 2228 D SamsungAlarmManager: setExact (T:2/F:5/AC:false) 20210823T193539 now=7890714 - CU:10164/CP:2781/OP:PendingIntent{274fa01: PendingIntentRecord{76713dc com.google.android.gms/com.google.android.gms.gcm broadcastIntent}}
08-23 19:30:49.637 1452 2228 I SamsungAlarmManager: setLocked to kernel - T:2 / 20210823T193539, set=8180708, now=7890714
08-23 19:30:49.638 1452 2228 I SamsungAlarmManager: setLocked to kernel - T:3 / 20210823T193100, set=7901076, now=7890714
08-23 19:30:49.638 1452 1581 D BatteryExternalStatsWorker: update stats
08-23 19:30:49.638 1452 1581 D BatteryExternalStatsWorker: WifiActivityEnergyInfo was updated
08-23 19:30:49.638 1452 1581 D BatteryExternalStatsWorker: BluetoothActivityEnergyInfo was updated
08-23 19:30:49.638 1452 1581 D BatteryExternalStatsWorker: ModemActivityEnergyInfo was updated
08-23 19:30:49.653 1452 1581 D BatteryExternalStatsWorker: done updateExternalStatsLocked
08-23 19:34:04.700 1452 1908 D SamsungAlarmManager: Expired : 65544
08-23 19:34:04.705 1452 1908 D SamsungAlarmManager: setInexact (T:3/F:0/AC:false) 20210823T193415 now=8085782 - CU:1000/CP:1452/OP:PendingIntent{e6efda2: PendingIntentRecord{50e186a com.opera.max.oem broadcastIntent}}
08-23 19:34:04.706 1452 1908 I SamsungAlarmManager: setLocked to kernel - T:2 / 20210823T193539, set=8180708, now=8085782
08-23 19:34:04.707 1452 1908 I SamsungAlarmManager: setLocked to kernel - T:3 / 20210823T193415, set=8096197, now=8085784
08-23 19:34:04.708 1452 1908 I SamsungAlarmManager: setLocked to kernel - T:2 / 20210823T193539, set=8180708, now=8085784
08-23 19:34:04.708 1452 1908 I SamsungAlarmManager: setLocked to kernel - T:3 / 20210823T193415, set=8096197, now=8085784
08-23 19:34:04.766 1452 1581 D BatteryExternalStatsWorker: update stats
08-23 19:34:04.766 1452 1581 D BatteryExternalStatsWorker: WifiActivityEnergyInfo was updated
08-23 19:34:04.766 1452 1581 D BatteryExternalStatsWorker: BluetoothActivityEnergyInfo was updated
08-23 19:34:04.766 1452 1581 D BatteryExternalStatsWorker: ModemActivityEnergyInfo was updated
08-23 19:34:04.781 1452 1581 D BatteryExternalStatsWorker: done updateExternalStatsLocked
08-23 19:35:40.482 1452 1908 D SamsungAlarmManager: Expired : 65548
08-23 19:35:40.488 1452 1908 D SamsungAlarmManager: setInexact (T:3/F:0/AC:false) 20210823T193615 now=8181564 - CU:1000/CP:1452/OP:PendingIntent{e6efda2: PendingIntentRecord{50e186a com.opera.max.oem broadcastIntent}}
08-23 19:35:40.489 1452 1908 I SamsungAlarmManager: setLocked to kernel - T:2 / 20210823T193539, set=8180708, now=8181566
08-23 19:35:40.490 1452 1908 E AlarmManager: Set nextNonWakeup as mNextNonWakeupDeliveryTime=9435777 , orig nextNonWakeup=0
08-23 19:35:40.490 1452 1908 I SamsungAlarmManager: setLocked to kernel - T:3 / 20210823T195634, set=9435777, now=8181566
08-23 19:35:40.491 1452 1908 V SamsungAlarmManager: Sending to uid : 1000 L=6441702:TIME_TICK alarm=Alarm{dcea694 type 3 when 7901076 android}
08-23 19:35:40.494 1452 1908 D SamsungAlarmManager: setExact (T:3/F:1/AC:false) 20210823T193559 now=8181571 - CU:1000/CP:1452/L:6441702:TIME_TICK
08-23 19:35:40.494 1452 1908 I SamsungAlarmManager: setLocked to kernel - T:2 / 20210823T194156, set=8557540, now=8181571
08-23 19:35:40.495 1452 1908 I SamsungAlarmManager: setLocked to kernel - T:3 / 20210823T193600, set=8201076, now=8181571
08-23 19:35:40.514 1452 1908 V SamsungAlarmManager: Sending to uid : 10164 action=com.google.android.gms.gcm.HEARTBEAT_ALARM alarm=Alarm{236353d type 2 when 8180708 com.google.android.gms}
08-23 19:35:40.517 1452 1908 D ActivityManager: Received BROADCAST intent 0x76713dc Key{broadcastIntent pkg=com.google.android.gms/com.google.android.gms.gcm intent=act=com.google.android.gms.gcm.HEARTBEAT_ALARM flags=0x4000000 u=0} requestCode=0 sent=0 from uid 1000
08-23 19:35:40.519 1452 1908 V SamsungAlarmManager: Sending to uid : 10160 action=null alarm=Alarm{2b89e83 type 3 when 8096197 com.opera.max.oem}
08-23 19:35:40.521 1452 1908 D ActivityManager: Received BROADCAST intent 0x50e186a Key{broadcastIntent pkg=com.opera.max.oem intent=cmp=com.opera.max.oem/com.opera.max.BoostUIService$StopReceiver flags=0x0 u=0} requestCode=0 sent=0 from uid 1000
08-23 19:35:40.522 1452 1908 I SamsungAlarmManager: setLocked to kernel - T:2 / 20210823T194156, set=8557540, now=8181599
08-23 19:35:40.523 1452 1908 I SamsungAlarmManager: setLocked to kernel - T:3 / 20210823T193600, set=8201076, now=8181599
08-23 19:35:40.531 1452 4900 D SamsungAlarmManager: Cancel Alarm calling from uid:10164 pid :2781 / OP:PendingIntent{5399800: PendingIntentRecord{76713dc com.google.android.gms/com.google.android.gms.gcm broadcastIntent}}
08-23 19:35:40.539 1452 4900 D SamsungAlarmManager: setExact (T:2/F:5/AC:false) 20210823T193640 now=8181615 - CU:10164/CP:2781/OP:PendingIntent{5d5e839: PendingIntentRecord{76713dc com.google.android.gms/com.google.android.gms.gcm broadcastIntent}}
08-23 19:35:40.539 1452 4900 I SamsungAlarmManager: setLocked to kernel - T:2 / 20210823T193640, set=8241609, now=8181616
08-23 19:35:40.539 1452 4900 I SamsungAlarmManager: setLocked to kernel - T:3 / 20210823T193559, set=8201076, now=8181616
08-23 19:35:40.588 599 599 I io_stats: !@ 179,0 r 1818887 30175001 w 76604 1323380 d 40302 561020 f 42745 51324 iot 728880 575774 th 51200 51200 41500 pt 1070 inp 0 0 2061.018
08-23 19:35:40.593 1452 1581 D BatteryExternalStatsWorker: update stats
08-23 19:35:40.593 1452 1581 D BatteryExternalStatsWorker: WifiActivityEnergyInfo was updated
08-23 19:35:40.593 1452 1581 D BatteryExternalStatsWorker: BluetoothActivityEnergyInfo was updated
08-23 19:35:40.593 1452 1581 D BatteryExternalStatsWorker: ModemActivityEnergyInfo was updated
08-23 19:35:40.606 1452 4900 D SamsungAlarmManager: Cancel Alarm calling from uid:10164 pid :2781 / OP:PendingIntent{1a0342c: PendingIntentRecord{76713dc com.google.android.gms/com.google.android.gms.gcm broadcastIntent}}
08-23 19:35:40.608 1452 1581 D BatteryExternalStatsWorker: done updateExternalStatsLocked
08-23 19:35:40.608 1452 4900 I SamsungAlarmManager: setLocked to kernel - T:2 / 20210823T194156, set=8557540, now=8181685
08-23 19:35:40.609 1452 4900 I SamsungAlarmManager: setLocked to kernel - T:3 / 20210823T193600, set=8201076, now=8181685
08-23 19:35:40.618 1452 4900 D SamsungAlarmManager: setExact (T:2/F:5/AC:false) 20210823T194030 now=8181694 - CU:10164/CP:2781/OP:PendingIntent{723cef5: PendingIntentRecord{76713dc com.google.android.gms/com.google.android.gms.gcm broadcastIntent}}
08-23 19:35:40.618 1452 4900 I SamsungAlarmManager: setLocked to kernel - T:2 / 20210823T194030, set=8471686, now=8181695
08-23 19:35:40.618 1452 4900 I SamsungAlarmManager: setLocked to kernel - T:3 / 20210823T193559, set=8201076, now=8181695
08-23 19:36:10.653 1452 1908 D SamsungAlarmManager: Expired : 65544
08-23 19:36:10.653 1452 1908 I SamsungAlarmManager: setLocked to kernel - T:2 / 20210823T194030, set=8471686, now=8211730
08-23 19:36:10.653 1452 1908 I SamsungAlarmManager: setLocked to kernel - T:3 / 20210823T193615, set=8216197, now=8211730
08-23 19:36:10.726 1452 1581 D BatteryExternalStatsWorker: update stats
08-23 19:36:10.726 1452 1581 D BatteryExternalStatsWorker: WifiActivityEnergyInfo was updated
08-23 19:36:10.726 1452 1581 D BatteryExternalStatsWorker: BluetoothActivityEnergyInfo was updated
08-23 19:36:10.726 1452 1581 D BatteryExternalStatsWorker: ModemActivityEnergyInfo was updated
08-23 19:36:10.735 1452 1581 D BatteryExternalStatsWorker: done updateExternalStatsLocked
08-23 19:40:02.363 1452 1908 D SamsungAlarmManager: Expired : 65544
08-23 19:40:02.368 1452 1908 D SamsungAlarmManager: setInexact (T:3/F:0/AC:false) 20210823T194015 now=8443444 - CU:1000/CP:1452/OP:PendingIntent{e6efda2: PendingIntentRecord{50e186a com.opera.max.oem broadcastIntent}}
08-23 19:40:02.368 1452 1908 I SamsungAlarmManager: setLocked to kernel - T:2 / 20210823T194030, set=8471686, now=8443445
08-23 19:40:02.368 1452 1908 I SamsungAlarmManager: setLocked to kernel - T:3 / 20210823T194015, set=8456197, now=8443445
08-23 19:40:02.369 1452 1908 I SamsungAlarmManager: setLocked to kernel - T:2 / 20210823T194030, set=8471686, now=8443445
08-23 19:40:02.369 1452 1908 I SamsungAlarmManager: setLocked to kernel - T:3 / 20210823T194015, set=8456197, now=8443445
08-23 19:40:13.215 1452 1908 D SamsungAlarmManager: Expired : 65536
08-23 19:40:13.216 1452 1908 I SamsungAlarmManager: setLocked to kernel - T:2 / 20210823T194030, set=8471686, now=8454292
08-23 19:40:13.216 1452 1908 I SamsungAlarmManager: setLocked to kernel - T:3 / 20210823T194015, set=8456197, now=8454293
08-23 19:40:22.739 1452 1908 D SamsungAlarmManager: Expired : 65544
08-23 19:40:22.744 1452 1908 D SamsungAlarmManager: setInexact (T:3/F:0/AC:false) 20210823T194115 now=8463820 - CU:1000/CP:1452/OP:PendingIntent{e6efda2: PendingIntentRecord{50e186a com.opera.max.oem broadcastIntent}}
08-23 19:40:22.744 1452 1908 I SamsungAlarmManager: setLocked to kernel - T:2 / 20210823T194030, set=8471686, now=8463820
08-23 19:40:22.744 1452 1908 E AlarmManager: Set nextNonWakeup as mNextNonWakeupDeliveryTime=9561729 , orig nextNonWakeup=0
08-23 19:40:22.744 1452 1908 I SamsungAlarmManager: setLocked to kernel - T:3 / 20210823T195840, set=9561729, now=8463821
08-23 19:40:22.745 1452 1908 I SamsungAlarmManager: setLocked to kernel - T:2 / 20210823T194030, set=8471686, now=8463821
08-23 19:40:22.745 1452 1908 E AlarmManager: Set nextNonWakeup as mNextNonWakeupDeliveryTime=9561729 , orig nextNonWakeup=0
08-23 19:40:22.745 1452 1908 I SamsungAlarmManager: setLocked to kernel - T:3 / 20210823T195840, set=9561729, now=8463821
08-23 19:40:22.795 1452 1581 D BatteryExternalStatsWorker: update stats
08-23 19:40:22.795 1452 1581 D BatteryExternalStatsWorker: WifiActivityEnergyInfo was updated
08-23 19:40:22.795 1452 1581 D BatteryExternalStatsWorker: BluetoothActivityEnergyInfo was updated
08-23 19:40:22.795 1452 1581 D BatteryExternalStatsWorker: ModemActivityEnergyInfo was updated
08-23 19:40:22.805 1452 1581 D BatteryExternalStatsWorker: done updateExternalStatsLocked
08-23 19:40:31.482 1452 1908 D SamsungAlarmManager: Expired : 65540
08-23 19:40:31.482 1452 1908 V SamsungAlarmManager: Sending to uid : 1000 L=35e10e4:Bootup_Booster alarm=Alarm{a842d84 type 1 when 1629765176889 android}
08-23 19:40:31.504 1452 1908 V SamsungAlarmManager: Sending to uid : 1000 L=6441702:TIME_TICK alarm=Alarm{cf26718 type 3 when 8201076 android}
08-23 19:40:31.510 1452 1908 D SamsungAlarmManager: setExact (T:3/F:1/AC:false) 20210823T194059 now=8472587 - CU:1000/CP:1452/L:6441702:TIME_TICK
08-23 19:40:31.511 1452 1908 I SamsungAlarmManager: setLocked to kernel - T:2 / 20210823T194156, set=8557540, now=8472587
08-23 19:40:31.511 1452 1908 I SamsungAlarmManager: setLocked to kernel - T:3 / 20210823T194100, set=8501076, now=8472587
08-23 19:40:31.512 1452 1908 V SamsungAlarmManager: Sending to uid : 10164 action=com.google.android.gms.gcm.HEARTBEAT_ALARM alarm=Alarm{32f6571 type 2 when 8471686 com.google.android.gms}
