08-23 19:46:07.871 1452 1452 I ActivityManager: Changes in 10065 5 to 2, 0 to 7 Caller=com.android.server.am.OomAdjuster.updateOomAdjLockedInner:669 com.android.server.am.OomAdjuster.updateOomAdjLocked:413 com.android.server.am.ActivityManagerService.updateOomAdjLocked:21459 com.android.server.am.ActivityManagerService.trimApplicationsLocked:21730 com.android.server.am.ActivityManagerService.finishReceiver:19980 android.content.BroadcastReceiver$PendingResult.sendFinished:275 android.content.BroadcastReceiver$PendingResult.finish:251 08-23 19:46:07.871 1452 1452 I AppOps : updateUidProcState uid: 10065 procState: 2 capability:7
08-23 19:46:07.871 1452 1452 I AppOps : commitUidPendingStateLocked() :: UID - 10065, 500 > 200, 0 > 7
08-23 19:46:07.872 1452 1452 W Looper : Slow delivery took 306ms main h=android.app.ActivityThread$H c=android.app.-$$Lambda$LoadedApk$ReceiverDispatcher$Args$_BumDX2UKsnxLVrE6UJsJZkotuA@7a94efb m=0
08-23 19:46:07.877 1452 1903 D StorageManagerService: getExternalStorageMountMode: uid=1000 packageName=com.samsung.SMT
08-23 19:46:07.878 1452 1903 D CompatibilityChangeReporter: Compat change id reported: 135634846; UID 1000; state: DISABLED
08-23 19:46:07.934 1452 1573 W ActivityManager: Slow operation: 58ms so far, now at startProcess: returned from zygote!
08-23 19:46:07.962 1452 3619 D WindowManager: makeSurface duration=5 name=com.callapp.contacts/com.callapp.contacts.activity.missedcall.missedAnswer.MissedCallActivity$_4233
08-23 19:46:07.989 1452 2030 D PowerManagerUtil: !@ display_state: ON: took 242 ms
08-23 19:46:07.989 1452 2030 D DisplayPowerController: setActualDisplayState: OFF -> ON
08-23 19:46:07.994 1452 1590 D DisplayPowerController: animateScreenStateChange: target=2, targetInternal=2, dualScreenPolicy=-1
08-23 19:46:07.995 1452 1590 D DisplayPowerController: getFinalBrightness : Summary is 13 (0.05) -> 13 (0.05)
08-23 19:46:07.995 1452 1590 D DisplayPowerController: Animating brightness: target= 13 (0.05), rate=0.0 (PSM:, AB limit:( 0 (-1.00) ~ 0 (-1.00)) MB Limit:( -1 (NaN) ~ -1 (NaN)), sf=1.0
08-23 19:46:08.117 1452 3619 D WindowManager: finishDrawingWindow: Window{65678cf u0 com.callapp.contacts/com.callapp.contacts.activity.missedcall.missedAnswer.MissedCallActivity} mDrawState=DRAW_PENDING
08-23 19:46:08.204 1452 1548 I GameSDK@LifeCycle: noteResumeComponent(): package name : com.callapp.contacts
08-23 19:46:08.219 1452 1548 D GameManagerService: noteResumeComponent(), received resumed-component: com.callapp.contacts
08-23 19:46:08.221 1452 1923 D GameManagerService: onLooperPrepared(), msg: MSG_APP_RESUME, resumeComponent: ComponentInfo{com.callapp.contacts/com.callapp.contacts.activity.missedcall.missedAnswer.MissedCallActivity}
08-23 19:46:08.221 1452 1923 D GameManagerService: handleResume().
08-23 19:46:08.221 1452 1923 D GameManagerService: handleResume(). same package with Prev KILL_YOURSELF. ignore
08-23 19:46:08.225 1452 1452 W Looper : Slow dispatch took 352ms main h=android.app.ActivityThread$H c=null m=131
08-23 19:46:08.262 17420 17420 D SystemUIBootTiming: DependencyInjection took to complete: 342ms
08-23 19:46:08.268 1452 17448 I Telecom : RingtoneFactory: hasHapticChannels content://media/internal/audio/media/58?title=Over%20the%20Horizon&canonical=1 -> false: NCSSF.aC->ICFG.sF->ICFG.sF->ICFG.sF->CAMSM.pM_2002->ARP.hP@Ahg
08-23 19:46:08.268 1452 17448 I Telecom : AsyncRingtonePlayer: handlePlay: hasHaptics=false, isVibrationEnabled=true: NCSSF.aC->ICFG.sF->ICFG.sF->ICFG.sF->CAMSM.pM_2002->ARP.hP@Ahg
08-23 19:46:08.268 1452 17448 I Telecom : Ringer: startRinging: fileHasHaptics=false, hapticsSupported=false: NCSSF.aC->ICFG.sF->ICFG.sF->ICFG.sF->CAMSM.pM_2002->ARP.hP@Ahg
08-23 19:46:08.269 1452 17448 I Telecom : Ringer: start normal vibration.: NCSSF.aC->ICFG.sF->ICFG.sF->ICFG.sF->CAMSM.pM_2002->ARP.hP@Ahg
08-23 19:46:08.271 1452 17448 V VibratorService: vibratePatternMagnitude - package: com.android.server.telecom, reason: null, repeat: 0, token: android.os.Binder@7107ee2, mag: 9999, TYPE_CALL
08-23 19:46:08.272 1452 17448 D VibratorService: Turning vibrator off.
08-23 19:46:08.272 1452 17448 D VibratorService: Turning vibrator off
08-23 19:46:08.275 2086 2086 W Looper : Slow delivery took 159003ms main h=android.os.Handler c=com.android.systemui.statusbar.notification.logging.NotificationLogger$2@deea6e1 m=0
08-23 19:46:08.278 1452 17448 I Telecom : AsyncRingtonePlayer: Play ringtone, looping.: NCSSF.aC->ICFG.sF->ICFG.sF->ICFG.sF->CAMSM.pM_2002->ARP.hP@Ahg
08-23 19:46:08.292 1452 1573 W ActivityManager: Slow operation: 417ms so far, now at startProcess: done updating battery stats
08-23 19:46:08.293 1452 1573 W ActivityManager: Slow operation: 417ms so far, now at startProcess: building log message
08-23 19:46:08.293 1452 1573 I ActivityManager: Start proc 17471:com.samsung.SMT/1000 for service {com.samsung.SMT/com.samsung.SMT.SamsungTTSService}
08-23 19:46:08.293 1452 1573 W ActivityManager: Slow operation: 417ms so far, now at startProcess: starting to update pids map
08-23 19:46:08.297 1452 1573 W ActivityManager: Slow operation: 421ms so far, now at startProcess: done updating pids map
08-23 19:46:08.298 1452 4456 I ActivityManager: DSS OFF for com.samsung.SMT
08-23 19:46:08.305 1452 4456 D ActivityManager: attachApplicationLocked() app=ProcessRecord{8485356 17471:com.samsung.SMT/1000} app.isolatedEntryPoint=null instr2=null
08-23 19:46:08.310 2086 2086 W Looper : Slow dispatch took 19ms main h=android.view.Choreographer$FrameHandler c=android.view.Choreographer$FrameDisplayEventReceiver@e45fe9b m=0
08-23 19:46:08.334 1452 17496 D VibratorService: Turning vibrator on for 250 ms.
08-23 19:46:08.335 17471 17471 D ActivityThread: handleBindApplication()++ app=com.samsung.SMT
08-23 19:46:08.335 1452 17496 D VibratorService: vibratorOn() : 250ms, mag :9999, f : -1
08-23 19:46:08.345 1452 1452 D CompatibilityChangeReporter: Compat change id reported: 136219221; UID 1000; state: DISABLED
08-23 19:46:08.346 1452 1452 W LoadedApk: Slow system_server main thread handled for android.intent.action.SCREEN_ON took 120 ms, Receiver = com.android.server.BatteryService$1@1693daa
08-23 19:46:08.346 2086 2086 W Looper : Slow dispatch took 36ms main h=com.android.systemui.statusbar.LockscreenNotificationManager$LockscreenNotificationMgrHandler c=null m=101
08-23 19:46:08.347 1452 1452 W Looper : Slow dispatch took 121ms main h=android.app.ActivityThread$H c=android.app.-$$Lambda$LoadedApk$ReceiverDispatcher$Args$_BumDX2UKsnxLVrE6UJsJZkotuA@1826641 m=0
08-23 19:46:08.347 1452 1452 I HERMES#Service: hermesSecnvmPowerOn called!.
08-23 19:46:08.358 2086 2086 W Looper : Slow dispatch took 11ms main h=com.samsung.android.app.aodservice.common.utils.LogStore$1 c=null m=5000
08-23 19:46:08.375 1452 2247 I ActivityManager: Changes in 10164 5 to 3, 0 to 7 Caller=com.android.server.am.OomAdjuster.updateOomAdjLocked:399 com.android.server.am.OomAdjuster.updateOomAdjLocked:446 com.android.server.am.ActivityManagerService.updateOomAdjLocked:21469 com.android.server.am.ActiveServices.bindServiceLocked:2318 com.android.server.am.ActivityManagerService.bindIsolatedService:18047 android.app.IActivityManager$Stub.onTransact:3006 com.android.server.am.ActivityManagerService.onTransact:3617 08-23 19:46:08.375 1452 2247 I AppOps : updateUidProcState uid: 10164 procState: 3 capability:7
08-23 19:46:08.375 1452 2247 I AppOps : commitUidPendingStateLocked() :: UID - 10164, 500 > 500, 0 > 7
08-23 19:46:08.383 1452 1452 I HERMES#Service: notify key guard showing to hermesd ret : -16777217
08-23 19:46:08.392 1452 4456 D ActivityTaskManager: setLockScreenShown(false,false) is called from 0
08-23 19:46:08.393 1452 2115 D MdnieScenarioControlService: packageName : com.callapp.contacts className : com.callapp.contacts.activity.missedcall.missedAnswer.MissedCallActivity
08-23 19:46:08.395 1452 2115 V MdnieScenarioControlService: setUIMode from UI function(3)
08-23 19:46:08.415 1452 1452 W Looper : Drained
08-23 19:46:08.415 1452 1546 W Looper : Slow dispatch took 609ms android.ui h=com.android.server.am.ActivityManagerService$UiHandler c=null m=31
08-23 19:46:08.416 1452 1452 D GameManagerService: onDisplayChanged. displyId: 0, state: 1
08-23 19:46:08.416 1452 1923 D GameManagerService: onLooperPrepared(), msg: MSG_LCD_OFF
08-23 19:46:08.461 1452 1572 W BroadcastQueue: Permission Denial: broadcasting Intent { act=android.intent.action.CLOSE_SYSTEM_DIALOGS flg=0x10 } from com.callapp.contacts (pid=4233, uid=10513) requires com.samsung.systemui.POPUP_UI_PERMISSION due to registered receiver BroadcastFilter{e40f5d5 10067/u-1 ReceiverList{ab02a8c 2086 com.android.systemui/10067/u-1 remote:232f3bf}}
08-23 19:46:08.465 1452 1546 W Looper : Slow delivery took 570ms android.ui h=com.android.server.am.ActivityManagerService$UiHandler c=null m=53
08-23 19:46:08.496 1452 2115 V MdnieScenarioControlService: mAclOffEnabled : false mAclPreviewState : false mAclCompensationState : false
08-23 19:46:08.503 1452 1956 D DeviceStorageMonitorService: check() STORAGE TOTAL <= 64G
08-23 19:46:08.503 1452 1956 W DeviceStorageMonitorService: check(/data) freeStorage = 262393856
08-23 19:46:08.515 1452 1452 W ContextImpl: Calling a method in the system process without a qualified user: android.app.ContextImpl.sendBroadcast:1162 vendor.samsung.frameworks.codecsolution.Logging.insertDiagmonLog:78 vendor.samsung.frameworks.codecsolution.Logging.insertLog:54 vendor.samsung.frameworks.codecsolution.Logging.insertLog:46 vendor.samsung.frameworks.codecsolution.SehCodecSolutionService$1.handleMessage:307 08-23 19:46:08.527 1452 1548 I DisplayManagerService: Display device changed state: "Pantalla integrada", ON
08-23 19:46:08.546 1452 4886 I AppOps : updateUidProcState uid: 10172 procState: 3 capability:7
08-23 19:46:08.575 1452 2254 I ActivityTaskManager: START u0 {flg=0x10008000 cmp=com.callapp.contacts/.activity.contact.details.ContactDetailsActivity (has extras)} from uid 10513
08-23 19:46:08.605 1452 6166 D VibratorService: Turning vibrator off.
08-23 19:46:08.607 1452 6166 D VibratorService: Turning vibrator off
08-23 19:46:08.625 1452 17509 D VibratorService: Turning vibrator on for 1000 ms with amplitude -1.
08-23 19:46:08.627 1452 17509 D VibratorService: vibratorOn() : 1000ms, amplitude :-1, mag :9999, f : -1
08-23 19:46:08.726 1452 2254 D ActivityTaskManager: TaskLaunchParamsModifier:task=null activity=ActivityRecord{18c1921 u0 com.callapp.contacts/.activity.contact.details.ContactDetailsActivity display-from-upper-layer=Display 0 info=DisplayInfo{"Pantalla integrada", displayId 0, FLAG_SECURE, FLAG_SUPPORTS_PROTECTED_BUFFERS, FLAG_TRUSTED, real 720 x 1461, largest app 1371 x 1371, smallest app 720 x 670, appVsyncOff 1000000, presDeadline 16666666, mode 1, defaultMode 1, modes [{id=1, width=720, height=1520, fps=60.000004}], hdrCapabilities HdrCapabilities{mSupportedHdrTypes=[], mMaxLuminance=500.0, mMaxAverageLuminance=500.0, mMinLuminance=0.0}, minimalPostProcessingSupported false, rotation 0, state OFF, type INTERNAL, uniqueId "local:0", app 720 x 1371, density 331 (320.842 x 306.6889) dpi, layerStack 0, colorMode 0, supportedColorModes [0], address {port=0}, deviceProductInfo null, removeMode 0} stacks=[com.android.server.wm.DisplayContent$WindowContainers@512c8f7, com.android.server.wm.DisplayContent$NonAppWindowContainers@4b34e55] task-display-area=DefaultTaskDisplayArea@176054482 display-area-windowing-mode=1
08-23 19:46:08.739 1452 2254 D ActivityTaskManager: TaskLaunchParamsModifier:task=null activity=ActivityRecord{18c1921 u0 com.callapp.contacts/.activity.contact.details.ContactDetailsActivity t-1} task-display-area=DefaultTaskDisplayArea@176054482 display-area-windowing-mode=1 non-freeform-display maximized-bounds
08-23 19:46:08.786 1452 2254 D ActivityTaskManager: TaskLaunchParamsModifier:task=Task{8d4f146 #73 visible=false type=standard mode=fullscreen translucent=true A=10513:com.callapp.contacts.callScreen U=0 StackId=73 sz=0} activity=ActivityRecord{18c1921 u0 com.callapp.contacts/.activity.contact.details.ContactDetailsActivity t-1} display-from-task=0 task-display-area=DefaultTaskDisplayArea@176054482 display-area-windowing-mode=1 non-freeform-display maximized-bounds
08-23 19:46:08.838 1452 2254 V WindowManager: Prepare app transition: transit=TRANSIT_TASK_OPEN mNextAppTransition=TRANSIT_UNSET alwaysKeepCurrent=false displayId=0 Callers=com.android.server.wm.DisplayContent.prepareAppTransition:5809 com.android.server.wm.DisplayContent.prepareAppTransition:5803 com.android.server.wm.ActivityStack.startActivityLocked:2595 com.android.server.wm.ActivityStarter.startActivityInner:2674 com.android.server.wm.ActivityStarter.startActivityUnchecked:2205 08-23 19:46:08.895 1452 1452 W Looper : Slow dispatch took 377ms main h=vendor.samsung.frameworks.codecsolution.SehCodecSolutionService$1 c=null m=900
08-23 19:46:08.896 1452 4899 D WindowManager: makeSurface duration=4 name=com.sec.android.app.launcher/com.sec.android.app.launcher.activities.LauncherActivity$_2542
08-23 19:46:08.898 1452 1452 W Looper : Slow delivery took 506ms main h=com.android.server.trust.TrustManagerService$2 c=null m=6
08-23 19:46:08.901 1452 4899 V WindowManager: rotationForOrientation(orient=SCREEN_ORIENTATION_NOSENSOR (5), last=ROTATION_0 (0)); user=ROTATION_0 (0) 08-23 19:46:08.901 1452 4899 D WindowManager: rotationForOrientation, orientationSource=Window{ac03e0c u0 NotificationShade}
08-23 19:46:08.911 1452 4899 V WindowManager: Computed rotation=ROTATION_0 (0) for display id=0 based on lastOrientation=SCREEN_ORIENTATION_NOSENSOR (5) and oldRotation=ROTATION_0 (0), caller=com.android.server.wm.DisplayRotation.updateOrientation:394 com.android.server.wm.DisplayContent.updateOrientation:1698 com.android.server.wm.DisplayContent.updateOrientation:1603 com.android.server.wm.WindowManagerService.relayoutWindow:2739 com.android.server.wm.Session.relayout:219 android.view.IWindowSession$Stub.onTransact:871 08-23 19:46:08.916 1452 2254 D MARsPolicyManager: onPackageResumedFG pkgName = com.callapp.contacts, userId = 0
08-23 19:46:08.918 1452 2254 V WindowManager: Prepare app transition: transit=TRANSIT_TASK_OPEN mNextAppTransition=TRANSIT_TASK_OPEN alwaysKeepCurrent=false displayId=0 Callers=com.android.server.wm.DisplayContent.prepareAppTransition:5809 com.android.server.wm.DisplayContent.prepareAppTransition:5803 com.android.server.wm.ActivityStack.resumeTopActivityInnerLocked:2255 com.android.server.wm.ActivityStack.resumeTopActivityUncheckedLocked:1873 com.android.server.wm.RootWindowContainer.resumeFocusedStacksTopActivities:2665 08-23 19:46:08.920 1452 2254 W ActivityTaskManager: Tried to set launchTime (0) < mLastActivityLaunchTime (1845031)
08-23 19:46:08.925 1452 2254 D WindowManager: setKeyguardOccluded occluded=true
08-23 19:46:08.930 1452 2254 V WindowManager: rotationForOrientation(orient=SCREEN_ORIENTATION_NOSENSOR (5), last=ROTATION_0 (0)); user=ROTATION_0 (0) 08-23 19:46:08.930 1452 2254 D WindowManager: rotationForOrientation, orientationSource=Window{ac03e0c u0 NotificationShade}
08-23 19:46:08.946 1452 2254 V WindowManager: Computed rotation=ROTATION_0 (0) for display id=0 based on lastOrientation=SCREEN_ORIENTATION_NOSENSOR (5) and oldRotation=ROTATION_0 (0), caller=com.android.server.wm.DisplayRotation.updateOrientation:394 com.android.server.wm.DisplayContent.updateOrientation:1698 com.android.server.wm.DisplayContent.updateOrientation:1626 com.android.server.wm.RootWindowContainer.ensureVisibilityAndConfig:2152 com.android.server.wm.ActivityStackSupervisor.realStartActivityLocked:923 com.android.server.wm.ActivityStackSupervisor.startSpecificActivity:1239 08-23 19:46:08.946 1452 2254 D TspStateManager: updateCustomValue customSetting=
08-23 19:46:08.947 1452 2254 D TspStateManager: updateCustomValue customSetting=
08-23 19:46:08.952 1452 1923 D GameManagerService: onLooperPrepared(), msg: MSG_APP_CREATE, pkgName: com.callapp.contacts
08-23 19:46:08.953 1452 2254 D PkgDataHelper: notifyAppCreate(), pkgName: com.callapp.contacts, sendRet: true
08-23 19:46:08.963 1452 2254 D GameManagerService: TaskStackListener.onTaskFocusChanged(), taskId=73, focused=true
08-23 19:46:08.964 1452 1923 D GameManagerService: onLooperPrepared(), msg: MSG_TASK_FOCUSED, focusedComponent: ComponentInfo{com.callapp.contacts/com.callapp.contacts.activity.contact.details.ContactDetailsActivity}
08-23 19:46:08.964 1452 1923 D GameManagerService: handleTaskFocused().
08-23 19:46:08.965 1452 1923 D GameManagerService: handleTaskFocused(), pkgName: com.callapp.contacts, clsName: com.callapp.contacts.activity.contact.details.ContactDetailsActivity, userID:0
08-23 19:46:08.965 1452 1923 D GameManagerService: handleResume().
08-23 19:46:08.965 1452 1923 D GameManagerService: handleResume(). same package with Prev KILL_YOURSELF. ignore
08-23 19:46:08.968 1452 2254 D MARsPolicyManager: onPackageResumedFG pkgName = com.callapp.contacts, userId = 0
08-23 19:46:08.971 1452 2254 W WindowManager: Execute app transition: mNextAppTransition=TRANSIT_TASK_OPEN, displayId: 0 Callers=com.android.server.wm.RootWindowContainer.executeAppTransitionForAllDisplay:2586 com.android.server.wm.ActivityStackSupervisor.reportResumedActivityLocked:2265 com.android.server.wm.ActivityRecord.completeResumeLocked:5710 com.android.server.wm.ActivityStack.minimalResumeActivityLocked:1225 com.android.server.wm.ActivityStackSupervisor.realStartActivityLocked:1152 08-23 19:46:08.973 1452 2254 D PowerManagerService: [api] wakeUp (uid: 1000 pid: 1452) eventTime = 2175571
08-23 19:46:09.017 3468 3468 W ContextImpl: Calling a method in the system process without a qualified user: android.app.ContextImpl.startService:1739 android.content.ContextWrapper.startService:738 android.content.ContextWrapper.startService:738 com.sec.android.diagmonagent.sa.receiver.CFLogReceiver.sendCFLog:26 com.sec.android.diagmonagent.sa.receiver.CFLogReceiver.onReceive:18 08-23 19:46:09.067 1452 4886 D StatusBarManagerService: notifyRequestedSystemKey recent=false home=false
08-23 19:46:09.076 1452 4886 W CocktailBarStatePolicyController: updateWindowType: current window type is requested window type(1)
08-23 19:46:09.090 1452 1548 V UsbDeviceManager: onKeyguardStateChanged: isShowing:true secure:false user:0
08-23 19:46:09.093 1452 1926 D StorageManagerService: handleMessage -> H_KEYGUARD_CHANGED isShowing=false
08-23 19:46:09.100 1452 2254 D StatusBarManagerService: notifyRequestedSystemKey recent=false home=false
08-23 19:46:09.108 1452 4886 W CocktailBarStatePolicyController: updateWindowType: current window type is requested window type(1)
08-23 19:46:09.144 1452 3619 D PowerManagerService: [api] userActivity : event: 2 flags: 0 (uid: 10067 pid: 2086) eventTime = 2175738
08-23 19:46:09.145 1452 3619 D PowerManagerService: UserActivityStateListenerState: 1
08-23 19:46:09.146 2086 2086 W Looper : Slow dispatch took 777ms main h=com.android.systemui.keyguard.KeyguardViewMediator$10 c=null m=12
08-23 19:46:09.149 1452 1452 I AppOps : updateUidProcState uid: 10172 procState: 5 capability:7
08-23 19:46:09.149 1452 1452 I ActivityManager: Changes in 10065 2 to 5, 7 to 0 Caller=com.android.server.am.OomAdjuster.updateOomAdjLockedInner:669 com.android.server.am.OomAdjuster.updateOomAdjLocked:413 com.android.server.am.ActivityManagerService.updateOomAdjLocked:21459 com.android.server.am.ActivityManagerService.trimApplicationsLocked:21730 com.android.server.am.ActivityManagerService.finishReceiver:19980 android.content.BroadcastReceiver$PendingResult.sendFinished:275 android.content.BroadcastReceiver$PendingResult.finish:251 08-23 19:46:09.150 1452 1452 W LoadedApk: Slow system_server main thread handled for android.intent.action.SCREEN_ON took 248 ms, Receiver = com.android.server.AlarmManagerServiceExt$SyncScheduler$TrafficAnalyzer$3@821e8e2
08-23 19:46:09.150 1452 1452 W Looper : Slow dispatch took 249ms main h=android.app.ActivityThread$H c=android.app.-$$Lambda$LoadedApk$ReceiverDispatcher$Args$_BumDX2UKsnxLVrE6UJsJZkotuA@16493a0 m=0
08-23 19:46:09.157 1452 3619 D WindowManager: mKeyguardDelegate.ShowListener.onDrawn.
08-23 19:46:09.184 1452 1546 W Looper : Drained
08-23 19:46:09.184 1452 1546 W Looper : Slow dispatch took 637ms android.ui h=com.android.server.am.ActivityManagerService$UiHandler c=null m=53
08-23 19:46:09.186 1452 1452 V InputMethodManagerService: Hide switching menu
08-23 19:46:09.197 1452 1452 W ContextImpl: Calling a method in the system process without a qualified user: android.app.ContextImpl.sendBroadcast:1162 vendor.samsung.frameworks.codecsolution.Logging.insertDiagmonLog:78 vendor.samsung.frameworks.codecsolution.Logging.insertLog:54 vendor.samsung.frameworks.codecsolution.Logging.insertLog:46 vendor.samsung.frameworks.codecsolution.SehCodecSolutionService$1.handleMessage:307 08-23 19:46:09.296 599 599 I io_stats: !@ 179,0 r 1845295 30629227 w 78109 1342680 d 41232 567760 f 43731 52467 iot 745890 590212 th 51200 51200 41500 pt 1070 inp 13 0 2175.893
08-23 19:46:09.301 1452 1548 V UsbDeviceManager: onKeyguardStateChanged: isShowing:false secure:false user:0
08-23 19:46:09.301 1452 1452 W Looper : Slow dispatch took 105ms main h=vendor.samsung.frameworks.codecsolution.SehCodecSolutionService$1 c=null m=900
08-23 19:46:09.303 1452 1926 D StorageManagerService: handleMessage -> H_KEYGUARD_CHANGED isShowing=false
08-23 19:46:09.321 1452 4886 W BroadcastQueue: Background execution not allowed: receiving Intent { act=android.intent.action.USER_PRESENT flg=0x24200010 } to com.android.chrome/org.chromium.chrome.browser.sharing.click_to_call.ClickToCallMessageHandler$PhoneUnlockedReceiver
08-23 19:46:09.323 1452 1452 D EasyMuteController: Register failed. already registered or setting not eanbled
08-23 19:46:09.362 1452 2247 V WindowManager: Changing focus from Window{ac03e0c u0 NotificationShade} to null displayId=0 Callers=com.android.server.wm.RootWindowContainer.updateFocusedWindowLocked:566 com.android.server.wm.WindowManagerService.updateFocusedWindowLocked:6307 com.android.server.wm.WindowManagerService.relayoutWindow:2710 com.android.server.wm.Session.relayout:219 08-23 19:46:09.385 1452 1502 I CocktailPolicyManager: findMatchedPolicy: find policy = 1
08-23 19:46:09.397 1452 17521 I SystemUiVisibilityPolicyController: handleMessage: entry what = 1
08-23 19:46:09.398 1452 2247 I WindowManager: Cancelling animation restarting=true, leash=Surface(name=Surface(name=2818a36 StatusBar)/@0x2b13cba - animation-leash)/@0x7418aeb
08-23 19:46:09.400 1452 2247 I WindowManager: Reparenting to original parent: Surface(name=WindowToken{878bfd1 android.os.BinderProxy@a5cd65b})/@0x7d3b76b, destroy=false, surface=Surface(name=2818a36 StatusBar)/@0x2b13cba
08-23 19:46:09.403 1452 2247 I WindowManager: Reparenting to leash, surface=Surface(name=2818a36 StatusBar)/@0x2b13cba, leashParent=Surface(name=WindowToken{878bfd1 android.os.BinderProxy@a5cd65b})/@0x7d3b76b
08-23 19:46:09.410 1452 2247 D WindowManager: makeSurface duration=4 leash=Surface(name=Surface(name=2818a36 StatusBar)/@0x2b13cba - animation-leash)/@0x4e44fce
08-23 19:46:09.410 1452 2247 I WindowManager: Cancelling animation restarting=true, leash=Surface(name=Surface(name=48627e NavigationBar0)/@0xdbeaf61 - animation-leash)/@0xa056ee1
08-23 19:46:09.410 1452 2247 I WindowManager: Reparenting to original parent: Surface(name=WindowToken{6ee4283 android.os.BinderProxy@3983a94})/@0x9a66a86, destroy=false, surface=Surface(name=48627e NavigationBar0)/@0xdbeaf61
08-23 19:46:09.410 1452 2247 I WindowManager: Reparenting to leash, surface=Surface(name=48627e NavigationBar0)/@0xdbeaf61, leashParent=Surface(name=WindowToken{6ee4283 android.os.BinderProxy@3983a94})/@0x9a66a86
08-23 19:46:09.412 1452 2247 D WindowManager: makeSurface duration=2 leash=Surface(name=Surface(name=48627e NavigationBar0)/@0xdbeaf61 - animation-leash)/@0x9debdfc
08-23 19:46:09.414 1452 2247 D StatusBarManagerService: notifyRequestedSystemKey recent=false home=false
08-23 19:46:09.415 1452 2247 V WindowManager: rotationForOrientation(orient=SCREEN_ORIENTATION_PORTRAIT (1), last=ROTATION_0 (0)); user=ROTATION_0 (0) 08-23 19:46:09.415 1452 2247 D WindowManager: rotationForOrientation, orientationSource=ActivityRecord{18c1921 u0 com.callapp.contacts/.activity.contact.details.ContactDetailsActivity t73}
08-23 19:46:09.416 1452 2247 V WindowManager: Computed rotation=ROTATION_0 (0) for display id=0 based on lastOrientation=SCREEN_ORIENTATION_PORTRAIT (1) and oldRotation=ROTATION_0 (0), caller=com.android.server.wm.DisplayRotation.updateOrientation:394 com.android.server.wm.DisplayContent.updateOrientation:1698 com.android.server.wm.DisplayContent.updateOrientation:1603 com.android.server.wm.WindowManagerService.relayoutWindow:2739 com.android.server.wm.Session.relayout:219 android.view.IWindowSession$Stub.onTransact:871 08-23 19:46:09.426 1452 2228 D WindowManager: finishDrawingWindow: Window{ef38711 u0 com.sec.android.app.launcher/com.sec.android.app.launcher.activities.LauncherActivity} mDrawState=DRAW_PENDING
08-23 19:46:09.478 1452 1549 V WindowManager: Updating vis of wallpaper Window{8454276 u0 com.android.systemui.ImageWallpaper}: true from:
08-23 19:46:09.478 1452 1549 V WindowManager: com.android.server.wm.WallpaperWindowToken.updateWallpaperWindows:169
08-23 19:46:09.478 1452 1549 V WindowManager: com.android.server.wm.WallpaperController.updateWallpaperTokens:684
08-23 19:46:09.478 1452 1549 V WindowManager: com.android.server.wm.WallpaperController.adjustWallpaperWindows:723
08-23 19:46:09.478 1452 1549 V WindowManager: com.android.server.wm.DisplayContent.applySurfaceChangesTransaction:4846
08-23 19:46:09.496 1452 1549 I WindowManager: Reparenting to leash, surface=Surface(name=8454276 com.android.systemui.ImageWallpaper)/@0x8e0e2eb, leashParent=Surface(name=WallpaperWindowToken{b92bf0b token=android.os.Binder@16af085})/@0xe9e7d77
08-23 19:46:09.499 1452 1549 D WindowManager: makeSurface duration=2 leash=Surface(name=Surface(name=8454276 com.android.systemui.ImageWallpaper)/@0x8e0e2eb - animation-leash)/@0xca8bc01
08-23 19:46:09.520 1452 2115 D MdnieScenarioControlService: packageName : com.callapp.contacts className : com.callapp.contacts.activity.contact.details.ContactDetailsActivity
08-23 19:46:09.540 1452 2115 V MdnieScenarioControlService: setUIMode from UI function(3)
08-23 19:46:09.556 1452 1546 W Looper : Slow delivery took 630ms android.ui h=com.android.server.am.ActivityManagerService$UiHandler c=null m=31
08-23 19:46:09.556 1452 1546 W Looper : Slow dispatch took 373ms android.ui h=com.android.server.am.ActivityManagerService$UiHandler c=null m=31
08-23 19:46:09.556 1452 1546 W WindowManager: Keyguard drawn timeout. Setting mKeyguardDrawComplete
08-23 19:46:09.557 1452 1572 W BroadcastQueue: Background execution not allowed: receiving Intent { act=android.intent.action.USER_PRESENT flg=0x24200010 } to com.google.android.gms/.auth.setup.devicesignals.LockScreenReceiver
08-23 19:46:09.557 1452 1546 I WindowManager: Waiting for drawn Window{ac03e0c u0 NotificationShade}: removed=false visible=true mHasSurface=true drawState=1
08-23 19:46:09.557 1452 1572 W BroadcastQueue: Background execution not allowed: receiving Intent { act=android.intent.action.USER_PRESENT flg=0x24200010 } to com.google.android.gms/.chimera.GmsIntentOperationService$PersistentTrustedReceiver
08-23 19:46:09.557 1452 1572 W BroadcastQueue: Background execution not allowed: receiving Intent { act=android.intent.action.USER_PRESENT flg=0x24200010 } to com.facebook.lite/com.facebook.rti.push.service.MqttSystemBroadcastReceiver
08-23 19:46:09.564 1452 1549 I WindowManager: Waiting for drawn Window{ac03e0c u0 NotificationShade}: removed=false visible=true mHasSurface=true drawState=1
08-23 19:46:09.572 1452 17521 I SystemUiVisibilityPolicyController: handleMessage: entry what = 1
08-23 19:46:09.584 3468 3468 W ContextImpl: Calling a method in the system process without a qualified user: android.app.ContextImpl.startService:1739 android.content.ContextWrapper.startService:738 android.content.ContextWrapper.startService:738 com.sec.android.diagmonagent.sa.receiver.CFLogReceiver.sendCFLog:26 com.sec.android.diagmonagent.sa.receiver.CFLogReceiver.onReceive:18 08-23 19:46:09.621 1452 2579 D CompatibilityChangeReporter: Compat change id reported: 149924527; UID 10067; state: ENABLED
08-23 19:46:09.624 1452 2579 D CompatibilityChangeReporter: Compat change id reported: 132649864; UID 10067; state: DISABLED
08-23 19:46:09.641 1452 2115 V MdnieScenarioControlService: mAclOffEnabled : false mAclPreviewState : false mAclCompensationState : false
08-23 19:46:09.656 1452 2259 I WindowManager: Waiting for drawn Window{ac03e0c u0 NotificationShade}: removed=false visible=true mHasSurface=true drawState=1
08-23 19:46:09.674 2086 2086 W Looper : Slow dispatch took 526ms main h=android.view.Choreographer$FrameHandler c=android.view.Choreographer$FrameDisplayEventReceiver@e45fe9b m=0
08-23 19:46:09.682 1452 1549 I WindowManager: Waiting for drawn Window{ac03e0c u0 NotificationShade}: removed=false visible=true mHasSurface=true drawState=1
08-23 19:46:09.703 2086 2086 W Looper : Slow dispatch took 16ms main h=android.view.ViewRootImpl$ViewRootHandler c=android.view.-$$Lambda$WlJa6OPA72p3gYtA3nVKC7Z1tGY@b1aae7e m=0
08-23 19:46:09.716 1452 1546 W Looper : Slow dispatch took 145ms android.ui h=com.android.server.am.ActivityManagerService$UiHandler c=null m=53
08-23 19:46:09.716 1452 1546 W WindowManager: Setting mKeyguardDrawComplete
08-23 19:46:09.717 1452 17521 I SystemUiVisibilityPolicyController: handleMessage: entry what = 1
08-23 19:46:09.718 2086 2086 W Looper : Slow dispatch took 14ms main h=android.hardware.display.DisplayManagerGlobal$DisplayListenerDelegate c=null m=2
08-23 19:46:09.720 1452 3619 I GenerationRegistry: mBackingStore.isClosed() : false
08-23 19:46:09.723 2086 2086 I PowerUI : BATTERY_HEALTH_CHECK extraHealth=2 mBatteryMiscEvent=0
08-23 19:46:09.731 1452 1549 I WindowManager: Waiting for drawn Window{ac03e0c u0 NotificationShade}: removed=false visible=true mHasSurface=true drawState=1
08-23 19:46:09.734 1452 2247 I GenerationRegistry: mBackingStore.isClosed() : false
08-23 19:46:09.741 1452 1548 I WindowManager: Waiting for drawn Window{ac03e0c u0 NotificationShade}: removed=false visible=true mHasSurface=true drawState=1
08-23 19:46:09.762 1452 1549 I WindowManager: Reparenting to original parent: Surface(name=WallpaperWindowToken{b92bf0b token=android.os.Binder@16af085})/@0xe9e7d77, destroy=true, surface=Surface(name=8454276 com.android.systemui.ImageWallpaper)/@0x8e0e2eb
08-23 19:46:09.767 1452 1549 I WindowManager: Waiting for drawn Window{ac03e0c u0 NotificationShade}: removed=false visible=true mHasSurface=true drawState=1
08-23 19:46:09.770 1452 1548 D GameManagerService: notePauseComponent(), received paused-component: com.callapp.contacts
08-23 19:46:09.770 1452 1546 W Looper : Drained
08-23 19:46:09.772 2086 2086 W Looper : Slow dispatch took 49ms main h=android.app.ActivityThread$H c=android.app.-$$Lambda$LoadedApk$ReceiverDispatcher$Args$_BumDX2UKsnxLVrE6UJsJZkotuA@efadfdf m=0
08-23 19:46:09.777 1452 3500 D SamsungAlarmManager: setInexact (T:3/F:0/AC:false) 20210823T194624 now=8810854 - CU:10164/CP:2347/OP:PendingIntent{b88ea5c: PendingIntentRecord{fdc0165 com.google.android.gms/com.google.android.gms.auth_authzen__phone startService}}
08-23 19:46:09.777 1452 3500 I SamsungAlarmManager: setLocked to kernel - T:2 / 20210823T195012, set=9053771, now=8810854
08-23 19:46:09.785 1452 3500 I SamsungAlarmManager: setLocked to kernel - T:3 / 20210823T194624, set=8825765, now=8810862
08-23 19:46:09.798 1452 1452 W NotificationHistory: Attempted to add notif for locked/gone/disabled user 0
08-23 19:46:09.799 1452 1452 W Looper : Slow dispatch took 497ms main h=com.android.server.notification.NotificationManagerService$WorkerHandler c=com.android.server.notification.NotificationManagerService$PostNotificationRunnable@ce85048 m=0
08-23 19:46:09.800 2086 2086 W Looper : Slow dispatch took 25ms main h=android.os.Handler c=com.android.systemui.statusbar.phone.-$$Lambda$iQsniWdIxLGqyYwRi09kQ-Ah02M@daa53fc m=0
08-23 19:46:09.831 2086 2086 W Looper : Slow dispatch took 11ms main h=android.os.Handler c=androidx.lifecycle.LiveData$1@3c75ec0 m=0
08-23 19:46:09.832 1452 3133 I WindowManager: Waiting for drawn Window{ac03e0c u0 NotificationShade}: removed=false visible=true mHasSurface=true drawState=1
08-23 19:46:09.836 1452 3133 D WindowManager: makeSurface duration=3 name=SGestureOverlayWindow$_2542
08-23 19:46:09.840 1452 3500 D PowerManagerService: [api] userActivity : event: 0 flags: 0 (uid: 10067 pid: 2086) eventTime = 2176436
08-23 19:46:09.857 2086 2086 W Looper : Slow dispatch took 15ms main h=com.android.systemui.qs.tileimpl.QSTileBaseView$H c=null m=1
08-23 19:46:09.864 1452 2247 D WindowManager: finishDrawingWindow: Window{2153bea u0 SGestureOverlayWindow} mDrawState=DRAW_PENDING
08-23 19:46:09.869 1452 1549 I WindowManager: Waiting for drawn Window{ac03e0c u0 NotificationShade}: removed=false visible=true mHasSurface=true drawState=1
08-23 19:46:10.011 1452 1562 E Watchdog: !@Sync: 72 heap: 76 / 80 [2021-08-23 19:46:10.011] sdogWay: softdog
08-23 19:46:10.036 2086 2086 W Looper : Slow dispatch took 178ms main h=android.view.Choreographer$FrameHandler c=android.view.Choreographer$FrameDisplayEventReceiver@e45fe9b m=0
08-23 19:46:10.050 2086 2086 W Looper : Slow dispatch took 13ms main h=com.android.systemui.qs.tileimpl.QSTileBaseView$H c=null m=1
08-23 19:46:10.225 1452 1548 I GameSDK@LifeCycle: noteResumeComponent(): package name : com.callapp.contacts
08-23 19:46:10.229 1452 1548 D GameManagerService: noteResumeComponent(), received resumed-component: com.callapp.contacts
08-23 19:46:10.229 1452 1923 D GameManagerService: onLooperPrepared(), msg: MSG_APP_RESUME, resumeComponent: ComponentInfo{com.callapp.contacts/com.callapp.contacts.activity.contact.details.ContactDetailsActivity}
08-23 19:46:10.229 1452 1923 D GameManagerService: handleResume().
08-23 19:46:10.230 1452 1923 D GameManagerService: handleResume(). same package with Prev KILL_YOURSELF. ignore
08-23 19:46:10.244 1452 1548 D PowerManagerService: [api] setUserActivityTimeoutOverrideFromWindowManagerInternal: timeoutMillis: -1
08-23 19:46:10.244 1452 1548 D PowerManagerService: getScreenOffTimeoutLocked: 5000 -> 30000
08-23 19:46:10.245 1452 1548 D PowerManagerService: [api] setScreenDimDurationOverrideFromWindowManagerInternal: timeoutMillis: -1
08-23 19:46:10.258 1452 1452 W LoadedApk: Slow system_server main thread handled for android.intent.action.SCREEN_ON took 452 ms, Receiver = com.android.server.AlarmManagerService$EmergencyReceiver@821268c
08-23 19:46:10.258 1452 1452 W Looper : Slow dispatch took 453ms main h=android.app.ActivityThread$H c=android.app.-$$Lambda$LoadedApk$ReceiverDispatcher$Args$_BumDX2UKsnxLVrE6UJsJZkotuA@1690dd5 m=0
08-23 19:46:10.272 1452 17527 D VibratorService: Ignoring incoming vibration in favor of alarm vibration
08-23 19:46:10.316 2086 2086 W Looper : Slow dispatch took 257ms main h=android.app.ActivityThread$H c=null m=121
08-23 19:46:10.317 1452 1545 W Looper : Slow dispatch took 310ms android.fg h=android.os.Handler c=com.android.server.Watchdog$HandlerChecker@5d03f60 m=0
08-23 19:46:10.339 1452 2579 I WindowManager: Waiting for drawn Window{ac03e0c u0 NotificationShade}: removed=false visible=true mHasSurface=true drawState=1
08-23 19:46:10.347 1452 1546 W Looper : Slow dispatch took 553ms android.ui h=com.android.server.am.ActivityManagerService$UiHandler c=null m=31
08-23 19:46:10.362 1452 4899 D WindowManager: finishDrawingWindow: Window{8454276 u0 com.android.systemui.ImageWallpaper} mDrawState=HAS_DRAWN
08-23 19:46:10.369 1452 3133 D ActivityTaskManager: getRecentPairTasks() maxNum :3 from 10065
08-23 19:46:10.377 1452 2247 D WALLPAPER_SVC:WallpaperManagerService: getWallpaperSafeLocked, userId = 0, which = 1, caller = com.android.server.wallpaper.WallpaperManagerService.semGetWallpaperType:5544 08-23 19:46:10.379 1452 2247 D WallpaperManagerService: which : 1, return type : 0 (called by userId= 0)
08-23 19:46:10.379 1452 3133 D RecentTaskItemController: getRecentPairTasksImpl() maxNum :3 from 10065
08-23 19:46:10.382 2086 2086 W Looper : Slow dispatch took 58ms main h=com.android.internal.os.HandlerCaller$MyHandler c=null m=10010
08-23 19:46:10.386 1452 6166 I WindowManager: Waiting for drawn Window{ac03e0c u0 NotificationShade}: removed=false visible=true mHasSurface=true drawState=1
08-23 19:46:10.410 2086 2086 W Looper : Slow dispatch took 18ms main h=com.android.systemui.statusbar.CommandQueue$H c=null m=393216
08-23 19:46:10.487 1452 2247 I AppOps : updateUidProcState uid: 10067 procState: 0 capability:7
08-23 19:46:10.491 2086 2086 W Looper : Slow dispatch took 80ms main h=android.view.ViewRootImpl$ViewRootHandler c=com.android.systemui.statusbar.phone.-$$Lambda$StatusBarKeyguardViewManager$mSv0Isp8p6jAP5z4_uESu4nCKow@c5b561d m=0
08-23 19:46:10.513 1452 2579 D EdgeLightingClientManager: bind : pkg = com.android.systemui, condition = 1, mHosts = 0
08-23 19:46:10.545 1452 2228 D WALLPAPER_SVC:WallpaperManagerService: getWallpaperSafeLocked, userId = 0, which = 1, caller = com.android.server.wallpaper.WallpaperManagerService.getWallpaperWithFeature:3336 08-23 19:46:10.546 1452 2228 D WALLPAPER_SVC:WallpaperManagerService: getWallpaper which=1 wallpaperUserId=0 wpType=0 isDexEnabled=false orig=false 08-23 19:46:10.546 1452 2228 D WALLPAPER_SVC:WallpaperManagerService: getWallpaper which = 1, isCopied = false 08-23 19:46:10.551 1452 2579 D SamsungAlarmManager: Cancel Alarm calling from uid:10164 pid :2347 / OP:PendingIntent{94a1645: PendingIntentRecord{5b2b19a com.google.android.gms/com.google.android.gms.measurement broadcastIntent}}
08-23 19:46:10.557 1452 1548 W WindowManager: Timeout waiting for drawn: undrawn=[Window{ac03e0c u0 NotificationShade}]
08-23 19:46:10.557 1452 1548 I WindowManager: All windows ready for display!
08-23 19:46:10.557 1452 1546 W WindowManager: Setting mWindowManagerDrawComplete
08-23 19:46:10.599 1452 2228 D WALLPAPER_SVC:WallpaperManagerService: cropFile is not exist. 08-23 19:46:10.609 1452 1546 D WindowManager: finishScreenTurningOn: mAwake=true, mScreenOnEarly=true, mScreenOnFully=false, mKeyguardDrawComplete=true, mWindowManagerDrawComplete=true
08-23 19:46:10.609 1452 1546 I WindowManager: Finished screen turning on...
08-23 19:46:10.609 1452 1546 D DisplayPowerController: [api] WindowManagerPolicy.ScreenOnListener : called onScreenOn()
08-23 19:46:10.610 1452 1590 I DisplayPowerController: Unblocked screen on after 3142 ms
08-23 19:46:10.610 1452 1590 D DisplayPowerController: animateScreenStateChange: target=2, targetInternal=2, dualScreenPolicy=-1
08-23 19:46:10.610 1452 1590 D DisplayPowerState: !@ ColorFade exit
08-23 19:46:10.615 1452 2228 D WindowManager: makeSurface duration=2 name=com.samsung.android.app.cocktailbarservice/com.samsung.android.app.cocktailbarservice.CocktailBarService$_16756
08-23 19:46:10.623 1452 1590 D PowerManagerService: [input device light] onColorFadeExit(true)
08-23 19:46:10.629 1452 17509 D VibratorService: Turning vibrator on for 1000 ms with amplitude -1.
08-23 19:46:10.630 1452 17509 D VibratorService: vibratorOn() : 1000ms, amplitude :-1, mag :9999, f : -1
08-23 19:46:10.638 1452 1590 D DisplayPowerController: getFinalBrightness : Summary is 13 (0.05) -> 13 (0.05)
08-23 19:46:10.639 1452 1590 D DisplayPowerController: animateScreenStateChange: target=2, targetInternal=2, dualScreenPolicy=-1
08-23 19:46:10.639 1452 1590 D DisplayPowerController: getFinalBrightness : Summary is 13 (0.05) -> 13 (0.05)
08-23 19:46:10.640 1452 1590 D DisplayPowerController: !@mWindowManagerPolicy.screenTurnedOn()
08-23 19:46:10.641 1452 1590 D PowerManagerService: DisplayPowerCallbacks : onStateChanged()
08-23 19:46:10.641 1452 1590 D PowerManagerService: mDisplayReady: true
08-23 19:46:10.641 1452 1590 D PowerManagerService: mDisplayReady: true
08-23 19:46:10.641 1452 1590 W PowerManagerService: Screen on took 3289 ms
08-23 19:46:10.641 1452 1590 D PowerManagerService: Setting HAL interactive mode to true
08-23 19:46:10.656 1452 1590 D PowerManagerService: handleSandman : stopDream
08-23 19:46:10.664 1452 1590 I DreamManagerService: Gently waking up from dream.
08-23 19:46:10.668 1452 1545 I DreamManagerService: Performing gentle wake from dream.
08-23 19:46:10.785 1452 2228 D EdgeLightingClientManager: unbind : pkg = com.android.systemui, mHosts = 1
08-23 19:46:10.786 1452 3133 D SamsungAlarmManager: Cancel Alarm calling from uid:10164 pid :2347 / OP:PendingIntent{5a13154: PendingIntentRecord{5b2b19a com.google.android.gms/com.google.android.gms.measurement broadcastIntent}}
08-23 19:46:10.886 2086 2086 W Looper : Slow dispatch took 393ms main h=android.view.ViewRootImpl$ViewRootHandler c=null m=6
08-23 19:46:10.895 1452 1956 W PackageManager: Not removing package com.google.android.trichromelibrary hosting lib com.google.android.trichromelibrary version 447212030 used by [VersionedPackage[com.google.android.webview/447212030]] for user 0
08-23 19:46:10.902 2086 2086 W Looper : Slow dispatch took 16ms main h=com.android.systemui.shared.system.TaskStackChangeListeners$H c=null m=14
08-23 19:46:10.905 1452 3133 D BatteryStatsImpl: This device is not supported own charge time.
08-23 19:46:10.934 2086 2086 W Looper : Slow dispatch took 28ms main h=com.android.internal.os.HandlerCaller$MyHandler c=null m=10030
08-23 19:46:10.964 2086 2086 W Looper : Slow dispatch took 30ms main h=com.android.internal.os.HandlerCaller$MyHandler c=null m=10030
08-23 19:46:10.983 2086 2086 W Looper : Slow dispatch took 18ms main h=com.android.systemui.qs.tileimpl.QSTileBaseView$H c=null m=1
08-23 19:46:10.993 1452 4887 D WindowManager: finishDrawingWindow: Window{2fa409e u0 com.samsung.android.app.cocktailbarservice/com.samsung.android.app.cocktailbarservice.CocktailBarService} mDrawState=DRAW_PENDING
08-23 19:46:11.008 2086 2086 W Looper : Slow dispatch took 15ms main h=android.view.ViewRootImpl$ViewRootHandler c=null m=17
08-23 19:46:11.050 1452 2247 W CocktailBarStatePolicyController: updateWindowType: current window type is requested window type(1)
08-23 19:46:11.067 1452 2579 E WindowManager: win=Window{ac03e0c u0 NotificationShade} destroySurfaces: appStopped=true win.mWindowRemovalAllowed=false win.mRemoveOnExit=false win.mViewVisibility=4 caller=com.android.server.wm.WindowManagerService.tryStartExitingAnimation:2917 com.android.server.wm.WindowManagerService.relayoutWindow:2624 com.android.server.wm.Session.relayout:219 android.view.IWindowSession$Stub.onTransact:871 com.android.server.wm.Session.onTransact:145 android.os.Binder.execTransactInternal:1195 android.os.Binder.execTransact:1159 08-23 19:46:11.073 1452 2579 I WindowManager: Destroying surface Surface(name=NotificationShade$_2086)/@0xa82f5d8 called by com.android.server.wm.WindowStateAnimator.destroySurface:1794 com.android.server.wm.WindowStateAnimator.destroySurfaceLocked:765 com.android.server.wm.WindowState.destroySurfaceUnchecked:3918 com.android.server.wm.WindowState.destroySurface:3892 com.android.server.wm.WindowManagerService.tryStartExitingAnimation:2917 com.android.server.wm.WindowManagerService.relayoutWindow:2624 com.android.server.wm.Session.relayout:219 android.view.IWindowSession$Stub.onTransact:871 08-23 19:46:11.181 2086 2086 W Looper : Slow dispatch took 172ms main h=android.view.Choreographer$FrameHandler c=android.view.Choreographer$FrameDisplayEventReceiver@e45fe9b m=0
08-23 19:46:11.246 1452 1452 D AccessibilityManagerService: currentTargets : [] targetsFromSetting : []
08-23 19:46:11.246 1452 1452 D AccessibilityManagerService: componentId : userState.getTargetAssignedToAccessibilityButton() : null
08-23 19:46:11.250 1452 1452 I AccessibilityManagerService: readMagnifierWindowEnabledSettingLocked: magniferWindowEnabled false, userState.mIsMagnifierWindowEnabled false
08-23 19:46:11.253 1452 1452 D AccessibilityManagerService: readAccessibilityDirectAccessSettingLocked currentTargets : [] targetsFromSetting : []
08-23 19:46:11.254 1452 1452 W LoadedApk: Slow system_server main thread handled for android.intent.action.USER_PRESENT took 923 ms, Receiver = com.android.server.accessibility.AccessibilityManagerService$3@16631ae
08-23 19:46:11.254 1452 1452 W Looper : Slow dispatch took 924ms main h=android.app.ActivityThread$H c=android.app.-$$Lambda$LoadedApk$ReceiverDispatcher$Args$_BumDX2UKsnxLVrE6UJsJZkotuA@c304fa m=0
08-23 19:46:11.256 1452 1923 D GameManagerService: onLooperPrepared(), msg: MSG_USER_PRESENT
08-23 19:46:11.256 1452 1923 D GameManagerService: handleUserPresent()
08-23 19:46:11.261 1452 1452 I MdnieScenarioControlService: action : android.intent.action.USER_PRESENT
08-23 19:46:11.262 2086 2086 W Looper : Slow dispatch took 77ms main h=android.os.Handler c=com.android.systemui.statusbar.policy.-$$Lambda$BatteryControllerImpl$xVvPxv9usTpbGvWx3jH4_VH1nvI@2fe5660 m=0
08-23 19:46:11.264 1452 1452 D MdnieScenarioControlService: packageName : com.callapp.contacts className : com.callapp.contacts.activity.contact.details.ContactDetailsActivity
08-23 19:46:11.265 1452 2115 V MdnieScenarioControlService: setUIMode from UI function(3)
08-23 19:46:11.267 1452 1452 I AdaptiveDisplaySolutionService: action : android.intent.action.USER_PRESENT
08-23 19:46:11.283 2086 2086 W Looper : Slow dispatch took 20ms main h=com.android.keyguard.KeyguardUpdateMonitor$18 c=null m=331
08-23 19:46:11.332 2086 2086 W Looper : Slow dispatch took 48ms main h=com.android.systemui.keyguard.KeyguardLifecyclesDispatcher$1 c=null m=1
08-23 19:46:11.338 1452 4887 I DreamManagerService: Leaving dreamland.
08-23 19:46:11.339 1452 4887 D PowerManagerService: [api] release WakeLock DOZE_WAKE_LOCK 'DreamManagerService' ACQ=-2m37s567ms (uid=1000 pid=1452 pkg=android)
08-23 19:46:11.339 1452 1545 I DreamManagerService: Performing gentle wake from dream.
08-23 19:46:11.340 1452 1545 I DreamController: Stopping dream: name=ComponentInfo{com.android.systemui/com.android.systemui.doze.DozeService}, isTest=false, canDoze=true, userId=0, reason='finished self'(from 'requested stopDream')
08-23 19:46:11.344 1452 4899 D WindowManager: finishDrawingWindow: Window{2fa409e u0 com.samsung.android.app.cocktailbarservice/com.samsung.android.app.cocktailbarservice.CocktailBarService} mDrawState=HAS_DRAWN
08-23 19:46:11.360 1452 1546 W Looper : Slow dispatch took 144ms android.ui h=com.android.server.am.ActivityManagerService$UiHandler c=null m=31
08-23 19:46:11.363 1452 1923 D GameManagerService: handleUserPresent(). resume signal is needed for com.callapp.contacts
08-23 19:46:11.365 599 599 I io_stats: !@ 179,0 r 1848673 30678647 w 78135 1342800 d 41232 567760 f 43735 52475 iot 747590 591038 th 51200 51200 41500 pt 1070 inp 0 0 2177.957
08-23 19:46:11.365 1452 2115 V MdnieScenarioControlService: mAclOffEnabled : false mAclPreviewState : false mAclCompensationState : false
08-23 19:46:11.369 1452 1452 W Looper : Slow dispatch took 102ms main h=android.app.ActivityThread$H c=null m=131
08-23 19:46:11.375 1452 1590 D PowerManagerService: [api] DreamReceiver: onReceive: android.intent.action.DREAMING_STOPPED
08-23 19:46:11.392 1452 3133 D SamsungAlarmManager: Cancel Alarm calling from uid:10164 pid :2781 / OP:PendingIntent{6a044a1: PendingIntentRecord{8cfaefd com.google.android.gms/com.google.android.gms.gcm broadcastIntent}}
08-23 19:46:11.393 1452 1452 D EasyMuteController: Register failed. already registered or setting not eanbled
08-23 19:46:11.741 1452 1452 W NotificationHistory: Attempted to add notif for locked/gone/disabled user 0
08-23 19:46:11.741 1452 1452 W Looper : Slow dispatch took 370ms main h=com.android.server.notification.NotificationManagerService$WorkerHandler c=com.android.server.notification.NotificationManagerService$PostNotificationRunnable@e929811 m=0
08-23 19:46:11.744 1452 1452 E NotificationService: Muting recently noisy 0|com.callapp.contacts|12|null|10513
08-23 19:46:11.780 1452 1452 D GameManagerService: onDisplayChanged. displyId: 0, state: 2
08-23 19:46:11.781 1452 1923 D GameManagerService: onLooperPrepared(), msg: MSG_LCD_ON
08-23 19:46:11.781 1452 1923 D GameManagerService: handleLcdOn(). isDeviceLocked: false, inKeyguardRestrictedInputMode: true
08-23 19:46:11.806 1452 1452 D SmartAlertController: SmartAlert - Found Missed Event
08-23 19:46:11.855 1452 1452 I Telecom:SamsungNotificationManager: handleMessage 10
08-23 19:46:11.901 1452 17581 D SmartAlertController: SmartAlert - already registered or Setting disabled
08-23 19:46:11.902 1452 3133 D WALLPAPER_SVC:WallpaperManagerService: semSetSmartCropRect, 1, Rect(0, 0 - 1461, 1461), Rect(0, 0 - 1461, 1461) 08-23 19:46:11.902 1452 4887 D SamsungAlarmManager: Cancel Alarm calling from uid:10164 pid :2347 / OP:PendingIntent{c21aa8b: PendingIntentRecord{5b2b19a com.google.android.gms/com.google.android.gms.measurement broadcastIntent}}
08-23 19:46:11.946 1452 1452 D GameManagerService: com.samsung.keyguard.KEYGUARD_STATE. check for pause
08-23 19:46:11.948 1452 1923 D GameManagerService: onLooperPrepared(), msg: MSG_KEY_GUARD_LOCKED
08-23 19:46:11.948 1452 1923 D GameManagerService: sendFocusOutConditionally() - mPrevNotiPackage: KILL_YOURSELF
08-23 19:46:11.951 1452 1452 I WindowManager: Finished waking up... (why=ON_BECAUSE_OF_LID_SWITCH)
