08-23 19:46:50.298 1452 4899 W ActivityManager: Slow operation: 64ms so far, now at attachApplicationLocked: after mServices.attachApplicationLocked
08-23 19:46:50.303 18002 18002 D ActivityThread: handleBindApplication()++ app=com.samsung.SMT
08-23 19:46:50.315 1452 3619 D CompatibilityChangeReporter: Compat change id reported: 136219221; UID 1000; state: DISABLED
08-23 19:46:50.320 1452 3133 D SamsungAlarmManager: setInexact (T:3/F:0/AC:false) 20210823T194705 now=8851397 - CU:10164/CP:2347/OP:PendingIntent{e33eeca: PendingIntentRecord{fdc0165 com.google.android.gms/com.google.android.gms.auth_authzen__phone startService}}
08-23 19:46:50.320 1452 3133 I SamsungAlarmManager: setLocked to kernel - T:2 / 20210823T194742, set=8903475, now=8851397
08-23 19:46:50.322 1452 3133 I SamsungAlarmManager: setLocked to kernel - T:3 / 20210823T194700, set=8861077, now=8851398
08-23 19:46:50.331 1452 2579 I AppOps : updateUidProcState uid: 10067 procState: 0 capability:7
08-23 19:46:50.332 1452 1548 V UsbDeviceManager: onKeyguardStateChanged: isShowing:false secure:false user:0
08-23 19:46:50.333 1452 1926 D StorageManagerService: handleMessage -> H_KEYGUARD_CHANGED isShowing=false
08-23 19:46:50.333 2086 2086 W Looper : Slow dispatch took 61ms main h=android.view.ViewRootImpl$ViewRootHandler c=com.android.systemui.statusbar.phone.PhoneStatusBarView$1@2633b8a m=0
08-23 19:46:50.336 1452 1548 D WindowManager: All windows drawn!
08-23 19:46:50.339 1452 1546 W Looper : Slow delivery took 832ms android.ui h=com.android.server.am.ActivityManagerService$UiHandler c=null m=53
08-23 19:46:50.339 1452 1546 W Looper : Slow dispatch took 130ms android.ui h=com.android.server.am.ActivityManagerService$UiHandler c=null m=53
08-23 19:46:50.341 1452 17999 I SystemUiVisibilityPolicyController: handleMessage: entry what = 1
08-23 19:46:50.350 2086 2086 W Looper : Slow dispatch took 15ms main h=com.android.systemui.qs.tileimpl.QSTileBaseView$H c=null m=1
08-23 19:46:50.361 1452 1549 D WindowManager: All windows drawn!
08-23 19:46:50.375 1452 4455 D WindowManager: finishDrawingWindow: Window{2153bea u0 SGestureOverlayWindow} mDrawState=DRAW_PENDING
08-23 19:46:50.380 1452 2247 E WindowManager: win=Window{ac03e0c u0 NotificationShade} destroySurfaces: appStopped=true win.mWindowRemovalAllowed=false win.mRemoveOnExit=false win.mViewVisibility=4 caller=com.android.server.wm.WindowManagerService.tryStartExitingAnimation:2917 com.android.server.wm.WindowManagerService.relayoutWindow:2624 com.android.server.wm.Session.relayout:219 android.view.IWindowSession$Stub.onTransact:871 com.android.server.wm.Session.onTransact:145 android.os.Binder.execTransactInternal:1195 android.os.Binder.execTransact:1159 08-23 19:46:50.381 1452 2247 I WindowManager: Destroying surface Surface(name=NotificationShade$_2086)/@0xdc4545e called by com.android.server.wm.WindowStateAnimator.destroySurface:1794 com.android.server.wm.WindowStateAnimator.destroySurfaceLocked:765 com.android.server.wm.WindowState.destroySurfaceUnchecked:3918 com.android.server.wm.WindowState.destroySurface:3892 com.android.server.wm.WindowManagerService.tryStartExitingAnimation:2917 com.android.server.wm.WindowManagerService.relayoutWindow:2624 com.android.server.wm.Session.relayout:219 android.view.IWindowSession$Stub.onTransact:871 08-23 19:46:50.385 1452 2247 D WindowManager: All windows drawn!
08-23 19:46:50.403 1452 1549 D WindowManager: All windows drawn!
08-23 19:46:50.440 1452 1548 I WindowManager: All windows ready for display!
08-23 19:46:50.440 1452 6166 D EdgeLightingClientManager: unbind : pkg = com.android.systemui, mHosts = 1
08-23 19:46:50.441 1452 1546 W WindowManager: Setting mWindowManagerDrawComplete
08-23 19:46:50.447 1452 1975 W Looper : Slow dispatch took 199ms PackageManagerHandlerThread h=android.os.Handler c=<recycled PooledLambda@a1596e> m=0
08-23 19:46:50.464 1452 1546 D WindowManager: finishScreenTurningOn: mAwake=true, mScreenOnEarly=true, mScreenOnFully=false, mKeyguardDrawComplete=true, mWindowManagerDrawComplete=true
08-23 19:46:50.464 1452 1546 I WindowManager: Finished screen turning on...
08-23 19:46:50.478 1452 1546 D DisplayPowerController: [api] WindowManagerPolicy.ScreenOnListener : called onScreenOn()
08-23 19:46:50.478 1452 1590 I DisplayPowerController: Unblocked screen on after 1559 ms
08-23 19:46:50.479 1452 1590 D DisplayPowerController: animateScreenStateChange: target=2, targetInternal=2, dualScreenPolicy=-1
08-23 19:46:50.479 1452 1590 D DisplayPowerState: !@ ColorFade exit
08-23 19:46:50.479 1452 1590 D PowerManagerService: [input device light] onColorFadeExit(true)
08-23 19:46:50.480 1452 1546 W Looper : Drained
08-23 19:46:50.481 1452 1590 D DisplayPowerController: getFinalBrightness : Summary is 13 (0.05) -> 13 (0.05)
08-23 19:46:50.484 1452 1590 D DisplayPowerController: animateScreenStateChange: target=2, targetInternal=2, dualScreenPolicy=-1
08-23 19:46:50.484 1452 1590 D DisplayPowerController: getFinalBrightness : Summary is 13 (0.05) -> 13 (0.05)
08-23 19:46:50.485 1452 1590 D DisplayPowerController: !@mWindowManagerPolicy.screenTurnedOn()
08-23 19:46:50.486 1452 1590 D PowerManagerService: DisplayPowerCallbacks : onStateChanged()
08-23 19:46:50.486 1452 1590 D PowerManagerService: mDisplayReady: true
08-23 19:46:50.487 1452 1590 D PowerManagerService: mDisplayReady: true
08-23 19:46:50.487 1452 1590 W PowerManagerService: Screen on took 1591 ms
08-23 19:46:50.487 1452 1590 D PowerManagerService: Setting HAL interactive mode to true
08-23 19:46:50.489 1452 1590 D PowerManagerService: handleSandman : stopDream
08-23 19:46:50.490 1452 1590 I DreamManagerService: Gently waking up from dream.
08-23 19:46:50.494 1452 1452 W NotificationHistory: Attempted to add notif for locked/gone/disabled user 0
08-23 19:46:50.495 1452 1452 W Looper : Slow delivery took 1136ms main h=com.android.server.notification.NotificationManagerService$WorkerHandler c=com.android.server.notification.NotificationManagerService$PostNotificationRunnable@f98cc21 m=0
08-23 19:46:50.495 1452 1452 W Looper : Slow dispatch took 268ms main h=com.android.server.notification.NotificationManagerService$WorkerHandler c=com.android.server.notification.NotificationManagerService$PostNotificationRunnable@f98cc21 m=0
08-23 19:46:50.496 1452 1452 D SamsungAlarmManager: Cancel Alarm calling from uid:1000 pid :1452 / OP:PendingIntent{ee7248b: PendingIntentRecord{40f1968 android broadcastIntent}}
08-23 19:46:50.497 1452 1545 I DreamManagerService: Performing gentle wake from dream.
08-23 19:46:50.513 1452 17985 I Telecom:RingtoneFactory: getRingtone android.media.Ringtone@335aa07
08-23 19:46:50.540 2086 2086 W Looper : Slow dispatch took 191ms main h=android.view.Choreographer$FrameHandler c=android.view.Choreographer$FrameDisplayEventReceiver@e45fe9b m=0
08-23 19:46:50.731 1452 18028 D VibratorService: Ignoring incoming vibration in favor of alarm vibration
08-23 19:46:50.740 1452 17985 I Telecom : RingtoneFactory: hasHapticChannels content://media/internal/audio/media/58?title=Over%20the%20Horizon&canonical=1 -> false: NCSSF.aC->ICFG.sF->ICFG.sF->ICFG.sF->CAMSM.pM_2002->ARP.hP@Akk
08-23 19:46:50.740 1452 17985 I Telecom : AsyncRingtonePlayer: handlePlay: hasHaptics=false, isVibrationEnabled=true: NCSSF.aC->ICFG.sF->ICFG.sF->ICFG.sF->CAMSM.pM_2002->ARP.hP@Akk
08-23 19:46:50.741 1452 17985 I Telecom : Ringer: startRinging: fileHasHaptics=false, hapticsSupported=false: NCSSF.aC->ICFG.sF->ICFG.sF->ICFG.sF->CAMSM.pM_2002->ARP.hP@Akk
08-23 19:46:50.741 1452 17985 I Telecom : Ringer: start normal vibration.: NCSSF.aC->ICFG.sF->ICFG.sF->ICFG.sF->CAMSM.pM_2002->ARP.hP@Akk
08-23 19:46:50.741 1452 17985 V VibratorService: vibratePatternMagnitude - package: com.android.server.telecom, reason: null, repeat: 0, token: android.os.Binder@7107ee2, mag: 9999, TYPE_CALL
08-23 19:46:50.741 1452 17985 D VibratorService: Turning vibrator off.
08-23 19:46:50.742 1452 17985 D VibratorService: Turning vibrator off
08-23 19:46:50.758 1452 17985 I Telecom : AsyncRingtonePlayer: Play ringtone, looping.: NCSSF.aC->ICFG.sF->ICFG.sF->ICFG.sF->CAMSM.pM_2002->ARP.hP@Akk
08-23 19:46:50.819 1452 18051 D VibratorService: Turning vibrator on for 250 ms.
08-23 19:46:50.820 1452 18051 D VibratorService: vibratorOn() : 250ms, mag :9999, f : -1
08-23 19:46:50.836 2086 2086 W Looper : Slow dispatch took 223ms main h=android.view.ViewRootImpl$ViewRootHandler c=null m=6
08-23 19:46:50.852 2086 2086 W Looper : Slow dispatch took 16ms main h=com.android.keyguard.KeyguardUpdateMonitor$18 c=null m=301
08-23 19:46:50.868 2086 2086 W Looper : Slow dispatch took 11ms main h=android.view.Choreographer$FrameHandler c=android.view.Choreographer$FrameDisplayEventReceiver@e45fe9b m=0
08-23 19:46:50.870 1452 1975 W Looper : Slow dispatch took 422ms PackageManagerHandlerThread h=android.os.Handler c=<recycled PooledLambda@1386c18> m=0
08-23 19:46:50.910 2086 2086 W Looper : Slow dispatch took 37ms main h=com.android.systemui.keyguard.KeyguardLifecyclesDispatcher$1 c=null m=1
08-23 19:46:50.913 1452 2579 I DreamManagerService: Leaving dreamland.
08-23 19:46:50.916 1452 2579 D PowerManagerService: [api] release WakeLock DOZE_WAKE_LOCK 'DreamManagerService' ACQ=-8s714ms (uid=1000 pid=1452 pkg=android)
08-23 19:46:50.917 1452 1545 I DreamManagerService: Performing gentle wake from dream.
08-23 19:46:50.917 1452 1545 I DreamController: Stopping dream: name=ComponentInfo{com.android.systemui/com.android.systemui.doze.DozeService}, isTest=false, canDoze=true, userId=0, reason='finished self'(from 'requested stopDream')
08-23 19:46:50.934 2086 2086 W Looper : Slow dispatch took 15ms main h=android.view.ViewRootImpl$ViewRootHandler c=null m=17
08-23 19:46:50.942 1452 1590 D PowerManagerService: [api] DreamReceiver: onReceive: android.intent.action.DREAMING_STOPPED
08-23 19:46:50.947 2086 2086 W Looper : Slow dispatch took 13ms main h=android.os.Handler c=com.android.systemui.statusbar.policy.QSClockBellTower$2@981cc01 m=0
08-23 19:46:50.965 1452 3619 D SamsungAlarmManager: Cancel Alarm calling from uid:10164 pid :2781 / OP:PendingIntent{7d02ef6: PendingIntentRecord{ad2036f com.google.android.gms/com.google.android.gms.gcm broadcastIntent}}
08-23 19:46:50.987 1452 3619 I SamsungAlarmManager: setLocked to kernel - T:2 / 20210823T194742, set=8903475, now=8852063
08-23 19:46:50.987 1452 3619 I SamsungAlarmManager: setLocked to kernel - T:3 / 20210823T194700, set=8861077, now=8852064
08-23 19:46:51.011 1452 18044 D VibratorService: Ignoring incoming vibration in favor of alarm vibration
08-23 19:46:51.039 2086 2086 W Looper : Slow dispatch took 92ms main h=android.view.Choreographer$FrameHandler c=android.view.Choreographer$FrameDisplayEventReceiver@e45fe9b m=0
08-23 19:46:51.052 2086 2086 W Looper : Slow dispatch took 11ms main h=android.app.ActivityThread$H c=null m=122
08-23 19:46:51.075 1452 3619 I GenerationRegistry: mBackingStore.isClosed() : false
08-23 19:46:51.080 2086 2086 W Looper : Slow dispatch took 28ms main h=android.os.Handler c=android.service.dreams.-$$Lambda$DreamService$DreamServiceWrapper$2R9T6zqLOUvx4z5eu1pSMWsejpU@9489871 m=0
08-23 19:46:51.109 2086 2086 W Looper : Drained
08-23 19:46:51.109 2086 2086 W Looper : Slow dispatch took 28ms main h=com.android.systemui.shared.plugins.PluginInstanceManager$MainHandler c=null m=2
08-23 19:46:51.110 2086 2086 W Looper : Slow delivery took 29ms main h=android.app.ActivityThread$H c=null m=119
08-23 19:46:51.113 2086 2086 W Looper : Drained
08-23 19:46:51.136 1452 1452 D AccessibilityManagerService: currentTargets : [] targetsFromSetting : []
08-23 19:46:51.136 1452 1452 D AccessibilityManagerService: componentId : userState.getTargetAssignedToAccessibilityButton() : null
08-23 19:46:51.136 1452 1452 I AccessibilityManagerService: readMagnifierWindowEnabledSettingLocked: magniferWindowEnabled false, userState.mIsMagnifierWindowEnabled false
08-23 19:46:51.136 1452 1452 D AccessibilityManagerService: readAccessibilityDirectAccessSettingLocked currentTargets : [] targetsFromSetting : []
08-23 19:46:51.137 1452 1452 W LoadedApk: Slow system_server main thread handled for android.intent.action.USER_PRESENT took 560 ms, Receiver = com.android.server.accessibility.AccessibilityManagerService$3@16631ae
08-23 19:46:51.137 1452 1452 W Looper : Slow dispatch took 561ms main h=android.app.ActivityThread$H c=android.app.-$$Lambda$LoadedApk$ReceiverDispatcher$Args$_BumDX2UKsnxLVrE6UJsJZkotuA@ee3df7e m=0
08-23 19:46:51.138 1452 1923 D GameManagerService: onLooperPrepared(), msg: MSG_USER_PRESENT
08-23 19:46:51.138 1452 1923 D GameManagerService: handleUserPresent()
08-23 19:46:51.138 1452 1452 I MdnieScenarioControlService: action : android.intent.action.USER_PRESENT
08-23 19:46:51.145 1452 1923 D GameManagerService: handleUserPresent(). resume signal is needed for com.callapp.contacts
08-23 19:46:51.156 1452 1452 D MdnieScenarioControlService: packageName : com.callapp.contacts className : com.callapp.contacts.activity.contact.details.ContactDetailsActivity
08-23 19:46:51.158 1452 1452 I AdaptiveDisplaySolutionService: action : android.intent.action.USER_PRESENT
08-23 19:46:51.175 1452 2115 V MdnieScenarioControlService: setUIMode from UI function(3)
08-23 19:46:51.193 2086 2086 W Looper : Slow dispatch took 10ms main h=android.os.Handler c=com.android.systemui.util.wakelock.-$$Lambda$DelayedWakeLock$aTG9u0wfrNahXJF_VixBxfvFqfg@ac18656 m=0
08-23 19:46:51.272 1452 1452 W ContextImpl: Calling a method in the system process without a qualified user: android.app.ContextImpl.sendBroadcast:1162 vendor.samsung.frameworks.codecsolution.Logging.insertDiagmonLog:78 vendor.samsung.frameworks.codecsolution.Logging.insertLog:54 vendor.samsung.frameworks.codecsolution.Logging.insertLog:46 vendor.samsung.frameworks.codecsolution.SehCodecSolutionService$1.handleMessage:307 08-23 19:46:51.290 1452 2115 V MdnieScenarioControlService: mAclOffEnabled : false mAclPreviewState : false mAclCompensationState : false
08-23 19:46:51.308 1452 1452 D GameManagerService: onDisplayChanged. displyId: 0, state: 2
08-23 19:46:51.309 1452 1923 D GameManagerService: onLooperPrepared(), msg: MSG_LCD_ON
08-23 19:46:51.314 3468 3468 W ContextImpl: Calling a method in the system process without a qualified user: android.app.ContextImpl.startService:1739 android.content.ContextWrapper.startService:738 android.content.ContextWrapper.startService:738 com.sec.android.diagmonagent.sa.receiver.CFLogReceiver.sendCFLog:26 com.sec.android.diagmonagent.sa.receiver.CFLogReceiver.onReceive:18 08-23 19:46:51.320 1452 18051 D VibratorService: Turning vibrator on for 250 ms.
08-23 19:46:51.320 1452 18051 D VibratorService: vibratorOn() : 250ms, mag :9999, f : -1
08-23 19:46:51.378 1452 1452 D SmartAlertController: SmartAlert - Found Missed Event
08-23 19:46:51.572 1452 1452 W Looper : Slow dispatch took 171ms main h=android.os.Handler c=com.android.server.notification.SmartAlertController$2@9f26056 m=0
08-23 19:46:51.597 1452 18068 D SmartAlertController: SmartAlert - already registered or Setting disabled
08-23 19:46:51.601 1452 1452 I WindowManager: Finished waking up... (why=ON_BECAUSE_OF_LID_SWITCH)
08-23 19:46:51.684 599 599 I io_stats: !@ 179,0 r 1873549 31029310 w 79119 1354088 d 41819 572344 f 44459 53367 iot 762080 599810 th 51200 51200 41500 pt 1070 inp 0 0 2218.281
08-23 19:46:51.694 1452 1452 D SmartAlertController: SmartAlert - Found Missed Event
08-23 19:46:51.819 1452 18051 D VibratorService: Turning vibrator on for 250 ms.
08-23 19:46:51.820 1452 18051 D VibratorService: vibratorOn() : 250ms, mag :9999, f : -1
08-23 19:46:51.828 2086 2086 W Looper : Slow dispatch took 221ms main h=android.os.Handler c=com.android.systemui.statusbar.phone.-$$Lambda$SecKeyguardStatusBarWhiteWallpaperSolutionHelper$eZfNrpv8jlY0YY_A7V8rIjF64Qc@8e7b1e2 m=0
08-23 19:46:51.828 2086 2086 W Looper : Slow delivery took 27ms main h=android.app.ActivityThread$H c=android.view.-$$Lambda$CompositionSamplingListener$hrbPutjnKRv7VkkiY9eg32N6QA8@9a5c973 m=0
08-23 19:46:51.863 2086 2086 W Looper : Drained
08-23 19:46:51.918 1452 1452 W Looper : Slow dispatch took 223ms main h=android.os.Handler c=com.android.server.notification.SmartAlertController$2@81f6cad m=0
08-23 19:46:51.938 1452 18075 D SmartAlertController: SmartAlert - already registered or Setting disabled
08-23 19:46:51.945 1452 1452 W ContextImpl: Calling a method in the system process without a qualified user: android.app.ContextImpl.sendBroadcast:1162 vendor.samsung.frameworks.codecsolution.Logging.insertDiagmonLog:78 vendor.samsung.frameworks.codecsolution.Logging.insertLog:54 vendor.samsung.frameworks.codecsolution.Logging.insertLog:46 vendor.samsung.frameworks.codecsolution.SehCodecSolutionService$1.handleMessage:307 08-23 19:46:51.952 3468 3468 W ContextImpl: Calling a method in the system process without a qualified user: android.app.ContextImpl.startService:1739 android.content.ContextWrapper.startService:738 android.content.ContextWrapper.startService:738 com.sec.android.diagmonagent.sa.receiver.CFLogReceiver.sendCFLog:26 com.sec.android.diagmonagent.sa.receiver.CFLogReceiver.onReceive:18 08-23 19:46:51.980 1452 1452 D SamsungAlarmManager: Cancel Alarm calling from uid:1000 pid :1452 / L:b0a1d49
08-23 19:46:51.994 1452 1452 I SamsungAlarmManager: setLocked to kernel - T:2 / 20210823T194742, set=8903475, now=8853070
08-23 19:46:51.995 1452 1452 I SamsungAlarmManager: setLocked to kernel - T:3 / 20210823T194700, set=8861077, now=8853072
08-23 19:46:52.061 1452 1452 W ContextImpl: Calling a method in the system process without a qualified user: android.app.ContextImpl.sendBroadcast:1162 vendor.samsung.frameworks.codecsolution.Logging.insertDiagmonLog:78 vendor.samsung.frameworks.codecsolution.Logging.insertLog:54 vendor.samsung.frameworks.codecsolution.Logging.insertLog:46 vendor.samsung.frameworks.codecsolution.SehCodecSolutionService$1.handleMessage:307 08-23 19:46:52.125 1452 1590 D PowerManagerService: UserActivityStateListenerState: 0
08-23 19:46:52.137 1452 1452 I Telecom:SamsungNotificationManager: handleMessage 10
08-23 19:46:52.141 3468 3468 W ContextImpl: Calling a method in the system process without a qualified user: android.app.ContextImpl.startService:1739 android.content.ContextWrapper.startService:738 android.content.ContextWrapper.startService:738 com.sec.android.diagmonagent.sa.receiver.CFLogReceiver.sendCFLog:26 com.sec.android.diagmonagent.sa.receiver.CFLogReceiver.onReceive:18 08-23 19:46:52.141 1452 1452 I HERMES#Service: hermesSecnvmPowerOn called!.
08-23 19:46:52.207 1452 1452 I HERMES#Service: notify key guard showing to hermesd ret : -16777217
08-23 19:46:52.264 1452 1452 D EasyMuteController: Register failed. already registered or setting not eanbled
08-23 19:46:52.481 1452 2228 D WindowManager: finishDrawingWindow: Window{3a21005 u0 com.callapp.contacts/com.callapp.contacts.activity.contact.details.ContactDetailsActivity} mDrawState=HAS_DRAWN
08-23 19:46:52.517 1452 1452 W NotificationHistory: Attempted to add notif for locked/gone/disabled user 0
08-23 19:46:52.518 1452 1452 W Looper : Slow dispatch took 302ms main h=com.android.server.notification.NotificationManagerService$WorkerHandler c=com.android.server.notification.NotificationManagerService$PostNotificationRunnable@278af9 m=0
08-23 19:46:52.540 1452 1452 E NotificationService: Muting recently noisy 0|com.callapp.contacts|12|null|10513
08-23 19:46:52.549 1452 1452 W ContextImpl: Calling a method in the system process without a qualified user: android.app.ContextImpl.sendBroadcast:1162 vendor.samsung.frameworks.codecsolution.Logging.insertDiagmonLog:78 vendor.samsung.frameworks.codecsolution.Logging.insertLog:54 vendor.samsung.frameworks.codecsolution.Logging.insertLog:46 vendor.samsung.frameworks.codecsolution.SehCodecSolutionService$1.handleMessage:307 08-23 19:46:52.553 3468 3468 W ContextImpl: Calling a method in the system process without a qualified user: android.app.ContextImpl.startService:1739 android.content.ContextWrapper.startService:738 android.content.ContextWrapper.startService:738 com.sec.android.diagmonagent.sa.receiver.CFLogReceiver.sendCFLog:26 com.sec.android.diagmonagent.sa.receiver.CFLogReceiver.onReceive:18 08-23 19:46:52.557 2086 2086 W Looper : Slow dispatch took 649ms main h=android.os.Handler c=com.android.systemui.statusbar.-$$Lambda$NotificationListener$NvFmU0XrVPuc5pizHcri9I0apkw@90af8f5 m=0
08-23 19:46:52.559 2086 2086 W Looper : Slow delivery took 601ms main h=android.os.Handler c=com.android.systemui.uithreadmonitor.LooperSlowLogController$TypeRunnable@404d68a m=0
08-23 19:46:52.575 1452 1452 E NotificationService: Muting recently noisy 0|com.callapp.contacts|12|null|10513
08-23 19:46:52.594 1452 1452 E NotificationService: Muting recently noisy 0|com.callapp.contacts|12|null|10513
08-23 19:46:52.631 1452 1452 D SmartAlertController: SmartAlert - Found Missed Event
08-23 19:46:52.799 1452 1452 W Looper : Slow dispatch took 167ms main h=android.os.Handler c=com.android.server.notification.SmartAlertController$2@5474497 m=0
08-23 19:46:52.819 1452 18051 D VibratorService: Turning vibrator on for 250 ms.
08-23 19:46:52.820 1452 18051 D VibratorService: vibratorOn() : 250ms, mag :9999, f : -1
08-23 19:46:52.856 1452 18090 D SmartAlertController: SmartAlert - already registered or Setting disabled
08-23 19:46:52.856 1452 1452 D SmartAlertController: SmartAlert - Found Missed Event
08-23 19:46:52.881 1452 1452 D SmartAlertController: SmartAlert - Found Missed Event
08-23 19:46:52.899 1452 18097 D SmartAlertController: SmartAlert - already registered or Setting disabled
08-23 19:46:52.912 1452 18084 D VibratorService: Ignoring incoming vibration in favor of alarm vibration
08-23 19:46:52.916 1452 18098 D SmartAlertController: SmartAlert - already registered or Setting disabled
08-23 19:46:52.995 1452 1452 D SmartAlertController: SmartAlert - Found Missed Event
08-23 19:46:53.013 1452 1452 W ContextImpl: Calling a method in the system process without a qualified user: android.app.ContextImpl.sendBroadcast:1162 vendor.samsung.frameworks.codecsolution.Logging.insertDiagmonLog:78 vendor.samsung.frameworks.codecsolution.Logging.insertLog:54 vendor.samsung.frameworks.codecsolution.Logging.insertLog:46 vendor.samsung.frameworks.codecsolution.SehCodecSolutionService$1.handleMessage:307 08-23 19:46:53.019 3468 3468 W ContextImpl: Calling a method in the system process without a qualified user: android.app.ContextImpl.startService:1739 android.content.ContextWrapper.startService:738 android.content.ContextWrapper.startService:738 com.sec.android.diagmonagent.sa.receiver.CFLogReceiver.sendCFLog:26 com.sec.android.diagmonagent.sa.receiver.CFLogReceiver.onReceive:18 08-23 19:46:53.042 1452 1452 W Looper : Drained
08-23 19:46:53.055 1452 18099 D SmartAlertController: SmartAlert - already registered or Setting disabled
08-23 19:46:53.097 1452 1452 D NotificationService: WAKELOCK/UP clear all delayed lists..
08-23 19:46:53.167 1452 1452 D SamsungAlarmManager: Cancel Alarm calling from uid:1000 pid :1452 / L:b0a1d49
08-23 19:46:53.320 1452 1452 W LoadedApk: Slow system_server main thread handled for android.intent.action.SCREEN_ON took 120 ms, Receiver = com.samsung.android.server.wifi.SemClientModeImpl$3@fc448ca
08-23 19:46:53.320 1452 1452 W Looper : Slow dispatch took 122ms main h=android.app.ActivityThread$H c=android.app.-$$Lambda$LoadedApk$ReceiverDispatcher$Args$_BumDX2UKsnxLVrE6UJsJZkotuA@ae766f0 m=0
08-23 19:46:53.323 1452 18051 D VibratorService: Turning vibrator on for 250 ms.
08-23 19:46:53.323 1452 18051 D VibratorService: vibratorOn() : 250ms, mag :9999, f : -1
08-23 19:46:53.557 1452 1452 D SamsungAlarmManager: Cancel Alarm calling from uid:1000 pid :1452 / L:32f47
08-23 19:46:53.560 1452 1452 I SamsungAlarmManager: setLocked to kernel - T:2 / 20210823T194742, set=8903475, now=8854636
08-23 19:46:53.560 1452 1452 I SamsungAlarmManager: setLocked to kernel - T:3 / 20210823T194700, set=8861077, now=8854637
08-23 19:46:53.561 1452 1452 D SamsungAlarmManager: Cancel Alarm calling from uid:1000 pid :1452 / L:1acf374
08-23 19:46:53.567 1452 1452 I SamsungAlarmManager: setLocked to kernel - T:2 / 20210823T195012, set=9053771, now=8854643
08-23 19:46:53.567 1452 1452 I SamsungAlarmManager: setLocked to kernel - T:3 / 20210823T194700, set=8861077, now=8854643
08-23 19:46:53.600 1452 1452 W LoadedApk: Slow system_server main thread handled for android.intent.action.SCREEN_ON took 168 ms, Receiver = com.android.server.DeviceIdleController$6@7acbd96
08-23 19:46:53.601 1452 1452 W Looper : Slow dispatch took 169ms main h=android.app.ActivityThread$H c=android.app.-$$Lambda$LoadedApk$ReceiverDispatcher$Args$_BumDX2UKsnxLVrE6UJsJZkotuA@491aeee m=0
08-23 19:46:53.646 1452 1452 I MdnieScenarioControlService: action : android.intent.action.SCREEN_ON
08-23 19:46:53.646 1452 1452 D MdnieScenarioControlService: isLockScreenOn : true
08-23 19:46:53.652 1452 1452 V MdnieScenarioControlService: mAclOffEnabled : false mAclPreviewState : false mAclCompensationState : false
08-23 19:46:53.656 1452 1452 I AdaptiveDisplaySolutionService: action : android.intent.action.SCREEN_ON
08-23 19:46:53.694 599 599 I io_stats: !@ 179,0 r 1873821 31032134 w 79152 1354288 d 41819 572344 f 44463 53375 iot 762320 599963 th 51200 51200 41500 pt 1070 inp 0 0 2220.289
08-23 19:46:53.734 1452 1571 D PowerManagerService: [api] setDeviceIdleMode: false (uid: 1000 pid: 1452)
08-23 19:46:53.776 1452 1571 D PowerManagerService: [api] setLightDeviceIdleMode: false (uid: 1000 pid: 1452)
08-23 19:46:53.797 1452 1913 W ContextImpl: Calling a method in the system process without a qualified user: android.app.ContextImpl.sendBroadcast:1162 com.samsung.android.gesture.PocketModeEvent$1.handleMessage:342 android.os.Handler.dispatchMessage:106 android.os.Looper.loop:246 android.os.HandlerThread.run:67 08-23 19:46:53.798 1452 1452 W ContextImpl: Calling a method in the system process without a qualified user: android.app.ContextImpl.sendBroadcast:1162 vendor.samsung.frameworks.codecsolution.Logging.insertDiagmonLog:78 vendor.samsung.frameworks.codecsolution.Logging.insertLog:54 vendor.samsung.frameworks.codecsolution.Logging.insertLog:46 vendor.samsung.frameworks.codecsolution.SehCodecSolutionService$1.handleMessage:307 08-23 19:46:53.837 3468 3468 W ContextImpl: Calling a method in the system process without a qualified user: android.app.ContextImpl.startService:1739 android.content.ContextWrapper.startService:738 android.content.ContextWrapper.startService:738 com.sec.android.diagmonagent.sa.receiver.CFLogReceiver.sendCFLog:26 com.sec.android.diagmonagent.sa.receiver.CFLogReceiver.onReceive:18 08-23 19:46:53.849 1452 18051 D VibratorService: Turning vibrator on for 250 ms.
08-23 19:46:53.850 1452 18051 D VibratorService: vibratorOn() : 250ms, mag :9999, f : -1
08-23 19:46:54.013 2085 2085 I wpa_supplicant: Heartbeat 219
08-23 19:46:54.379 1452 1572 I AppOps : commitUidPendingStateLocked() :: UID - 99035, 400 > 500, 6 > 7
08-23 19:46:54.379 1452 1572 I AppOps : commitUidPendingStateLocked() :: UID - 10164, 400 > 500, 6 > 7
08-23 19:46:54.732 1452 2260 D SamsungAlarmManager: setExact (T:3/F:9/AC:false) 20210823T194754 now=8855809 - CU:1000/CP:1452/L:3ce63a3:DetectMovementSPListener
08-23 19:46:54.733 1452 2260 I SamsungAlarmManager: setLocked to kernel - T:2 / 20210823T195012, set=9053771, now=8855809
08-23 19:46:54.733 1452 2260 I SamsungAlarmManager: setLocked to kernel - T:3 / 20210823T194700, set=8861077, now=8855809
08-23 19:46:54.741 1452 1973 D ConnectivityService: Connectivity-MDO: 10445 is true
08-23 19:46:54.742 1452 1973 D ConnectivityService: Connectivity-MDO change default network for 10445, type: mdo
08-23 19:46:54.742 1452 1973 D ConnectivityService: Connectivity-MDO: 10193 is true
08-23 19:46:54.744 1452 1973 D ConnectivityService: Connectivity-MDO change default network for 10193, type: mdo
08-23 19:46:54.826 1452 18051 D VibratorService: Turning vibrator on for 250 ms.
08-23 19:46:54.827 1452 18051 D VibratorService: vibratorOn() : 250ms, mag :9999, f : -1
08-23 19:46:55.274 1452 1973 D SemWifiTransportLayerNotificationManager: showTcpMonitorSuggestionNotification: false, null
08-23 19:46:55.274 1452 1973 D SemWifiTransportLayerNotificationManager: showTcpMonitorHeadUpNotification: false, 0, null
08-23 19:46:55.275 1452 1973 D SemWifiTransportLayerNotificationManager: showTcpMonitorNotification: false, 0, null
08-23 19:46:55.327 1452 18051 D VibratorService: Turning vibrator on for 250 ms.
08-23 19:46:55.328 1452 18051 D VibratorService: vibratorOn() : 250ms, mag :9999, f : -1
08-23 19:46:55.344 1452 17999 I SystemUiVisibilityPolicyController: handleMessage: entry what = 101
08-23 19:46:55.662 1452 1992 D ConnectivityService: reportNetworkConnectivityForResult api called
08-23 19:46:55.665 1452 1949 D ConnectivityService: reportNetworkConnectivityForResult(601) by 1000
08-23 19:46:55.712 599 599 I io_stats: !@ 179,0 r 1874900 31049738 w 79199 1354968 d 41819 572344 f 44465 53379 iot 763120 600329 th 51200 51200 41500 pt 1070 inp 0 0 2222.309
08-23 19:46:55.827 1452 18051 D VibratorService: Turning vibrator on for 250 ms.
08-23 19:46:55.828 1452 18051 D VibratorService: vibratorOn() : 250ms, mag :9999, f : -1
08-23 19:46:55.848 1452 1452 D PowerManagerService: [PWL] sb release: PowerManagerService.Broadcasts
08-23 19:46:56.189 1452 1572 W BroadcastQueue: Background execution not allowed: receiving Intent { act=android.net.conn.NETWORK_CONDITIONS_MEASURED flg=0x10 (has extras) } to com.google.android.gms/.chimera.GmsIntentOperationService$PersistentTrustedReceiver
08-23 19:46:56.264 1452 1949 W ContextImpl: Calling a method in the system process without a qualified user: android.app.ContextImpl.sendBroadcast:1162 com.android.server.ConnectivityService$NetworkStateTrackerHandler.handleNetworkTested:3996 com.android.server.ConnectivityService$NetworkStateTrackerHandler.maybeHandleNetworkMonitorMessage:3848 com.android.server.ConnectivityService$NetworkStateTrackerHandler.handleMessage:4095 android.os.Handler.dispatchMessage:106 08-23 19:46:56.314 1452 1949 W ContextImpl: Calling a method in the system process without a qualified user: android.app.ContextImpl.sendBroadcast:1162 com.android.server.ConnectivityService$NetworkStateTrackerHandler.handleNetworkTested:4002 com.android.server.ConnectivityService$NetworkStateTrackerHandler.maybeHandleNetworkMonitorMessage:3848 com.android.server.ConnectivityService$NetworkStateTrackerHandler.handleMessage:4095 android.os.Handler.dispatchMessage:106 08-23 19:46:56.319 1452 1949 D ConnectivityService: [601 WIFI] validation passed
08-23 19:46:56.828 1452 18051 D VibratorService: Turning vibrator on for 250 ms.
08-23 19:46:56.828 1452 18051 D VibratorService: vibratorOn() : 250ms, mag :9999, f : -1
08-23 19:46:56.946 18002 18105 W ContextImpl: Calling a method in the system process without a qualified user: android.app.ContextImpl.sendBroadcast:1162 android.content.ContextWrapper.sendBroadcast:478 android.speech.tts.TextToSpeechService$SynthThread.broadcastTtsQueueProcessingCompleted:454 android.speech.tts.TextToSpeechService$SynthThread.queueIdle:446 android.os.MessageQueue.next:404 08-23 19:46:57.329 1452 18051 D VibratorService: Turning vibrator on for 250 ms.
08-23 19:46:57.337 1452 18051 D VibratorService: vibratorOn() : 250ms, mag :9999, f : -1
08-23 19:46:57.370 18002 18105 W ContextImpl: Calling a method in the system process without a qualified user: android.app.ContextImpl.sendBroadcast:1162 android.content.ContextWrapper.sendBroadcast:478 android.speech.tts.TextToSpeechService$SynthThread.broadcastTtsQueueProcessingCompleted:454 android.speech.tts.TextToSpeechService$SynthThread.queueIdle:446 android.os.MessageQueue.next:404 08-23 19:46:57.374 18002 18105 W ContextImpl: Calling a method in the system process without a qualified user: android.app.ContextImpl.sendBroadcast:1162 android.content.ContextWrapper.sendBroadcast:478 android.speech.tts.TextToSpeechService$SynthThread.broadcastTtsQueueProcessingCompleted:454 android.speech.tts.TextToSpeechService$SynthThread.queueIdle:446 android.os.MessageQueue.next:404 08-23 19:46:57.379 1452 2228 D SamsungAlarmManager: Cancel Alarm calling from uid:10164 pid :2347 / OP:PendingIntent{ab1f9d9: PendingIntentRecord{d94b3f7 com.google.android.gms/ startService}}
08-23 19:46:57.392 1452 2228 I SamsungAlarmManager: setLocked to kernel - T:2 / 20210823T195012, set=9053771, now=8858469
08-23 19:46:57.394 1452 2228 I SamsungAlarmManager: setLocked to kernel - T:3 / 20210823T194700, set=8861077, now=8858470
08-23 19:46:57.653 1452 2228 D SettingsProvider: isChangeAllowed() : name = k2hd_effect
08-23 19:46:57.654 1452 2228 D SettingsProvider: edmUri: content://com.sec.knox.provider/RestrictionPolicy3
08-23 19:46:57.654 1452 2228 D SettingsProvider: projectionArgs: isSettingsChangesAllowed
08-23 19:46:57.654 1452 2228 D SettingsProvider: selectionArgs: false
08-23 19:46:57.654 1452 2228 D SettingsProvider: selectionArgs: 10066
08-23 19:46:57.674 1452 2228 D SecContentProvider: called from com.sec.android.app.soundalive
08-23 19:46:57.696 1452 2228 D RestrictionPolicy: isSettingsChangesAllowedAsUser, userId 0 : true
08-23 19:46:57.701 1452 2228 D SettingsProvider: ret = 1
08-23 19:46:57.723 599 599 I io_stats: !@ 179,0 r 1876763 31083050 w 79205 1355008 d 41819 572344 f 44468 53385 iot 764020 600920 th 51200 51200 41500 pt 1070 inp 0 0 2224.319
08-23 19:46:57.827 1452 2228 I ActivityManager: Process com.samsung.SMT (pid 18002) has died: fg SVC (46,275)
08-23 19:46:57.829 1452 18051 D VibratorService: Turning vibrator on for 250 ms.
08-23 19:46:57.830 1452 18051 D VibratorService: vibratorOn() : 250ms, mag :9999, f : -1
08-23 19:46:57.913 2086 2086 D SystemUIService: onTrimMemory : 5
08-23 19:46:58.830 1452 18051 D VibratorService: Turning vibrator on for 250 ms.
08-23 19:46:58.830 1452 18051 D VibratorService: vibratorOn() : 250ms, mag :9999, f : -1
08-23 19:46:59.330 1452 18051 D VibratorService: Turning vibrator on for 250 ms.
08-23 19:46:59.330 1452 18051 D VibratorService: vibratorOn() : 250ms, mag :9999, f : -1
08-23 19:46:59.449 1452 1571 D PowerManagerService: [api] setDeviceIdleTempWhitelist: appids: [0]5009 [1]10081 [2]10164 [3]10179 [4]10181 [5]10182 [6]10193 [7]10803 (uid: 1000 pid: 1452)
08-23 19:46:59.749 599 599 I io_stats: !@ 179,0 r 1877187 31088518 w 79212 1355040 d 41819 572344 f 44469 53386 iot 764330 601130 th 51200 51200 41500 pt 1070 inp 0 0 2226.345
08-23 19:46:59.830 1452 18051 D VibratorService: Turning vibrator on for 250 ms.
08-23 19:46:59.831 1452 18051 D VibratorService: vibratorOn() : 250ms, mag :9999, f : -1
08-23 19:47:00.000 1452 1908 D SamsungAlarmManager: Expired : 8
08-23 19:47:00.031 1452 1908 V SamsungAlarmManager: Sending to uid : 1000 L=6441702:TIME_TICK alarm=Alarm{e1684a8 type 3 when 8861077 android}
08-23 19:47:00.051 1452 1908 D SamsungAlarmManager: setExact (T:3/F:1/AC:false) 20210823T194800 now=8861127 - CU:1000/CP:1452/L:6441702:TIME_TICK
08-23 19:47:00.053 1452 1908 I SamsungAlarmManager: setLocked to kernel - T:2 / 20210823T195012, set=9053771, now=8861129
08-23 19:47:00.053 1452 1908 I SamsungAlarmManager: setLocked to kernel - T:3 / 20210823T194715, set=8876197, now=8861130
08-23 19:47:00.061 1452 1908 I SamsungAlarmManager: setLocked to kernel - T:2 / 20210823T195012, set=9053771, now=8861137
08-23 19:47:00.061 1452 1908 I SamsungAlarmManager: setLocked to kernel - T:3 / 20210823T194715, set=8876197, now=8861138
08-23 19:47:00.144 1452 4887 I ActivityManager: Changes in 10164 3 to 5, 7 to 0 Caller=com.android.server.am.OomAdjuster.updateOomAdjLockedInner:669 com.android.server.am.OomAdjuster.updateOomAdjLocked:413 com.android.server.am.ActivityManagerService.updateOomAdjLocked:21459 com.android.server.am.ActiveServices.unbindServiceLocked:2498 com.android.server.am.ActivityManagerService.unbindService:18060 android.app.IActivityManager$Stub.onTransact:3029 com.android.server.am.ActivityManagerService.onTransact:3617 08-23 19:47:00.650 1452 1973 D ConnectivityService: Connectivity-MDO: 10445 is true
08-23 19:47:00.650 1452 1973 D ConnectivityService: Connectivity-MDO change default network for 10445, type: mdo
08-23 19:47:00.650 1452 1973 D ConnectivityService: Connectivity-MDO: 10193 is true
08-23 19:47:00.650 1452 1973 D ConnectivityService: Connectivity-MDO change default network for 10193, type: mdo
08-23 19:47:00.686 1452 1973 D SemWifiTransportLayerNotificationManager: showTcpMonitorSuggestionNotification: false, null
08-23 19:47:00.687 1452 1973 D SemWifiTransportLayerNotificationManager: showTcpMonitorHeadUpNotification: false, 0, null
08-23 19:47:00.687 1452 1973 D SemWifiTransportLayerNotificationManager: showTcpMonitorNotification: false, 0, null
08-23 19:47:00.831 1452 18051 D VibratorService: Turning vibrator on for 250 ms.
08-23 19:47:00.832 1452 18051 D VibratorService: vibratorOn() : 250ms, mag :9999, f : -1
08-23 19:47:01.331 1452 18051 D VibratorService: Turning vibrator on for 250 ms.
08-23 19:47:01.332 1452 18051 D VibratorService: vibratorOn() : 250ms, mag :9999, f : -1
08-23 19:47:01.766 599 599 I io_stats: !@ 179,0 r 1877776 31092542 w 79212 1355040 d 41819 572344 f 44469 53386 iot 764690 601352 th 51200 51200 41500 pt 1070 inp 0 0 2228.363
08-23 19:47:01.832 1452 18051 D VibratorService: Turning vibrator on for 250 ms.
08-23 19:47:01.833 1452 18051 D VibratorService: vibratorOn() : 250ms, mag :9999, f : -1
08-23 19:47:02.833 1452 18051 D VibratorService: Turning vibrator on for 250 ms.
08-23 19:47:02.833 1452 18051 D VibratorService: vibratorOn() : 250ms, mag :9999, f : -1
08-23 19:47:03.333 1452 18051 D VibratorService: Turning vibrator on for 250 ms.
08-23 19:47:03.333 1452 18051 D VibratorService: vibratorOn() : 250ms, mag :9999, f : -1
08-23 19:47:03.407 1452 6166 D SamsungAlarmManager: Cancel Alarm calling from uid:10164 pid :2781 / OP:PendingIntent{e87243: PendingIntentRecord{3135fa0 com.google.android.gms/ startService}}
08-23 19:47:03.410 1452 6166 I SamsungAlarmManager: setLocked to kernel - T:2 / 20210823T195012, set=9053771, now=8864486
08-23 19:47:03.410 1452 6166 I SamsungAlarmManager: setLocked to kernel - T:3 / 20210823T194715, set=8876197, now=8864487
08-23 19:47:03.742 1452 1973 D ConnectivityService: Connectivity-MDO: 10445 is true
08-23 19:47:03.742 1452 1973 D ConnectivityService: Connectivity-MDO change default network for 10445, type: mdo
08-23 19:47:03.744 1452 1973 D ConnectivityService: Connectivity-MDO: 10193 is true
08-23 19:47:03.744 1452 1973 D ConnectivityService: Connectivity-MDO change default network for 10193, type: mdo
08-23 19:47:03.791 599 599 I io_stats: !@ 179,0 r 1877812 31093290 w 79212 1355040 d 41819 572344 f 44469 53386 iot 764720 601402 th 51200 51200 41500 pt 1070 inp 0 0 2230.387
08-23 19:47:03.795 1452 1973 D SemWifiTransportLayerNotificationManager: showTcpMonitorSuggestionNotification: false, null
08-23 19:47:03.795 1452 1973 D SemWifiTransportLayerNotificationManager: showTcpMonitorHeadUpNotification: false, 0, null
08-23 19:47:03.795 1452 1973 D SemWifiTransportLayerNotificationManager: showTcpMonitorNotification: false, 0, null
08-23 19:47:03.833 1452 18051 D VibratorService: Turning vibrator on for 250 ms.
08-23 19:47:03.834 1452 18051 D VibratorService: vibratorOn() : 250ms, mag :9999, f : -1
08-23 19:47:04.022 2085 2085 I wpa_supplicant: Heartbeat 220
08-23 19:47:04.834 1452 18051 D VibratorService: Turning vibrator on for 250 ms.
08-23 19:47:04.834 1452 18051 D VibratorService: vibratorOn() : 250ms, mag :9999, f : -1
08-23 19:47:05.335 1452 18051 D VibratorService: Turning vibrator on for 250 ms.
08-23 19:47:05.335 1452 18051 D VibratorService: vibratorOn() : 250ms, mag :9999, f : -1
08-23 19:47:05.803 599 599 I io_stats: !@ 179,0 r 1877836 31093466 w 79225 1355176 d 41819 572344 f 44469 53386 iot 764780 601452 th 51200 51200 41500 pt 1070 inp 0 0 2232.399
08-23 19:47:05.834 1452 18051 D VibratorService: Turning vibrator on for 250 ms.
08-23 19:47:05.835 1452 18051 D VibratorService: vibratorOn() : 250ms, mag :9999, f : -1
08-23 19:47:06.834 1452 18051 D VibratorService: Turning vibrator on for 250 ms.
08-23 19:47:06.834 1452 18051 D VibratorService: vibratorOn() : 250ms, mag :9999, f : -1
08-23 19:47:07.335 1452 18051 D VibratorService: Turning vibrator on for 250 ms.
08-23 19:47:07.335 1452 18051 D VibratorService: vibratorOn() : 250ms, mag :9999, f : -1
08-23 19:47:07.816 599 599 I io_stats: !@ 179,0 r 1877881 31093954 w 79225 1355176 d 41819 572344 f 44469 53386 iot 764840 601494 th 51200 51200 41500 pt 1070 inp 1 0 2234.411
08-23 19:47:07.835 1452 18051 D VibratorService: Turning vibrator on for 250 ms.
08-23 19:47:07.835 1452 18051 D VibratorService: vibratorOn() : 250ms, mag :9999, f : -1
08-23 19:47:08.834 1452 18051 D VibratorService: Turning vibrator on for 250 ms.
08-23 19:47:08.838 1452 18051 D VibratorService: vibratorOn() : 250ms, mag :9999, f : -1
08-23 19:47:08.939 1452 3619 I Telecom : ConnectionServiceWrapper: CS -> TC[cap]: setStatusHints TC@9_1 null: CSW.sSH(cap)@Alc
08-23 19:47:08.946 1452 3619 I Telecom : InCallController: Sending updateCall [Call id=TC@9, state=RINGING, tpac=ComponentInfo{com.android.phone/com.android.services.telephony.TelephonyConnectionService}, ***, UserHandle{0}, cmgr=ComponentInfo{com.android.phone/com.android.services.telephony.TelephonyConnectionService}, ***, UserHandle{0}, handle=tel:**********, vidst=A, childs(0), has_parent(false), cap=[ sup_hld mut !v2a spd_aud], prop=[], caps=[Capabilities: CAPABILITY_SUPPORT_HOLD CAPABILITY_MUTE CAPABILITY_CANNOT_DOWNGRADE_VIDEO_TO_AUDIO CAPABILITY_SPEED_UP_MT_AUDIO], props=[Properties:], conf(false), had_child(false)]: CSW.sSH(cap)@Alc
08-23 19:47:08.977 1452 3619 I Telecom:SamsungRespondViaSmsRepositoryImpl: isRespondViaSmsCapable - phoneNumber : 81******33 / presentation : 1 / hasRespondViaSmsCapable : false / isRespondViaSmsCapable : false
08-23 19:47:08.993 1452 3619 I Telecom : InCallController: Components updated: [ComponentInfo{com.callapp.contacts/com.callapp.contacts.inCallService.InCallServiceImpl}]: CSW.sSH(cap)@Alc
08-23 19:47:08.996 1452 3619 I Telecom : ConnectionServiceWrapper: CS -> TC[cap]: setDisconnected TC@9_1 DisconnectCause [ Code: (MISSED) Label: () Description: () Reason: (INCOMING_MISSED) Tone: (27) ]: CSW.sDc(cap)@Alg
08-23 19:47:08.999 1452 3619 I Telecom : CallsManager: setCallState RINGING -> DISCONNECTED, call: [Call id=TC@9, state=RINGING, tpac=ComponentInfo{com.android.phone/com.android.services.telephony.TelephonyConnectionService}, ***, UserHandle{0}, cmgr=ComponentInfo{com.android.phone/com.android.services.telephony.TelephonyConnectionService}, ***, UserHandle{0}, handle=tel:**********, vidst=A, childs(0), has_parent(false), cap=[ sup_hld mut !v2a spd_aud], prop=[], caps=[Capabilities: CAPABILITY_SUPPORT_HOLD CAPABILITY_MUTE CAPABILITY_CANNOT_DOWNGRADE_VIDEO_TO_AUDIO CAPABILITY_SPEED_UP_MT_AUDIO], props=[Properties:], conf(false), had_child(false)]: CSW.sDc(cap)@Alg
08-23 19:47:09.001 1452 3619 I Telecom : Event: RecordEntry TC@9: SET_DISCONNECTED, disconnected set explicitly> DisconnectCause [ Code: (MISSED) Label: () Description: () Reason: (INCOMING_MISSED) Tone: (27) ]: CSW.sDc(cap)@Alg
08-23 19:47:09.022 1452 3619 I ActivityTaskManager: START u0 {act=android.telecom.action.POST_CALL flg=0x10000000 pkg=com.callapp.contacts (has extras)} from uid 1000
08-23 19:47:09.040 1452 3619 I Telecom:SamsungWakeLockCallsManagerListener: do not wakeUpScreen
08-23 19:47:09.043 1452 3619 I Telecom:SamsungAutoRedialCallsManagerListener: onCallStateChanged: [Call id=TC@9, state=DISCONNECTED, tpac=ComponentInfo{com.android.phone/com.android.services.telephony.TelephonyConnectionService}, ***, UserHandle{0}, cmgr=ComponentInfo{com.android.phone/com.android.services.telephony.TelephonyConnectionService}, ***, UserHandle{0}, handle=tel:**********, vidst=A, childs(0), has_parent(false), cap=[ sup_hld mut !v2a spd_aud], prop=[], caps=[Capabilities: CAPABILITY_SUPPORT_HOLD CAPABILITY_MUTE CAPABILITY_CANNOT_DOWNGRADE_VIDEO_TO_AUDIO CAPABILITY_SPEED_UP_MT_AUDIO], props=[Properties:], conf(false), had_child(false)]
08-23 19:47:09.046 1452 3619 I Telecom:SamsungAutoRedial: shouldMakeAutoECallRedialForDE, call is not emergencyCall
08-23 19:47:09.046 1452 3619 I Telecom:SamsungCallSettingsRepositoryImpl: isCallAutoRetryMode : false
08-23 19:47:09.046 1452 3619 I Telecom:SamsungAutoRedial: isAutoRedialMode : false
08-23 19:47:09.046 1452 3619 I Telecom:SamsungAutoRedial: shouldMakeAutoRedial, autoRedialMode is false
08-23 19:47:09.049 1452 3619 I Telecom : InCallController: Sending updateCall [Call id=TC@9, state=DISCONNECTED, tpac=ComponentInfo{com.android.phone/com.android.services.telephony.TelephonyConnectionService}, ***, UserHandle{0}, cmgr=ComponentInfo{com.android.phone/com.android.services.telephony.TelephonyConnectionService}, ***, UserHandle{0}, handle=tel:**********, vidst=A, childs(0), has_parent(false), cap=[ sup_hld mut !v2a spd_aud], prop=[], caps=[Capabilities: CAPABILITY_SUPPORT_HOLD CAPABILITY_MUTE CAPABILITY_CANNOT_DOWNGRADE_VIDEO_TO_AUDIO CAPABILITY_SPEED_UP_MT_AUDIO], props=[Properties:], conf(false), had_child(false)]: CSW.sDc(cap)@Alg
08-23 19:47:09.051 1452 3619 I Telecom : InCallController: Components updated: [ComponentInfo{com.callapp.contacts/com.callapp.contacts.inCallService.InCallServiceImpl}]: CSW.sDc(cap)@Alg
08-23 19:47:09.063 1452 3619 I Telecom:SamsungAnsweringMachineCallLog: isAutoAnsweringModeOn: false
08-23 19:47:09.064 1452 3619 I Telecom : Event: RecordEntry TC@9: LOG_DISCONNECTED_CAUSE, DISCONNECTED, 5, override=0, false: CSW.sDc(cap)@Alg
08-23 19:47:09.065 1452 3619 I Telecom : Event: RecordEntry TC@9: LOG_DISCONNECTED_CALL, [Call id=TC@9, state=DISCONNECTED, tpac=ComponentInfo{com.android.phone/com.android.services.telephony.TelephonyConnectionService}, ***, UserHandle{0}, cmgr=ComponentInfo{com.android.phone/com.android.services.telephony.TelephonyConnectionService}, ***, UserHandle{0}, handle=tel:**********, vidst=A, childs(0), has_parent(false), cap=[ sup_hld mut !v2a spd_aud], prop=[], caps=[Capabilities: CAPABILITY_SUPPORT_HOLD CAPABILITY_MUTE CAPABILITY_CANNOT_DOWNGRADE_VIDEO_TO_AUDIO CAPABILITY_SPEED_UP_MT_AUDIO], props=[Properties:], conf(false), had_child(false)], RINGING, false, INCOMING_MISSED, false, false, true, 1, true, false, true: CSW.sDc(cap)@Alg
08-23 19:47:09.066 1452 3619 I Telecom:SamsungKorModifiedCallLog: onLogModifyCall - isFeatureEnabled: false
08-23 19:47:09.066 1452 3619 I Telecom:SamsungCallLogInfo: getAgeMillis - mLogServiceType : 0 / mModifiedTimeMillis : -1
08-23 19:47:09.089 1452 1975 W Looper : Drained
08-23 19:47:09.089 1452 1975 W Looper : Slow dispatch took 114ms PackageManagerHandlerThread h=android.os.Handler c=<recycled PooledLambda@55633dd> m=0
08-23 19:47:09.103 1452 3619 I Telecom:SamsungFeatureVoLte: getSkipLogNumberFromCscFeature csc - 08-23 19:47:09.104 1452 3619 I Telecom:SamsungEmergencyCallLog: isUnloggableNumber, feature is disable
08-23 19:47:09.105 1452 3619 I Telecom : Event: RecordEntry TC@9: LOGGABLE_NUMBER, 81******33, 81******33, false, false, false: CSW.sDc(cap)@Alg
08-23 19:47:09.134 1452 3619 W ContextImpl: Calling a method in the system process without a qualified user: android.app.ContextImpl.sendBroadcast:1196 android.content.ContextWrapper.sendBroadcast:483 com.android.server.telecom.CallLogManager.sendAddCallBroadcast:696 com.android.server.telecom.CallLogManager.logCall:475 com.android.server.telecom.CallLogManager.logCall:405 08-23 19:47:09.139 1452 3619 I Telecom:SamsungModifiedCallLogType: getVideoState - logServiceType : 0 / videoState : Audio Tx Rx Pause
08-23 19:47:09.139 1452 3619 I Telecom:SamsungPsCallLogType: getLogType isImsCall : false isWifiCall : false
08-23 19:47:09.139 1452 3619 I Telecom:SamsungCallLogTypeManager: updateLogType : 100
08-23 19:47:09.141 1452 3619 I Telecom:SamsungEndTypeCallLog: getOrigin - requestDisconnectOrRejectOrigin: null, origin: 200000
08-23 19:47:09.141 1452 3619 I Telecom:SamsungEndTypeCallLog: disconnectCode : 5 / code : 10500
08-23 19:47:09.141 1452 3619 I Telecom:SamsungEndTypeCallLog: touchState : 0
08-23 19:47:09.141 1452 3619 I Telecom:SamsungEndTypeCallLog: calculateEndType - endType : 210500 / origin : 200000 / code : 10500 / touchState : 0
08-23 19:47:09.172 1452 3619 W Telecom:SamsungTelephonyManagerAdapterImpl: getCurrentNetworkCountryIso - subId : 1 countryIso : MX
08-23 19:47:09.210 1452 3619 W Telecom:SamsungTelephonyManagerAdapterImpl: getCurrentSimCountryIso : phoneId 0 countryIso : MX
08-23 19:47:09.210 1452 3619 I Telecom:SamsungAssistedDialingCallLog: getCallScoreInfo - subId: 1, phoneId: 0, isNetworkRoaming: false, networkCountryIso: MX, roamingType: 3, logNumber: 81******33, simCountryIso: MX
08-23 19:47:09.210 1452 3619 I Telecom:SamsungAssistedDialingCallLog: updateCallScoreInfo
08-23 19:47:09.218 1452 3619 I Telecom:SamsungSmartCallLog: getProfileTag : 08-23 19:47:09.221 1452 3619 I Telecom:SamsungVerificationStatusCallLog: updateAddCallArgs - callerNumberVerificationStatus : 0
08-23 19:47:09.225 1452 3619 I Telecom:SamsungEndCallCallLog: endCallPackage : null
08-23 19:47:09.226 1452 3619 I Telecom:SamsungMemoCallLog: updateAddCallArgs - phoneId: 0, subscriptionId: 1, twoPhoneUserId: -2
08-23 19:47:09.226 1452 3619 I Telecom:SamsungMemoCallLog: loggingTwoPhoneCallInfo : SamsungTwoPhoneCallInfo { isTwoPhoneIncomingCall : false / PrefixTwoPhoneNumber : / isTwoPhoneModeNumber : false / UserHandle : UserHandle{-10000}
08-23 19:47:09.227 1452 3619 I Telecom:SamsungCallerInfoCallLog: updateContactId = 1197
08-23 19:47:09.227 1452 3619 I Telecom:SamsungCallerInfoCallLog: updateNormalizedNumber = +52*******133
08-23 19:47:09.227 1452 3619 I Telecom:SamsungCallerInfoCallLog: updatePhoneNumber = 81 ******133
08-23 19:47:09.229 1452 3619 I Telecom:SamsungCallLogManager: updateAddCallArgs - isRemainRejectFlag : 0
