08-23 19:46:11.954 1452 1452 W ContextImpl: Calling a method in the system process without a qualified user: android.app.ContextImpl.sendBroadcast:1162 vendor.samsung.frameworks.codecsolution.Logging.insertDiagmonLog:78 vendor.samsung.frameworks.codecsolution.Logging.insertLog:54 vendor.samsung.frameworks.codecsolution.Logging.insertLog:46 vendor.samsung.frameworks.codecsolution.SehCodecSolutionService$1.handleMessage:307 08-23 19:46:11.967 1452 3133 D WALLPAPER_SVC:WallpaperManagerService: getWallpaperSafeLocked, userId = 0, which = 1, caller = com.android.server.wallpaper.WallpaperManagerService.semSetSmartCropRect:7637 08-23 19:46:11.967 1452 3133 E WallpaperManagerService: landscapeColors is calculated already
08-23 19:46:11.976 1452 1452 D SamsungAlarmManager: Cancel Alarm calling from uid:1000 pid :1452 / L:3d22ea7
08-23 19:46:11.978 1452 1452 I SamsungAlarmManager: setLocked to kernel - T:2 / 20210823T195012, set=9053771, now=8813054
08-23 19:46:11.981 3468 3468 W ContextImpl: Calling a method in the system process without a qualified user: android.app.ContextImpl.startService:1739 android.content.ContextWrapper.startService:738 android.content.ContextWrapper.startService:738 com.sec.android.diagmonagent.sa.receiver.CFLogReceiver.sendCFLog:26 com.sec.android.diagmonagent.sa.receiver.CFLogReceiver.onReceive:18 08-23 19:46:11.986 1452 3500 D WALLPAPER_SVC:WallpaperManagerService: getWallpaperSafeLocked, userId = 0, which = 1, caller = com.android.server.wallpaper.WallpaperManagerService.semGetWallpaperType:5544 08-23 19:46:11.986 1452 3500 D WallpaperManagerService: which : 1, return type : 0 (called by userId= 0)
08-23 19:46:11.997 1452 1452 I SamsungAlarmManager: setLocked to kernel - T:3 / 20210823T194624, set=8825765, now=8813069
08-23 19:46:12.018 1452 2228 D WALLPAPER_SVC:WallpaperManagerService: getWallpaperSafeLocked, userId = 0, which = 1, caller = com.android.server.wallpaper.WallpaperManagerService.semGetWallpaperColors:7615 08-23 19:46:12.026 1452 1452 D SmartAlertController: SmartAlert - Found Missed Event
08-23 19:46:12.051 1452 1452 D SmartAlertController: SmartAlert - Found Missed Event
08-23 19:46:12.057 1452 17585 D SmartAlertController: SmartAlert - already registered or Setting disabled
08-23 19:46:12.062 1452 3619 D WindowManager: makeSurface duration=2 name=com.callapp.contacts/com.callapp.contacts.activity.contact.details.ContactDetailsActivity$_4233
08-23 19:46:12.069 1452 3619 V WindowManager: Changing focus from null to Window{3a21005 u0 com.callapp.contacts/com.callapp.contacts.activity.contact.details.ContactDetailsActivity} displayId=0 Callers=com.android.server.wm.RootWindowContainer.updateFocusedWindowLocked:566 com.android.server.wm.WindowManagerService.updateFocusedWindowLocked:6307 com.android.server.wm.WindowManagerService.relayoutWindow:2710 com.android.server.wm.Session.relayout:219 08-23 19:46:12.069 1452 3619 I WindowManager: Cancelling animation restarting=true, leash=Surface(name=Surface(name=2818a36 StatusBar)/@0x2b13cba - animation-leash)/@0x4e44fce
08-23 19:46:12.069 1452 3619 I WindowManager: Reparenting to original parent: Surface(name=WindowToken{878bfd1 android.os.BinderProxy@a5cd65b})/@0x7d3b76b, destroy=false, surface=Surface(name=2818a36 StatusBar)/@0x2b13cba
08-23 19:46:12.069 1452 17521 I SystemUiVisibilityPolicyController: handleMessage: entry what = 1
08-23 19:46:12.070 1452 3619 I WindowManager: Reparenting to leash, surface=Surface(name=2818a36 StatusBar)/@0x2b13cba, leashParent=Surface(name=WindowToken{878bfd1 android.os.BinderProxy@a5cd65b})/@0x7d3b76b
08-23 19:46:12.071 1452 3619 D WindowManager: makeSurface duration=2 leash=Surface(name=Surface(name=2818a36 StatusBar)/@0x2b13cba - animation-leash)/@0x2e003
08-23 19:46:12.071 1452 3619 I WindowManager: Cancelling animation restarting=true, leash=Surface(name=Surface(name=48627e NavigationBar0)/@0xdbeaf61 - animation-leash)/@0x9debdfc
08-23 19:46:12.072 1452 3619 I WindowManager: Reparenting to original parent: Surface(name=WindowToken{6ee4283 android.os.BinderProxy@3983a94})/@0x9a66a86, destroy=false, surface=Surface(name=48627e NavigationBar0)/@0xdbeaf61
08-23 19:46:12.072 1452 3619 I WindowManager: Reparenting to leash, surface=Surface(name=48627e NavigationBar0)/@0xdbeaf61, leashParent=Surface(name=WindowToken{6ee4283 android.os.BinderProxy@3983a94})/@0x9a66a86
08-23 19:46:12.074 1452 3619 D WindowManager: makeSurface duration=1 leash=Surface(name=Surface(name=48627e NavigationBar0)/@0xdbeaf61 - animation-leash)/@0x7b1c5b9
08-23 19:46:12.074 1452 3619 D StatusBarManagerService: notifyRequestedSystemKey recent=false home=false
08-23 19:46:12.086 1452 17587 D SmartAlertController: SmartAlert - already registered or Setting disabled
08-23 19:46:12.114 1452 1452 E NotificationService: Muting recently noisy 0|com.callapp.contacts|12|null|10513
08-23 19:46:12.171 1452 1452 D SmartAlertController: SmartAlert - Found Missed Event
08-23 19:46:12.173 1452 1590 D PowerManagerService: UserActivityStateListenerState: 0
08-23 19:46:12.199 1452 4899 D SamsungAlarmManager: Cancel Alarm calling from uid:10164 pid :2347 / OP:PendingIntent{3dcfac: PendingIntentRecord{5b2b19a com.google.android.gms/com.google.android.gms.measurement broadcastIntent}}
08-23 19:46:12.200 1452 1956 W DeviceStorageMonitorService: java.io.IOException: Failed to free 3221225472 on storage device at /data
08-23 19:46:12.200 1452 1956 W DeviceStorageMonitorService: at com.android.server.pm.PackageManagerService.freeStorage(PackageManagerService.java:6254)
08-23 19:46:12.200 1452 1956 W DeviceStorageMonitorService: at com.android.server.storage.DeviceStorageMonitorService.check(DeviceStorageMonitorService.java:343)
08-23 19:46:12.200 1452 1956 W DeviceStorageMonitorService: at com.android.server.storage.DeviceStorageMonitorService.access$200(DeviceStorageMonitorService.java:94)
08-23 19:46:12.200 1452 1956 W DeviceStorageMonitorService: at com.android.server.storage.DeviceStorageMonitorService$1.handleMessage(DeviceStorageMonitorService.java:487)
08-23 19:46:12.200 1452 1956 W DeviceStorageMonitorService: at android.os.Handler.dispatchMessage(Handler.java:106)
08-23 19:46:12.200 1452 1956 W DeviceStorageMonitorService: at android.os.Looper.loop(Looper.java:246)
08-23 19:46:12.200 1452 1956 W DeviceStorageMonitorService: at android.os.HandlerThread.run(HandlerThread.java:67)
08-23 19:46:12.220 1452 1452 D NotificationService: WAKELOCK/UP clear all delayed lists..
08-23 19:46:12.221 1452 1956 W DeviceStorageMonitorService: check(/data) oldLevel:2, newLevel:2 (usableBytes=262217728)
08-23 19:46:12.222 1452 1956 W DeviceStorageMonitorService: updateBroadcasts(/data) oldLevel:2, newLevel:2, seq:1
08-23 19:46:12.231 1452 17591 D SmartAlertController: SmartAlert - already registered or Setting disabled
08-23 19:46:12.249 1452 17567 D VibratorService: Ignoring incoming vibration in favor of alarm vibration
08-23 19:46:12.468 1452 1452 W LoadedApk: Slow system_server main thread handled for android.intent.action.SCREEN_ON took 216 ms, Receiver = com.android.server.audio.AudioService$AudioServiceBroadcastReceiver@3c6185a
08-23 19:46:12.469 1452 1452 W Looper : Slow dispatch took 228ms main h=android.app.ActivityThread$H c=android.app.-$$Lambda$LoadedApk$ReceiverDispatcher$Args$_BumDX2UKsnxLVrE6UJsJZkotuA@aa00475 m=0
08-23 19:46:12.489 1452 1452 D SamsungAlarmManager: Cancel Alarm calling from uid:1000 pid :1452 / L:3d22ea7
08-23 19:46:12.493 1452 1913 W ContextImpl: Calling a method in the system process without a qualified user: android.app.ContextImpl.sendBroadcast:1162 com.samsung.android.gesture.PocketModeEvent$1.handleMessage:342 android.os.Handler.dispatchMessage:106 android.os.Looper.loop:246 android.os.HandlerThread.run:67 08-23 19:46:12.502 1452 1956 D DeviceStorageMonitorService: Available File Node Number is [2358581]
08-23 19:46:12.514 1452 1956 W DeviceStorageMonitorService: updateBroadcasts_filenode(/data) fn_oldLevel:0, fn_newLevel:0, seq:1
08-23 19:46:12.519 1452 1452 W Looper : Drained
08-23 19:46:12.642 1452 17509 D VibratorService: Turning vibrator on for 1000 ms with amplitude -1.
08-23 19:46:12.701 1452 17509 D VibratorService: vibratorOn() : 1000ms, amplitude :-1, mag :9999, f : -1
08-23 19:46:12.703 1452 4887 D WindowManager: finishDrawingWindow: Window{3a21005 u0 com.callapp.contacts/com.callapp.contacts.activity.contact.details.ContactDetailsActivity} mDrawState=DRAW_PENDING
08-23 19:46:12.728 1452 1549 V WindowManager: Setting visibility of Window{ef38711 u0 com.sec.android.app.launcher/com.sec.android.app.launcher.activities.LauncherActivity}: false, caller=com.android.server.wm.WindowContainer.sendAppVisibilityToClients:1004 com.android.server.wm.ActivityRecord.setClientVisible:6391 com.android.server.wm.ActivityRecord.onAnimationFinished:7143 com.android.server.wm.ActivityRecord.postApplyAnimation:5013 com.android.server.wm.ActivityRecord.commitVisibility:4995 08-23 19:46:12.729 1452 1549 D ActivityTaskManager: finishFixedRotationTransform, r=ActivityRecord{3592fc9 u0 com.sec.android.app.launcher/.activities.LauncherActivity t66}, caller=com.android.server.wm.WindowToken.finishFixedRotationTransform:664 com.android.server.wm.DisplayContent$FixedRotationTransitionListener.onAppTransitionFinishedLocked:7026 com.android.server.wm.AppTransition.notifyAppTransitionFinishedLocked:543 com.android.server.wm.ActivityRecord.onAnimationFinished:7164 com.android.server.wm.ActivityRecord.postApplyAnimation:5013 08-23 19:46:12.756 1452 1549 V WindowManager: Setting visibility of Window{65678cf u0 com.callapp.contacts/com.callapp.contacts.activity.missedcall.missedAnswer.MissedCallActivity}: false, caller=com.android.server.wm.WindowContainer.sendAppVisibilityToClients:1004 com.android.server.wm.ActivityRecord.setClientVisible:6391 com.android.server.wm.ActivityRecord.onAnimationFinished:7143 com.android.server.wm.ActivityRecord.postApplyAnimation:5013 com.android.server.wm.ActivityRecord.commitVisibility:4995 08-23 19:46:12.757 1452 1549 D ActivityTaskManager: finishFixedRotationTransform, r=ActivityRecord{a86e4c9 u0 com.callapp.contacts/.activity.missedcall.missedAnswer.MissedCallActivity t72}, caller=com.android.server.wm.WindowToken.finishFixedRotationTransform:664 com.android.server.wm.DisplayContent$FixedRotationTransitionListener.onAppTransitionFinishedLocked:7026 com.android.server.wm.AppTransition.notifyAppTransitionFinishedLocked:543 com.android.server.wm.ActivityRecord.onAnimationFinished:7164 com.android.server.wm.ActivityRecord.postApplyAnimation:5013 08-23 19:46:12.761 1452 1549 D ActivityTaskManager: finishFixedRotationTransform, r=ActivityRecord{18c1921 u0 com.callapp.contacts/.activity.contact.details.ContactDetailsActivity t73}, caller=com.android.server.wm.WindowToken.finishFixedRotationTransform:664 com.android.server.wm.DisplayContent$FixedRotationTransitionListener.onAppTransitionFinishedLocked:7026 com.android.server.wm.AppTransition.notifyAppTransitionFinishedLocked:543 com.android.server.wm.ActivityRecord.onAnimationFinished:7164 com.android.server.wm.ActivityRecord.postApplyAnimation:5013 08-23 19:46:12.792 1452 1549 D ActivityTaskManager: finishFixedRotationTransform, r=ActivityRecord{18c1921 u0 com.callapp.contacts/.activity.contact.details.ContactDetailsActivity t73}, caller=com.android.server.wm.WindowToken.finishFixedRotationTransform:664 com.android.server.wm.DisplayContent$FixedRotationTransitionListener.onAppTransitionFinishedLocked:7026 com.android.server.wm.AppTransition.notifyAppTransitionFinishedLocked:543 com.android.server.wm.DisplayContent.handleAnimatingStoppedAndTransition:5836 com.android.server.wm.RootWindowContainer.checkAppTransitionReady:1252 08-23 19:46:12.794 1452 1549 V WindowManager: Updating vis of wallpaper Window{8454276 u0 com.android.systemui.ImageWallpaper}: false from:
08-23 19:46:12.794 1452 1549 V WindowManager: com.android.server.wm.WallpaperWindowToken.updateWallpaperWindows:169
08-23 19:46:12.794 1452 1549 V WindowManager: com.android.server.wm.WallpaperController.updateWallpaperTokens:684
08-23 19:46:12.794 1452 1549 V WindowManager: com.android.server.wm.WallpaperController.adjustWallpaperWindows:723
08-23 19:46:12.794 1452 1549 V WindowManager: com.android.server.wm.DisplayContent.applySurfaceChangesTransaction:4846
08-23 19:46:12.799 1452 4899 D WindowManager: finishDrawingWindow: Window{65678cf u0 com.callapp.contacts/com.callapp.contacts.activity.missedcall.missedAnswer.MissedCallActivity} mDrawState=HAS_DRAWN
08-23 19:46:12.826 1452 1452 W LoadedApk: Slow system_server main thread handled for android.intent.action.SCREEN_ON took 118 ms, Receiver = com.samsung.android.server.wifi.softap.smarttethering.SemWifiApSmartBleScanner$SemWifiApSmartBleScannerReceiver@3701505
08-23 19:46:12.826 1452 1452 W Looper : Slow dispatch took 118ms main h=android.app.ActivityThread$H c=android.app.-$$Lambda$LoadedApk$ReceiverDispatcher$Args$_BumDX2UKsnxLVrE6UJsJZkotuA@efbbc0a m=0
08-23 19:46:12.828 2086 2651 E TaskStackListenerAbstract: onTaskSnapshotChanged called by Binder.getCallingPid() 0 android.app.ITaskStackListener$Stub.onTransact:587 android.os.Binder.execTransactInternal:1195 android.os.Binder.execTransact:1159 <bottom of call stack> 08-23 19:46:12.844 1452 1452 W ContextImpl: Calling a method in the system process without a qualified user: android.app.ContextImpl.sendBroadcast:1162 vendor.samsung.frameworks.codecsolution.Logging.insertDiagmonLog:78 vendor.samsung.frameworks.codecsolution.Logging.insertLog:54 vendor.samsung.frameworks.codecsolution.Logging.insertLog:46 vendor.samsung.frameworks.codecsolution.SehCodecSolutionService$1.handleMessage:307 08-23 19:46:12.848 3468 3468 W ContextImpl: Calling a method in the system process without a qualified user: android.app.ContextImpl.startService:1739 android.content.ContextWrapper.startService:738 android.content.ContextWrapper.startService:738 com.sec.android.diagmonagent.sa.receiver.CFLogReceiver.sendCFLog:26 com.sec.android.diagmonagent.sa.receiver.CFLogReceiver.onReceive:18 08-23 19:46:12.884 1452 1571 I Pageboost: Launch time gathered : pid 4233 com.callapp.contacts 4217
08-23 19:46:12.967 1452 1452 D SamsungAlarmManager: Cancel Alarm calling from uid:1000 pid :1452 / L:1e311a2
08-23 19:46:12.975 1452 1452 I SamsungAlarmManager: setLocked to kernel - T:2 / 20210823T195012, set=9053771, now=8814052
08-23 19:46:12.977 1452 1452 I SamsungAlarmManager: setLocked to kernel - T:3 / 20210823T194624, set=8825765, now=8814054
08-23 19:46:12.977 1452 1452 D SamsungAlarmManager: Cancel Alarm calling from uid:1000 pid :1452 / L:25a0e33
08-23 19:46:12.979 1452 1452 I SamsungAlarmManager: setLocked to kernel - T:2 / 20210823T195012, set=9053771, now=8814055
08-23 19:46:12.979 1452 1452 I SamsungAlarmManager: setLocked to kernel - T:3 / 20210823T194624, set=8825765, now=8814056
08-23 19:46:13.012 1452 1571 D PowerManagerService: [api] setDeviceIdleMode: false (uid: 1000 pid: 1452)
08-23 19:46:13.063 1452 1571 D PowerManagerService: [api] setLightDeviceIdleMode: false (uid: 1000 pid: 1452)
08-23 19:46:13.064 1452 1973 D ConnectivityService: Connectivity-MDO: 10445 is true
08-23 19:46:13.064 1452 1973 D ConnectivityService: Connectivity-MDO change default network for 10445, type: mdo
08-23 19:46:13.065 1452 1973 D ConnectivityService: Connectivity-MDO: 10193 is true
08-23 19:46:13.065 1452 1973 D ConnectivityService: Connectivity-MDO change default network for 10193, type: mdo
08-23 19:46:13.099 1452 2579 D SettingsProvider: isChangeAllowed() : name = wallpaper_finish_drawing
08-23 19:46:13.099 1452 2579 D SettingsProvider: edmUri: content://com.sec.knox.provider/RestrictionPolicy3
08-23 19:46:13.099 1452 2579 D SettingsProvider: projectionArgs: isSettingsChangesAllowed
08-23 19:46:13.099 1452 2579 D SettingsProvider: selectionArgs: false
08-23 19:46:13.099 1452 2579 D SettingsProvider: selectionArgs: 10067
08-23 19:46:13.104 1452 1452 W LoadedApk: Slow system_server main thread handled for android.intent.action.SCREEN_ON took 253 ms, Receiver = com.android.server.DeviceIdleController$6@7acbd96
08-23 19:46:13.104 1452 1452 W Looper : Slow dispatch took 254ms main h=android.app.ActivityThread$H c=android.app.-$$Lambda$LoadedApk$ReceiverDispatcher$Args$_BumDX2UKsnxLVrE6UJsJZkotuA@cd33557 m=0
08-23 19:46:13.105 1452 2579 D SecContentProvider: called from android.uid.systemui:10067
08-23 19:46:13.109 1452 2579 D RestrictionPolicy: isSettingsChangesAllowedAsUser, userId 0 : true
08-23 19:46:13.110 1452 2579 D SettingsProvider: ret = 1
08-23 19:46:13.114 1452 1452 W Looper : Slow delivery took 293ms main h=android.os.Handler c=null m=1061
08-23 19:46:13.114 1452 2579 I GenerationRegistry: mBackingStore.isClosed() : false
08-23 19:46:13.115 1452 1452 W Looper : Drained
08-23 19:46:13.146 1452 2254 V InputMethodManagerService: Unspecified window will hide input
08-23 19:46:13.224 1452 2254 I WindowManager: Cancelling animation restarting=true, leash=Surface(name=Surface(name=3e25f83 InputMethod)/@0x55787f5 - animation-leash)/@0xd7a81da
08-23 19:46:13.225 1452 2254 I WindowManager: Reparenting to original parent: Surface(name=WindowToken{d0b2c78 android.os.Binder@66a59db})/@0xe2fb98a, destroy=false, surface=Surface(name=3e25f83 InputMethod)/@0x55787f5
08-23 19:46:13.225 1452 2254 I WindowManager: Reparenting to leash, surface=Surface(name=3e25f83 InputMethod)/@0x55787f5, leashParent=Surface(name=WindowToken{d0b2c78 android.os.Binder@66a59db})/@0xe2fb98a
08-23 19:46:13.244 1452 2254 D WindowManager: makeSurface duration=18 leash=Surface(name=Surface(name=3e25f83 InputMethod)/@0x55787f5 - animation-leash)/@0x4e9784f
08-23 19:46:13.410 599 599 I io_stats: !@ 179,0 r 1851223 30707598 w 78177 1343012 d 41232 567760 f 43745 52493 iot 748920 591630 th 51200 51200 41500 pt 1070 inp 1 0 2180.007
08-23 19:46:13.846 1452 1992 D ConnectivityService: reportNetworkConnectivityForResult api called
08-23 19:46:13.954 2085 2085 I wpa_supplicant: Heartbeat 215
08-23 19:46:14.029 1452 1949 D ConnectivityService: reportNetworkConnectivityForResult(601) by 1000
08-23 19:46:14.453 1452 2579 D WindowManager: finishDrawingWindow: Window{3a21005 u0 com.callapp.contacts/com.callapp.contacts.activity.contact.details.ContactDetailsActivity} mDrawState=HAS_DRAWN
08-23 19:46:14.566 1452 1452 W LoadedApk: Slow system_server main thread handled for android.intent.action.SCREEN_ON took 1450 ms, Receiver = com.android.server.job.JobConcurrencyManager$1@8ab5bfa
08-23 19:46:14.566 1452 1452 W Looper : Slow dispatch took 1451ms main h=android.app.ActivityThread$H c=android.app.-$$Lambda$LoadedApk$ReceiverDispatcher$Args$_BumDX2UKsnxLVrE6UJsJZkotuA@e8c135e m=0
08-23 19:46:14.568 1452 1452 W Looper : Slow delivery took 1454ms main h=android.os.Handler c=null m=1061
08-23 19:46:14.568 1452 1973 D SemWifiTransportLayerNotificationManager: showTcpMonitorSuggestionNotification: false, null
08-23 19:46:14.569 1452 1973 D SemWifiTransportLayerNotificationManager: showTcpMonitorHeadUpNotification: false, 0, null
08-23 19:46:14.569 1452 1973 D SemWifiTransportLayerNotificationManager: showTcpMonitorNotification: false, 0, null
08-23 19:46:14.596 1452 1903 D SamsungAlarmManager: Cancel Alarm calling from uid:10164 pid :2781 / OP:PendingIntent{c72940c: PendingIntentRecord{af48901 com.google.android.gms/com.google.android.gms.gcm broadcastIntent}}
08-23 19:46:14.696 1452 2228 D WindowManager: finishDrawingWindow: Window{3a21005 u0 com.callapp.contacts/com.callapp.contacts.activity.contact.details.ContactDetailsActivity} mDrawState=HAS_DRAWN
08-23 19:46:14.727 1452 17509 D VibratorService: Turning vibrator on for 1000 ms with amplitude -1.
08-23 19:46:14.728 1452 17509 D VibratorService: vibratorOn() : 1000ms, amplitude :-1, mag :9999, f : -1
08-23 19:46:14.739 1452 1452 W Looper : Slow dispatch took 161ms main h=com.android.providers.settings.SettingsProvider$SettingsRegistry$MyHandler c=null m=2
08-23 19:46:14.784 1452 1452 W ContextImpl: Calling a method in the system process without a qualified user: android.app.ContextImpl.sendBroadcast:1162 vendor.samsung.frameworks.codecsolution.Logging.insertDiagmonLog:78 vendor.samsung.frameworks.codecsolution.Logging.insertLog:54 vendor.samsung.frameworks.codecsolution.Logging.insertLog:46 vendor.samsung.frameworks.codecsolution.SehCodecSolutionService$1.handleMessage:307 08-23 19:46:14.828 3468 3468 W ContextImpl: Calling a method in the system process without a qualified user: android.app.ContextImpl.startService:1739 android.content.ContextWrapper.startService:738 android.content.ContextWrapper.startService:738 com.sec.android.diagmonagent.sa.receiver.CFLogReceiver.sendCFLog:26 com.sec.android.diagmonagent.sa.receiver.CFLogReceiver.onReceive:18 08-23 19:46:14.841 1452 1452 D ConnectivityService: Connectivity-MDO: 10193 is true
08-23 19:46:14.841 1452 1452 D ConnectivityService: Connectivity-MDO change default network for 10193, type: mdo
08-23 19:46:14.903 1452 3500 D SamsungAlarmManager: setInexact (T:2/F:0/AC:false) 20210823T202026 now=8815980 - CU:10164/CP:2781/OP:PendingIntent{29ba45b: PendingIntentRecord{af48901 com.google.android.gms/com.google.android.gms.gcm broadcastIntent}}
08-23 19:46:14.904 1452 3500 I SamsungAlarmManager: setLocked to kernel - T:2 / 20210823T195012, set=9053771, now=8815980
08-23 19:46:14.906 1452 3500 I SamsungAlarmManager: setLocked to kernel - T:3 / 20210823T194624, set=8825765, now=8815982
08-23 19:46:14.967 1452 1452 W Looper : Slow dispatch took 114ms main h=com.android.server.job.controllers.ConnectivityController$CcHandler c=null m=1
08-23 19:46:15.038 1452 1452 D ConnectivityService: Connectivity-MDO: 10445 is true
08-23 19:46:15.038 1452 1452 D ConnectivityService: Connectivity-MDO change default network for 10445, type: mdo
08-23 19:46:15.118 1452 1452 D SamsungAlarmManager: setInexact (T:3/F:0/AC:false) 20210823T201431 now=8816195 - CU:1000/CP:1452/L:a08b79a:*job.delay*
08-23 19:46:15.118 1452 1452 I SamsungAlarmManager: setLocked to kernel - T:2 / 20210823T195012, set=9053771, now=8816195
08-23 19:46:15.119 1452 1452 I SamsungAlarmManager: setLocked to kernel - T:3 / 20210823T194624, set=8825765, now=8816195
08-23 19:46:15.121 1452 1452 D SamsungAlarmManager: setInexact (T:2/F:0/AC:false) 20210823T214143 now=8816197 - CU:1000/CP:1452/L:8c348cb:*job.deadline*
08-23 19:46:15.121 1452 1452 I SamsungAlarmManager: setLocked to kernel - T:2 / 20210823T195012, set=9053771, now=8816197
08-23 19:46:15.121 1452 1452 I SamsungAlarmManager: setLocked to kernel - T:3 / 20210823T194624, set=8825765, now=8816198
08-23 19:46:15.169 1452 2228 D SamsungAlarmManager: Cancel Alarm calling from uid:10164 pid :2347 / OP:PendingIntent{c313036: PendingIntentRecord{5b2b19a com.google.android.gms/com.google.android.gms.measurement broadcastIntent}}
08-23 19:46:15.309 1452 1452 W Looper : Slow dispatch took 271ms main h=com.android.server.job.JobSchedulerService$JobHandler c=null m=1
08-23 19:46:15.310 1452 1572 W BroadcastQueue: Background execution not allowed: receiving Intent { act=android.net.conn.NETWORK_CONDITIONS_MEASURED flg=0x10 (has extras) } to com.google.android.gms/.chimera.GmsIntentOperationService$PersistentTrustedReceiver
08-23 19:46:15.419 599 599 I io_stats: !@ 179,0 r 1852972 30740722 w 78286 1343984 d 41232 567760 f 43752 52506 iot 750100 592166 th 51200 51200 41500 pt 1070 inp 12 0 2182.014
08-23 19:46:15.429 1452 1452 I MdnieScenarioControlService: action : android.intent.action.SCREEN_ON
08-23 19:46:15.447 1452 1452 D MdnieScenarioControlService: isLockScreenOn : true
08-23 19:46:15.470 1452 1452 V MdnieScenarioControlService: mAclOffEnabled : false mAclPreviewState : false mAclCompensationState : false
08-23 19:46:15.482 1452 1452 I AdaptiveDisplaySolutionService: action : android.intent.action.SCREEN_ON
08-23 19:46:15.510 1452 1452 W Looper : Drained
08-23 19:46:15.521 1452 1949 W ContextImpl: Calling a method in the system process without a qualified user: android.app.ContextImpl.sendBroadcast:1162 com.android.server.ConnectivityService$NetworkStateTrackerHandler.handleNetworkTested:3996 com.android.server.ConnectivityService$NetworkStateTrackerHandler.maybeHandleNetworkMonitorMessage:3848 com.android.server.ConnectivityService$NetworkStateTrackerHandler.handleMessage:4095 android.os.Handler.dispatchMessage:106 08-23 19:46:15.534 1452 1949 W ContextImpl: Calling a method in the system process without a qualified user: android.app.ContextImpl.sendBroadcast:1162 com.android.server.ConnectivityService$NetworkStateTrackerHandler.handleNetworkTested:4002 com.android.server.ConnectivityService$NetworkStateTrackerHandler.maybeHandleNetworkMonitorMessage:3848 com.android.server.ConnectivityService$NetworkStateTrackerHandler.handleMessage:4095 android.os.Handler.dispatchMessage:106 08-23 19:46:15.543 1452 1949 D ConnectivityService: [601 WIFI] validation passed
08-23 19:46:15.661 1452 2228 D SamsungAlarmManager: Cancel Alarm calling from uid:10164 pid :2781 / OP:PendingIntent{b72d609: PendingIntentRecord{af48901 com.google.android.gms/com.google.android.gms.gcm broadcastIntent}}
08-23 19:46:15.790 1452 2228 I SamsungAlarmManager: setLocked to kernel - T:2 / 20210823T195012, set=9053771, now=8816866
08-23 19:46:15.790 1452 2228 I SamsungAlarmManager: setLocked to kernel - T:3 / 20210823T194624, set=8825765, now=8816867
08-23 19:46:15.806 1452 1452 D EasyMuteController: Register failed. already registered or setting not eanbled
08-23 19:46:15.820 1452 2228 D SamsungAlarmManager: setInexact (T:2/F:0/AC:false) 20210823T202026 now=8816896 - CU:10164/CP:2781/OP:PendingIntent{6c9183c: PendingIntentRecord{af48901 com.google.android.gms/com.google.android.gms.gcm broadcastIntent}}
08-23 19:46:15.820 1452 2228 I SamsungAlarmManager: setLocked to kernel - T:2 / 20210823T195012, set=9053771, now=8816897
08-23 19:46:15.820 1452 2228 I SamsungAlarmManager: setLocked to kernel - T:3 / 20210823T194624, set=8825765, now=8816897
08-23 19:46:15.889 1452 1452 W NotificationHistory: Attempted to add notif for locked/gone/disabled user 0
08-23 19:46:15.890 1452 1452 W Looper : Slow dispatch took 343ms main h=com.android.server.notification.NotificationManagerService$WorkerHandler c=com.android.server.notification.NotificationManagerService$PostNotificationRunnable@be25027 m=0
08-23 19:46:15.903 1452 1452 W Looper : Slow delivery took 334ms main h=com.android.server.AlarmManagerService$AlarmHandler c=null m=8
08-23 19:46:16.023 1452 1452 D SmartAlertController: SmartAlert - Found Missed Event
08-23 19:46:16.101 1452 2579 D SamsungAlarmManager: Cancel Alarm calling from uid:5009 pid :16671 / OP:PendingIntent{8f232d4: PendingIntentRecord{4c11a83 com.samsung.android.scloud broadcastIntent}}
08-23 19:46:16.102 1452 17638 D SmartAlertController: SmartAlert - already registered or Setting disabled
08-23 19:46:16.115 1452 2056 I Pageboost: Launcher App Execution
08-23 19:46:16.168 1452 2579 I SamsungAlarmManager: setLocked to kernel - T:2 / 20210823T195012, set=9053771, now=8817245
08-23 19:46:16.169 1452 2579 I SamsungAlarmManager: setLocked to kernel - T:3 / 20210823T194624, set=8825765, now=8817245
08-23 19:46:16.226 1452 2579 D SamsungAlarmManager: setExact (T:0/F:5/AC:false) 20210824T020000 now=8817262 - CU:10193/CP:16442/OP:PendingIntent{919c7c3: PendingIntentRecord{e25a008 com.whatsapp broadcastIntent}}
08-23 19:46:16.227 1452 2579 I SamsungAlarmManager: setLocked to kernel - T:2 / 20210823T195012, set=9053771, now=8817303
08-23 19:46:16.227 1452 2579 I SamsungAlarmManager: setLocked to kernel - T:3 / 20210823T194624, set=8825765, now=8817304
08-23 19:46:16.253 1452 2579 I SamsungAlarmManager: setLocked to kernel - T:2 / 20210823T195012, set=9053771, now=8817329
08-23 19:46:16.253 1452 2579 I SamsungAlarmManager: setLocked to kernel - T:3 / 20210823T194624, set=8825765, now=8817329
08-23 19:46:16.317 1452 1452 W Looper : Drained
08-23 19:46:16.322 1452 2579 D SamsungAlarmManager: setExact (T:0/F:5/AC:false) 20210824T000000 now=8817399 - CU:10193/CP:16442/OP:PendingIntent{ba1086c: PendingIntentRecord{89f89c6 com.whatsapp broadcastIntent}}
08-23 19:46:16.323 1452 2579 I SamsungAlarmManager: setLocked to kernel - T:2 / 20210823T195012, set=9053771, now=8817399
08-23 19:46:16.323 1452 2579 I SamsungAlarmManager: setLocked to kernel - T:3 / 20210823T194624, set=8825765, now=8817399
08-23 19:46:16.356 1452 1903 I SamsungAlarmManager: setLocked to kernel - T:2 / 20210823T195012, set=9053771, now=8817432
08-23 19:46:16.356 1452 1903 I SamsungAlarmManager: setLocked to kernel - T:3 / 20210823T194624, set=8825765, now=8817432
08-23 19:46:16.382 1452 1903 D SamsungAlarmManager: setInexact (T:2/F:0/AC:false) 20210823T194633 now=8817458 - CU:10164/CP:2781/OP:PendingIntent{3a9ae35: PendingIntentRecord{af48901 com.google.android.gms/com.google.android.gms.gcm broadcastIntent}}
08-23 19:46:16.383 1452 1903 I SamsungAlarmManager: setLocked to kernel - T:2 / 20210823T194633, set=8834461, now=8817460
08-23 19:46:16.435 1452 1962 D StorageManagerService: getExternalStorageMountMode: uid=10066 packageName=com.sec.android.app.soundalive
08-23 19:46:16.437 1452 17635 D VibratorService: Ignoring incoming vibration in favor of alarm vibration
08-23 19:46:16.443 1452 1962 D CompatibilityChangeReporter: Compat change id reported: 135634846; UID 10066; state: DISABLED
08-23 19:46:16.446 1452 1573 D CompatibilityChangeReporter: Compat change id reported: 143937733; UID 10066; state: ENABLED
08-23 19:46:16.526 1452 1962 W ActivityManager: wait for provider publish: waiters=0 callerApp=null cpr=ContentProviderRecord{eca6c3b u0 com.sec.android.app.soundalive/.compatibility.SAContentProvider}
08-23 19:46:16.547 1452 6166 I SamsungAlarmManager: setLocked to kernel - T:2 / 20210823T195012, set=9053771, now=8817621
08-23 19:46:16.548 1452 6166 I SamsungAlarmManager: setLocked to kernel - T:3 / 20210823T194624, set=8825765, now=8817624
08-23 19:46:16.551 1452 6166 D SamsungAlarmManager: setInexact (T:2/F:0/AC:false) 20210823T194629 now=8817627 - CU:10164/CP:2781/OP:PendingIntent{9cc3f58: PendingIntentRecord{af48901 com.google.android.gms/com.google.android.gms.gcm broadcastIntent}}
08-23 19:46:16.551 1452 6166 I SamsungAlarmManager: setLocked to kernel - T:2 / 20210823T194629, set=8830498, now=8817628
08-23 19:46:16.584 17471 17592 W ContextImpl: Calling a method in the system process without a qualified user: android.app.ContextImpl.sendBroadcast:1162 android.content.ContextWrapper.sendBroadcast:478 android.speech.tts.TextToSpeechService$SynthThread.broadcastTtsQueueProcessingCompleted:454 android.speech.tts.TextToSpeechService$SynthThread.queueIdle:446 android.os.MessageQueue.next:404 08-23 19:46:16.592 1452 1903 I SamsungAlarmManager: setLocked to kernel - T:2 / 20210823T194629, set=8830498, now=8817668
08-23 19:46:16.630 1452 1903 D SamsungAlarmManager: setInexact (T:3/F:0/AC:false) 20210824T074616 now=8817706 - CU:10193/CP:16442/OP:PendingIntent{d53f8b1: PendingIntentRecord{cfa7c52 com.whatsapp broadcastIntent}}
08-23 19:46:16.630 1452 1903 I SamsungAlarmManager: setLocked to kernel - T:2 / 20210823T194629, set=8830498, now=8817707
08-23 19:46:16.645 1452 6166 D SamsungAlarmManager: Cancel Alarm calling from uid:10164 pid :2781 / OP:PendingIntent{c6d0196: PendingIntentRecord{af48901 com.google.android.gms/com.google.android.gms.gcm broadcastIntent}}
08-23 19:46:16.647 1452 6166 I SamsungAlarmManager: setLocked to kernel - T:2 / 20210823T195012, set=9053771, now=8817724
08-23 19:46:16.647 1452 6166 I SamsungAlarmManager: setLocked to kernel - T:3 / 20210823T194624, set=8825765, now=8817724
08-23 19:46:16.654 1452 6166 D SamsungAlarmManager: setInexact (T:2/F:0/AC:false) 20210823T194629 now=8817730 - CU:10164/CP:2781/OP:PendingIntent{e99117: PendingIntentRecord{af48901 com.google.android.gms/com.google.android.gms.gcm broadcastIntent}}
08-23 19:46:16.654 1452 6166 I SamsungAlarmManager: setLocked to kernel - T:2 / 20210823T194629, set=8830498, now=8817731
08-23 19:46:16.686 1452 2247 I SamsungAlarmManager: setLocked to kernel - T:2 / 20210823T194629, set=8830498, now=8817763
08-23 19:46:16.720 1452 2247 D SamsungAlarmManager: setExact (T:2/F:5/AC:false) 20210913T181507 now=8817797 - CU:10193/CP:16442/OP:PendingIntent{c71f904: PendingIntentRecord{5466820 com.whatsapp broadcastIntent}}
08-23 19:46:16.721 1452 2247 I SamsungAlarmManager: setLocked to kernel - T:2 / 20210823T194629, set=8830498, now=8817797
08-23 19:46:16.722 1452 1573 W ActivityManager: Slow operation: 298ms so far, now at startProcess: returned from zygote!
08-23 19:46:16.723 1452 1573 W ActivityManager: Slow operation: 299ms so far, now at startProcess: done updating battery stats
08-23 19:46:16.723 1452 1573 W ActivityManager: Slow operation: 299ms so far, now at startProcess: building log message
08-23 19:46:16.723 1452 1573 I ActivityManager: Start proc 17639:com.sec.android.app.soundalive/u0a66 for content provider {com.sec.android.app.soundalive/com.sec.android.app.soundalive.compatibility.SAContentProvider}
08-23 19:46:16.724 1452 1573 W ActivityManager: Slow operation: 299ms so far, now at startProcess: starting to update pids map
08-23 19:46:16.728 1452 1573 W ActivityManager: Slow operation: 304ms so far, now at startProcess: done updating pids map
08-23 19:46:16.730 1452 17509 D VibratorService: Turning vibrator on for 1000 ms with amplitude -1.
08-23 19:46:16.731 1452 17509 D VibratorService: vibratorOn() : 1000ms, amplitude :-1, mag :9999, f : -1
08-23 19:46:17.433 599 599 I io_stats: !@ 179,0 r 1855663 30784318 w 78336 1344232 d 41232 567760 f 43764 52530 iot 751500 592901 th 51200 51200 41500 pt 1070 inp 2 0 2184.029
08-23 19:46:17.463 1452 17521 I SystemUiVisibilityPolicyController: handleMessage: entry what = 101
08-23 19:46:17.479 1452 1452 W Looper : Slow dispatch took 641ms main h=android.app.ActivityThread$H c=null m=131
08-23 19:46:17.484 1452 2228 I ActivityManager: DSS OFF for com.sec.android.app.soundalive
08-23 19:46:17.485 1452 3500 D SamsungAlarmManager: Cancel Alarm calling from uid:10164 pid :2347 / OP:PendingIntent{a600ce9: PendingIntentRecord{1f3f75a com.google.android.gms/ startService}}
08-23 19:46:17.492 1452 2228 D ActivityManager: attachApplicationLocked() app=ProcessRecord{45182ca 17639:com.sec.android.app.soundalive/u0a66} app.isolatedEntryPoint=null instr2=null
08-23 19:46:17.496 1452 1903 D SamsungAlarmManager: Cancel Alarm calling from uid:10164 pid :2347 / OP:PendingIntent{40aad6e: PendingIntentRecord{5b2b19a com.google.android.gms/com.google.android.gms.measurement broadcastIntent}}
08-23 19:46:17.510 1452 2259 I SamsungAlarmManager: setLocked to kernel - T:2 / 20210823T194629, set=8830498, now=8818586
08-23 19:46:17.516 1452 2259 D SamsungAlarmManager: setExact (T:2/F:5/AC:false) 20210824T092853 now=8818593 - CU:10193/CP:16442/OP:PendingIntent{bb8327a: PendingIntentRecord{de3467f com.whatsapp broadcastIntent}}
08-23 19:46:17.517 1452 2259 I SamsungAlarmManager: setLocked to kernel - T:2 / 20210823T194629, set=8830498, now=8818593
08-23 19:46:17.518 1452 3500 I SamsungAlarmManager: setLocked to kernel - T:2 / 20210823T194629, set=8830498, now=8818595
08-23 19:46:17.532 17639 17639 D ActivityThread: handleBindApplication()++ app=com.sec.android.app.soundalive
08-23 19:46:17.589 1452 1903 I SamsungAlarmManager: setLocked to kernel - T:2 / 20210823T195012, set=9053771, now=8818665
08-23 19:46:17.589 1452 1903 I SamsungAlarmManager: setLocked to kernel - T:3 / 20210823T194624, set=8825765, now=8818665
08-23 19:46:17.591 1452 1903 D SamsungAlarmManager: setInexact (T:2/F:0/AC:false) 20210823T194626 now=8818667 - CU:10164/CP:2781/OP:PendingIntent{5fa2e88: PendingIntentRecord{af48901 com.google.android.gms/com.google.android.gms.gcm broadcastIntent}}
08-23 19:46:17.591 1452 1903 I SamsungAlarmManager: setLocked to kernel - T:2 / 20210823T194626, set=8827618, now=8818668
08-23 19:46:17.612 17471 17592 W ContextImpl: Calling a method in the system process without a qualified user: android.app.ContextImpl.sendBroadcast:1162 android.content.ContextWrapper.sendBroadcast:478 android.speech.tts.TextToSpeechService$SynthThread.broadcastTtsQueueProcessingCompleted:454 android.speech.tts.TextToSpeechService$SynthThread.queueIdle:446 android.os.MessageQueue.next:404 08-23 19:46:17.613 1452 1903 D SamsungAlarmManager: Cancel Alarm calling from uid:10164 pid :2781 / OP:PendingIntent{37aee07: PendingIntentRecord{af48901 com.google.android.gms/com.google.android.gms.gcm broadcastIntent}}
08-23 19:46:17.614 1452 1903 I SamsungAlarmManager: setLocked to kernel - T:2 / 20210823T195012, set=9053771, now=8818691
08-23 19:46:17.615 1452 1903 I SamsungAlarmManager: setLocked to kernel - T:3 / 20210823T194624, set=8825765, now=8818691
08-23 19:46:17.630 1452 1903 D SamsungAlarmManager: setInexact (T:2/F:0/AC:false) 20210823T194626 now=8818707 - CU:10164/CP:2781/OP:PendingIntent{47ab34: PendingIntentRecord{af48901 com.google.android.gms/com.google.android.gms.gcm broadcastIntent}}
08-23 19:46:17.631 1452 1903 I SamsungAlarmManager: setLocked to kernel - T:2 / 20210823T194626, set=8827618, now=8818707
08-23 19:46:17.651 17471 17592 W ContextImpl: Calling a method in the system process without a qualified user: android.app.ContextImpl.sendBroadcast:1162 android.content.ContextWrapper.sendBroadcast:478 android.speech.tts.TextToSpeechService$SynthThread.broadcastTtsQueueProcessingCompleted:454 android.speech.tts.TextToSpeechService$SynthThread.queueIdle:446 android.os.MessageQueue.next:404 08-23 19:46:17.769 1452 1903 D ConnectivityService: Connectivity-MDO: 10193 is true
08-23 19:46:17.770 1452 1903 D ConnectivityService: Connectivity-MDO change default network for 10193, type: mdo
08-23 19:46:17.791 1452 1452 I SamsungAlarmManager: setLocked to kernel - T:2 / 20210823T194626, set=8827618, now=8818867
08-23 19:46:17.791 1452 1452 D SamsungAlarmManager: setInexact (T:2/F:0/AC:false) 20210823T194706 now=8818868 - CU:1000/CP:1452/L:8c348cb:*job.deadline*
08-23 19:46:17.792 1452 1452 I SamsungAlarmManager: setLocked to kernel - T:2 / 20210823T194626, set=8827618, now=8818868
08-23 19:46:17.862 1452 2260 D SamsungAlarmManager: setExact (T:3/F:9/AC:false) 20210823T194717 now=8818939 - CU:1000/CP:1452/L:3ce63a3:DetectMovementSPListener
08-23 19:46:17.863 1452 2260 I SamsungAlarmManager: setLocked to kernel - T:2 / 20210823T194626, set=8827618, now=8818939
08-23 19:46:17.905 1452 1452 I SamsungAlarmManager: setLocked to kernel - T:2 / 20210823T194626, set=8827618, now=8818981
08-23 19:46:17.905 1452 1452 D SamsungAlarmManager: setInexact (T:3/F:0/AC:false) 20210823T195701 now=8818982 - CU:1000/CP:1452/L:a08b79a:*job.delay*
08-23 19:46:17.905 1452 1452 I SamsungAlarmManager: setLocked to kernel - T:2 / 20210823T194626, set=8827618, now=8818982
08-23 19:46:17.924 1452 1452 D StorageManagerService: getExternalStorageMountMode: uid=10108 packageName=com.dti.samsung
08-23 19:46:17.925 1452 1452 D CompatibilityChangeReporter: Compat change id reported: 135634846; UID 10108; state: DISABLED
08-23 19:46:17.926 1452 1573 D CompatibilityChangeReporter: Compat change id reported: 143937733; UID 10108; state: ENABLED
08-23 19:46:17.984 1452 1573 W ActivityManager: Slow operation: 62ms so far, now at startProcess: returned from zygote!
08-23 19:46:18.020 1452 1452 W Looper : Slow dispatch took 232ms main h=com.android.server.job.JobSchedulerService$JobHandler c=null m=1
08-23 19:46:18.021 1452 1573 W ActivityManager: Slow operation: 98ms so far, now at startProcess: done updating battery stats
08-23 19:46:18.021 1452 1573 W ActivityManager: Slow operation: 98ms so far, now at startProcess: building log message
08-23 19:46:18.021 1452 1573 I ActivityManager: Start proc 17666:com.dti.samsung/u0a108 for service {com.dti.samsung/com.digitalturbine.ignite.jobs.reachability.ConnectivityJobSchedulerService}
08-23 19:46:18.021 1452 1573 W ActivityManager: Slow operation: 99ms so far, now at startProcess: starting to update pids map
08-23 19:46:18.024 1452 1573 W ActivityManager: Slow operation: 102ms so far, now at startProcess: done updating pids map
08-23 19:46:18.141 1452 6166 I ActivityManager: DSS OFF for com.dti.samsung
08-23 19:46:18.146 1452 6166 D ActivityManager: attachApplicationLocked() app=ProcessRecord{fb34e1e 17666:com.dti.samsung/u0a108} app.isolatedEntryPoint=null instr2=null
08-23 19:46:18.187 17666 17666 D ActivityThread: handleBindApplication()++ app=com.dti.samsung
08-23 19:46:18.216 17639 17639 W ActivityThread: Slow operation: 680ms so far, now at handleBindApplication: After mResourcesManager
08-23 19:46:18.217 17639 17639 W ActivityThread: Slow operation: 685ms so far, now at handleBindApplication: Before initStrictMode
08-23 19:46:18.220 17639 17639 W ActivityThread: Slow operation: 688ms so far, now at handleBindApplication: After initStrictMode
08-23 19:46:18.220 17639 17639 W ActivityThread: Slow operation: 689ms so far, now at handleBindApplication: Before HardwareRenderer
08-23 19:46:18.220 17639 17639 W ActivityThread: Slow operation: 689ms so far, now at handleBindApplication: After HardwareRenderer
08-23 19:46:18.325 1452 1452 W ContextImpl: Calling a method in the system process without a qualified user: android.app.ContextImpl.sendBroadcast:1162 vendor.samsung.frameworks.codecsolution.Logging.insertDiagmonLog:78 vendor.samsung.frameworks.codecsolution.Logging.insertLog:54 vendor.samsung.frameworks.codecsolution.Logging.insertLog:46 vendor.samsung.frameworks.codecsolution.SehCodecSolutionService$1.handleMessage:307 08-23 19:46:18.333 3468 3468 W ContextImpl: Calling a method in the system process without a qualified user: android.app.ContextImpl.startService:1739 android.content.ContextWrapper.startService:738 android.content.ContextWrapper.startService:738 com.sec.android.diagmonagent.sa.receiver.CFLogReceiver.sendCFLog:26 com.sec.android.diagmonagent.sa.receiver.CFLogReceiver.onReceive:18 08-23 19:46:18.394 1452 4887 I ActivityManager: Process com.samsung.SMT (pid 17471) has died: fg SVC (81,293)
08-23 19:46:18.409 17666 17666 W ActivityThread: Slow operation: 219ms so far, now at handleBindApplication: After mResourcesManager
08-23 19:46:18.409 17666 17666 W ActivityThread: Slow operation: 222ms so far, now at handleBindApplication: Before initStrictMode
08-23 19:46:18.410 17666 17666 W ActivityThread: Slow operation: 223ms so far, now at handleBindApplication: After initStrictMode
08-23 19:46:18.411 17666 17666 W ActivityThread: Slow operation: 223ms so far, now at handleBindApplication: Before HardwareRenderer
08-23 19:46:18.428 17666 17666 W ActivityThread: Slow operation: 240ms so far, now at handleBindApplication: After HardwareRenderer
08-23 19:46:18.548 2086 2086 D SystemUIService: onTrimMemory : 10
08-23 19:46:18.548 2086 2086 D SystemUIService: Starting getMemoryInfo in MemoryInfoReporter thread.
08-23 19:46:18.636 2086 17693 D SystemUIService: - Memory Information -
08-23 19:46:18.733 1452 17509 D VibratorService: Turning vibrator on for 1000 ms with amplitude -1.
08-23 19:46:18.733 1452 17509 D VibratorService: vibratorOn() : 1000ms, amplitude :-1, mag :9999, f : -1
08-23 19:46:18.850 1452 1548 W ActivityTaskManager: Launch timeout has expired, giving up wake lock!
08-23 19:46:19.135 17666 17666 D ActivityThread: handleBindApplication() -- skipGraphicsSupport=false
08-23 19:46:19.136 17666 17666 D ActivityThread: ActivityThread::handleMakeApplication() data=AppBindData{appInfo=ApplicationInfo{f9fc0aa com.dti.samsung}} appContext=android.app.ContextImpl@135049b appContext.mOpPackageName=com.dti.samsung appContext.mBasePackageName=com.dti.samsung appContext.mPackageInfo=android.app.LoadedApk@5dc6038 data.restrictedBackupMode= false data.providers= [ContentProviderInfo{name=com.dti.samsung.firebaseinitprovider className=com.google.firebase.provider.FirebaseInitProvider}, ContentProviderInfo{name=com.digitalturbine.ignite.ssia.fileprovider className=androidx.core.content.FileProvider}, ContentProviderInfo{name=com.digitalturbine.ignite.provider.IgniteContentProvider className=com.digitalturbine.ignite.provider.IgniteContentProvider}, ContentProviderInfo{name=com.dti.samsung.lifecycle-process className=androidx.lifecycle.ProcessLifecycleOwnerInitializer}, ContentProviderInfo{name=com.adjust.preinstall className=com.digitalturbine.igniteui.provider.AdjustContentProvider}, ContentProviderInfo{name=com.digitalturbine.ignite.provider.IgniteSharedPrefContentProvider className=com.digitalturbine.ignite.provider.IgniteSharedPrefContentProvider}, ContentProviderInfo{name=com.dti.samsung.com.squareup.picasso className=com.squareup.picasso.PicassoProvider}, ContentProviderInfo{name=com.digitalturbine.ignite.contentprovider className=com.digitalturbine.ignite.content.DtiContentProvider}] Caller=android.app.ActivityThread.handleBindApplication:7446 android.app.ActivityThread.access$1400:301 android.app.ActivityThread$H.handleMessage:2148 android.os.Handler.dispatchMessage:106 android.os.Looper.loop:246 08-23 19:46:19.153 17666 17666 D LoadedApk: LoadedApk::makeApplication() appContext=android.app.ContextImpl@7763811 appContext.mOpPackageName=com.dti.samsung appContext.mBasePackageName=com.dti.samsung appContext.mPackageInfo=android.app.LoadedApk@5dc6038
08-23 19:46:19.191 1452 2115 D MdnieScenarioControlService: packageName : com.callapp.contacts className : com.callapp.contacts.activity.contact.details.ContactDetailsActivity
08-23 19:46:19.193 1452 2115 V MdnieScenarioControlService: setUIMode from UI function(3)
08-23 19:46:19.295 1452 2115 V MdnieScenarioControlService: mAclOffEnabled : false mAclPreviewState : false mAclCompensationState : false
08-23 19:46:19.328 1452 6166 D SamsungAlarmManager: Cancel Alarm calling from uid:10065 pid :2542 / OP:PendingIntent{73e6f83: PendingIntentRecord{de19500 com.sec.android.app.launcher broadcastIntent}}
08-23 19:46:19.331 1452 4899 E WindowManager: win=Window{65678cf u0 com.callapp.contacts/com.callapp.contacts.activity.missedcall.missedAnswer.MissedCallActivity} destroySurfaces: appStopped=true win.mWindowRemovalAllowed=false win.mRemoveOnExit=false win.mViewVisibility=8 caller=com.android.server.wm.ActivityRecord.destroySurfaces:5251 com.android.server.wm.ActivityRecord.destroySurfaces:5232 com.android.server.wm.ActivityRecord.notifyAppStopped:5291 com.android.server.wm.ActivityRecord.activityStopped:5918 com.android.server.wm.ActivityTaskManagerService.activityStopped:2584 android.app.IActivityTaskManager$Stub.onTransact:2215 android.os.Binder.execTransactInternal:1195 08-23 19:46:19.333 1452 6166 D SamsungAlarmManager: Cancel Alarm calling from uid:10065 pid :2542 / OP:PendingIntent{304337e: PendingIntentRecord{1ee80df com.sec.android.app.launcher broadcastIntent}}
08-23 19:46:19.339 1452 4899 I WindowManager: Destroying surface Surface(name=com.callapp.contacts/com.callapp.contacts.activity.missedcall.missedAnswer.MissedCallActivity$_4233)/@0x272a139 called by com.android.server.wm.WindowStateAnimator.destroySurface:1794 com.android.server.wm.WindowStateAnimator.destroySurfaceLocked:765 com.android.server.wm.WindowState.destroySurfaceUnchecked:3918 com.android.server.wm.WindowState.destroySurface:3892 com.android.server.wm.ActivityRecord.destroySurfaces:5251 com.android.server.wm.ActivityRecord.destroySurfaces:5232 com.android.server.wm.ActivityRecord.notifyAppStopped:5291 com.android.server.wm.ActivityRecord.activityStopped:5918 08-23 19:46:19.351 1452 1452 W Looper : Slow dispatch took 130ms main h=com.android.server.job.JobSchedulerService$JobHandler c=null m=3
08-23 19:46:19.352 1452 1546 W Looper : Slow dispatch took 142ms android.ui h=com.android.server.am.ActivityManagerService$UiHandler c=null m=31
08-23 19:46:19.384 1452 6166 E WindowManager: win=Window{ef38711 u0 com.sec.android.app.launcher/com.sec.android.app.launcher.activities.LauncherActivity} destroySurfaces: appStopped=true win.mWindowRemovalAllowed=false win.mRemoveOnExit=false win.mViewVisibility=8 caller=com.android.server.wm.ActivityRecord.destroySurfaces:5251 com.android.server.wm.ActivityRecord.destroySurfaces:5232 com.android.server.wm.ActivityRecord.notifyAppStopped:5291 com.android.server.wm.ActivityRecord.activityStopped:5918 com.android.server.wm.ActivityTaskManagerService.activityStopped:2584 android.app.IActivityTaskManager$Stub.onTransact:2215 android.os.Binder.execTransactInternal:1190 08-23 19:46:19.385 1452 6166 I WindowManager: Destroying surface Surface(name=com.sec.android.app.launcher/com.sec.android.app.launcher.activities.LauncherActivity$_2542)/@0x94b012c called by com.android.server.wm.WindowStateAnimator.destroySurface:1794 com.android.server.wm.WindowStateAnimator.destroySurfaceLocked:765 com.android.server.wm.WindowState.destroySurfaceUnchecked:3918 com.android.server.wm.WindowState.destroySurface:3892 com.android.server.wm.ActivityRecord.destroySurfaces:5251 com.android.server.wm.ActivityRecord.destroySurfaces:5232 com.android.server.wm.ActivityRecord.notifyAppStopped:5291 com.android.server.wm.ActivityRecord.activityStopped:5918 08-23 19:46:19.452 599 599 I io_stats: !@ 179,0 r 1858728 30834182 w 78360 1344344 d 41232 567760 f 43768 52538 iot 753190 593777 th 51200 51200 41500 pt 1070 inp 9 0 2186.037
08-23 19:46:19.559 1452 2115 D MdnieScenarioControlService: packageName : com.callapp.contacts className : com.callapp.contacts.activity.contact.details.ContactDetailsActivity
08-23 19:46:19.560 1452 2115 V MdnieScenarioControlService: setUIMode from UI function(3)
08-23 19:46:19.639 1452 1973 D ConnectivityService: Connectivity-MDO: 10445 is true
08-23 19:46:19.639 1452 1973 D ConnectivityService: Connectivity-MDO change default network for 10445, type: mdo
08-23 19:46:19.640 1452 1973 D ConnectivityService: Connectivity-MDO: 10193 is true
08-23 19:46:19.641 1452 1973 D ConnectivityService: Connectivity-MDO change default network for 10193, type: mdo
08-23 19:46:19.661 1452 2115 V MdnieScenarioControlService: mAclOffEnabled : false mAclPreviewState : false mAclCompensationState : false
