08-23 19:46:29.236 1452 2579 D SamsungAlarmManager: Cancel Alarm calling from uid:10164 pid :2347 / OP:PendingIntent{1c8288b: PendingIntentRecord{5b2b19a com.google.android.gms/com.google.android.gms.measurement broadcastIntent}}
08-23 19:46:29.286 1452 1941 V NetworkPolicy: updateNotificationsNL() - totalBytes : 81241401, policy : NetworkPolicy{template=NetworkTemplate: matchRule=MOBILE, subscriberId=334020..., matchSubscriberIds=[334020...] cycleRule=RecurrenceRule{start=2020-01-01T00:00-06:00[America/Mexico_City] end=null period=P1M} warningBytes=-1 limitBytes=-1 lastWarningSnooze=-1 lastLimitSnooze=-1 lastRapidSnooze=-1 metered=true inferred=false}, CallingUID: 1000
08-23 19:46:29.315 1452 1975 W Looper : Slow dispatch took 138ms PackageManagerHandlerThread h=android.os.Handler c=<recycled PooledLambda@e2e5814> m=0
08-23 19:46:29.330 1452 2247 D SamsungAlarmManager: Cancel Alarm calling from uid:10164 pid :2347 / OP:PendingIntent{c09c8bd: PendingIntentRecord{5b2b19a com.google.android.gms/com.google.android.gms.measurement broadcastIntent}}
08-23 19:46:29.352 1452 2247 D SamsungAlarmManager: Cancel Alarm calling from uid:10164 pid :2347 / OP:PendingIntent{83b1e03: PendingIntentRecord{5b2b19a com.google.android.gms/com.google.android.gms.measurement broadcastIntent}}
08-23 19:46:29.397 1452 8814 W ContextImpl: Calling a method in the system process without a qualified user: android.app.ContextImpl.sendBroadcast:1196 android.content.ContextWrapper.sendBroadcast:483 com.samsung.server.telecom.basiccall.calllog.SamsungCallLogManager.sendAddCallBroadcast:455 com.samsung.server.telecom.basiccall.calllog.SamsungCallLogManager.addCallCompleted:444 com.android.server.telecom.CallLogManager$LogCallAsyncTask.addCall:666 08-23 19:46:29.398 1452 8814 I Telecom : CallLogManager: LogCallAsyncTask - doInBackground - end
08-23 19:46:29.399 1452 1452 I Telecom : CallLogManager: LogCallAsyncTask - onPostExecute - start : 1
08-23 19:46:29.399 1452 1452 I Telecom : Event: RecordEntry TC@8: SHOW_NOTIFICATION_FOR_MISSED_CALL, ***
08-23 19:46:29.400 1452 1452 I Telecom:SamsungMissedCallNotifierImpl: updateUserHandle - call : [Call id=TC@8, state=DISCONNECTED, tpac=ComponentInfo{com.android.phone/com.android.services.telephony.TelephonyConnectionService}, ***, UserHandle{0}, cmgr=ComponentInfo{com.android.phone/com.android.services.telephony.TelephonyConnectionService}, ***, UserHandle{0}, handle=tel:**********, vidst=A, childs(0), has_parent(false), cap=[ sup_hld mut !v2a spd_aud], prop=[], caps=[Capabilities: CAPABILITY_SUPPORT_HOLD CAPABILITY_MUTE CAPABILITY_CANNOT_DOWNGRADE_VIDEO_TO_AUDIO CAPABILITY_SPEED_UP_MT_AUDIO], props=[Properties:], conf(false), had_child(false)] / userHandle : UserHandle{0}
08-23 19:46:29.400 1452 1452 I Telecom : MissedCallNotifierImpl: showMissedCallNotification: userHandle=0, queryMissedCallCounts=0
08-23 19:46:29.401 1452 1452 I Telecom:MissedCallNotifierImpl: shouldManageNotificationThroughDefaultDialer - size : 0 / package : com.callapp.contacts
08-23 19:46:29.401 1452 1452 I Telecom:MissedCallNotifierImpl: shouldManageNotificationThroughDefaultDialer - size : 1 / package : com.samsung.android.dialer
08-23 19:46:29.402 1452 1452 W Telecom : MissedCallNotifierImpl: Showing missed calls through default dialer.
08-23 19:46:29.406 1452 1452 D PowerManagerService: [api] setDeviceIdleTempWhitelist: appids: [0]5009 [1]10058 [2]10081 [3]10164 [4]10179 [5]10181 [6]10182 [7]10193 [8]10803 (uid: 1000 pid: 1452)
08-23 19:46:29.413 1452 1452 I Telecom : Event: RecordEntry TC@8: SEND_MISSED_CALLS_NOTIFICATION, com.samsung.android.dialer, UserHandle{0}, UserHandle{0}, 8
08-23 19:46:29.414 1452 1452 I Telecom : CallLogManager: LogCallAsyncTask - onPostExecute - end
08-23 19:46:29.417 1452 1572 D StorageManagerService: getExternalStorageMountMode: uid=10058 packageName=com.samsung.android.dialer
08-23 19:46:29.418 1452 1572 D CompatibilityChangeReporter: Compat change id reported: 135634846; UID 10058; state: DISABLED
08-23 19:46:29.419 1452 1573 D CompatibilityChangeReporter: Compat change id reported: 143937733; UID 10058; state: ENABLED
08-23 19:46:29.432 1452 1573 I ActivityManager: Start proc 13936:com.samsung.android.dialer/u0a58 for broadcast {com.samsung.android.dialer/com.samsung.android.dialer.notification.view.CallLogNotificationReceiver}
08-23 19:46:29.504 1452 2247 I ActivityManager: DSS OFF for com.samsung.android.dialer
08-23 19:46:29.508 1452 2247 D ActivityManager: attachApplicationLocked() app=ProcessRecord{447975f 13936:com.samsung.android.dialer/u0a58} app.isolatedEntryPoint=null instr2=null
08-23 19:46:29.541 599 599 I io_stats: !@ 179,0 r 1865714 30928386 w 78732 1349712 d 41617 571028 f 44212 53077 iot 758220 596941 th 51200 51200 41500 pt 1070 inp 0 0 2196.138
08-23 19:46:29.856 1452 2247 I GenerationRegistry: mBackingStore.isClosed() : false
08-23 19:46:29.919 1452 3619 I Telecom:SamsungTelecomServiceImpl: getDefaultDialerPackage - callingPid : 3094 / processName : sts
08-23 19:46:29.970 1452 1452 I Telecom : Event: RecordEntry TC@8: UNBIND_ICS, null: CSW.rC->CM.mCAR->ICC.oCR(cap)@Ajo
08-23 19:46:29.970 1452 1452 I Telecom : InCallController: disconnect service connection: CSW.rC->CM.mCAR->ICC.oCR(cap)@Ajo
08-23 19:46:29.970 1452 1452 I Telecom : InCallController: CSICSC: disconnect com.android.server.telecom.InCallController$EmergencyInCallServiceConnection@8e41fc8: CSW.rC->CM.mCAR->ICC.oCR(cap)@Ajo
08-23 19:46:29.970 1452 1452 I Telecom : EmergencyInCallServiceConnection: Disconnect forced!: CSW.rC->CM.mCAR->ICC.oCR(cap)@Ajo
08-23 19:46:29.971 1452 1452 I Telecom : InCallController: ICSBC#disconnect: unbinding after 23362 ms;[ComponentInfo{com.callapp.contacts/com.callapp.contacts.inCallService.InCallServiceImpl} supportsExternal? false supportsSelfMg?false supportsAllowedSelfMg?false], 1. isCrashed: false: CSW.rC->CM.mCAR->ICC.oCR(cap)@Ajo
08-23 19:46:30.052 1452 2247 I GenerationRegistry: mBackingStore.isClosed() : false
08-23 19:46:30.284 1452 1572 W BroadcastQueue: Background execution not allowed: receiving Intent { act=android.intent.action.DROPBOX_ENTRY_ADDED flg=0x10 (has extras) } to com.google.android.gms/.stats.service.DropBoxEntryAddedReceiver
08-23 19:46:30.284 1452 1572 W BroadcastQueue: Background execution not allowed: receiving Intent { act=android.intent.action.DROPBOX_ENTRY_ADDED flg=0x10 (has extras) } to com.google.android.gms/.chimera.GmsIntentOperationService$PersistentTrustedReceiver
08-23 19:46:30.318 1452 2247 D SamsungAlarmManager: setInexact (T:3/F:0/AC:false) 20310821T194630 now=8831394 - CU:10164/CP:2781/OP:PendingIntent{2b4a25b: PendingIntentRecord{dc30af8 com.google.android.gms/ startService}}
08-23 19:46:30.318 1452 2247 I SamsungAlarmManager: setLocked to kernel - T:2 / 20210823T195012, set=9053771, now=8831395
08-23 19:46:30.319 1452 2247 I SamsungAlarmManager: setLocked to kernel - T:3 / 20210823T194635, set=8836676, now=8831396
08-23 19:46:30.366 1452 1452 D EasyMuteController: Register failed. already registered or setting not eanbled
08-23 19:46:30.369 1452 3619 D SamsungAlarmManager: setInexact (T:3/F:0/AC:false) 20310821T194630 now=8831445 - CU:10164/CP:2347/OP:PendingIntent{9110937: PendingIntentRecord{499dea4 com.google.android.gms/ startService}}
08-23 19:46:30.369 1452 3619 I SamsungAlarmManager: setLocked to kernel - T:2 / 20210823T195012, set=9053771, now=8831446
08-23 19:46:30.369 1452 3619 I SamsungAlarmManager: setLocked to kernel - T:3 / 20210823T194635, set=8836676, now=8831446
08-23 19:46:30.413 1452 1452 E NotificationService: Muting recently noisy 0|com.samsung.android.dialer|3|0:6319|10058
08-23 19:46:30.461 1452 1452 W NotificationHistory: Attempted to add notif for locked/gone/disabled user 0
08-23 19:46:30.487 1452 1452 D SmartAlertController: SmartAlert - Found Missed Event
08-23 19:46:30.490 1452 1452 E NotificationService: Muting recently noisy 0|com.samsung.android.dialer|3|0:6316|10058
08-23 19:46:30.496 1452 17903 D SmartAlertController: SmartAlert - already registered or Setting disabled
08-23 19:46:30.497 1452 1452 E NotificationService: Muting recently noisy 0|com.samsung.android.dialer|3|0:6315|10058
08-23 19:46:30.502 1452 1452 E NotificationService: Muting recently noisy 0|com.samsung.android.dialer|3|0:6314|10058
08-23 19:46:30.507 1452 1452 E NotificationService: Muting recently noisy 0|com.samsung.android.dialer|3|0:6313|10058
08-23 19:46:30.517 1452 1452 D SmartAlertController: SmartAlert - Found Missed Event
08-23 19:46:30.521 1452 1452 E NotificationService: Muting recently noisy 0|com.samsung.android.dialer|3|0:6312|10058
08-23 19:46:30.529 1452 1452 E NotificationService: Muting recently noisy 0|com.samsung.android.dialer|3|0:6311|10058
08-23 19:46:30.532 1452 17905 D SmartAlertController: SmartAlert - already registered or Setting disabled
08-23 19:46:30.560 1452 1452 E NotificationService: Muting recently noisy 0|com.samsung.android.dialer|3|0:6310|10058
08-23 19:46:30.564 1452 1452 D SmartAlertController: SmartAlert - Found Missed Event
08-23 19:46:30.572 1452 1452 D SmartAlertController: SmartAlert - Found Missed Event
08-23 19:46:30.575 1452 17907 D SmartAlertController: SmartAlert - already registered or Setting disabled
08-23 19:46:30.584 1452 1452 D SmartAlertController: SmartAlert - Found Missed Event
08-23 19:46:30.584 1452 17908 D SmartAlertController: SmartAlert - already registered or Setting disabled
08-23 19:46:30.588 1452 17909 D SmartAlertController: SmartAlert - already registered or Setting disabled
08-23 19:46:30.600 1452 1452 D SmartAlertController: SmartAlert - Found Missed Event
08-23 19:46:30.607 1452 1452 D SmartAlertController: SmartAlert - Found Missed Event
08-23 19:46:30.611 1452 17910 D SmartAlertController: SmartAlert - already registered or Setting disabled
08-23 19:46:30.612 1452 17911 D SmartAlertController: SmartAlert - already registered or Setting disabled
08-23 19:46:30.624 1452 1452 D SmartAlertController: SmartAlert - Found Missed Event
08-23 19:46:30.633 1452 1590 D PowerManagerService: UserActivityState : 1 -> 2
08-23 19:46:30.633 1452 1590 D PowerManagerService: mDisplayReady: false
08-23 19:46:30.634 1452 1590 D PowerManagerService: mDisplayReady: false
08-23 19:46:30.634 1452 1590 D DisplayPowerController: animateScreenStateChange: target=2, targetInternal=2, dualScreenPolicy=-1
08-23 19:46:30.635 1452 1590 D DisplayPowerController: getFinalBrightness : Summary is 13 (0.05) -> 13 (0.05)
08-23 19:46:30.635 1452 1452 D SmartAlertController: SmartAlert - Found Missed Event
08-23 19:46:30.636 1452 17912 D SmartAlertController: SmartAlert - already registered or Setting disabled
08-23 19:46:30.638 1452 1590 D PowerManagerService: DisplayPowerCallbacks : onStateChanged()
08-23 19:46:30.639 1452 1590 D PowerManagerService: mDisplayReady: true
08-23 19:46:30.639 1452 17913 D SmartAlertController: SmartAlert - already registered or Setting disabled
08-23 19:46:30.639 1452 1590 D PowerManagerService: mDisplayReady: true
08-23 19:46:30.641 1452 1452 D IbsQuickDim: BroadcastReceiver flag = 2
08-23 19:46:30.641 1452 1452 D IbsQuickDim: PMS set dim 08-23 19:46:30.641 1452 1452 I MdnieScenarioControlService: action : com.samsung.server.PowerManagerService.action.USER_ACTIVITY
08-23 19:46:30.905 1452 17898 V VibratorService: vibratePatternMagnitude - package: com.samsung.android.dialer, reason: Notification (delayed), repeat: -1, token: android.os.Binder@cef45c7, mag: 9999, TYPE_NOTIFICATION
08-23 19:46:30.906 1452 17898 D VibratorService: Turning vibrator off.
08-23 19:46:30.906 1452 17898 D VibratorService: Turning vibrator off
08-23 19:46:30.912 1452 17915 D VibratorService: Turning vibrator on for 250 ms.
08-23 19:46:30.915 1452 17915 D VibratorService: vibratorOn() : 250ms, mag :9999, f : -1
08-23 19:46:31.136 1452 1452 W ContextImpl: Calling a method in the system process without a qualified user: android.app.ContextImpl.sendBroadcast:1162 vendor.samsung.frameworks.codecsolution.Logging.insertDiagmonLog:78 vendor.samsung.frameworks.codecsolution.Logging.insertLog:54 vendor.samsung.frameworks.codecsolution.Logging.insertLog:46 vendor.samsung.frameworks.codecsolution.SehCodecSolutionService$1.handleMessage:307 08-23 19:46:31.141 3468 3468 W ContextImpl: Calling a method in the system process without a qualified user: android.app.ContextImpl.startService:1739 android.content.ContextWrapper.startService:738 android.content.ContextWrapper.startService:738 com.sec.android.diagmonagent.sa.receiver.CFLogReceiver.sendCFLog:26 com.sec.android.diagmonagent.sa.receiver.CFLogReceiver.onReceive:18 08-23 19:46:31.413 1452 17915 D VibratorService: Turning vibrator on for 250 ms.
08-23 19:46:31.413 1452 17915 D VibratorService: vibratorOn() : 250ms, mag :9999, f : -1
08-23 19:46:31.550 599 599 I io_stats: !@ 179,0 r 1867139 30951662 w 78791 1350784 d 41661 571280 f 44254 53123 iot 758830 597485 th 51200 51200 41500 pt 1070 inp 0 0 2198.147
08-23 19:46:32.055 1452 2007 D MARs:NoAppIconFilter: filter : com.google.android.gms(0)
08-23 19:46:32.055 1452 2007 D MARs:DeviceAdminPackageFilter: filter : com.google.android.gms(0)
08-23 19:46:32.055 1452 2007 D MARs:NoAppIconFilter: filter : com.sec.android.provider.badge(0)
08-23 19:46:32.055 1452 2007 D MARs:NoAppIconFilter: filter : com.samsung.android.providers.contacts(0)
08-23 19:46:32.055 1452 2007 D MARs:NoAppIconFilter: filter : com.samsung.android.fmm(0)
08-23 19:46:32.056 1452 2007 D MARs:SystemFilter: filter : com.samsung.android.fmm(0)
08-23 19:46:32.056 1452 2007 D MARs:NoAppIconFilter: filter : com.samsung.android.app.telephonyui(0)
08-23 19:46:32.056 1452 2007 D MARs:NoAppIconFilter: filter : com.dti.samsung(0)
08-23 19:46:32.056 1452 2007 D MARs:NoAppIconFilter: filter : com.google.android.permissioncontroller(0)
08-23 19:46:32.056 1452 2007 D MARs:NoAppIconFilter: filter : com.google.android.gsf(0)
08-23 19:46:32.056 1452 2007 D MARs:NoAppIconFilter: filter : com.samsung.android.service.peoplestripe(0)
08-23 19:46:32.056 1452 2007 D MARs:EdgeAppFilter: filter : com.samsung.android.service.peoplestripe(0)
08-23 19:46:32.056 1452 2007 D MARs:NoAppIconFilter: filter : com.osp.app.signin(0)
08-23 19:46:32.057 1452 2007 D MARs:NoAppIconFilter: filter : com.samsung.android.app.cocktailbarservice(0)
08-23 19:46:32.057 1452 2007 D MARs:NoAppIconFilter: filter : com.qualcomm.embms(0)
08-23 19:46:32.057 1452 2007 D MARs:DeviceAdminPackageFilter: filter : com.microsoft.office.outlook(0)
08-23 19:46:32.057 1452 2007 D MARs:NoAppIconFilter: filter : com.samsung.android.themestore(0)
08-23 19:46:32.057 1452 2007 D MARs:NoAppIconFilter: filter : com.google.android.partnersetup(0)
08-23 19:46:32.057 1452 2007 D MARs:NoAppIconFilter: filter : com.samsung.android.messaging(0)
08-23 19:46:32.057 1452 2007 D MARs:DefaultAppFilter: filter : com.samsung.android.messaging(0)(SMS)
08-23 19:46:32.057 1452 2007 D MARs:NoAppIconFilter: filter : com.android.settings(0)
08-23 19:46:32.057 1452 2007 D MARs:SystemFilter: filter : com.android.settings(0)
08-23 19:46:32.057 1452 2007 D MARs:NoAppIconFilter: filter : com.samsung.android.kgclient(0)
08-23 19:46:32.057 1452 2007 D MARs:DeviceAdminPackageFilter: filter : com.samsung.android.kgclient(0)
08-23 19:46:32.057 1452 2007 D MARs:NoAppIconFilter: filter : android(0)
08-23 19:46:32.057 1452 2007 D MARs:SystemFilter: filter : android(0)
08-23 19:46:32.057 1452 2007 D MARs:NoAppIconFilter: filter : com.samsung.cmh(0)
08-23 19:46:32.058 1452 2007 D MARs:NoAppIconFilter: filter : com.android.providers.media(0)
08-23 19:46:32.058 1452 2007 D MARs:NoAppIconFilter: filter : com.google.android.ext.services(0)
08-23 19:46:32.058 1452 2007 D MARs:NoAppIconFilter: filter : com.samsung.android.honeyboard(0)
08-23 19:46:32.058 1452 2007 D MARs:DefaultAppFilter: filter : com.samsung.android.honeyboard(0)(IME)
08-23 19:46:32.058 1452 2007 D MARs:NoAppIconFilter: filter : com.sec.modem.settings(0)
08-23 19:46:32.058 1452 2007 D MARs:SystemFilter: filter : com.sec.modem.settings(0)
08-23 19:46:32.093 1452 2007 I ActivityManager: Killing 16471:com.samsung.android.themestore/u0a98 (adj 999): Chimera #0
08-23 19:46:32.104 1452 2007 D ActivityManager: proc ProcessRecord{40ec528 16471:com.samsung.android.themestore/u0a98} already removed. so we skip next process.
08-23 19:46:32.127 1452 2007 I ActivityManager: Killing 16487:com.google.android.partnersetup/u0a167 (adj 999): Chimera #0
08-23 19:46:32.129 1452 2007 D ActivityManager: proc ProcessRecord{e1f0bd4 16487:com.google.android.partnersetup/u0a167} already removed. so we skip next process.
08-23 19:46:32.135 1452 2007 I ActivityManager: Killing 16976:com.google.android.permissioncontroller/u0a104 (adj 999): Chimera #0
08-23 19:46:32.137 1452 2007 D ActivityManager: proc ProcessRecord{5522f76 16976:com.google.android.permissioncontroller/u0a104} already removed. so we skip next process.
08-23 19:46:33.559 599 599 I io_stats: !@ 179,0 r 1867409 30955586 w 78793 1350792 d 41661 571280 f 44254 53123 iot 758950 597588 th 51200 51200 41500 pt 1070 inp 0 0 2200.155
08-23 19:46:33.940 2085 2085 I wpa_supplicant: Heartbeat 217
08-23 19:46:34.450 1452 1572 I ActivityManager: Waited long enough for: ServiceRecord{1e80a8e u0 com.whatsapp/.messaging.MessageService}
08-23 19:46:35.573 599 599 I io_stats: !@ 179,0 r 1867446 30955954 w 78828 1351052 d 41661 571280 f 44254 53123 iot 758980 597612 th 51200 51200 41500 pt 1070 inp 0 0 2202.168
08-23 19:46:35.600 1452 1908 D SamsungAlarmManager: Expired : 8
08-23 19:46:35.609 1452 1908 D SamsungAlarmManager: setInexact (T:3/F:0/AC:false) 20210823T194715 now=8836685 - CU:1000/CP:1452/OP:PendingIntent{e6efda2: PendingIntentRecord{50e186a com.opera.max.oem broadcastIntent}}
08-23 19:46:35.609 1452 1908 I SamsungAlarmManager: setLocked to kernel - T:2 / 20210823T195012, set=9053771, now=8836685
08-23 19:46:35.609 1452 1908 I SamsungAlarmManager: setLocked to kernel - T:3 / 20210823T194700, set=8861077, now=8836686
08-23 19:46:35.616 1452 1908 V SamsungAlarmManager: Sending to uid : 10160 action=null alarm=Alarm{f144b8c type 3 when 8816197 com.opera.max.oem}
08-23 19:46:35.619 1452 1908 D ActivityManager: Received BROADCAST intent 0x50e186a Key{broadcastIntent pkg=com.opera.max.oem intent=cmp=com.opera.max.oem/com.opera.max.BoostUIService$StopReceiver flags=0x0 u=0} requestCode=0 sent=0 from uid 1000
08-23 19:46:35.627 1452 1908 V SamsungAlarmManager: Sending to uid : 10164 action=com.google.android.gms.auth.authzen.cryptauth.DEVICE_STATE_CHECK_DELAY_COMPLETE alarm=Alarm{f394aea type 3 when 8825765 com.google.android.gms}
08-23 19:46:35.629 1452 1908 D ActivityManager: Received SERVICE intent 0xfdc0165 Key{startService pkg=com.google.android.gms/com.google.android.gms.auth_authzen__phone intent=act=com.google.android.gms.auth.authzen.cryptauth.DEVICE_STATE_CHECK_DELAY_COMPLETE cat=[targeted_intent_op_prefix:.auth.authzen.cryptauth.DeviceStateSyncManager$CheckStateEventIntentOperation] cmp=com.google.android.gms/.chimera.GmsIntentOperationService flags=0x0 u=0} requestCode=0 from uid 1000
08-23 19:46:35.630 1452 1908 V SamsungAlarmManager: Sending to uid : 10193 action=com.whatsapp.alarm.CLIENT_PING_PERIODIC alarm=Alarm{b3461db type 3 when 8836676 com.whatsapp}
08-23 19:46:35.635 1452 1908 D ActivityManager: Received BROADCAST intent 0xb02424d Key{broadcastIntent pkg=com.whatsapp intent=act=com.whatsapp.alarm.CLIENT_PING_PERIODIC pkg=com.whatsapp flags=0x0 u=0} requestCode=0 sent=0 from uid 1000
08-23 19:46:35.637 1452 1908 I SamsungAlarmManager: setLocked to kernel - T:2 / 20210823T195012, set=9053771, now=8836713
08-23 19:46:35.637 1452 1908 I SamsungAlarmManager: setLocked to kernel - T:3 / 20210823T194700, set=8861077, now=8836714
08-23 19:46:35.649 1452 3500 D SamsungAlarmManager: Cancel Alarm calling from uid:10193 pid :16442 / OP:PendingIntent{1cbf751: PendingIntentRecord{b02424d com.whatsapp broadcastIntent}}
08-23 19:46:35.661 1452 3619 D SamsungAlarmManager: setExact (T:2/F:5/AC:false) 20210823T194707 now=8836738 - CU:10193/CP:16442/OP:PendingIntent{2d92bb6: PendingIntentRecord{68d40b7 com.whatsapp broadcastIntent}}
08-23 19:46:35.662 1452 3619 I SamsungAlarmManager: setLocked to kernel - T:2 / 20210823T194707, set=8868735, now=8836738
08-23 19:46:35.662 1452 3619 I SamsungAlarmManager: setLocked to kernel - T:3 / 20210823T194700, set=8861077, now=8836738
08-23 19:46:35.831 1452 3500 D SamsungAlarmManager: Cancel Alarm calling from uid:10193 pid :16442 / OP:PendingIntent{8668024: PendingIntentRecord{68d40b7 com.whatsapp broadcastIntent}}
08-23 19:46:35.834 1452 3500 I SamsungAlarmManager: setLocked to kernel - T:2 / 20210823T195012, set=9053771, now=8836910
08-23 19:46:35.834 1452 3500 I SamsungAlarmManager: setLocked to kernel - T:3 / 20210823T194700, set=8861077, now=8836911
08-23 19:46:35.841 1452 1903 D SamsungAlarmManager: setInexact (T:3/F:0/AC:false) 20210823T195035 now=8836917 - CU:10193/CP:16442/OP:PendingIntent{e87b78d: PendingIntentRecord{dc44d42 com.whatsapp broadcastIntent}}
08-23 19:46:35.841 1452 1903 I SamsungAlarmManager: setLocked to kernel - T:2 / 20210823T195012, set=9053771, now=8836918
08-23 19:46:35.841 1452 1903 I SamsungAlarmManager: setLocked to kernel - T:3 / 20210823T194700, set=8861077, now=8836918
08-23 19:46:37.441 1452 3619 D SamsungAlarmManager: Cancel Alarm calling from uid:10164 pid :2781 / OP:PendingIntent{4c53f89: PendingIntentRecord{dc30af8 com.google.android.gms/ startService}}
08-23 19:46:37.444 1452 3619 I SamsungAlarmManager: setLocked to kernel - T:2 / 20210823T195012, set=9053771, now=8838520
08-23 19:46:37.444 1452 3619 I SamsungAlarmManager: setLocked to kernel - T:3 / 20210823T194700, set=8861077, now=8838520
08-23 19:46:37.586 599 599 I io_stats: !@ 179,0 r 1867500 30956526 w 78830 1351060 d 41661 571280 f 44254 53123 iot 759020 597640 th 51200 51200 41500 pt 1070 inp 0 0 2204.181
08-23 19:46:38.658 1452 1571 D BinderCallsStatsService: reportCpuUsage() : 8%
08-23 19:46:38.659 1452 1571 I BinderCallsStatsService: should write the current data!!
08-23 19:46:38.660 1452 1547 I BinderCallsStats: Nothing to write to file. Just return
08-23 19:46:38.984 1452 1903 I ActivityManager: Changes in 10164 3 to 5, 7 to 0 Caller=com.android.server.am.OomAdjuster.updateOomAdjLockedInner:669 com.android.server.am.OomAdjuster.updateOomAdjLocked:413 com.android.server.am.ActivityManagerService.updateOomAdjLocked:21459 com.android.server.am.ActiveServices.unbindServiceLocked:2498 com.android.server.am.ActivityManagerService.unbindService:18060 android.app.IActivityManager$Stub.onTransact:3029 com.android.server.am.ActivityManagerService.onTransact:3617 08-23 19:46:39.599 599 599 I io_stats: !@ 179,0 r 1867535 30957030 w 78831 1351068 d 41661 571280 f 44255 53124 iot 759070 597681 th 51200 51200 41500 pt 1070 inp 0 0 2206.195
08-23 19:46:40.017 1452 1562 E Watchdog: !@Sync: 73 heap: 57 / 78 [2021-08-23 19:46:40.017] sdogWay: softdog
08-23 19:46:40.628 1452 1590 D PowerManagerService: UserActivityState : 2 -> 4
08-23 19:46:40.629 1452 1590 I PowerManagerService: Nap time (uid 1000)...
08-23 19:46:40.633 1452 1452 D IbsQuickDim: BroadcastReceiver flag = 3
08-23 19:46:40.633 1452 1452 I MdnieScenarioControlService: action : com.samsung.server.PowerManagerService.action.USER_ACTIVITY
08-23 19:46:40.637 1452 1590 D PowerManagerService: handleSandman : startDreaming: false (canDreamLocked: false canDozeLocked: false)
08-23 19:46:40.638 1452 1590 I PowerManagerService: !@Screen__Off - 12 : dream(timeout) (2)
08-23 19:46:40.640 1452 1590 I PowerManagerService: Going to sleep due to timeout (uid 1000)...
08-23 19:46:40.656 1452 1590 D PowerManagerService: mDisplayReady: false
08-23 19:46:40.656 1452 1590 D PowerManagerService: mDisplayReady: false
08-23 19:46:40.656 1452 1590 D PowerManagerService: Setting HAL interactive mode to false
08-23 19:46:40.658 1452 1590 I PowerManagerService: [PWL] Off : 0s ago
08-23 19:46:40.658 1452 1452 I WindowManager: Started going to sleep... (why=OFF_BECAUSE_OF_TIMEOUT)
08-23 19:46:40.658 1452 1590 I PowerManagerService: [PWL] PowerManagerService.WakeLocks: ref count=1
08-23 19:46:40.659 1452 1590 I PowerManagerService: [PWL] mWakeLockSummary : 0x1
08-23 19:46:40.659 1452 1590 I PowerManagerService: [PWL] PARTIAL_WAKE_LOCK '*telephony-radio*' ACQ=-11s563ms (uid=1001 pid=2050 pkg=com.android.phone ws=WorkSource{1001 com.android.phone})
08-23 19:46:40.659 1452 1590 I PowerManagerService: [PWL] PowerManagerService.Display: ref count=1
08-23 19:46:40.660 1452 1590 I PowerManagerService: [PWL] mUserActivitySummary : 0x4
08-23 19:46:40.660 1452 1590 I PowerManagerService: [PWL] mDisplayReady : false
08-23 19:46:40.661 1452 1590 D DisplayPowerController: animateScreenStateChange: target=1, targetInternal=1, dualScreenPolicy=-1
08-23 19:46:40.728 1452 1590 D DisplayPowerController: ColorFade: onAnimationStart
08-23 19:46:40.871 1452 1590 D DisplayPowerState: !@ ColorFade entry
08-23 19:46:40.872 1452 1590 D PowerManagerService: [input device light] onColorFadeExit(false)
08-23 19:46:40.873 1452 1590 D DisplayPowerController: ColorFade: onAnimationEnd
08-23 19:46:40.877 1452 1590 D DisplayPowerController: animateScreenStateChange: target=1, targetInternal=1, dualScreenPolicy=-1
08-23 19:46:40.877 1452 1590 I DisplayPowerController: Blocking screen off
08-23 19:46:40.877 1452 1590 D DisplayPowerController: mWindowManagerPolicy.screenTurningOff()
08-23 19:46:40.899 1452 1590 I DisplayPowerController: Unblocked screen off after 22 ms
08-23 19:46:40.901 1452 1590 D DisplayPowerController: mWindowManagerPolicy.screenTurnedOff()
08-23 19:46:40.901 1452 1590 I WindowManager: Screen turned off...
08-23 19:46:40.910 1452 1581 D BatteryExternalStatsWorker: update stats
08-23 19:46:40.910 1452 1581 D BatteryExternalStatsWorker: WifiActivityEnergyInfo was updated
08-23 19:46:40.910 1452 1581 D BatteryExternalStatsWorker: BluetoothActivityEnergyInfo was updated
08-23 19:46:40.910 1452 1581 D BatteryExternalStatsWorker: ModemActivityEnergyInfo was updated
08-23 19:46:40.916 1452 1548 D DisplayPowerController: [api] WindowManagerPolicy.ScreenOffListener : called onScreenOff()
08-23 19:46:40.919 1452 1590 D ActivityTaskManager: Top Process State changed to PROCESS_STATE_TOP_SLEEPING
08-23 19:46:40.920 2086 9819 E TaskStackListenerAbstract: onTaskSnapshotChanged called by Binder.getCallingPid() 0 android.app.ITaskStackListener$Stub.onTransact:587 android.os.Binder.execTransactInternal:1195 android.os.Binder.execTransact:1159 <bottom of call stack> 08-23 19:46:40.945 1452 1581 E KernelCpuSpeedReader: Failed to read cpu-freq: /sys/devices/system/cpu/cpu0/cpufreq/stats/time_in_state: open failed: ENOENT (No such file or directory)
08-23 19:46:40.959 1452 1590 D ActivityTaskManager: mGoingToSleepWakeLock.acquire() is called in goingToSleepLocked() : com.android.server.wm.ActivityTaskManagerService.updateSleepIfNeededLocked:6816 com.android.server.wm.ActivityTaskManagerService.acquireSleepToken:6780 com.android.server.wm.ActivityTaskManagerService$LocalService.acquireSleepToken:7483 com.android.server.policy.PhoneWindowManager.updateScreenOffSleepToken:6078 com.android.server.policy.PhoneWindowManager.screenTurnedOff:5433 com.android.server.display.DisplayPowerController.setScreenState:2304 com.android.server.display.DisplayPowerController.setScreenState:2153 com.android.server.display.DisplayPowerController.animateScreenStateChange:2699 com.android.server.display.DisplayPowerController.updatePowerState:1433 com.android.server.display.DisplayPowerController.access$1800:119 com.android.server.display.DisplayPowerController$DisplayControllerHandler.handleMessage:3661 android.os.Handler.dispatchMessage:106 android.os.Looper.loop:246 android.os.HandlerThread.run:67 com.android.server.ServiceThread.run:44 08-23 19:46:40.960 1452 1581 D BatteryExternalStatsWorker: done updateExternalStatsLocked
08-23 19:46:40.973 1452 1590 W WindowManager: allSleep is false, displayId=0, stack=Task{8d4f146 #73 visible=false type=standard mode=fullscreen translucent=true A=10513:com.callapp.contacts.callScreen U=0 StackId=73 sz=1}, caller=com.android.server.wm.ActivityStackSupervisor.checkReadyForSleepLocked:2225 com.android.server.wm.ActivityStackSupervisor.goingToSleepLocked:2153 com.android.server.wm.ActivityTaskManagerService.updateSleepIfNeededLocked:6816 08-23 19:46:40.973 1452 1590 W WindowManager: putStacksToSleep, mResumedActivity=null, mPausingActivity=ActivityRecord{18c1921 u0 com.callapp.contacts/.activity.contact.details.ContactDetailsActivity t73}
08-23 19:46:40.989 1452 1590 D DisplayPowerController: getFinalBrightness : Summary is 0 (0.00) -> 0 (0.00)
08-23 19:46:40.991 1452 1590 D DisplayPowerController: Animating brightness: target= 0 (0.00), rate=0.0 (PSM:, AB limit:( 0 (-1.00) ~ 0 (-1.00)) MB Limit:( -1 (NaN) ~ -1 (NaN)), sf=1.0
08-23 19:46:40.999 1452 1590 V DisplayPowerController: Brightness [ 0 (0.00)] reason changing to: 'screen_off', previous reason: 'manual'.
08-23 19:46:41.000 1452 1590 D DisplayPowerController: animateScreenStateChange: target=1, targetInternal=1, dualScreenPolicy=-1
08-23 19:46:41.002 1452 1590 D DisplayPowerController: getFinalBrightness : Summary is 0 (0.00) -> 0 (0.00)
08-23 19:46:41.002 1452 2030 D DisplayManagerService: !@display_state internal: ON -> OFF
08-23 19:46:41.003 1452 1590 D DisplayPowerController: Animating brightness: target= 0 (0.00), rate=0.0 (PSM:, AB limit:( 0 (-1.00) ~ 0 (-1.00)) MB Limit:( -1 (NaN) ~ -1 (NaN)), sf=1.0
08-23 19:46:41.004 1452 2030 D LocalDisplayAdapter: !@ display_state: ON -> OFF (id:0)
08-23 19:46:41.021 1452 1548 I ActivityManager: Changes in 99035 3 to 5, 7 to 0 Caller=com.android.server.am.OomAdjuster.updateOomAdjLockedInner:669 com.android.server.am.OomAdjuster.updateOomAdjLocked:413 com.android.server.am.ActivityManagerService.updateOomAdjLocked:21459 com.android.server.am.ActivityManagerService$LocalService.updateOomAdj:22729 com.android.server.wm.ActivityTaskManagerService$2.run:924 android.os.Handler.handleCallback:938 android.os.Handler.dispatchMessage:99 08-23 19:46:41.022 1452 1548 I ActivityManager: Changes in 10513 2 to 5, 7 to 0 Caller=com.android.server.am.OomAdjuster.updateOomAdjLockedInner:669 com.android.server.am.OomAdjuster.updateOomAdjLocked:413 com.android.server.am.ActivityManagerService.updateOomAdjLocked:21459 com.android.server.am.ActivityManagerService$LocalService.updateOomAdj:22729 com.android.server.wm.ActivityTaskManagerService$2.run:924 android.os.Handler.handleCallback:938 android.os.Handler.dispatchMessage:99 08-23 19:46:41.030 1452 2007 D MARs:NoAppIconFilter: filter : com.google.android.gms(0)
08-23 19:46:41.030 1452 2007 D MARs:DeviceAdminPackageFilter: filter : com.google.android.gms(0)
08-23 19:46:41.030 1452 2007 D MARs:NoAppIconFilter: filter : com.samsung.android.fmm(0)
08-23 19:46:41.030 1452 2007 D MARs:SystemFilter: filter : com.samsung.android.fmm(0)
08-23 19:46:41.030 1452 2007 D MARs:NoAppIconFilter: filter : com.sec.android.provider.badge(0)
08-23 19:46:41.030 1452 2007 D MARs:NoAppIconFilter: filter : com.samsung.android.providers.contacts(0)
08-23 19:46:41.030 1452 2007 D MARs:NoAppIconFilter: filter : com.samsung.android.app.telephonyui(0)
08-23 19:46:41.031 1452 2007 D MARs:NoAppIconFilter: filter : com.dti.samsung(0)
08-23 19:46:41.031 1452 2007 D MARs:NoAppIconFilter: filter : com.google.android.gsf(0)
08-23 19:46:41.031 1452 2007 D MARs:NoAppIconFilter: filter : com.samsung.android.service.peoplestripe(0)
08-23 19:46:41.031 1452 2007 D MARs:EdgeAppFilter: filter : com.samsung.android.service.peoplestripe(0)
08-23 19:46:41.031 1452 2007 D MARs:NoAppIconFilter: filter : com.osp.app.signin(0)
08-23 19:46:41.031 1452 2007 D MARs:NoAppIconFilter: filter : com.samsung.android.app.cocktailbarservice(0)
08-23 19:46:41.031 1452 2007 D MARs:NoAppIconFilter: filter : com.qualcomm.embms(0)
08-23 19:46:41.031 1452 2007 D MARs:DeviceAdminPackageFilter: filter : com.microsoft.office.outlook(0)
08-23 19:46:41.031 1452 2007 D MARs:NoAppIconFilter: filter : com.samsung.android.messaging(0)
08-23 19:46:41.031 1452 2007 D MARs:DefaultAppFilter: filter : com.samsung.android.messaging(0)(SMS)
08-23 19:46:41.031 1452 2007 D MARs:NoAppIconFilter: filter : com.samsung.android.kgclient(0)
08-23 19:46:41.031 1452 2007 D MARs:DeviceAdminPackageFilter: filter : com.samsung.android.kgclient(0)
08-23 19:46:41.031 1452 2007 D MARs:NoAppIconFilter: filter : android(0)
08-23 19:46:41.031 1452 2007 D MARs:SystemFilter: filter : android(0)
08-23 19:46:41.031 1452 2007 D MARs:NoAppIconFilter: filter : com.samsung.cmh(0)
08-23 19:46:41.032 1452 2007 D MARs:NoAppIconFilter: filter : com.android.providers.media(0)
08-23 19:46:41.032 1452 2007 D MARs:NoAppIconFilter: filter : com.google.android.ext.services(0)
08-23 19:46:41.032 1452 2007 D MARs:NoAppIconFilter: filter : com.samsung.android.honeyboard(0)
08-23 19:46:41.032 1452 2007 D MARs:DefaultAppFilter: filter : com.samsung.android.honeyboard(0)(IME)
08-23 19:46:41.032 1452 2007 D MARs:NoAppIconFilter: filter : com.sec.modem.settings(0)
08-23 19:46:41.032 1452 2007 D MARs:SystemFilter: filter : com.sec.modem.settings(0)
08-23 19:46:41.040 1452 1548 D GameManagerService: notePauseComponent(), received paused-component: com.callapp.contacts
08-23 19:46:41.048 1452 1548 I DisplayManagerService: Display device changed state: "Pantalla integrada", OFF
08-23 19:46:41.074 1452 2007 I ActivityManager: Killing 11052:android:drmService/1000 (adj 800): Chimera #0
08-23 19:46:41.090 1452 1452 D GameManagerService: onDisplayChanged. displyId: 0, state: 1
08-23 19:46:41.091 1452 1923 D GameManagerService: onLooperPrepared(), msg: MSG_LCD_OFF
08-23 19:46:41.091 1452 1923 D GameManagerService: sendFocusOutConditionally() - mPrevNotiPackage: KILL_YOURSELF
08-23 19:46:41.141 1452 1903 V WindowManager: Changing focus from Window{3a21005 u0 com.callapp.contacts/com.callapp.contacts.activity.contact.details.ContactDetailsActivity} to null displayId=0 Callers=com.android.server.wm.RootWindowContainer.updateFocusedWindowLocked:566 com.android.server.wm.WindowManagerService.updateFocusedWindowLocked:6307 com.android.server.wm.WindowManagerService.relayoutWindow:2710 com.android.server.wm.Session.relayout:219 08-23 19:46:41.145 1452 1903 D StatusBarManagerService: notifyRequestedSystemKey recent=false home=false
08-23 19:46:41.151 1452 2007 W ActivityManager: Scheduling restart of crashed service android/com.android.server.DrmEventService in 0ms for persistent
08-23 19:46:41.152 1452 2007 D ActivityManager: proc ProcessRecord{b328ecf 11052:android:drmService/1000} already removed. so we skip next process.
08-23 19:46:41.158 1452 1572 D StorageManagerService: getExternalStorageMountMode: uid=1000 packageName=android
08-23 19:46:41.158 1452 1572 D CompatibilityChangeReporter: Compat change id reported: 135634846; UID 1000; state: DISABLED
08-23 19:46:41.176 1452 3500 E WindowManager: win=Window{3a21005 u0 com.callapp.contacts/com.callapp.contacts.activity.contact.details.ContactDetailsActivity} destroySurfaces: appStopped=true win.mWindowRemovalAllowed=false win.mRemoveOnExit=false win.mViewVisibility=4 caller=com.android.server.wm.ActivityRecord.destroySurfaces:5251 com.android.server.wm.ActivityRecord.destroySurfaces:5232 com.android.server.wm.ActivityRecord.notifyAppStopped:5291 com.android.server.wm.ActivityRecord.activityStopped:5918 com.android.server.wm.ActivityTaskManagerService.activityStopped:2584 android.app.IActivityTaskManager$Stub.onTransact:2215 android.os.Binder.execTransactInternal:1195 08-23 19:46:41.177 1452 3500 I WindowManager: Destroying surface Surface(name=com.callapp.contacts/com.callapp.contacts.activity.contact.details.ContactDetailsActivity$_4233)/@0x83afc7f called by com.android.server.wm.WindowStateAnimator.destroySurface:1794 com.android.server.wm.WindowStateAnimator.destroySurfaceLocked:765 com.android.server.wm.WindowState.destroySurfaceUnchecked:3918 com.android.server.wm.WindowState.destroySurface:3892 com.android.server.wm.ActivityRecord.destroySurfaces:5251 com.android.server.wm.ActivityRecord.destroySurfaces:5232 com.android.server.wm.ActivityRecord.notifyAppStopped:5291 com.android.server.wm.ActivityRecord.activityStopped:5918 08-23 19:46:41.180 1452 3500 D ActivityTaskManager: mGoingToSleepWakeLock.release() is called in checkReadyForSleepLocked() : com.android.server.wm.ActivityStack.checkReadyForSleep:1276 com.android.server.wm.ActivityTaskManagerService.activityStopped:2595 android.app.IActivityTaskManager$Stub.onTransact:2215 android.os.Binder.execTransactInternal:1195 android.os.Binder.execTransact:1159 <bottom of call stack> <bottom of call stack> <bottom of call stack> <bottom of call stack> <bottom of call stack> <bottom of call stack> <bottom of call stack> <bottom of call stack> <bottom of call stack> <bottom of call stack> 08-23 19:46:41.204 1452 1573 I ActivityManager: Start proc 17935:android:drmService/1000 for service {android/com.android.server.DrmEventService}
08-23 19:46:41.212 1452 1573 W ActivityManager: Slow operation: 55ms so far, now at startProcess: done updating pids map
08-23 19:46:41.219 2086 2086 D SystemUIService: onTrimMemory : 15
08-23 19:46:41.219 2086 2086 D SystemUIService: Starting getMemoryInfo in MemoryInfoReporter thread.
08-23 19:46:41.233 1452 2030 D PowerManagerUtil: !@ display_state: OFF: took 230 ms
08-23 19:46:41.233 1452 2030 D DisplayPowerController: setActualDisplayState: ON -> OFF
08-23 19:46:41.233 1452 1590 D DisplayPowerController: animateScreenStateChange: target=1, targetInternal=1, dualScreenPolicy=-1
08-23 19:46:41.234 1452 1590 D DisplayPowerController: getFinalBrightness : Summary is 0 (0.00) -> 0 (0.00)
08-23 19:46:41.234 1452 1590 D DisplayPowerController: Animating brightness: target= 0 (0.00), rate=0.0 (PSM:, AB limit:( 0 (-1.00) ~ 0 (-1.00)) MB Limit:( -1 (NaN) ~ -1 (NaN)), sf=1.0
08-23 19:46:41.235 1452 1590 D DisplayPowerController: animateScreenStateChange: target=1, targetInternal=1, dualScreenPolicy=-1
08-23 19:46:41.235 1452 1590 D DisplayPowerController: getFinalBrightness : Summary is 0 (0.00) -> 0 (0.00)
08-23 19:46:41.235 1452 1590 D DisplayPowerController: Animating brightness: target= 0 (0.00), rate=0.0 (PSM:, AB limit:( 0 (-1.00) ~ 0 (-1.00)) MB Limit:( -1 (NaN) ~ -1 (NaN)), sf=1.0
08-23 19:46:41.236 1452 1590 D PowerManagerService: DisplayPowerCallbacks : onStateChanged()
08-23 19:46:41.236 1452 1590 D PowerManagerService: mDisplayReady: true
08-23 19:46:41.236 1452 1590 D PowerManagerService: mDisplayReady: true
08-23 19:46:41.237 1452 1590 D PowerManagerService: handleSandman : startDreaming: true (canDreamLocked: false canDozeLocked: true)
08-23 19:46:41.237 1452 1590 D PowerManagerService: handleSandman : startDream(true)
08-23 19:46:41.240 1452 1590 I DreamManagerService: Entering dreamland.
08-23 19:46:41.244 1452 1590 I PowerManagerService: Dozing...
08-23 19:46:41.245 1452 1545 I DreamController: Starting dream: name=ComponentInfo{com.android.systemui/com.android.systemui.doze.DozeService}, isTest=false, canDoze=true, userId=0
08-23 19:46:41.251 1452 1452 V InputMethodManagerService: Hide switching menu
08-23 19:46:41.286 2086 17941 D SystemUIService: - Memory Information -
08-23 19:46:41.296 1452 4887 D StatusBarManagerService: notifyRequestedSystemKey recent=false home=false
08-23 19:46:41.304 1452 3500 W CocktailBarStatePolicyController: updateWindowType: current window type is requested window type(1)
08-23 19:46:41.320 1452 2247 D PowerManagerService: [PWL] sb release: PowerManagerService.Display
08-23 19:46:41.327 1452 4887 D StatusBarManagerService: notifyRequestedSystemKey recent=false home=false
08-23 19:46:41.333 1452 4887 I ActivityManager: DSS OFF for android
08-23 19:46:41.336 1452 4887 D ActivityManager: attachApplicationLocked() app=ProcessRecord{4bb8bd9 17935:android:drmService/1000} app.isolatedEntryPoint=null instr2=null
08-23 19:46:41.341 1452 2579 W CocktailBarStatePolicyController: updateWindowType: current window type is requested window type(1)
08-23 19:46:41.357 1452 2579 I CocktailPolicyManager: findMatchedPolicy: find policy = 1
08-23 19:46:41.384 17935 17935 D ActivityThread: handleBindApplication()++ app=android:drmService
08-23 19:46:41.405 2086 2086 W Looper : Slow dispatch took 10ms main h=android.app.ActivityThread$H c=null m=121
08-23 19:46:41.406 1452 1590 D PowerManagerService: [api] DreamReceiver: onReceive: android.intent.action.DREAMING_STARTED
08-23 19:46:41.414 1452 1452 D SamsungAlarmManager: setInexact (T:2/F:8/AC:false) 20210823T205741 now=8842490 - CU:1000/CP:1452/L:b0a1d49:JS idleness
08-23 19:46:41.414 1452 1452 I SamsungAlarmManager: setLocked to kernel - T:2 / 20210823T195012, set=9053771, now=8842490
08-23 19:46:41.415 1452 1452 I SamsungAlarmManager: setLocked to kernel - T:3 / 20210823T194700, set=8861077, now=8842491
08-23 19:46:41.418 1452 2247 D SamsungAlarmManager: setInexact (T:3/F:0/AC:false) 20210823T200141 now=8842494 - CU:10164/CP:2781/OP:PendingIntent{7b0e64e: PendingIntentRecord{ad2036f com.google.android.gms/com.google.android.gms.gcm broadcastIntent}}
08-23 19:46:41.418 1452 2247 I SamsungAlarmManager: setLocked to kernel - T:2 / 20210823T195012, set=9053771, now=8842494
08-23 19:46:41.418 1452 2247 I SamsungAlarmManager: setLocked to kernel - T:3 / 20210823T194700, set=8861077, now=8842494
08-23 19:46:41.425 1452 2579 D ActivityTaskManager: setLockScreenShown(true,false) is called from 0
08-23 19:46:41.428 1452 1548 V UsbDeviceManager: onKeyguardStateChanged: isShowing:true secure:false user:0
08-23 19:46:41.430 1452 1926 D StorageManagerService: handleMessage -> H_KEYGUARD_CHANGED isShowing=false
08-23 19:46:41.495 1452 3500 E WindowManager: win=Window{2fa409e u0 com.samsung.android.app.cocktailbarservice/com.samsung.android.app.cocktailbarservice.CocktailBarService} destroySurfaces: appStopped=true win.mWindowRemovalAllowed=false win.mRemoveOnExit=false win.mViewVisibility=8 caller=com.android.server.wm.WindowManagerService.tryStartExitingAnimation:2917 com.android.server.wm.WindowManagerService.relayoutWindow:2624 com.android.server.wm.Session.relayout:219 android.view.IWindowSession$Stub.onTransact:871 com.android.server.wm.Session.onTransact:145 android.os.Binder.execTransactInternal:1190 android.os.Binder.execTransact:1159 08-23 19:46:41.496 1452 3500 I WindowManager: Destroying surface Surface(name=com.samsung.android.app.cocktailbarservice/com.samsung.android.app.cocktailbarservice.CocktailBarService$_16756)/@0x7ba068 called by com.android.server.wm.WindowStateAnimator.destroySurface:1794 com.android.server.wm.WindowStateAnimator.destroySurfaceLocked:765 com.android.server.wm.WindowState.destroySurfaceUnchecked:3918 com.android.server.wm.WindowState.destroySurface:3892 com.android.server.wm.WindowManagerService.tryStartExitingAnimation:2917 com.android.server.wm.WindowManagerService.relayoutWindow:2624 com.android.server.wm.Session.relayout:219 android.view.IWindowSession$Stub.onTransact:871 08-23 19:46:41.510 1452 2579 W CocktailBarStatePolicyController: updateWindowType: current window type is requested window type(1)
08-23 19:46:41.555 17935 17935 D ActivityThread: handleBindApplication() -- skipGraphicsSupport=false
08-23 19:46:41.555 17935 17935 D ActivityThread: ActivityThread::handleMakeApplication() data=AppBindData{appInfo=ApplicationInfo{f9fc0aa android}} appContext=android.app.ContextImpl@135049b appContext.mOpPackageName=android appContext.mBasePackageName=android appContext.mPackageInfo=android.app.LoadedApk@5dc6038 data.restrictedBackupMode= false data.providers= [] Caller=android.app.ActivityThread.handleBindApplication:7446 android.app.ActivityThread.access$1400:301 android.app.ActivityThread$H.handleMessage:2148 android.os.Handler.dispatchMessage:106 android.os.Looper.loop:246 08-23 19:46:41.555 17935 17935 D LoadedApk: LoadedApk::makeApplication() appContext=android.app.ContextImpl@7763811 appContext.mOpPackageName=android appContext.mBasePackageName=android appContext.mPackageInfo=android.app.LoadedApk@5dc6038
08-23 19:46:41.610 599 599 I io_stats: !@ 179,0 r 1869231 30972906 w 78880 1351848 d 41714 571568 f 44315 53191 iot 759770 598174 th 51200 51200 41500 pt 1070 inp 0 0 2208.207
08-23 19:46:41.620 1452 4887 D PowerManagerService: [api] userActivity : event: 0 flags: 0 (uid: 10067 pid: 2086) eventTime = 2208217
08-23 19:46:41.646 2086 2086 W Looper : Slow dispatch took 241ms main h=com.android.systemui.keyguard.KeyguardViewMediator$10 c=null m=1
08-23 19:46:41.699 1452 1903 D ActivityTaskManager: setLockScreenShown(true,true) is called from 0
08-23 19:46:41.706 1452 1548 V UsbDeviceManager: onKeyguardStateChanged: isShowing:true secure:false user:0
08-23 19:46:41.707 1452 1926 D StorageManagerService: handleMessage -> H_KEYGUARD_CHANGED isShowing=false
08-23 19:46:41.792 1452 1502 I AppOps : updateUidProcState uid: 10067 procState: 5 capability:7
08-23 19:46:41.808 1452 4887 D CompatibilityChangeReporter: Compat change id reported: 136219221; UID 1000; state: DISABLED
08-23 19:46:41.834 1452 1502 D SamsungAlarmManager: Cancel Alarm calling from uid:10164 pid :2347 / OP:PendingIntent{421f8ac: PendingIntentRecord{5b2b19a com.google.android.gms/com.google.android.gms.measurement broadcastIntent}}
08-23 19:46:41.837 2086 17941 D SystemUIService: summary.java-heap : 31868
08-23 19:46:41.837 2086 17941 D SystemUIService: summary.native-heap : 15128
08-23 19:46:41.837 2086 17941 D SystemUIService: summary.code : 7480
08-23 19:46:41.837 2086 17941 D SystemUIService: summary.stack : 948
08-23 19:46:41.837 2086 17941 D SystemUIService: summary.graphics : 6008
08-23 19:46:41.837 2086 17941 D SystemUIService: summary.private-other : 1968
08-23 19:46:41.838 2086 17941 D SystemUIService: summary.system : 42725
08-23 19:46:41.838 2086 17941 D SystemUIService: summary.total-pss : 106125
08-23 19:46:41.838 2086 17941 D SystemUIService: summary.total-swap : 59944
08-23 19:46:41.838 2086 17941 D SystemUIService: - View count -
08-23 19:46:41.932 2086 17941 D SystemUIService: View=3465
08-23 19:46:42.025 1452 1452 D GameManagerService: com.samsung.keyguard.KEYGUARD_STATE. check for pause
08-23 19:46:42.025 1452 1923 D GameManagerService: onLooperPrepared(), msg: MSG_KEY_GUARD_LOCKED
08-23 19:46:42.025 1452 1923 D GameManagerService: sendFocusOutConditionally() - mPrevNotiPackage: KILL_YOURSELF
08-23 19:46:42.196 1452 4887 D PowerManagerService: [api] setDozeOverrideFromDreamManager: screenState: OFF mode: 0x0 screenBrightness: -1 shouldWait: false
08-23 19:46:42.196 1452 4887 D PowerManagerService: [api] acquire WakeLock DOZE_WAKE_LOCK 'DreamManagerService' (uid=1000 pid=1452 pkg=android)
08-23 19:46:42.197 1452 4887 D PowerManagerService: mDisplayReady: false
08-23 19:46:42.197 1452 1590 D DisplayPowerController: animateScreenStateChange: target=1, targetInternal=1, dualScreenPolicy=-1
08-23 19:46:42.198 1452 1590 D DisplayPowerController: getFinalBrightness : Summary is 0 (0.00) -> 0 (0.00)
08-23 19:46:42.198 1452 1590 D DisplayPowerController: Animating brightness: target= 0 (0.00), rate=0.0 (PSM:, AB limit:( 0 (-1.00) ~ 0 (-1.00)) MB Limit:( -1 (NaN) ~ -1 (NaN)), sf=1.0
08-23 19:46:42.198 1452 1590 D PowerManagerService: [PWL] sb acquire: PowerManagerService.Display
08-23 19:46:42.200 1452 4887 D PowerManagerService: mDisplayReady: false
08-23 19:46:42.201 1452 1590 D PowerManagerService: DisplayPowerCallbacks : onStateChanged()
08-23 19:46:42.201 1452 1590 D PowerManagerService: mDisplayReady: true
08-23 19:46:42.201 1452 1590 D PowerManagerService: mDisplayReady: true
08-23 19:46:42.202 1452 1590 D PowerManagerService: [PWL] sb acquire: PowerManagerService.Broadcasts
08-23 19:46:42.202 2086 2086 W Looper : Slow dispatch took 555ms main h=android.os.Handler c=android.service.dreams.-$$Lambda$DreamService$DreamServiceWrapper$fKPQo1GZX03b5-nMg-IFcuuxhKs@ccb6d79 m=0
08-23 19:46:42.203 1452 1590 D PowerManagerService: [PWL] sb release: PowerManagerService.Display
08-23 19:46:42.203 1452 1452 I WindowManager: Finished going to sleep... (why=OFF_BECAUSE_OF_TIMEOUT)
08-23 19:46:42.225 1452 1452 D SamsungAlarmManager: setExact (T:0/F:9/AC:false) 20210823T194647 now=8843302 - CU:1000/CP:1452/OP:PendingIntent{ee7248b: PendingIntentRecord{40f1968 android broadcastIntent}}
08-23 19:46:42.226 1452 1452 I SamsungAlarmManager: setLocked to kernel - T:2 / 20210823T194647, set=8848302, now=8843302
08-23 19:46:42.231 2086 2086 W Looper : Slow dispatch took 28ms main h=com.android.systemui.shared.plugins.PluginInstanceManager$MainHandler c=null m=1
08-23 19:46:42.234 1452 1452 D VibratorService: Turning vibrator off.
08-23 19:46:42.234 1452 1452 D VibratorService: Turning vibrator off
08-23 19:46:42.246 1452 4887 D WindowManager: makeSurface duration=2 name=NotificationShade$_2086
08-23 19:46:42.284 1452 1913 W ContextImpl: Calling a method in the system process without a qualified user: android.app.ContextImpl.sendBroadcast:1162 com.samsung.android.gesture.PocketModeEvent$1.handleMessage:348 android.os.Handler.dispatchMessage:106 android.os.Looper.loop:246 android.os.HandlerThread.run:67 08-23 19:46:42.297 1452 1452 I MdnieScenarioControlService: action : com.samsung.systemui.statusbar.COLLAPSED
08-23 19:46:42.317 1452 1452 D IbsQuickDim: quit dim mode mQuickDimMode = 1
08-23 19:46:42.318 1452 1452 D PowerManagerService: [api] setScreenDimDurationOverrideFromSqdInternal: mScreenDimDurationOverrideFromSQD: -1
08-23 19:46:42.321 1452 1452 D IbsQuickDim: screen off 08-23 19:46:42.335 1452 1452 I SamsungAlarmManager: setLocked to kernel - T:2 / 20210823T194647, set=8848301, now=8843412
08-23 19:46:42.336 1452 1452 D SamsungAlarmManager: setInexact (T:2/F:8/AC:false) 20210823T205742 now=8843412 - CU:1000/CP:1452/L:b0a1d49:JS idleness
08-23 19:46:42.336 1452 1452 I SamsungAlarmManager: setLocked to kernel - T:2 / 20210823T194647, set=8848301, now=8843412
08-23 19:46:42.399 1452 1452 D SamsungAlarmManager: setInexact (T:2/F:8/AC:false) 20210823T201642 now=8843475 - CU:1000/CP:1452/L:32f47:DeviceIdleController.deep
