08-23 19:46:19.972 1452 1452 W Looper : Slow dispatch took 117ms main h=com.android.server.media.AudioPlayerStateMonitor$MessageHandler c=null m=1
08-23 19:46:19.982 1452 2579 D ConnectivityService: Connectivity-MDO: 10193 is true
08-23 19:46:19.982 1452 2579 D ConnectivityService: Connectivity-MDO change default network for 10193, type: mdo
08-23 19:46:19.990 1452 3619 D ConnectivityService: Connectivity-MDO: 10193 is true
08-23 19:46:19.990 1452 3619 D ConnectivityService: Connectivity-MDO change default network for 10193, type: mdo
08-23 19:46:19.993 1452 4899 D ConnectivityService: Connectivity-MDO: 10193 is true
08-23 19:46:19.993 1452 4899 D ConnectivityService: Connectivity-MDO change default network for 10193, type: mdo
08-23 19:46:20.023 1452 1546 W Looper : Slow dispatch took 423ms android.ui h=com.android.server.am.ActivityManagerService$UiHandler c=null m=31
08-23 19:46:20.090 1452 2228 I SamsungAlarmManager: setLocked to kernel - T:2 / 20210823T194626, set=8827618, now=8821166
08-23 19:46:20.136 2086 17693 D SystemUIService: summary.java-heap : 25780
08-23 19:46:20.136 2086 17693 D SystemUIService: summary.native-heap : 11520
08-23 19:46:20.136 2086 17693 D SystemUIService: summary.code : 6464
08-23 19:46:20.136 2086 17693 D SystemUIService: summary.stack : 960
08-23 19:46:20.136 2086 17693 D SystemUIService: summary.graphics : 5904
08-23 19:46:20.136 2086 17693 D SystemUIService: summary.private-other : 1996
08-23 19:46:20.136 2086 17693 D SystemUIService: summary.system : 43857
08-23 19:46:20.136 2086 17693 D SystemUIService: summary.total-pss : 96481
08-23 19:46:20.136 2086 17693 D SystemUIService: summary.total-swap : 55864
08-23 19:46:20.136 2086 17693 D SystemUIService: - View count -
08-23 19:46:20.227 1452 1546 W Looper : Slow dispatch took 161ms android.ui h=com.android.server.am.ActivityManagerService$UiHandler c=null m=31
08-23 19:46:20.240 1452 2228 D SamsungAlarmManager: setExact (T:2/F:5/AC:false) 20210823T195619 now=8821316 - CU:10193/CP:16442/OP:PendingIntent{457b45d: PendingIntentRecord{a4f3638 com.whatsapp broadcastIntent}}
08-23 19:46:20.240 1452 2228 I SamsungAlarmManager: setLocked to kernel - T:2 / 20210823T194626, set=8827618, now=8821316
08-23 19:46:20.251 1452 4887 D SettingsProvider: isChangeAllowed() : name = k2hd_effect
08-23 19:46:20.251 1452 4887 D SettingsProvider: edmUri: content://com.sec.knox.provider/RestrictionPolicy3
08-23 19:46:20.251 1452 4887 D SettingsProvider: projectionArgs: isSettingsChangesAllowed
08-23 19:46:20.251 1452 4887 D SettingsProvider: selectionArgs: false
08-23 19:46:20.251 1452 4887 D SettingsProvider: selectionArgs: 10066
08-23 19:46:20.282 1452 4887 D SecContentProvider: called from com.sec.android.app.soundalive
08-23 19:46:20.288 1452 4887 D RestrictionPolicy: isSettingsChangesAllowedAsUser, userId 0 : true
08-23 19:46:20.288 1452 4887 D SettingsProvider: ret = 1
08-23 19:46:20.300 1452 1973 D SemWifiTransportLayerNotificationManager: showTcpMonitorSuggestionNotification: false, null
08-23 19:46:20.300 1452 1973 D SemWifiTransportLayerNotificationManager: showTcpMonitorHeadUpNotification: false, 0, null
08-23 19:46:20.300 1452 1973 D SemWifiTransportLayerNotificationManager: showTcpMonitorNotification: false, 0, null
08-23 19:46:20.417 1452 4887 I SamsungAlarmManager: setLocked to kernel - T:2 / 20210823T194626, set=8827618, now=8821494
08-23 19:46:20.434 1452 4887 D SamsungAlarmManager: setExact (T:2/F:5/AC:false) 20210823T195620 now=8821511 - CU:10193/CP:16442/OP:PendingIntent{2e03959: PendingIntentRecord{a4f3638 com.whatsapp broadcastIntent}}
08-23 19:46:20.435 1452 4887 I SamsungAlarmManager: setLocked to kernel - T:2 / 20210823T194626, set=8827618, now=8821511
08-23 19:46:20.602 1452 4887 D SamsungAlarmManager: setInexact (T:3/F:0/AC:false) 20210823T194635 now=8821678 - CU:10193/CP:16442/OP:PendingIntent{530231b: PendingIntentRecord{b02424d com.whatsapp broadcastIntent}}
08-23 19:46:20.603 1452 4887 I SamsungAlarmManager: setLocked to kernel - T:2 / 20210823T194626, set=8827618, now=8821680
08-23 19:46:20.664 2086 17693 D SystemUIService: View=2547
08-23 19:46:20.738 1452 17509 D VibratorService: Turning vibrator on for 1000 ms with amplitude -1.
08-23 19:46:20.738 1452 17509 D VibratorService: vibratorOn() : 1000ms, amplitude :-1, mag :9999, f : -1
08-23 19:46:20.860 1452 1452 W Looper : Slow dispatch took 570ms main h=com.android.server.job.JobSchedulerService$JobHandler c=null m=4
08-23 19:46:20.863 1452 1452 W Looper : Slow delivery took 562ms main h=com.android.server.notification.NotificationManagerService$WorkerHandler c=com.android.server.notification.NotificationManagerService$CancelNotificationRunnable@6136ecd m=0
08-23 19:46:20.872 1452 1452 D PowerManagerService: [PWL] sb release: PowerManagerService.Broadcasts
08-23 19:46:20.991 1452 1452 W Looper : Drained
08-23 19:46:20.995 1452 2579 D ConnectivityService: Connectivity-MDO: 10193 is true
08-23 19:46:20.995 1452 2579 D ConnectivityService: Connectivity-MDO change default network for 10193, type: mdo
08-23 19:46:21.000 1452 2579 D ConnectivityService: Connectivity-MDO: 10193 is true
08-23 19:46:21.000 1452 2579 D ConnectivityService: Connectivity-MDO change default network for 10193, type: mdo
08-23 19:46:21.186 1452 2579 D ConnectivityService: Connectivity-MDO: 10193 is true
08-23 19:46:21.186 1452 2579 D ConnectivityService: Connectivity-MDO change default network for 10193, type: mdo
08-23 19:46:21.506 599 599 I io_stats: !@ 179,0 r 1860225 30859602 w 78461 1346280 d 41315 569032 f 43925 52710 iot 754770 594596 th 51200 51200 41500 pt 1070 inp 0 6 2188.101
08-23 19:46:21.924 1452 2228 D SamsungAlarmManager: Cancel Alarm calling from uid:10164 pid :2347 / OP:PendingIntent{4d98cef: PendingIntentRecord{5b2b19a com.google.android.gms/com.google.android.gms.measurement broadcastIntent}}
08-23 19:46:22.003 1452 2228 D SamsungAlarmManager: Cancel Alarm calling from uid:10164 pid :2781 / OP:PendingIntent{96c03fc: PendingIntentRecord{af48901 com.google.android.gms/com.google.android.gms.gcm broadcastIntent}}
08-23 19:46:22.005 1452 2228 I SamsungAlarmManager: setLocked to kernel - T:2 / 20210823T194706, set=8867523, now=8823081
08-23 19:46:22.006 1452 2228 I SamsungAlarmManager: setLocked to kernel - T:3 / 20210823T194635, set=8836676, now=8823082
08-23 19:46:22.019 1452 2228 D SamsungAlarmManager: setInexact (T:2/F:0/AC:false) 20210823T202026 now=8823096 - CU:10164/CP:2781/OP:PendingIntent{d1caa85: PendingIntentRecord{af48901 com.google.android.gms/com.google.android.gms.gcm broadcastIntent}}
08-23 19:46:22.019 1452 2228 I SamsungAlarmManager: setLocked to kernel - T:2 / 20210823T194706, set=8867523, now=8823096
08-23 19:46:22.020 1452 2228 I SamsungAlarmManager: setLocked to kernel - T:3 / 20210823T194635, set=8836676, now=8823096
08-23 19:46:22.194 1452 4887 D StorageManagerService: getExternalStorageMountMode: uid=10108 packageName=com.dti.samsung
08-23 19:46:22.195 1452 4887 D CompatibilityChangeReporter: Compat change id reported: 135634846; UID 10108; state: DISABLED
08-23 19:46:22.196 1452 1573 D CompatibilityChangeReporter: Compat change id reported: 143937733; UID 10108; state: ENABLED
08-23 19:46:22.229 1452 1573 I ActivityManager: Start proc 17743:com.digitalturbine.ignite.suspend.DataUsageRecorderService/u0a108 for service {com.dti.samsung/com.digitalturbine.ignite.suspend.service.DataUsageRecorderService}
08-23 19:46:22.296 1452 2228 I ActivityManager: DSS OFF for com.dti.samsung
08-23 19:46:22.300 1452 2228 D ActivityManager: attachApplicationLocked() app=ProcessRecord{ed694 17743:com.digitalturbine.ignite.suspend.DataUsageRecorderService/u0a108} app.isolatedEntryPoint=null instr2=null
08-23 19:46:22.315 17743 17743 D ActivityThread: handleBindApplication()++ app=com.digitalturbine.ignite.suspend.DataUsageRecorderService
08-23 19:46:22.348 1452 2579 I SamsungAlarmManager: setLocked to kernel - T:2 / 20210823T195012, set=9053771, now=8823424
08-23 19:46:22.348 1452 2579 I SamsungAlarmManager: setLocked to kernel - T:3 / 20210823T194635, set=8836676, now=8823425
08-23 19:46:22.349 1452 2579 D SamsungAlarmManager: setInexact (T:2/F:0/AC:false) 20210823T200443 now=8823425 - CU:1000/CP:1452/L:8c348cb:*job.deadline*
08-23 19:46:22.349 1452 2579 I SamsungAlarmManager: setLocked to kernel - T:2 / 20210823T195012, set=9053771, now=8823426
08-23 19:46:22.349 1452 2579 I SamsungAlarmManager: setLocked to kernel - T:3 / 20210823T194635, set=8836676, now=8823426
08-23 19:46:22.368 1452 2579 I SamsungAlarmManager: setLocked to kernel - T:2 / 20210823T195012, set=9053771, now=8823445
08-23 19:46:22.368 1452 2579 I SamsungAlarmManager: setLocked to kernel - T:3 / 20210823T194635, set=8836676, now=8823445
08-23 19:46:22.369 1452 2579 D SamsungAlarmManager: setInexact (T:2/F:0/AC:false) 20210823T200122 now=8823445 - CU:1000/CP:1452/L:8c348cb:*job.deadline*
08-23 19:46:22.369 1452 2579 I SamsungAlarmManager: setLocked to kernel - T:2 / 20210823T195012, set=9053771, now=8823445
08-23 19:46:22.369 1452 2579 I SamsungAlarmManager: setLocked to kernel - T:3 / 20210823T194635, set=8836676, now=8823445
08-23 19:46:22.370 1452 1545 D SamsungAlarmManager: setInexact (T:3/F:8/AC:false) 20210823T195722 now=8823446 - CU:1000/CP:1452/L:37ee7a:*CountQuotaTracker.cleanup*
08-23 19:46:22.370 1452 1545 I SamsungAlarmManager: setLocked to kernel - T:2 / 20210823T195012, set=9053771, now=8823446
08-23 19:46:22.370 1452 1545 I SamsungAlarmManager: setLocked to kernel - T:3 / 20210823T194635, set=8836676, now=8823447
08-23 19:46:22.389 17743 17743 D ActivityThread: handleBindApplication() -- skipGraphicsSupport=false
08-23 19:46:22.389 17743 17743 D ActivityThread: ActivityThread::handleMakeApplication() data=AppBindData{appInfo=ApplicationInfo{f9fc0aa com.dti.samsung}} appContext=android.app.ContextImpl@135049b appContext.mOpPackageName=com.dti.samsung appContext.mBasePackageName=com.dti.samsung appContext.mPackageInfo=android.app.LoadedApk@5dc6038 data.restrictedBackupMode= false data.providers= [] Caller=android.app.ActivityThread.handleBindApplication:7446 android.app.ActivityThread.access$1400:301 android.app.ActivityThread$H.handleMessage:2148 android.os.Handler.dispatchMessage:106 android.os.Looper.loop:246 08-23 19:46:22.396 17743 17743 D LoadedApk: LoadedApk::makeApplication() appContext=android.app.ContextImpl@7763811 appContext.mOpPackageName=com.dti.samsung appContext.mBasePackageName=com.dti.samsung appContext.mPackageInfo=android.app.LoadedApk@5dc6038
08-23 19:46:22.402 1452 2579 I SamsungAlarmManager: setLocked to kernel - T:2 / 20210823T195012, set=9053771, now=8823478
08-23 19:46:22.402 1452 2579 I SamsungAlarmManager: setLocked to kernel - T:3 / 20210823T194635, set=8836676, now=8823479
08-23 19:46:22.403 1452 2579 D SamsungAlarmManager: setInexact (T:3/F:0/AC:false) 20210823T195622 now=8823479 - CU:1000/CP:1452/L:a08b79a:*job.delay*
08-23 19:46:22.403 1452 2579 I SamsungAlarmManager: setLocked to kernel - T:2 / 20210823T195012, set=9053771, now=8823479
08-23 19:46:22.403 1452 2579 I SamsungAlarmManager: setLocked to kernel - T:3 / 20210823T194635, set=8836676, now=8823479
08-23 19:46:22.463 1452 1949 D ConnectivityService: NetReassign [no changes]
08-23 19:46:22.544 1452 2228 I GenerationRegistry: mBackingStore.isClosed() : false
08-23 19:46:22.582 1452 2228 D SamsungAlarmManager: Cancel Alarm calling from uid:10164 pid :2781 / OP:PendingIntent{9abc1a9: PendingIntentRecord{80e6246 com.google.android.gms/ startService}}
08-23 19:46:22.584 1452 2228 I SamsungAlarmManager: setLocked to kernel - T:2 / 20210823T195012, set=9053771, now=8823661
08-23 19:46:22.586 1452 2228 I SamsungAlarmManager: setLocked to kernel - T:3 / 20210823T194635, set=8836676, now=8823662
08-23 19:46:22.754 1452 17509 D VibratorService: Turning vibrator on for 1000 ms with amplitude -1.
08-23 19:46:22.754 1452 17509 D VibratorService: vibratorOn() : 1000ms, amplitude :-1, mag :9999, f : -1
08-23 19:46:23.518 599 599 I io_stats: !@ 179,0 r 1861413 30873922 w 78555 1347592 d 41525 570100 f 44055 52869 iot 755730 595346 th 51200 51200 41500 pt 1070 inp 0 0 2190.115
08-23 19:46:23.691 1452 4887 D SamsungAlarmManager: Cancel Alarm calling from uid:10164 pid :2347 / OP:PendingIntent{6eab3de: PendingIntentRecord{5b2b19a com.google.android.gms/com.google.android.gms.measurement broadcastIntent}}
08-23 19:46:23.703 1452 2228 D SamsungAlarmManager: Cancel Alarm calling from uid:10164 pid :2347 / OP:PendingIntent{7069bf: PendingIntentRecord{5b2b19a com.google.android.gms/com.google.android.gms.measurement broadcastIntent}}
08-23 19:46:23.710 1452 4887 I SamsungAlarmManager: setLocked to kernel - T:2 / 20210823T195012, set=9053771, now=8824787
08-23 19:46:23.711 1452 4887 I SamsungAlarmManager: setLocked to kernel - T:3 / 20210823T194635, set=8836676, now=8824787
08-23 19:46:23.713 1452 4887 D SamsungAlarmManager: setInexact (T:2/F:0/AC:false) 20210823T194643 now=8824790 - CU:10164/CP:2781/OP:PendingIntent{8cf688c: PendingIntentRecord{af48901 com.google.android.gms/com.google.android.gms.gcm broadcastIntent}}
08-23 19:46:23.713 1452 4887 I SamsungAlarmManager: setLocked to kernel - T:2 / 20210823T194643, set=8844780, now=8824790
08-23 19:46:23.714 1452 4887 I SamsungAlarmManager: setLocked to kernel - T:3 / 20210823T194635, set=8836676, now=8824790
08-23 19:46:23.723 1452 4887 D SamsungAlarmManager: Cancel Alarm calling from uid:10164 pid :2781 / OP:PendingIntent{a725bd5: PendingIntentRecord{af48901 com.google.android.gms/com.google.android.gms.gcm broadcastIntent}}
08-23 19:46:23.724 1452 4887 I SamsungAlarmManager: setLocked to kernel - T:2 / 20210823T195012, set=9053771, now=8824801
08-23 19:46:23.724 1452 4887 I SamsungAlarmManager: setLocked to kernel - T:3 / 20210823T194635, set=8836676, now=8824801
08-23 19:46:23.729 1452 4887 D SamsungAlarmManager: setInexact (T:2/F:0/AC:false) 20210823T202026 now=8824805 - CU:10164/CP:2781/OP:PendingIntent{66a2fea: PendingIntentRecord{af48901 com.google.android.gms/com.google.android.gms.gcm broadcastIntent}}
08-23 19:46:23.729 1452 4887 I SamsungAlarmManager: setLocked to kernel - T:2 / 20210823T195012, set=9053771, now=8824806
08-23 19:46:23.729 1452 4887 I SamsungAlarmManager: setLocked to kernel - T:3 / 20210823T194635, set=8836676, now=8824806
08-23 19:46:23.932 2085 2085 I wpa_supplicant: Heartbeat 216
08-23 19:46:24.756 1452 17509 D VibratorService: Turning vibrator on for 1000 ms with amplitude -1.
08-23 19:46:24.758 1452 17509 D VibratorService: vibratorOn() : 1000ms, amplitude :-1, mag :9999, f : -1
08-23 19:46:25.526 599 599 I io_stats: !@ 179,0 r 1861863 30882470 w 78651 1349156 d 41596 570924 f 44171 53018 iot 756170 595710 th 51200 51200 41500 pt 1070 inp 0 0 2192.123
08-23 19:46:26.179 1452 1973 D ConnectivityService: Connectivity-MDO: 10445 is true
08-23 19:46:26.179 1452 1973 D ConnectivityService: Connectivity-MDO change default network for 10445, type: mdo
08-23 19:46:26.180 1452 1973 D ConnectivityService: Connectivity-MDO: 10193 is true
08-23 19:46:26.180 1452 1973 D ConnectivityService: Connectivity-MDO change default network for 10193, type: mdo
08-23 19:46:26.265 1452 1973 D SemWifiTransportLayerNotificationManager: showTcpMonitorSuggestionNotification: false, null
08-23 19:46:26.265 1452 1973 D SemWifiTransportLayerNotificationManager: showTcpMonitorHeadUpNotification: false, 0, null
08-23 19:46:26.265 1452 1973 D SemWifiTransportLayerNotificationManager: showTcpMonitorNotification: false, 0, null
08-23 19:46:26.760 1452 17509 D VibratorService: Turning vibrator on for 1000 ms with amplitude -1.
08-23 19:46:26.760 1452 17509 D VibratorService: vibratorOn() : 1000ms, amplitude :-1, mag :9999, f : -1
08-23 19:46:27.028 1452 2228 I ActivityManager: Changes in 10164 3 to 5, 7 to 0 Caller=com.android.server.am.OomAdjuster.updateOomAdjLockedInner:669 com.android.server.am.OomAdjuster.updateOomAdjLocked:413 com.android.server.am.ActivityManagerService.updateOomAdjLocked:21459 com.android.server.am.ActiveServices.unbindServiceLocked:2498 com.android.server.am.ActivityManagerService.unbindService:18060 android.app.IActivityManager$Stub.onTransact:3029 com.android.server.am.ActivityManagerService.onTransact:3617 08-23 19:46:27.135 1452 4887 I Telecom : ConnectionServiceWrapper: CS -> TC[cap]: setStatusHints TC@8_1 null: CSW.sSH(cap)@Aiw
08-23 19:46:27.150 1452 4887 I Telecom : InCallController: Sending updateCall [Call id=TC@8, state=RINGING, tpac=ComponentInfo{com.android.phone/com.android.services.telephony.TelephonyConnectionService}, ***, UserHandle{0}, cmgr=ComponentInfo{com.android.phone/com.android.services.telephony.TelephonyConnectionService}, ***, UserHandle{0}, handle=tel:**********, vidst=A, childs(0), has_parent(false), cap=[ sup_hld mut !v2a spd_aud], prop=[], caps=[Capabilities: CAPABILITY_SUPPORT_HOLD CAPABILITY_MUTE CAPABILITY_CANNOT_DOWNGRADE_VIDEO_TO_AUDIO CAPABILITY_SPEED_UP_MT_AUDIO], props=[Properties:], conf(false), had_child(false)]: CSW.sSH(cap)@Aiw
08-23 19:46:27.179 1452 4887 I Telecom:SamsungRespondViaSmsRepositoryImpl: isRespondViaSmsCapable - phoneNumber : 81******33 / presentation : 1 / hasRespondViaSmsCapable : false / isRespondViaSmsCapable : false
08-23 19:46:27.209 1452 4887 I Telecom : InCallController: Components updated: [ComponentInfo{com.callapp.contacts/com.callapp.contacts.inCallService.InCallServiceImpl}]: CSW.sSH(cap)@Aiw
08-23 19:46:27.219 1452 2579 I Telecom : ConnectionServiceWrapper: CS -> TC[cap]: setDisconnected TC@8_1 DisconnectCause [ Code: (MISSED) Label: () Description: () Reason: (INCOMING_MISSED) Tone: (27) ]: CSW.sDc(cap)@Ai0
08-23 19:46:27.227 1452 2579 I Telecom : CallsManager: setCallState RINGING -> DISCONNECTED, call: [Call id=TC@8, state=RINGING, tpac=ComponentInfo{com.android.phone/com.android.services.telephony.TelephonyConnectionService}, ***, UserHandle{0}, cmgr=ComponentInfo{com.android.phone/com.android.services.telephony.TelephonyConnectionService}, ***, UserHandle{0}, handle=tel:**********, vidst=A, childs(0), has_parent(false), cap=[ sup_hld mut !v2a spd_aud], prop=[], caps=[Capabilities: CAPABILITY_SUPPORT_HOLD CAPABILITY_MUTE CAPABILITY_CANNOT_DOWNGRADE_VIDEO_TO_AUDIO CAPABILITY_SPEED_UP_MT_AUDIO], props=[Properties:], conf(false), had_child(false)]: CSW.sDc(cap)@Ai0
08-23 19:46:27.241 1452 2579 I Telecom : Event: RecordEntry TC@8: SET_DISCONNECTED, disconnected set explicitly> DisconnectCause [ Code: (MISSED) Label: () Description: () Reason: (INCOMING_MISSED) Tone: (27) ]: CSW.sDc(cap)@Ai0
08-23 19:46:27.296 1452 2579 I ActivityTaskManager: START u0 {act=android.telecom.action.POST_CALL flg=0x10000000 pkg=com.callapp.contacts (has extras)} from uid 1000
08-23 19:46:27.330 1452 1975 W Looper : Drained
08-23 19:46:27.330 1452 1975 W Looper : Slow dispatch took 153ms PackageManagerHandlerThread h=android.os.Handler c=<recycled PooledLambda@de0790> m=0
08-23 19:46:27.334 1452 2579 I Telecom:SamsungWakeLockCallsManagerListener: do not wakeUpScreen
08-23 19:46:27.343 1452 2579 I Telecom:SamsungAutoRedialCallsManagerListener: onCallStateChanged: [Call id=TC@8, state=DISCONNECTED, tpac=ComponentInfo{com.android.phone/com.android.services.telephony.TelephonyConnectionService}, ***, UserHandle{0}, cmgr=ComponentInfo{com.android.phone/com.android.services.telephony.TelephonyConnectionService}, ***, UserHandle{0}, handle=tel:**********, vidst=A, childs(0), has_parent(false), cap=[ sup_hld mut !v2a spd_aud], prop=[], caps=[Capabilities: CAPABILITY_SUPPORT_HOLD CAPABILITY_MUTE CAPABILITY_CANNOT_DOWNGRADE_VIDEO_TO_AUDIO CAPABILITY_SPEED_UP_MT_AUDIO], props=[Properties:], conf(false), had_child(false)]
08-23 19:46:27.348 1452 2579 I Telecom:SamsungAutoRedial: shouldMakeAutoECallRedialForDE, call is not emergencyCall
08-23 19:46:27.351 1452 2579 I Telecom:SamsungCallSettingsRepositoryImpl: isCallAutoRetryMode : false
08-23 19:46:27.351 1452 2579 I Telecom:SamsungAutoRedial: isAutoRedialMode : false
08-23 19:46:27.351 1452 2579 I Telecom:SamsungAutoRedial: shouldMakeAutoRedial, autoRedialMode is false
08-23 19:46:27.352 1452 2579 I Telecom : InCallController: Sending updateCall [Call id=TC@8, state=DISCONNECTED, tpac=ComponentInfo{com.android.phone/com.android.services.telephony.TelephonyConnectionService}, ***, UserHandle{0}, cmgr=ComponentInfo{com.android.phone/com.android.services.telephony.TelephonyConnectionService}, ***, UserHandle{0}, handle=tel:**********, vidst=A, childs(0), has_parent(false), cap=[ sup_hld mut !v2a spd_aud], prop=[], caps=[Capabilities: CAPABILITY_SUPPORT_HOLD CAPABILITY_MUTE CAPABILITY_CANNOT_DOWNGRADE_VIDEO_TO_AUDIO CAPABILITY_SPEED_UP_MT_AUDIO], props=[Properties:], conf(false), had_child(false)]: CSW.sDc(cap)@Ai0
08-23 19:46:27.353 1452 2579 I Telecom : InCallController: Components updated: [ComponentInfo{com.callapp.contacts/com.callapp.contacts.inCallService.InCallServiceImpl}]: CSW.sDc(cap)@Ai0
08-23 19:46:27.387 1452 2579 I Telecom:SamsungAnsweringMachineCallLog: isAutoAnsweringModeOn: false
08-23 19:46:27.388 1452 2579 I Telecom : Event: RecordEntry TC@8: LOG_DISCONNECTED_CAUSE, DISCONNECTED, 5, override=0, false: CSW.sDc(cap)@Ai0
08-23 19:46:27.393 1452 2579 I Telecom : Event: RecordEntry TC@8: LOG_DISCONNECTED_CALL, [Call id=TC@8, state=DISCONNECTED, tpac=ComponentInfo{com.android.phone/com.android.services.telephony.TelephonyConnectionService}, ***, UserHandle{0}, cmgr=ComponentInfo{com.android.phone/com.android.services.telephony.TelephonyConnectionService}, ***, UserHandle{0}, handle=tel:**********, vidst=A, childs(0), has_parent(false), cap=[ sup_hld mut !v2a spd_aud], prop=[], caps=[Capabilities: CAPABILITY_SUPPORT_HOLD CAPABILITY_MUTE CAPABILITY_CANNOT_DOWNGRADE_VIDEO_TO_AUDIO CAPABILITY_SPEED_UP_MT_AUDIO], props=[Properties:], conf(false), had_child(false)], RINGING, false, INCOMING_MISSED, false, false, true, 1, true, false, true: CSW.sDc(cap)@Ai0
08-23 19:46:27.406 1452 2579 I Telecom:SamsungKorModifiedCallLog: onLogModifyCall - isFeatureEnabled: false
08-23 19:46:27.406 1452 2579 I Telecom:SamsungCallLogInfo: getAgeMillis - mLogServiceType : 0 / mModifiedTimeMillis : -1
08-23 19:46:27.449 1452 2579 I Telecom:SamsungFeatureVoLte: getSkipLogNumberFromCscFeature csc - 08-23 19:46:27.449 1452 2579 I Telecom:SamsungEmergencyCallLog: isUnloggableNumber, feature is disable
08-23 19:46:27.450 1452 2579 I Telecom : Event: RecordEntry TC@8: LOGGABLE_NUMBER, 81******33, 81******33, false, false, false: CSW.sDc(cap)@Ai0
08-23 19:46:27.471 1452 1975 W Looper : Slow dispatch took 141ms PackageManagerHandlerThread h=android.os.Handler c=<recycled PooledLambda@e374889> m=0
08-23 19:46:27.496 1452 2579 W ContextImpl: Calling a method in the system process without a qualified user: android.app.ContextImpl.sendBroadcast:1196 android.content.ContextWrapper.sendBroadcast:483 com.android.server.telecom.CallLogManager.sendAddCallBroadcast:696 com.android.server.telecom.CallLogManager.logCall:475 com.android.server.telecom.CallLogManager.logCall:405 08-23 19:46:27.508 1452 2579 I Telecom:SamsungModifiedCallLogType: getVideoState - logServiceType : 0 / videoState : Audio Tx Rx Pause
08-23 19:46:27.510 1452 2579 I Telecom:SamsungPsCallLogType: getLogType isImsCall : false isWifiCall : false
08-23 19:46:27.510 1452 2579 I Telecom:SamsungCallLogTypeManager: updateLogType : 100
08-23 19:46:27.513 1452 2579 I Telecom:SamsungEndTypeCallLog: getOrigin - requestDisconnectOrRejectOrigin: null, origin: 200000
08-23 19:46:27.513 1452 2579 I Telecom:SamsungEndTypeCallLog: disconnectCode : 5 / code : 10500
08-23 19:46:27.513 1452 2579 I Telecom:SamsungEndTypeCallLog: touchState : 0
08-23 19:46:27.513 1452 2579 I Telecom:SamsungEndTypeCallLog: calculateEndType - endType : 210500 / origin : 200000 / code : 10500 / touchState : 0
08-23 19:46:27.521 1452 2579 W Telecom:SamsungTelephonyManagerAdapterImpl: getCurrentNetworkCountryIso - subId : 1 countryIso : MX
08-23 19:46:27.533 599 599 I io_stats: !@ 179,0 r 1863298 30906162 w 78657 1349180 d 41596 570924 f 44171 53018 iot 756940 596217 th 51200 51200 41500 pt 1070 inp 1 0 2194.130
08-23 19:46:27.537 1452 2579 W Telecom:SamsungTelephonyManagerAdapterImpl: getCurrentSimCountryIso : phoneId 0 countryIso : MX
08-23 19:46:27.537 1452 2579 I Telecom:SamsungAssistedDialingCallLog: getCallScoreInfo - subId: 1, phoneId: 0, isNetworkRoaming: false, networkCountryIso: MX, roamingType: 3, logNumber: 81******33, simCountryIso: MX
08-23 19:46:27.539 1452 2579 I Telecom:SamsungAssistedDialingCallLog: updateCallScoreInfo
08-23 19:46:27.552 1452 2579 I Telecom:SamsungSmartCallLog: getProfileTag : 08-23 19:46:27.557 1452 2579 I Telecom:SamsungVerificationStatusCallLog: updateAddCallArgs - callerNumberVerificationStatus : 0
08-23 19:46:27.561 1452 2579 I Telecom:SamsungEndCallCallLog: endCallPackage : null
08-23 19:46:27.561 1452 1502 I Telecom:SamsungTelecomServiceImpl: getDefaultDialerPackage - callingPid : 4233 / processName : sts
08-23 19:46:27.568 1452 2579 I Telecom:SamsungMemoCallLog: updateAddCallArgs - phoneId: 0, subscriptionId: 1, twoPhoneUserId: -2
08-23 19:46:27.568 1452 2579 I Telecom:SamsungMemoCallLog: loggingTwoPhoneCallInfo : SamsungTwoPhoneCallInfo { isTwoPhoneIncomingCall : false / PrefixTwoPhoneNumber : / isTwoPhoneModeNumber : false / UserHandle : UserHandle{-10000}
08-23 19:46:27.581 1452 2579 I Telecom:SamsungCallerInfoCallLog: updateContactId = 1197
08-23 19:46:27.582 1452 2579 I Telecom:SamsungCallerInfoCallLog: updateNormalizedNumber = +52*******133
08-23 19:46:27.582 1452 2579 I Telecom:SamsungCallerInfoCallLog: updatePhoneNumber = 81 ******133
08-23 19:46:27.584 1452 2579 I Telecom:SamsungCallLogManager: updateAddCallArgs - isRemainRejectFlag : 0
08-23 19:46:27.585 1452 2579 I Telecom : Event: RecordEntry TC@8: REQUEST_ADD_CALL_LOG, android.telecom.CallerInfo@b450f4d { name non-null, phoneNumber non-null }, 81******33, 1 [ Allowed ], 3 [ MISSED ], 1629765965929, 0, null, 0 [ ]: CSW.sDc(cap)@Ai0
08-23 19:46:27.585 1452 2579 I Telecom : CallLogManager: LogCallAsyncTask - execute: CSW.sDc(cap)@Ai0
08-23 19:46:27.588 1452 8814 I Telecom : CallLogManager: LogCallAsyncTask - doInBackground - start : 1
08-23 19:46:27.591 1452 8814 I Telecom:SamsungCallLogManager: updateContentValues enter
08-23 19:46:27.592 1452 8814 I Telecom:SamsungEcidCallLog: updateContentValues, Feature is disabled - ECID_ENABLE: false, ECID_DATA_FROM_CALLLOG: true
08-23 19:46:27.593 1452 2584 I Telecom : CallAudioRouteStateMachine: Message received: UPDATE_SYSTEM_AUDIO_ROUTE=1201, arg1=0: CSW.sDc->CARSM.pM_UPDATE_SYSTEM_AUDIO_ROUTE(cap)@Ai0
08-23 19:46:27.597 1452 2584 I Telecom : ActiveEarpieceRoute: Processing message UPDATE_SYSTEM_AUDIO_ROUTE: CSW.sDc->CARSM.pM_UPDATE_SYSTEM_AUDIO_ROUTE(cap)@Ai0
08-23 19:46:27.599 1452 2584 I Telecom : BluetoothRouteManager: getBluetoothAudioConnectedDevice: no service available.: CSW.sDc->CARSM.pM_UPDATE_SYSTEM_AUDIO_ROUTE(cap)@Ai0
08-23 19:46:27.600 1452 1975 W Looper : Slow delivery took 295ms PackageManagerHandlerThread h=android.os.Handler c=<recycled PooledLambda@e66679a> m=0
08-23 19:46:27.600 1452 1975 W Looper : Slow dispatch took 129ms PackageManagerHandlerThread h=android.os.Handler c=<recycled PooledLambda@e66679a> m=0
08-23 19:46:27.603 1452 2579 I Telecom : Event: RecordEntry TC@8: FOREGROUND_CALL_CHANGED, oldCall=[Call id=TC@8, state=DISCONNECTED], newCall=null: CSW.sDc(cap)@Ai0
08-23 19:46:27.605 1452 2584 I Telecom : CallAudioRouteStateMachine: updateLastKnownCallAudioStateWithCurrent [AudioState isMuted: false, route: EARPIECE, supportedRouteMask: EARPIECE, SPEAKER, activeBluetoothDevice: [null], supportedBluetoothDevices: []] -> [AudioState isMuted: false, route: EARPIECE, supportedRouteMask: EARPIECE, SPEAKER, activeBluetoothDevice: [null], supportedBluetoothDevices: []]: CSW.sDc->CARSM.pM_UPDATE_SYSTEM_AUDIO_ROUTE(cap)@Ai0
08-23 19:46:27.611 1452 2586 I Telecom : CallAudioModeStateMachine: Message received: NO_MORE_RINGING_CALLS.: CSW.sDc->CAMSM.pM_1002(cap)@Ai0
08-23 19:46:27.611 1452 2579 I Telecom : BluetoothPhoneService: updateHeadsetWithCallState : false: CSW.sDc(cap)@Ai0
08-23 19:46:27.614 1452 2579 I Telecom : BluetoothPhoneService: updateHeadsetWithCallState checking update : false 0 0 0 7 *** 129: CSW.sDc(cap)@Ai0
08-23 19:46:27.616 1452 2579 I Telecom:SamsungVibrationCallsManagerListener: onCallStateChanged : RINGING -> DISCONNECTED
08-23 19:46:27.625 1452 2579 I Telecom:SamsungVibrationCallsManagerListener: skipEndVibForCtcCdmaCall - ctcCallBarring : false
08-23 19:46:27.625 1452 2579 I Telecom:SamsungVibrationCallsManagerListener: isTPhoneRelaxMode : false
08-23 19:46:27.626 1452 2579 I Telecom:SamsungVibrationPlayer: playCallEndVib settingIsOn : false
08-23 19:46:27.626 1452 2579 D PowerManagerService: [api] release WakeLock FULL_WAKE_LOCK 'InCallWakeLockController' ACQ=-20s996ms (uid=1000 pid=1452 pkg=com.android.server.telecom)
08-23 19:46:27.631 1452 2579 D EdgeLightingManager: hideForWakeLock packageName=com.android.server.telecom
08-23 19:46:27.632 1452 8814 W Telecom:SamsungTelephonyManagerAdapterImpl: getCurrentNetworkCountryIso - subId : 1 countryIso : MX
08-23 19:46:27.633 1452 2579 D EdgeLightingManager: isCallingUserSupported : callingUserId=0, mUserId=0, isDualAppId=false, isKnoxId=false
08-23 19:46:27.634 1452 2579 D EdgeLightingClientManager: isAvailableEdgeLighting: condition=2 mCondition=1 mIsConnected=false0
08-23 19:46:27.636 1452 8814 I Telecom:SamsungMemoRepositoryImpl: getCustomMemo number : 81******33 userId : -2 e164Number : +52*******133
08-23 19:46:27.641 1452 2579 D EdgeLightingManager: hideForWakeLockInternal : return false by isAvailableEdgeLighting.
08-23 19:46:27.647 1452 2579 I Telecom : TelecomWakeLock: Releasing WakeLock with id: 26: CSW.sDc(cap)@Ai0
08-23 19:46:27.647 1452 2579 I Telecom : InCallWakeLockController: Releasing full wake lock: CSW.sDc(cap)@Ai0
08-23 19:46:27.648 1452 2579 I Telecom:SamsungFileWriteCallsManagerListener: onCallStateChanged - id: TC@8, oldState: 4 newState: 7, phoneState: 0
08-23 19:46:27.648 1452 2579 I Telecom : IncomingCallNotifier: updateIncomingCall: foundIncomingcall = null: CSW.sDc(cap)@Ai0
08-23 19:46:27.694 1452 8814 I Telecom:SamsungMemoRepositoryImpl: getCustomMemo callLogUri : content://logs/call
08-23 19:46:27.740 1452 2228 I Telecom:SamsungTelecomServiceImpl: getCallState - callingPid : 2086 / processName : sts
08-23 19:46:27.753 1452 1572 W BroadcastQueue: Permission Denial: receiving Intent { act=android.intent.action.PHONE_STATE flg=0x1000010 (has extras) } to com.callapp.contacts/.receiver.PhoneStateReceiver requires android.permission.READ_PRIVILEGED_PHONE_STATE due to sender android (uid 1000)
08-23 19:46:27.757 1452 1452 I Telecom:SamsungTelecomServiceImpl: getCallState - callingPid : 1452 / processName : sts
08-23 19:46:27.759 1452 4887 I Telecom:SamsungTelecomServiceImpl: @hide @test isInEmergencyCall - callingPid : 2399 / processName : sts
08-23 19:46:27.770 1452 1975 W Looper : Slow dispatch took 169ms PackageManagerHandlerThread h=android.os.Handler c=<recycled PooledLambda@2824ff2> m=0
08-23 19:46:27.783 1452 2579 I Telecom : PhoneStateBroadcaster: Broadcasted state change: 0: CSW.sDc(cap)@Ai0
08-23 19:46:27.785 1452 2579 I Telecom:SamsungPhoneStateIntentBroadcaster: Broadcasted state change: 0 - IDLE
08-23 19:46:27.787 1452 2584 I Telecom : CallAudioRouteStateMachine: setSystemAudioState: changing from [AudioState isMuted: false, route: EARPIECE, supportedRouteMask: EARPIECE, SPEAKER, activeBluetoothDevice: [null], supportedBluetoothDevices: []] to [AudioState isMuted: false, route: EARPIECE, supportedRouteMask: EARPIECE, SPEAKER, activeBluetoothDevice: [null], supportedBluetoothDevices: []]: CSW.sDc->CARSM.pM_UPDATE_SYSTEM_AUDIO_ROUTE(cap)@Ai0
08-23 19:46:27.789 1452 2584 I Telecom : InCallController: Calling onAudioStateChanged, audioState: [AudioState isMuted: false, route: EARPIECE, supportedRouteMask: EARPIECE, SPEAKER, activeBluetoothDevice: [null], supportedBluetoothDevices: []] -> [AudioState isMuted: false, route: EARPIECE, supportedRouteMask: EARPIECE, SPEAKER, activeBluetoothDevice: [null], supportedBluetoothDevices: []]: CSW.sDc->CARSM.pM_UPDATE_SYSTEM_AUDIO_ROUTE(cap)@Ai0
08-23 19:46:27.791 1452 1502 I Telecom:SamsungTelecomServiceImpl: getDefaultDialerPackage - callingPid : 4233 / processName : sts
08-23 19:46:27.792 1452 4887 I Telecom : : isInEmergencyCall: false: TSI.iIEC@AjE
08-23 19:46:27.794 1452 1572 W BroadcastQueue: Permission Denial: receiving Intent { act=android.intent.action.PHONE_STATE flg=0x1000010 (has extras) } to ProcessRecord{56dd726 16756:com.samsung.android.app.cocktailbarservice/u0a220} (pid=16756, uid=10220) requires android.permission.READ_CALL_LOG due to sender android (uid 1000)
08-23 19:46:27.798 1452 2228 I Telecom:SamsungTelecomServiceImpl: getDefaultDialerPackage - callingPid : 4233 / processName : sts
08-23 19:46:27.798 1452 1502 I Telecom:SamsungTelecomServiceImpl: @hide @test isInEmergencyCall - callingPid : 2399 / processName : sts
08-23 19:46:27.799 1452 2586 I Telecom : Event: RecordEntry TC@8: STOP_RINGER, null: CSW.sDc->CAMSM.pM_1002(cap)@Ai0
08-23 19:46:27.808 1452 2586 I Telecom : Event: RecordEntry TC@8: STOP_VIBRATOR, null: CSW.sDc->CAMSM.pM_1002(cap)@Ai0
08-23 19:46:27.808 1452 2586 I Telecom : CallAudioModeStateMachine: enter: now UNFOCUSED: CSW.sDc->CAMSM.pM_1002(cap)@Ai0
08-23 19:46:27.809 1452 17448 I Telecom : AsyncRingtonePlayer: Stop ringtone.: NCSSF.aC->ICFG.sF->ICFG.sF->ICFG.sF->CAMSM.pM_2002->ARP.hP@0
08-23 19:46:27.810 1452 2579 I Telecom : ConnectionServiceWrapper: CS -> TC[cap]: setConferenceableConnections TC@8_1 []: CSW.sCC(cap)@AjM
08-23 19:46:27.810 1452 2579 I Telecom : Event: RecordEntry TC@8: CONFERENCEABLE_CALLS, 0, []: CSW.sCC(cap)@AjM
08-23 19:46:27.811 1452 2632 I Telecom:SamsungAsyncRingtonePlayer: Posting stop.
08-23 19:46:27.811 1452 2632 I Telecom:SamsungAsyncRingtonePlayer: Message skipped because there is no handler : 2
08-23 19:46:27.811 1452 2586 I Telecom:SamsungCallMultiSimAudioParam: setNone : mState = -1
08-23 19:46:27.811 1452 2586 I Telecom:SamsungCallAudioParam: CallAudioModeStateMachine : no offParam for CALL_STATUS_CS_VOICE_CP_VIDEO_CALL_OFF
08-23 19:46:27.812 1452 2586 I Telecom:SamsungCallAudioParam: CallAudioModeStateMachine : setAudioParam CALL_STATUS_CS_VOICE_CP_VIDEO_CALL_OFF
08-23 19:46:27.812 1452 2584 I Telecom : CallAudioRouteStateMachine: Message received: SWITCH_FOCUS=4001, arg1=1: CSW.sDc->CAMSM.pM_1002->CARSM.pM_SWITCH_FOCUS(cap)@Ai0
08-23 19:46:27.812 1452 2584 I Telecom : ActiveEarpieceRoute: Processing message SWITCH_FOCUS: CSW.sDc->CAMSM.pM_1002->CARSM.pM_SWITCH_FOCUS(cap)@Ai0
08-23 19:46:27.813 1452 2584 I Telecom:SamsungBluetoothManager: isBluetoothWatchSingleConnected false
08-23 19:46:27.813 1452 2584 I Telecom : CallAudioRouteStateMachine: turning speaker phone false: CSW.sDc->CAMSM.pM_1002->CARSM.pM_SWITCH_FOCUS(cap)@Ai0
08-23 19:46:27.814 1452 2632 I Telecom:SamsungMotionGroup: stop
08-23 19:46:27.814 1452 2632 I Telecom:SamsungMotionPalm: stop
08-23 19:46:27.814 1452 2632 I Telecom:SamsungMotionPalm: checkRun : false true
08-23 19:46:27.814 1452 2632 I Telecom:SamsungMotionPalm: checkRunStop - isRegistered: true
08-23 19:46:27.815 1452 2579 I Telecom : InCallController: Sending updateCall [Call id=TC@8, state=DISCONNECTED, tpac=ComponentInfo{com.android.phone/com.android.services.telephony.TelephonyConnectionService}, ***, UserHandle{0}, cmgr=ComponentInfo{com.android.phone/com.android.services.telephony.TelephonyConnectionService}, ***, UserHandle{0}, handle=tel:**********, vidst=A, childs(0), has_parent(false), cap=[ sup_hld mut !v2a spd_aud], prop=[], caps=[Capabilities: CAPABILITY_SUPPORT_HOLD CAPABILITY_MUTE CAPABILITY_CANNOT_DOWNGRADE_VIDEO_TO_AUDIO CAPABILITY_SPEED_UP_MT_AUDIO], props=[Properties:], conf(false), had_child(false)]: CSW.sCC(cap)@AjM
08-23 19:46:27.817 1452 4887 D VibratorService: Canceling vibration.
08-23 19:46:27.824 1452 2579 I Telecom : InCallController: Components updated: [ComponentInfo{com.callapp.contacts/com.callapp.contacts.inCallService.InCallServiceImpl}]: CSW.sCC(cap)@AjM
08-23 19:46:27.825 1452 1502 I Telecom : : isInEmergencyCall: false: TSI.iIEC@AjU
08-23 19:46:27.825 1452 4887 D VibratorService: Turning vibrator off.
08-23 19:46:27.826 1452 4887 D VibratorService: Turning vibrator off
08-23 19:46:27.826 1452 2579 I Telecom : ConnectionServiceWrapper: CS -> TC[cap]: setConferenceableConnections TC@8_1 []: CSW.sCC(cap)@AjY
08-23 19:46:27.827 1452 2579 I Telecom : Event: RecordEntry TC@8: CONFERENCEABLE_CALLS, 0, []: CSW.sCC(cap)@AjY
08-23 19:46:27.827 1452 3619 I Telecom:SamsungTelecomServiceImpl: @hide @test isInEmergencyCall - callingPid : 2399 / processName : sts
08-23 19:46:27.827 1452 2579 I Telecom : InCallController: Sending updateCall [Call id=TC@8, state=DISCONNECTED, tpac=ComponentInfo{com.android.phone/com.android.services.telephony.TelephonyConnectionService}, ***, UserHandle{0}, cmgr=ComponentInfo{com.android.phone/com.android.services.telephony.TelephonyConnectionService}, ***, UserHandle{0}, handle=tel:**********, vidst=A, childs(0), has_parent(false), cap=[ sup_hld mut !v2a spd_aud], prop=[], caps=[Capabilities: CAPABILITY_SUPPORT_HOLD CAPABILITY_MUTE CAPABILITY_CANNOT_DOWNGRADE_VIDEO_TO_AUDIO CAPABILITY_SPEED_UP_MT_AUDIO], props=[Properties:], conf(false), had_child(false)]: CSW.sCC(cap)@AjY
08-23 19:46:27.836 1452 2584 I Telecom : Logging.Events: Non-call EVENT: UNMUTE, null: CSW.sDc->CAMSM.pM_1002->CARSM.pM_SWITCH_FOCUS(cap)@Ai0
08-23 19:46:27.838 1452 2584 I Telecom : Logging.Events: Non-call EVENT: AUDIO_ROUTE, Leaving state ActiveEarpieceRoute: CSW.sDc->CAMSM.pM_1002->CARSM.pM_SWITCH_FOCUS(cap)@Ai0
08-23 19:46:27.842 1452 2584 I Telecom : Logging.Events: Non-call EVENT: AUDIO_ROUTE, Entering state QuiescentEarpieceRoute: CSW.sDc->CAMSM.pM_1002->CARSM.pM_SWITCH_FOCUS(cap)@Ai0
08-23 19:46:27.843 1452 2584 I Telecom : BluetoothRouteManager: getBluetoothAudioConnectedDevice: no service available.: CSW.sDc->CAMSM.pM_1002->CARSM.pM_SWITCH_FOCUS(cap)@Ai0
08-23 19:46:27.843 1452 1960 I Telecom:SamsungTelecomServiceImpl: isInCall - callingPackage : android
08-23 19:46:27.848 1452 1452 I Telecom:SamsungTelecomServiceImpl: getCallState - callingPid : 1452 / processName : sts
08-23 19:46:27.850 1452 3500 I ActivityManager: Changes in 10164 5 to 3, 0 to 7 Caller=com.android.server.am.OomAdjuster.updateOomAdjLocked:399 com.android.server.am.OomAdjuster.updateOomAdjLocked:446 com.android.server.am.ActivityManagerService.updateOomAdjLocked:21469 com.android.server.am.ActiveServices.bindServiceLocked:2318 com.android.server.am.ActivityManagerService.bindIsolatedService:18047 android.app.IActivityManager$Stub.onTransact:3006 com.android.server.am.ActivityManagerService.onTransact:3617 08-23 19:46:27.850 1452 3500 I AppOps : updateUidProcState uid: 10164 procState: 3 capability:7
08-23 19:46:27.850 1452 3500 I AppOps : commitUidPendingStateLocked() :: UID - 10164, 500 > 500, 0 > 7
08-23 19:46:27.856 1452 2579 I Telecom : InCallController: Components updated: [ComponentInfo{com.callapp.contacts/com.callapp.contacts.inCallService.InCallServiceImpl}]: CSW.sCC(cap)@AjY
08-23 19:46:27.856 1452 3619 I Telecom : : isInEmergencyCall: false: TSI.iIEC@Ajc
08-23 19:46:27.857 1452 3500 I Telecom : ConnectionServiceWrapper: CS -> TC[cap]: removeCall TC@8_1: CSW.rC(cap)@Ajo
08-23 19:46:27.857 1452 2632 I Telecom:SamsungMotionTurnOver: stop
08-23 19:46:27.857 1452 2632 I Telecom:SamsungMotionTurnOver: checkRun : false true
08-23 19:46:27.862 1452 1452 I Telecom:SamsungTelecomServiceImpl: getCallState - callingPid : 1452 / processName : sts
08-23 19:46:27.872 1452 1452 I Telecom : ConnectionServiceWrapper: Service unbound ComponentInfo{com.android.phone/com.android.services.telephony.TelephonyConnectionService}, from unbind.: CSW.rC->CM.mCAR(cap)@Ajo
08-23 19:46:27.910 1452 1975 W Looper : Slow dispatch took 140ms PackageManagerHandlerThread h=android.os.Handler c=<recycled PooledLambda@90665f9> m=0
08-23 19:46:27.954 1452 1452 I Telecom : ConnectionServiceWrapper: TC -> CS[cap]: removeConnectionServiceAdapter com.android.server.telecom.ConnectionServiceWrapper$Adapter@514e280: CSW.rC->CM.mCAR(cap)@Ajo
08-23 19:46:27.955 1452 1452 I Telecom : CallsManager: handleConnectionServiceDeath: service [ConnectionServiceWrapper componentName=ComponentInfo{com.android.phone/com.android.services.telephony.TelephonyConnectionService}] died: CSW.rC->CM.mCAR(cap)@Ajo
08-23 19:46:27.961 1452 1452 I Telecom : Event: RecordEntry TC@8: DESTROYED, null: CSW.rC->CM.mCAR(cap)@Ajo
08-23 19:46:27.966 1452 1452 I Telecom:SamsungGearCommandManager: sendSecBluetoothATCommand : DISC,81 ******133
08-23 19:46:27.969 1452 1452 I Telecom : InCallController: onCallRemoved: [Call id=TC@8, state=DISCONNECTED, tpac=ComponentInfo{com.android.phone/com.android.services.telephony.TelephonyConnectionService}, ***, UserHandle{0}, cmgr=ComponentInfo{com.android.phone/com.android.services.telephony.TelephonyConnectionService}, ***, UserHandle{0}, handle=tel:**********, vidst=A, childs(0), has_parent(false), cap=[ sup_hld mut !v2a spd_aud], prop=[], caps=[Capabilities: CAPABILITY_SUPPORT_HOLD CAPABILITY_MUTE CAPABILITY_CANNOT_DOWNGRADE_VIDEO_TO_AUDIO CAPABILITY_SPEED_UP_MT_AUDIO], props=[Properties:], conf(false), had_child(false)]: CSW.rC->CM.mCAR(cap)@Ajo
08-23 19:46:27.970 1452 1452 I Telecom : Event: RecordEntry TC@8: ICS_CALL_REMOVED, null: CSW.rC->CM.mCAR(cap)@Ajo
08-23 19:46:27.970 1452 1452 I Telecom : ProximitySensorManager: All calls removed, resetting proximity sensor to default state: CSW.rC->CM.mCAR(cap)@Ajo
08-23 19:46:27.970 1452 1452 I Telecom : TelecomWakeLock: WakeLock already released with id: 32: CSW.rC->CM.mCAR(cap)@Ajo
08-23 19:46:27.970 1452 1452 I Telecom : BluetoothPhoneService: updateHeadsetWithCallState : false: CSW.rC->CM.mCAR(cap)@Ajo
08-23 19:46:27.970 1452 1452 I Telecom : BluetoothPhoneService: updateHeadsetWithCallState checking update : false 0 0 0 6 *** 129: CSW.rC->CM.mCAR(cap)@Ajo
08-23 19:46:27.971 1452 1452 I Telecom : TelecomWakeLock: WakeLock already released with id: 26: CSW.rC->CM.mCAR(cap)@Ajo
08-23 19:46:27.971 1452 1452 I Telecom : InCallWakeLockController: Releasing full wake lock: CSW.rC->CM.mCAR(cap)@Ajo
08-23 19:46:27.971 1452 1452 I Telecom : IncomingCallNotifier: updateIncomingCall: foundIncomingcall = null: CSW.rC->CM.mCAR(cap)@Ajo
08-23 19:46:27.972 1452 1452 W Looper : Slow dispatch took 109ms main h=android.os.Handler c=android.telecom.Logging.Runnable$1@6021cec m=0
08-23 19:46:27.988 1452 1452 D EdgeLightingManager: isCallingUserSupported : callingUserId=0, mUserId=0, isDualAppId=false, isKnoxId=false
08-23 19:46:27.988 1452 1452 D EdgeLightingManager: hideForNotification : packageName = com.callapp.contacts
08-23 19:46:27.990 1452 1452 D EdgeLightingPolicyManager:NotificationGroup: remove : sbn : StatusBarNotification(pkg=com.callapp.contacts user=UserHandle{0} id=12 tag=null key=0|com.callapp.contacts|12|null|10513: Notification(channel=3 12 shortcut=null contentView=com.callapp.contacts/0x7f0d0154 vibrate=null sound=null defaults=0x0 flags=0x62 color=0xffc9771b category=call vis=PUBLIC semFlags=0x0 semPriority=0 semMissedCount=0))
08-23 19:46:27.991 1452 1452 D EdgeLightingPolicyManager.NotificationGroup: group key = -1|com.android.systemui|3|low_battery|10067 ,value= summary : null , child : 1key = -1|com.android.systemui|3|low_battery|10067 , value = NotificationData { tag= low_battery } , } 08-23 19:46:27.991 1452 1452 D EdgeLightingManager: hideForNotification : isInteractive is true
08-23 19:46:27.991 1452 1452 I EasyMuteController: UnRegister failed. no registered
08-23 19:46:28.058 1452 1452 D SmartAlertController: SmartAlert - Found Missed Event
08-23 19:46:28.072 1452 17865 D SmartAlertController: SmartAlert - already registered or Setting disabled
08-23 19:46:28.083 1452 1960 I Telecom:SamsungTelecomServiceImpl: isInCall - callingPackage : android
08-23 19:46:28.090 1452 2586 I Telecom:SamsungTelecomServiceImpl: isInCall - callingPackage : android
08-23 19:46:28.104 1452 1975 W Looper : Slow dispatch took 110ms PackageManagerHandlerThread h=android.os.Handler c=<recycled PooledLambda@2fbeabb> m=0
08-23 19:46:28.104 1452 2586 I Telecom:SamsungTelecomServiceImpl: isInCall - callingPackage : android
08-23 19:46:28.124 1452 2586 I Telecom:SamsungTelecomServiceImpl: isInCall - callingPackage : android
08-23 19:46:28.167 1452 1903 I Telecom:SamsungTelecomServiceImpl: getCallState - callingPid : 2399 / processName : sts
08-23 19:46:28.180 1452 2586 I Telecom:SamsungCallAudioModeStateMachine: unMarkShouldControlEngine
08-23 19:46:28.181 1452 2586 I Telecom : CallAudioModeStateMachine: Message received: AUDIO_OPERATIONS_COMPLETE.: CSW.sDc->CAMSM.pM_1002->CARSM.pM_SWITCH_FOCUS->CAMSM.pM_6001(cap)@Ai0
08-23 19:46:28.182 1452 2586 I Telecom : CallAudioModeStateMachine: Abandoning audio focus: now UNFOCUSED: CSW.sDc->CAMSM.pM_1002->CARSM.pM_SWITCH_FOCUS->CAMSM.pM_6001(cap)@Ai0
08-23 19:46:28.250 1452 1572 I DropBoxManagerService: add tag=system_server_wtf isTagEnabled=true flags=0x2
08-23 19:46:28.272 1452 1960 I Telecom:SamsungTelecomServiceImpl: isInCall - callingPackage : android
08-23 19:46:28.275 1452 1572 W DropBoxManagerService: Dropping: system_server_wtf (1248 > 0 bytes)
08-23 19:46:28.286 1452 1572 I DropBoxManagerService: add tag=system_server_wtf isTagEnabled=true flags=0x2
08-23 19:46:28.292 1452 1975 W Looper : Slow dispatch took 188ms PackageManagerHandlerThread h=android.os.Handler c=<recycled PooledLambda@17cadee> m=0
08-23 19:46:28.314 1452 1572 W DropBoxManagerService: Dropping: system_server_wtf (1248 > 0 bytes)
08-23 19:46:28.433 1452 1975 W Looper : Slow dispatch took 140ms PackageManagerHandlerThread h=android.os.Handler c=<recycled PooledLambda@189bafa> m=0
08-23 19:46:28.536 1452 1975 W Looper : Slow dispatch took 103ms PackageManagerHandlerThread h=android.os.Handler c=<recycled PooledLambda@2288cc6> m=0
08-23 19:46:28.636 1452 1975 W Looper : Slow dispatch took 100ms PackageManagerHandlerThread h=android.os.Handler c=<recycled PooledLambda@990af52> m=0
08-23 19:46:28.646 1452 3500 D SettingsProvider: isChangeAllowed() : name = set_network_mode_by_quick_panel
08-23 19:46:28.653 1452 1960 D SettingsProvider: isChangeAllowed() : name = volume_music_speaker
08-23 19:46:28.657 1452 1903 D ConnectivityService: requestNetwork for uid/pid:1000/2399 NetworkRequest [ REQUEST id=391, [ Transports: CELLULAR Capabilities: IMS&TRUSTED&NOT_VPN Uid: 1000 AdministratorUids: [] RequestorUid: 1000 RequestorPackageName: com.sec.imsservice] ]
08-23 19:46:28.663 1452 1949 D ConnectivityService: NetReassign [no changes]
08-23 19:46:28.668 1452 1903 I Telecom:SamsungTelecomServiceImpl: getCallState - callingPid : 2399 / processName : sts
08-23 19:46:28.705 1452 8814 I Telecom:SamsungMemoCallLog: updateContentValues - memo: null, twoPhoneUserId: -2
08-23 19:46:28.706 1452 8814 I Telecom:SamsungCallLogManager: checkAndCopyContentValues - InternalContentValues - key : sec_stir_shaken / value : ***
08-23 19:46:28.706 1452 8814 I Telecom:SamsungCallLogManager: checkAndCopyContentValues - InternalContentValues - key : ci_contact_id / value : ***
08-23 19:46:28.706 1452 8814 I Telecom:SamsungCallLogManager: checkAndCopyContentValues - InternalContentValues - key : ci_phoneNumber / value : ***
08-23 19:46:28.709 1452 8814 I Telecom:SamsungCallLogManager: checkAndCopyContentValues - InternalContentValues - key : ci_normalizedNumber / value : ***
08-23 19:46:28.709 1452 8814 I Telecom:SamsungCallLogManager: checkAndCopyContentValues - InternalContentValues - key : ROAMING_AUTO_DIALER / value : ***
08-23 19:46:28.709 1452 8814 I Telecom:SamsungCallLogManager: checkAndCopyContentValues - InternalContentValues - key : logtype / value : ***
08-23 19:46:28.709 1452 8814 I Telecom:SamsungCallLogManager: checkAndCopyContentValues - InternalContentValues - key : sec_end_type / value : ***
08-23 19:46:28.709 1452 8814 I Telecom:SamsungCallLogManager: checkAndCopyContentValues - InternalContentValues - key : reject_flag / value : ***
08-23 19:46:28.710 1452 8814 I Telecom:SamsungCallLogManager: checkAndCopyContentValues - ContentValues - key : sec_stir_shaken / value : ***
08-23 19:46:28.710 1452 8814 I Telecom:SamsungCallLogManager: checkAndCopyContentValues - ContentValues - key : ci_contact_id / value : ***
08-23 19:46:28.710 1452 8814 I Telecom:SamsungCallLogManager: checkAndCopyContentValues - ContentValues - key : ci_phoneNumber / value : ***
08-23 19:46:28.710 1452 8814 I Telecom:SamsungCallLogManager: checkAndCopyContentValues - ContentValues - key : ci_normalizedNumber / value : ***
08-23 19:46:28.710 1452 8814 I Telecom:SamsungCallLogManager: checkAndCopyContentValues - ContentValues - key : ROAMING_AUTO_DIALER / value : ***
08-23 19:46:28.710 1452 8814 I Telecom:SamsungCallLogManager: checkAndCopyContentValues - ContentValues - key : logtype / value : ***
08-23 19:46:28.721 1452 8814 I Telecom:SamsungCallLogManager: checkAndCopyContentValues - ContentValues - key : sec_end_type / value : ***
08-23 19:46:28.721 1452 8814 I Telecom:SamsungCallLogManager: checkAndCopyContentValues - ContentValues - key : reject_flag / value : ***
08-23 19:46:28.722 1452 8814 I Telecom:SamsungCallLogManager: addCall - userToBeInserted : null / userToBeInsertedTo : [] / initiatingUser : null
08-23 19:46:28.724 1452 8814 I Telecom:SamsungTelecomServiceImpl: getPhoneAccount - PhoneAccountHandle : ComponentInfo{com.android.phone/com.android.services.telephony.TelephonyConnectionService}, ***, UserHandle{0} / callingPid : 1452 / processName : sts
08-23 19:46:28.804 1452 1903 I Telecom:SamsungTelecomServiceImpl: getDefaultDialerPackage - callingPid : 4233 / processName : sts
08-23 19:46:28.838 1452 1975 W Looper : Slow dispatch took 202ms PackageManagerHandlerThread h=android.os.Handler c=<recycled PooledLambda@7e66e9e> m=0
08-23 19:46:29.017 1452 1975 W Looper : Slow dispatch took 104ms PackageManagerHandlerThread h=android.os.Handler c=<recycled PooledLambda@ed58d77> m=0
