08-23 19:45:22.698 1452 4456 D SamsungAlarmManager: setExact (T:2/F:5/AC:false) 20210823T195012 now=8763774 - CU:10164/CP:2781/OP:PendingIntent{d0ba31d: PendingIntentRecord{76713dc com.google.android.gms/com.google.android.gms.gcm broadcastIntent}}
08-23 19:45:22.698 1452 4456 I SamsungAlarmManager: setLocked to kernel - T:2 / 20210823T195012, set=9053771, now=8763775
08-23 19:45:22.698 1452 4456 I SamsungAlarmManager: setLocked to kernel - T:3 / 20210823T194545, set=8786973, now=8763775
08-23 19:46:03.682 1452 1908 D SamsungAlarmManager: Expired : 65544
08-23 19:46:03.694 1452 1908 D SamsungAlarmManager: setInexact (T:3/F:0/AC:false) 20210823T194615 now=8804770 - CU:1000/CP:1452/OP:PendingIntent{e6efda2: PendingIntentRecord{50e186a com.opera.max.oem broadcastIntent}}
08-23 19:46:03.694 1452 1908 I SamsungAlarmManager: setLocked to kernel - T:2 / 20210823T195012, set=9053771, now=8804770
08-23 19:46:03.694 1452 1908 I SamsungAlarmManager: setLocked to kernel - T:3 / 20210823T194600, set=8801077, now=8804770
08-23 19:46:03.694 1452 1908 I SamsungAlarmManager: setLocked to kernel - T:2 / 20210823T195012, set=9053771, now=8804771
08-23 19:46:03.694 1452 1908 I SamsungAlarmManager: setLocked to kernel - T:3 / 20210823T194615, set=8816197, now=8804771
08-23 19:46:03.747 1452 1581 D BatteryExternalStatsWorker: update stats
08-23 19:46:03.747 1452 1581 D BatteryExternalStatsWorker: WifiActivityEnergyInfo was updated
08-23 19:46:03.747 1452 1581 D BatteryExternalStatsWorker: BluetoothActivityEnergyInfo was updated
08-23 19:46:03.747 1452 1581 D BatteryExternalStatsWorker: ModemActivityEnergyInfo was updated
08-23 19:46:03.757 1452 1581 D BatteryExternalStatsWorker: done updateExternalStatsLocked
08-23 19:46:03.925 2085 2085 I wpa_supplicant: Heartbeat 214
08-23 19:46:03.927 1452 1572 D StorageManagerService: getExternalStorageMountMode: uid=10241 packageName=com.google.android.cellbroadcastreceiver
08-23 19:46:03.930 1452 1572 D CompatibilityChangeReporter: Compat change id reported: 135634846; UID 10241; state: DISABLED
08-23 19:46:03.931 1452 1573 D CompatibilityChangeReporter: Compat change id reported: 143937733; UID 10241; state: ENABLED
08-23 19:46:03.949 1452 1572 I DropBoxManagerService: add tag=system_server_wtf isTagEnabled=true flags=0x2
08-23 19:46:03.956 1452 1572 W DropBoxManagerService: Dropping: system_server_wtf (1248 > 0 bytes)
08-23 19:46:03.958 1452 1573 I ActivityManager: Start proc 17330:com.google.android.cellbroadcastreceiver/u0a241 for broadcast {com.google.android.cellbroadcastreceiver/com.android.cellbroadcastreceiver.CellBroadcastReceiver}
08-23 19:46:03.960 1452 1572 I DropBoxManagerService: add tag=system_server_wtf isTagEnabled=true flags=0x2
08-23 19:46:03.964 1452 1572 W DropBoxManagerService: Dropping: system_server_wtf (1248 > 0 bytes)
08-23 19:46:03.969 1452 1903 I Telecom:SamsungTelecomServiceImpl: isInCall - callingPackage : com.android.systemui
08-23 19:46:03.989 1452 4456 I Telecom:SamsungTelecomServiceImpl: getCallState - callingPid : 2399 / processName : sts
08-23 19:46:04.004 1452 4456 I ActivityManager: DSS OFF for com.google.android.cellbroadcastreceiver
08-23 19:46:04.005 1452 1903 I Telecom:SamsungTelecomServiceImpl: isInCall - callingPackage : com.android.systemui
08-23 19:46:04.008 1452 4456 D ActivityManager: attachApplicationLocked() app=ProcessRecord{1b6f63 17330:com.google.android.cellbroadcastreceiver/u0a241} app.isolatedEntryPoint=null instr2=null
08-23 19:46:04.021 17330 17330 D ActivityThread: handleBindApplication()++ app=com.google.android.cellbroadcastreceiver
08-23 19:46:04.109 17330 17330 D ActivityThread: handleBindApplication() -- skipGraphicsSupport=false
08-23 19:46:04.109 17330 17330 D ActivityThread: ActivityThread::handleMakeApplication() data=AppBindData{appInfo=ApplicationInfo{f9fc0aa com.google.android.cellbroadcastreceiver}} appContext=android.app.ContextImpl@135049b appContext.mOpPackageName=com.google.android.cellbroadcastreceiver appContext.mBasePackageName=com.google.android.cellbroadcastreceiver appContext.mPackageInfo=android.app.LoadedApk@5dc6038 data.restrictedBackupMode= false data.providers= [ContentProviderInfo{name=cellbroadcasts-app className=com.android.cellbroadcastreceiver.CellBroadcastContentProvider}, ContentProviderInfo{name=com.android.cellbroadcastreceiver className=com.android.cellbroadcastreceiver.CellBroadcastSearchIndexableProvider}] Caller=android.app.ActivityThread.handleBindApplication:7446 android.app.ActivityThread.access$1400:301 android.app.ActivityThread$H.handleMessage:2148 android.os.Handler.dispatchMessage:106 android.os.Looper.loop:246 08-23 19:46:04.111 17330 17330 D LoadedApk: LoadedApk::makeApplication() appContext=android.app.ContextImpl@7763811 appContext.mOpPackageName=com.google.android.cellbroadcastreceiver appContext.mBasePackageName=com.google.android.cellbroadcastreceiver appContext.mPackageInfo=android.app.LoadedApk@5dc6038
08-23 19:46:04.136 1452 4456 D StorageManagerService: getExternalStorageMountMode: uid=1001 packageName=com.samsung.android.app.telephonyui
08-23 19:46:04.137 1452 4456 D CompatibilityChangeReporter: Compat change id reported: 135634846; UID 1001; state: DISABLED
08-23 19:46:04.138 1452 4456 W ActivityManager: wait for provider publish: waiters=1 callerApp=ProcessRecord{35642fc 2050:com.android.phone/1001} cpr=ContentProviderRecord{85f209a u0 com.samsung.android.app.telephonyui/.provider.InternalContentProvider}
08-23 19:46:04.142 1452 2259 I GenerationRegistry: mBackingStore.isClosed() : false
08-23 19:46:04.158 1452 1573 I ActivityManager: Start proc 17350:com.samsung.android.app.telephonyui/1001 for content provider {com.samsung.android.app.telephonyui/com.samsung.android.app.telephonyui.provider.InternalContentProvider}
08-23 19:46:04.198 1452 1903 I ActivityManager: DSS OFF for com.samsung.android.app.telephonyui
08-23 19:46:04.201 1452 1903 D ActivityManager: attachApplicationLocked() app=ProcessRecord{836e145 17350:com.samsung.android.app.telephonyui/1001} app.isolatedEntryPoint=null instr2=null
08-23 19:46:04.210 17350 17350 D ActivityThread: handleBindApplication()++ app=com.samsung.android.app.telephonyui
08-23 19:46:04.220 1452 1949 D ConnectivityService: releasing NetworkRequest [ REQUEST id=367, [ Transports: CELLULAR Capabilities: IMS&TRUSTED&NOT_VPN Uid: 1000 AdministratorUids: [] RequestorUid: 1000 RequestorPackageName: com.sec.imsservice] ] (release request)
08-23 19:46:04.230 1452 1903 D SamsungAlarmManager: setExact (T:2/F:9/AC:false) 20210823T194605 now=8805306 - CU:1000/CP:2399/OP:PendingIntent{b7c5b43: PendingIntentRecord{9375c0 com.sec.imsservice broadcastIntent}}
08-23 19:46:04.230 1452 1903 I SamsungAlarmManager: setLocked to kernel - T:2 / 20210823T194605, set=8806306, now=8805307
08-23 19:46:04.232 1452 1903 E AlarmManager: Set nextNonWakeup as mNextNonWakeupDeliveryTime=10154759 , orig nextNonWakeup=0
08-23 19:46:04.233 1452 1903 I SamsungAlarmManager: setLocked to kernel - T:3 / 20210823T200833, set=10154759, now=8805309
08-23 19:46:04.238 1452 2247 I Telecom:SamsungTelecomServiceImpl: getCallState - callingPid : 2399 / processName : sts
08-23 19:46:04.550 1452 2247 I GenerationRegistry: mBackingStore.isClosed() : false
08-23 19:46:04.634 1452 2247 I Telecom:SamsungTelecomServiceImpl: getCallCapablePhoneAccounts - includeDisabledAccounts : false / callingPackage : com.samsung.android.app.telephonyui
08-23 19:46:04.639 1452 2247 I Telecom:SamsungTelecomServiceImpl: getPhoneAccount - PhoneAccountHandle : ComponentInfo{com.android.phone/com.android.services.telephony.TelephonyConnectionService}, ***, UserHandle{0} / callingPid : 17350 / processName : sts
08-23 19:46:04.701 1452 2247 I GenerationRegistry: mBackingStore.isClosed() : false
08-23 19:46:04.749 1452 2247 D SettingsProvider: isChangeAllowed() : name = set_network_mode_by_quick_panel
08-23 19:46:04.971 1452 1941 V NetworkPolicy: updateNotificationsNL() - totalBytes : 81241401, policy : NetworkPolicy{template=NetworkTemplate: matchRule=MOBILE, subscriberId=334020..., matchSubscriberIds=[334020...] cycleRule=RecurrenceRule{start=2020-01-01T00:00-06:00[America/Mexico_City] end=null period=P1M} warningBytes=-1 limitBytes=-1 lastWarningSnooze=-1 lastLimitSnooze=-1 lastRapidSnooze=-1 metered=true inferred=false}, CallingUID: 1000
08-23 19:46:05.229 1452 1908 D SamsungAlarmManager: Expired : 4
08-23 19:46:05.230 1452 1908 V SamsungAlarmManager: Sending to uid : 1000 L=6441702:TIME_TICK alarm=Alarm{ba86c69 type 3 when 8801077 android}
08-23 19:46:05.231 1452 1908 D SamsungAlarmManager: setExact (T:3/F:1/AC:false) 20210823T194700 now=8806307 - CU:1000/CP:1452/L:6441702:TIME_TICK
08-23 19:46:05.231 1452 1908 I SamsungAlarmManager: setLocked to kernel - T:2 / 20210823T195012, set=9053771, now=8806307
08-23 19:46:05.231 1452 1908 I SamsungAlarmManager: setLocked to kernel - T:3 / 20210823T194615, set=8816197, now=8806308
08-23 19:46:05.233 1452 1908 V SamsungAlarmManager: Sending to uid : 1000 action=com.sec.internal.ims.imsservice.alarmmanager alarm=Alarm{9f456ee type 2 when 8806301 com.sec.imsservice}
08-23 19:46:05.235 1452 1908 D ActivityManager: Received BROADCAST intent 0x9375c0 Key{broadcastIntent pkg=com.sec.imsservice intent=act=com.sec.internal.ims.imsservice.alarmmanager flags=0x40000000 u=0} requestCode=0 sent=0 from uid 1000
08-23 19:46:05.237 1452 1908 V SamsungAlarmManager: Sending to uid : 10160 action=null alarm=Alarm{3faea1c type 3 when 8756197 com.opera.max.oem}
08-23 19:46:05.239 1452 1908 D ActivityManager: Received BROADCAST intent 0x50e186a Key{broadcastIntent pkg=com.opera.max.oem intent=cmp=com.opera.max.oem/com.opera.max.BoostUIService$StopReceiver flags=0x0 u=0} requestCode=0 sent=0 from uid 1000
08-23 19:46:05.239 1452 1908 V SamsungAlarmManager: Sending to uid : 10193 action=com.whatsapp.alarm.CLIENT_PING_PERIODIC alarm=Alarm{2d26625 type 3 when 8786973 com.whatsapp}
08-23 19:46:05.240 1452 1908 D ActivityManager: Received BROADCAST intent 0xb02424d Key{broadcastIntent pkg=com.whatsapp intent=act=com.whatsapp.alarm.CLIENT_PING_PERIODIC pkg=com.whatsapp flags=0x0 u=0} requestCode=0 sent=0 from uid 1000
08-23 19:46:05.241 1452 1908 I SamsungAlarmManager: setLocked to kernel - T:2 / 20210823T195012, set=9053771, now=8806318
08-23 19:46:05.243 1452 1908 I SamsungAlarmManager: setLocked to kernel - T:3 / 20210823T194615, set=8816197, now=8806320
08-23 19:46:05.275 599 599 I io_stats: !@ 179,0 r 1839603 30564575 w 78009 1341820 d 41204 567620 f 43700 52428 iot 743660 588802 th 51200 51200 41500 pt 1070 inp 0 0 2171.871
08-23 19:46:05.441 1452 4456 D SamsungAlarmManager: Cancel Alarm calling from uid:1000 pid :2399 / OP:PendingIntent{b043dab: PendingIntentRecord{8da8c08 com.sec.imsservice broadcastIntent}}
08-23 19:46:05.817 1452 2247 I Telecom:SamsungTelecomServiceImpl: addNewIncomingCall - PhoneAccountHandle : ComponentInfo{com.android.phone/com.android.services.telephony.TelephonyConnectionService}, ***, UserHandle{0} / extras : Bundle[mParcelledData.dataSize=308], 81******33 / callingPid : 2050 / processName : sts
08-23 19:46:05.825 1452 2247 I Telecom : : Adding new incoming call with phoneAccountHandle ComponentInfo{com.android.phone/com.android.services.telephony.TelephonyConnectionService}, ***, UserHandle{0}: TSI.aNIC@AhQ
08-23 19:46:05.841 1452 2247 I Telecom : PhoneAccountRegistrar: getSimCallManager: SimCallManager for subId 1 queried, returning: null: TSI.aNIC@AhQ
08-23 19:46:05.841 1452 2247 I Telecom:SamsungTelecomServiceImpl: boostCpu
08-23 19:46:05.842 1452 2247 I Telecom:SamsungDvfsManagerAdapterImpl: CoreNumLockHelper.acquire()
08-23 19:46:05.845 1452 2247 I Telecom:SamsungDvfsManagerAdapterImpl: CpuBooster.acquire()
08-23 19:46:05.880 1452 2247 I Telecom:SamsungCall: startCallerInfoLookup : ***
08-23 19:46:05.882 1452 2247 I Telecom:SamsungCallerInfoLookupHelper: SamsungCallVibrationLookupListener@121287658 - startLookup
08-23 19:46:05.888 1452 1452 I Telecom:SamsungCallerInfoAsyncQueryFactory: CallerInfoAsyncQuery.startQuery number =81******33 cookie= TSI.aNIC->CILH.sL->CILH.sL@AhQ
08-23 19:46:05.888 1452 17380 I Telecom:SamsungCallVibrationLookupListener: startLookupVibrationTypeDefault : vibType50035
08-23 19:46:05.891 1452 1452 I Telecom:SamsungCallerInfoQueryCompleteListener: SamsungCallerInfoQueryCompleteListener - create
08-23 19:46:05.906 1452 2247 I Telecom : LogUtils: EventRecord added as Call: [Call id=TC@8, state=NEW, tpac=null, cmgr=null, handle=tel:**********, vidst=A, childs(0), has_parent(false), cap=[], prop=[], caps=[Capabilities:], props=[Properties:], conf(false), had_child(false)]: TSI.aNIC@AhQ
08-23 19:46:05.907 1452 2247 I Telecom : Event: RecordEntry TC@8: CALL_HANDLE, tel:81******33, Allowed, 81******33, null: TSI.aNIC@AhQ
08-23 19:46:05.907 1452 2247 I Telecom:SamsungPhoneAccountInfo: setTargetPhoneAccount : ComponentInfo{com.android.phone/com.android.services.telephony.TelephonyConnectionService}, ***, UserHandle{0}, 895**************80F
08-23 19:46:05.907 1452 2247 I Telecom:SamsungPhoneAccountInfo: setTargetPhoneAccount null, n**l -> ComponentInfo{com.android.phone/com.android.services.telephony.TelephonyConnectionService}, ***, UserHandle{0}, 895**************80F, call: [Call id=TC@8, state=NEW, tpac=null, cmgr=null, handle=tel:**********, vidst=A, childs(0), has_parent(false), cap=[], prop=[], caps=[Capabilities:], props=[Properties:], conf(false), had_child(false)]
08-23 19:46:05.908 1452 2247 I Telecom : Event: RecordEntry TC@8: TARGET_PHONE_ACCOUNT, accountHandle=ComponentInfo{com.android.phone/com.android.services.telephony.TelephonyConnectionService}, ***, UserHandle{0}, 895**************80F: TSI.aNIC@AhQ
08-23 19:46:05.924 1452 2247 I Telecom:SamsungTelephonyManagerAdapterImpl: getSubIdForPhoneAccount : 1
08-23 19:46:05.926 1452 2247 I Telecom:SamsungTelephonyManagerAdapterImpl: getSubIdForPhoneAccount : 1
08-23 19:46:05.937 1452 17380 I Telecom:SamsungRingerRepositoryImpl: startLookupVibrationType id : 5 name : Zig-zig-zig pattern : 50036
08-23 19:46:05.937 1452 2247 I Telecom:SamsungCallNotifier: setIsSelfManaged : false
08-23 19:46:05.948 1452 2247 I Telecom : Event: RecordEntry TC@8: CREATED, INCOMING, com.android.phone, false, incoming call: TSI.aNIC@AhQ
08-23 19:46:05.957 1452 2247 I Telecom : PhoneAccountRegistrar: getSimCallManager: SimCallManager for subId 1 queried, returning: null: TSI.aNIC@AhQ
08-23 19:46:05.960 1452 1572 W BroadcastQueue: Background execution not allowed: receiving Intent { act=android.intent.action.DROPBOX_ENTRY_ADDED flg=0x10 (has extras) } to com.google.android.gms/.stats.service.DropBoxEntryAddedReceiver
08-23 19:46:05.961 1452 1572 W BroadcastQueue: Background execution not allowed: receiving Intent { act=android.intent.action.DROPBOX_ENTRY_ADDED flg=0x10 (has extras) } to com.google.android.gms/.chimera.GmsIntentOperationService$PersistentTrustedReceiver
08-23 19:46:05.966 1452 2247 I Telecom : CreateConnectionProcessor: Trying attempt CallAttemptRecord(ComponentInfo{com.android.phone/com.android.services.telephony.TelephonyConnectionService}, ***, UserHandle{0},ComponentInfo{com.android.phone/com.android.services.telephony.TelephonyConnectionService}, ***, UserHandle{0}): TSI.aNIC@AhQ
08-23 19:46:05.968 1452 1452 I Telecom:SamsungCallerInfoQueryCompleteListener: onQueryComplete - start : CallerInfo - name : M**a / contactRingtoneUri : null / number : 81 ******133 / cnapName : null
08-23 19:46:05.974 1452 2247 I Telecom:SamsungPhoneAccountInfo: setTargetPhoneAccount : ComponentInfo{com.android.phone/com.android.services.telephony.TelephonyConnectionService}, ***, UserHandle{0}, 895**************80F
08-23 19:46:05.975 1452 2247 I Telecom : Event: RecordEntry TC@8: REQUEST_START_CONNECTION, isIncoming=true, true, phoneAccount=ComponentInfo{com.android.phone/com.android.services.telephony.TelephonyConnectionService}, ***, UserHandle{0}, targetPhoneAccount=ComponentInfo{com.android.phone/com.android.services.telephony.TelephonyConnectionService}, ***, UserHandle{0}, isSelfManaged=false, isEmergencyCall=false, connectionAttempt=1, attemptRecords=1: TSI.aNIC@AhQ
08-23 19:46:05.975 1452 1452 I Telecom:SamsungCallerInfoQueryCompleteListener: onQueryComplete end
08-23 19:46:05.976 1452 2247 I Telecom : ConnectionServiceWrapper: createConnection([Call id=TC@8, state=NEW, tpac=ComponentInfo{com.android.phone/com.android.services.telephony.TelephonyConnectionService}, ***, UserHandle{0}, cmgr=ComponentInfo{com.android.phone/com.android.services.telephony.TelephonyConnectionService}, ***, UserHandle{0}, handle=tel:**********, vidst=A, childs(0), has_parent(false), cap=[], prop=[], caps=[Capabilities:], props=[Properties:], conf(false), had_child(false)]) via ComponentInfo{com.android.phone/com.android.services.telephony.TelephonyConnectionService}.: TSI.aNIC@AhQ
08-23 19:46:05.976 1452 2247 I Telecom : Event: RecordEntry TC@8: BIND_CS, ComponentInfo{com.android.phone/com.android.services.telephony.TelephonyConnectionService}: TSI.aNIC@AhQ
08-23 19:46:05.977 1452 17382 I Telecom:SamsungCallerInfoQueryCompleteListener: updateCallerInfo : android.telecom.CallerInfo@b450f4d { name non-null, phoneNumber non-null }
08-23 19:46:05.978 1452 1452 I Telecom:SamsungCallerInfoQueryCompleteListener: SamsungCallerInfoQueryCompleteListener [doOnSuccess] - CallerInfo - name : M**a / contactRingtoneUri : null / number : 81 ******133 / cnapName : null
08-23 19:46:05.978 1452 1452 I Telecom:SamsungCallerInfoQueryCompleteListener: onQueryComplete : CallerInfo - name : M**a / contactRingtoneUri : null / number : 81 ******133 / cnapName : null
08-23 19:46:05.986 1452 1452 I Telecom : CallerInfoLookupHelper: CI query for handle tel:********** has completed; notifying all listeners.: TSI.aNIC->CILH.sL->CILH.oQC@AhQ
08-23 19:46:05.986 1452 1452 I Telecom:SamsungRingerInfo: RawContactId = 1197, VibrationUri : null
08-23 19:46:05.986 1452 1452 I Telecom:SamsungCallerInfo: startRingtoneLookup : android.telecom.CallerInfo@b450f4d { name non-null, phoneNumber non-null }
08-23 19:46:05.986 1452 1452 I Telecom:SamsungRingtoneLookupHelper: SamsungCallVibrationLookupListener@121287658 - startLookup
08-23 19:46:05.986 1452 1452 I Telecom:SamsungRingtoneLookupHelper: SamsungGroupRingtoneLookupListener@130815707 - startLookup
08-23 19:46:05.990 1452 1452 I Telecom:SamsungGroupRingtoneLookupListener: startGroupRingtoneLookup: 1197
08-23 19:46:05.991 1452 1452 I Telecom : Call: CallerInfo received for tel:**********: android.telecom.CallerInfo@b450f4d { name non-null, phoneNumber non-null }: TSI.aNIC->CILH.sL->CILH.oQC@AhQ
08-23 19:46:05.991 1452 1452 I Telecom : CallerInfoLookupHelper: There is no photo for this contact, skipping photo query: TSI.aNIC->CILH.sL->CILH.oQC@AhQ
08-23 19:46:05.992 1452 17380 I Telecom:SamsungCallVibrationLookupListener: startLookupVibrationType : null defaultVibType-1
08-23 19:46:05.994 1452 17380 E Telecom:SamsungRingerRepositoryImpl: startLookupVibrationType uri
08-23 19:46:05.995 1452 17382 I Telecom:SamsungGroupRingtoneLookupListener: getUserId : 0
08-23 19:46:06.003 1452 4456 D SamsungAlarmManager: setInexact (T:3/F:0/AC:false) 20310821T194606 now=8807079 - CU:10164/CP:2347/OP:PendingIntent{1d1db05: PendingIntentRecord{1f3f75a com.google.android.gms/ startService}}
08-23 19:46:06.003 1452 4456 I SamsungAlarmManager: setLocked to kernel - T:2 / 20210823T195012, set=9053771, now=8807080
08-23 19:46:06.003 1452 4456 I SamsungAlarmManager: setLocked to kernel - T:3 / 20210823T194615, set=8816197, now=8807080
08-23 19:46:06.015 1452 17382 I Telecom:SamsungRingerRepositoryImpl: getGroupId 0 1197 null
08-23 19:46:06.041 1452 1452 I Telecom : ServiceBinderConnection: Service bound ComponentInfo{com.android.phone/com.android.services.telephony.TelephonyConnectionService}: SBC.oSC(cap)@AhU
08-23 19:46:06.041 1452 1452 I Telecom : Event: RecordEntry TC@8: CS_BOUND, ComponentInfo{com.android.phone/com.android.services.telephony.TelephonyConnectionService}: SBC.oSC(cap)@AhU
08-23 19:46:06.042 1452 1452 I Telecom : ConnectionServiceWrapper: TC -> CS[cap]: addConnectionServiceAdapter com.android.server.telecom.ConnectionServiceWrapper$Adapter@514e280: SBC.oSC(cap)@AhU
08-23 19:46:06.044 1452 1452 I Telecom : Event: RecordEntry TC@8: START_CONNECTION, tel:********** via:, true, ComponentInfo{com.android.phone/com.android.services.telephony.TelephonyConnectionService}, ComponentInfo{com.android.phone/com.android.services.telephony.TelephonyConnectionService}, ***, UserHandle{0}, 895**************80F, Audio Only: SBC.oSC(cap)@AhU
08-23 19:46:06.049 1452 4456 I Telecom : ConnectionServiceWrapper: CS -> TC[cap]: queryRemoteConnectionServices callingPackage=com.android.phone: (...->CS.aCSA->H.CS.aCSA)->CSW.qRCS(cap)@E-E-AhU
08-23 19:46:06.055 1452 4456 I Telecom : PhoneAccountRegistrar: getSimCallManager: SimCallManager for subId 1 queried, returning: null: (...->CS.aCSA->H.CS.aCSA)->CSW.qRCS(cap)@E-E-AhU
08-23 19:46:06.056 1452 4456 W Telecom : ConnectionServiceWrapper: call provider also detected as SIM call manager: [ConnectionServiceWrapper componentName=ComponentInfo{com.android.phone/com.android.services.telephony.TelephonyConnectionService}]: (...->CS.aCSA->H.CS.aCSA)->CSW.qRCS(cap)@E-E-AhU
08-23 19:46:06.176 1452 4456 I Telecom:SamsungPhoneAccountInfo: setTargetPhoneAccount : ComponentInfo{com.android.phone/com.android.services.telephony.TelephonyConnectionService}, ***, UserHandle{0}, 895**************80F
08-23 19:46:06.183 1452 4456 I Telecom : Event: RecordEntry TC@8: CALL_TECHNOLOGY_TYPE, NONE -> GSM: (...->CS.crCo->H.CS.crCo->H.CS.crCo.pICR)->CSW.pE(cap/cast)@E-E-AhU
08-23 19:46:06.184 1452 4456 I Telecom : Event: RecordEntry TC@8: CALL_NETWORK_TYPE, 0, [UNKNOWN], 0, [<undefined>] -> 3, [UMTS], 4, [3G]: (...->CS.crCo->H.CS.crCo->H.CS.crCo.pICR)->CSW.pE(cap/cast)@E-E-AhU
08-23 19:46:06.190 1452 4456 I Telecom : ConnectionServiceWrapper: CS -> TC[cap]: handleCreateConnectionComplete TC@8_1: (...->CS.crCo->H.CS.crCo->H.CS.crCo.pICR)->CSW.hCCC(cap/cast)@E-E-AhU
08-23 19:46:06.190 1452 4456 I Telecom:SamsungPhoneAccountInfo: setTargetPhoneAccount : ComponentInfo{com.android.phone/com.android.services.telephony.TelephonyConnectionService}, ***, UserHandle{0}, 895**************80F
08-23 19:46:06.191 1452 4456 I Telecom : Event: RecordEntry TC@8: CAPABILITY_CHANGE, Current: [[ sup_hld mut !v2a spd_aud]], Removed [[]], Added [[ sup_hld mut !v2a spd_aud]]: (...->CS.crCo->H.CS.crCo->H.CS.crCo.pICR)->CSW.hCCC(cap/cast)@E-E-AhU
08-23 19:46:06.191 1452 4456 I Telecom:SamsungCall: prevcap=[Capabilities:]cap=[Capabilities: CAPABILITY_SUPPORT_HOLD CAPABILITY_MUTE CAPABILITY_CANNOT_DOWNGRADE_VIDEO_TO_AUDIO CAPABILITY_SPEED_UP_MT_AUDIO]callcap=[Capabilities: CAPABILITY_SUPPORT_HOLD CAPABILITY_MUTE CAPABILITY_CANNOT_DOWNGRADE_VIDEO_TO_AUDIO CAPABILITY_SPEED_UP_MT_AUDIO]xorcaps=[Capabilities: CAPABILITY_SUPPORT_HOLD CAPABILITY_MUTE CAPABILITY_CANNOT_DOWNGRADE_VIDEO_TO_AUDIO CAPABILITY_SPEED_UP_MT_AUDIO]forceUpdate=false
08-23 19:46:06.192 1452 4456 I Telecom : Event: RecordEntry TC@8: VIDEO_PROVIDER, null, null, proxy=null: (...->CS.crCo->H.CS.crCo->H.CS.crCo.pICR)->CSW.hCCC(cap/cast)@E-E-AhU
08-23 19:46:06.193 1452 4456 I Telecom : Event: RecordEntry TC@8: VIDEO_CALL_PROVIDER_CHANGED, null, proxy=null: (...->CS.crCo->H.CS.crCo->H.CS.crCo.pICR)->CSW.hCCC(cap/cast)@E-E-AhU
08-23 19:46:06.193 1452 4456 I Telecom : Event: RecordEntry TC@8: AUDIO_INFO, setRingbackRequested=false: (...->CS.crCo->H.CS.crCo->H.CS.crCo.pICR)->CSW.hCCC(cap/cast)@E-E-AhU
08-23 19:46:06.205 1452 4456 I Telecom:SamsungTelecomServiceImpl: getDefaultDialerPackage - callingPid : 1452 / processName : sts
08-23 19:46:06.211 1452 4456 I Telecom : Event: RecordEntry TC@8: REQUEST_BLOCKING_SUPPRESSED, null: (...->CS.crCo->H.CS.crCo->H.CS.crCo.pICR)->CSW.hCCC(cap/cast)@E-E-AhU
08-23 19:46:06.211 1452 17391 I Telecom : AppLabelProxy: package com.callapp.contacts: name is CallApp Contacts
08-23 19:46:06.212 1452 17380 W Telecom : AppLabelProxy: Could not determine app label. Package name is null
08-23 19:46:06.213 1452 2519 I Telecom : Event: RecordEntry TC@8: BLOCKING_SUPPRESSED_INITIATED, null
08-23 19:46:06.217 1452 2519 I Telecom : Event: RecordEntry TC@8: BLOCKING_SUPPRESSED_FINISHED, NO_SUPPRESSED
08-23 19:46:06.218 1452 2519 I Telecom : Event: RecordEntry TC@8: BLOCKING_SUPPRESSED_COMPLETED, false
08-23 19:46:06.218 1452 4456 I Telecom : Event: RecordEntry TC@8: NO_BLOCKING_SUPPRESSED, 2000: (...->CS.crCo->H.CS.crCo->H.CS.crCo.pICR)->CSW.hCCC(cap/cast)@E-E-AhU
08-23 19:46:06.218 1452 4456 I Telecom:SamsungCallScreeningServiceFilterManager: There are no call screening services installed on this device.
08-23 19:46:06.219 1452 4456 I Telecom : Event: RecordEntry TC@8: NO_MANAGER_SCREENING_FILTERING, There are no call screening services installed on this device.: (...->CS.crCo->H.CS.crCo->H.CS.crCo.pICR)->CSW.hCCC(cap/cast)@E-E-AhU
08-23 19:46:06.221 1452 4456 I Telecom : Event: RecordEntry TC@8: FILTERING_INITIATED, 13: (...->CS.crCo->H.CS.crCo->H.CS.crCo.pICR)->CSW.hCCC(cap/cast)@E-E-AhU
08-23 19:46:06.222 1452 4456 I Telecom : IncomingCallFilterGraph: Filter com.android.server.telecom.callfiltering.CallFilter@5e7a0b9 scheduled.: (...->CS.crCo->H.CS.crCo->H.CS.crCo.pICR)->CSW.hCCC(cap/cast)@E-E-AhU
08-23 19:46:06.223 1452 17389 I Telecom : IncomingCallFilterGraph: Filter com.android.server.telecom.callfiltering.CallFilter@5e7a0b9 done, result: [Allow, logged, notified].: (...->CS.crCo->H.CS.crCo->H.CS.crCo.pICR)->CSW.hCCC->ICFG.sF->ICFG.sF(cap/cast)@E-E-AhU
08-23 19:46:06.223 1452 17389 I Telecom : IncomingCallFilterGraph: Filter com.android.server.telecom.callfiltering.DirectToVoicemailFilter@d9e4c5f scheduled.: (...->CS.crCo->H.CS.crCo->H.CS.crCo.pICR)->CSW.hCCC->ICFG.sF->ICFG.sF(cap/cast)@E-E-AhU
08-23 19:46:06.223 1452 4456 I Telecom : Event: RecordEntry TC@8: SUCCESSFUL_INCOMING_CALL, null: (...->CS.crCo->H.CS.crCo->H.CS.crCo.pICR)->CSW.hCCC(cap/cast)@E-E-AhU
08-23 19:46:06.223 1452 17389 I Telecom : IncomingCallFilterGraph: Filter com.android.server.telecom.callfiltering.BlockCheckerFilter@825a6ac scheduled.: (...->CS.crCo->H.CS.crCo->H.CS.crCo.pICR)->CSW.hCCC->ICFG.sF->ICFG.sF(cap/cast)@E-E-AhU
08-23 19:46:06.223 1452 4456 I Telecom:SamsungConnectionServiceWrapper: handleCreateConnectionComplete - callId : TC@8_1 / telecomCallId : TC@8_1
08-23 19:46:06.223 1452 17389 I Telecom : IncomingCallFilterGraph: Filter com.samsung.server.telecom.advancedcall.video.SamsungVideoCallIncomingCallFiltering@5d88f75 scheduled.: (...->CS.crCo->H.CS.crCo->H.CS.crCo.pICR)->CSW.hCCC->ICFG.sF->ICFG.sF(cap/cast)@E-E-AhU
08-23 19:46:06.223 1452 4456 I Telecom : ConnectionServiceWrapper: TC -> CS[cap]: createConnectionComplete TC@8_1: (...->CS.crCo->H.CS.crCo->H.CS.crCo.pICR)->CSW.hCCC(cap/cast)@E-E-AhU
08-23 19:46:06.224 1452 17389 I Telecom : IncomingCallFilterGraph: Filter com.samsung.server.telecom.advancedcall.filtering.accessibility.SamsungAccessControlIncomingCallFiltering@268eb0a scheduled.: (...->CS.crCo->H.CS.crCo->H.CS.crCo.pICR)->CSW.hCCC->ICFG.sF->ICFG.sF(cap/cast)@E-E-AhU
08-23 19:46:06.224 1452 17389 I Telecom : IncomingCallFilterGraph: Filter com.samsung.server.telecom.advancedcall.autoanswer.SamsungAutomaticAnsweringMachineIncomingCallFiltering@2054f7b scheduled.: (...->CS.crCo->H.CS.crCo->H.CS.crCo.pICR)->CSW.hCCC->ICFG.sF->ICFG.sF(cap/cast)@E-E-AhU
08-23 19:46:06.224 1452 17389 I Telecom : IncomingCallFilterGraph: Filter com.samsung.server.telecom.advancedcall.filtering.autoreject.SamsungAutoRejectIncomingCallFiltering@e9c8198 scheduled.: (...->CS.crCo->H.CS.crCo->H.CS.crCo.pICR)->CSW.hCCC->ICFG.sF->ICFG.sF(cap/cast)@E-E-AhU
08-23 19:46:06.224 1452 17389 I Telecom : IncomingCallFilterGraph: Filter com.samsung.server.telecom.advancedcall.filtering.internationalcalllock.SamsungInternationalCallLockIncomingCallFiltering@bafadf1 scheduled.: (...->CS.crCo->H.CS.crCo->H.CS.crCo.pICR)->CSW.hCCC->ICFG.sF->ICFG.sF(cap/cast)@E-E-AhU
08-23 19:46:06.224 1452 17389 I Telecom : IncomingCallFilterGraph: Filter com.samsung.server.telecom.advancedcall.multinumber.SamsungTwoPhoneIncomingCallFiltering@a32add6 scheduled.: (...->CS.crCo->H.CS.crCo->H.CS.crCo.pICR)->CSW.hCCC->ICFG.sF->ICFG.sF(cap/cast)@E-E-AhU
08-23 19:46:06.225 1452 17389 I Telecom : IncomingCallFilterGraph: Filter com.samsung.server.telecom.advancedcall.rtt.SamsungRttIncomingCallFiltering@20f6857 scheduled.: (...->CS.crCo->H.CS.crCo->H.CS.crCo.pICR)->CSW.hCCC->ICFG.sF->ICFG.sF(cap/cast)@E-E-AhU
08-23 19:46:06.225 1452 17389 I Telecom : IncomingCallFilterGraph: Filter com.samsung.server.telecom.advancedcall.secure.vipmode.SamsungVipModeIncomingCallFiltering@ca41f44 scheduled.: (...->CS.crCo->H.CS.crCo->H.CS.crCo.pICR)->CSW.hCCC->ICFG.sF->ICFG.sF(cap/cast)@E-E-AhU
08-23 19:46:06.225 1452 17389 I Telecom : IncomingCallFilterGraph: Filter com.samsung.server.telecom.advancedcall.tphone.SamsungTPhoneIncomingCallFiltering@600382d scheduled.: (...->CS.crCo->H.CS.crCo->H.CS.crCo.pICR)->CSW.hCCC->ICFG.sF->ICFG.sF(cap/cast)@E-E-AhU
08-23 19:46:06.226 1452 17389 I Telecom : Event: RecordEntry TC@8: DIRECT_TO_VM_INITIATED, null: (...->CS.crCo->H.CS.crCo->H.CS.crCo.pICR)->CSW.hCCC->ICFG.sF->ICFG.sF->ICFG.sF(cap/cast)@E-E-AhU
08-23 19:46:06.226 1452 1452 I Telecom:SamsungCallerInfoAsyncQueryFactory: CallerInfoAsyncQuery.startQuery number =81******33 cookie= (...->CS.crCo->H.CS.crCo->H.CS.crCo.pICR)->CSW.hCCC->ICFG.sF->ICFG.sF->ICFG.sF->CILH.sL->CILH.sL(cap/cast)@E-E-AhU
08-23 19:46:06.227 1452 17389 I Telecom : Event: RecordEntry TC@8: BLOCK_CHECK_INITIATED, null: (...->CS.crCo->H.CS.crCo->H.CS.crCo.pICR)->CSW.hCCC->ICFG.sF->ICFG.sF->ICFG.sF(cap/cast)@E-E-AhU
08-23 19:46:06.228 1452 1452 I Telecom:SamsungCallerInfoQueryCompleteListener: SamsungCallerInfoQueryCompleteListener - create
08-23 19:46:06.228 2050 2050 I TelecomFramework: TelephonyConnectionService: notifyCreateConnectionComplete TC@8_1: (...->CSW.hCCC)->CS.crCoC->H.CS.crCoC(cap/cast)@E-E-E-AhU
08-23 19:46:06.235 1452 17389 I Telecom : CallerInfoLookupHelper: There is a previously incomplete query for handle tel:**********. Adding to listeners for this query.: (...->CS.crCo->H.CS.crCo->H.CS.crCo.pICR)->CSW.hCCC->ICFG.sF->ICFG.sF->ICFG.sF(cap/cast)@E-E-AhU
08-23 19:46:06.237 1452 17389 I Telecom : Event: RecordEntry TC@8: INCOMING_FILTERING_INITIATED, SamsungVideoCallIncomingCallFiltering: (...->CS.crCo->H.CS.crCo->H.CS.crCo.pICR)->CSW.hCCC->ICFG.sF->ICFG.sF->ICFG.sF(cap/cast)@E-E-AhU
08-23 19:46:06.237 1452 17389 I Telecom:SamsungIncomingCallFilter: SamsungVideoCallIncomingCallFiltering@98078581 startFilterLookup
08-23 19:46:06.237 1452 17389 I Telecom:SamsungModeRepositoryImpl: isEmergencyMode : false
08-23 19:46:06.237 1452 17389 I Telecom:SamsungModeRepositoryImpl: isUltraPowerSavingMode : false
08-23 19:46:06.237 1452 17389 I Telecom:SamsungModeRepositoryImpl: isUltraPowerSavingMode : false
08-23 19:46:06.238 1452 17389 I Telecom:SamsungModeRepositoryImpl: isMaximumPowerSavingMode : false
08-23 19:46:06.238 1452 17389 I Telecom:SamsungModeRepositoryImpl: isUltraPowerSavingMode : false
08-23 19:46:06.238 1452 17389 I Telecom:SamsungVideoCallIncomingCallFiltering: startFilterLookup - filterCase=0, isVideoCall=false, isEmergencyMode=false, isPowerSavingModes=false, isUltraPowerSavingMode=false, isPstnCallServicePhoneAccount= true
08-23 19:46:06.239 1452 17389 I Telecom : Event: RecordEntry TC@8: INCOMING_FILTERING_FINISHED, SamsungVideoCallIncomingCallFiltering, 28, filterCase=0, isVideoCall=false, isEmergencyMode=false, isPowerSavingModes=false, isUltraPowerSavingMode=false, isPstnCallServicePhoneAccount= true: (...->CS.crCo->H.CS.crCo->H.CS.crCo.pICR)->CSW.hCCC->ICFG.sF->ICFG.sF->ICFG.sF(cap/cast)@E-E-AhU
08-23 19:46:06.239 1452 17389 I Telecom:SamsungIncomingCallFilter: SamsungVideoCallIncomingCallFiltering@98078581 reportCallFilterResult [Allow, logged, notified] elapsedTime = 28
08-23 19:46:06.240 1452 17389 I Telecom : Event: RecordEntry TC@8: INCOMING_FILTERING_INITIATED, SamsungAccessControlIncomingCallFiltering: (...->CS.crCo->H.CS.crCo->H.CS.crCo.pICR)->CSW.hCCC->ICFG.sF->ICFG.sF->ICFG.sF(cap/cast)@E-E-AhU
08-23 19:46:06.240 1452 17389 I Telecom:SamsungIncomingCallFilter: SamsungAccessControlIncomingCallFiltering@40430346 startFilterLookup
08-23 19:46:06.240 1452 17389 I Telecom:SamsungSettingsRepositoryImpl: isAccessControlEnabled : false
08-23 19:46:06.241 1452 17389 I Telecom : Event: RecordEntry TC@8: INCOMING_FILTERING_FINISHED, SamsungAccessControlIncomingCallFiltering, 21, isAccessControlEnabled=false: (...->CS.crCo->H.CS.crCo->H.CS.crCo.pICR)->CSW.hCCC->ICFG.sF->ICFG.sF->ICFG.sF(cap/cast)@E-E-AhU
08-23 19:46:06.241 1452 17389 I Telecom:SamsungIncomingCallFilter: SamsungAccessControlIncomingCallFiltering@40430346 reportCallFilterResult [Allow, logged, notified] elapsedTime = 21
08-23 19:46:06.242 1452 17389 I Telecom : Event: RecordEntry TC@8: INCOMING_FILTERING_INITIATED, SamsungAutomaticAnsweringMachineIncomingCallFiltering: (...->CS.crCo->H.CS.crCo->H.CS.crCo.pICR)->CSW.hCCC->ICFG.sF->ICFG.sF->ICFG.sF(cap/cast)@E-E-AhU
08-23 19:46:06.242 1452 17389 I Telecom:SamsungIncomingCallFilter: SamsungAutomaticAnsweringMachineIncomingCallFiltering@33902459 startFilterLookup
08-23 19:46:06.242 1452 17389 I Telecom:SamsungAutomaticAnsweringMachineIncomingCallFiltering: isAutoAnsweringModeOn : false
08-23 19:46:06.242 1452 17389 I Telecom : Event: RecordEntry TC@8: INCOMING_FILTERING_FINISHED, SamsungAutomaticAnsweringMachineIncomingCallFiltering, 23, isAutoAnsweringModeOn=false: (...->CS.crCo->H.CS.crCo->H.CS.crCo.pICR)->CSW.hCCC->ICFG.sF->ICFG.sF->ICFG.sF(cap/cast)@E-E-AhU
08-23 19:46:06.243 1452 17389 I Telecom:SamsungIncomingCallFilter: SamsungAutomaticAnsweringMachineIncomingCallFiltering@33902459 reportCallFilterResult [Allow, logged, notified] elapsedTime = 23
08-23 19:46:06.243 1452 17389 I Telecom : Event: RecordEntry TC@8: INCOMING_FILTERING_INITIATED, SamsungAutoRejectIncomingCallFiltering: (...->CS.crCo->H.CS.crCo->H.CS.crCo.pICR)->CSW.hCCC->ICFG.sF->ICFG.sF->ICFG.sF(cap/cast)@E-E-AhU
08-23 19:46:06.243 1452 17389 I Telecom:SamsungIncomingCallFilter: SamsungAutoRejectIncomingCallFiltering@245137816 startFilterLookup
08-23 19:46:06.243 1452 17389 I Telecom:SamsungAutoRejectIncomingCallFiltering: isSktTPhoneMode : false
08-23 19:46:06.244 1452 17389 I Telecom:SamsungAutoRejectIncomingCallFiltering: getBlockNumberExtra - presentation : 1
08-23 19:46:06.245 1452 17389 I Telecom:SamsungBlockNumbersRepositoryImpl: isBlockingNumber phoneNumber : 81******33
08-23 19:46:06.246 1452 17389 D StorageManagerService: getExternalStorageMountMode: uid=1001 packageName=com.samsung.android.app.telephonyui
08-23 19:46:06.248 1452 17389 D CompatibilityChangeReporter: Compat change id reported: 135634846; UID 1001; state: DISABLED
08-23 19:46:06.249 1452 17389 W ActivityManager: wait for provider publish: waiters=1 callerApp=ProcessRecord{ec35cb7 1452:system/1000} cpr=ContentProviderRecord{23832f3 u0 com.samsung.android.app.telephonyui/.callsettings.provider.CallSettingsProvider}
08-23 19:46:06.267 1452 1573 I ActivityManager: Start proc 17392:com.samsung.android.app.telephonyui:callsettingsprovider/1001 for content provider {com.samsung.android.app.telephonyui/com.samsung.android.app.telephonyui.callsettings.provider.CallSettingsProvider}
08-23 19:46:06.267 1452 1452 I Telecom:SamsungCallerInfoQueryCompleteListener: onQueryComplete - start : CallerInfo - name : M**a / contactRingtoneUri : null / number : 81 ******133 / cnapName : null
08-23 19:46:06.267 1452 1452 I Telecom:SamsungCallerInfoQueryCompleteListener: onQueryComplete end
08-23 19:46:06.267 1452 17382 I Telecom:SamsungCallerInfoQueryCompleteListener: updateCallerInfo : android.telecom.CallerInfo@3850d6b { name non-null, phoneNumber non-null }
08-23 19:46:06.267 1452 1452 I Telecom:SamsungCallerInfoQueryCompleteListener: SamsungCallerInfoQueryCompleteListener [doOnSuccess] - CallerInfo - name : M**a / contactRingtoneUri : null / number : 81 ******133 / cnapName : null
08-23 19:46:06.267 1452 1452 I Telecom:SamsungCallerInfoQueryCompleteListener: onQueryComplete : CallerInfo - name : M**a / contactRingtoneUri : null / number : 81 ******133 / cnapName : null
08-23 19:46:06.268 1452 1452 I Telecom : CallerInfoLookupHelper: CI query for handle tel:********** has completed; notifying all listeners.: (...->CS.crCo->H.CS.crCo->H.CS.crCo.pICR)->CSW.hCCC->ICFG.sF->ICFG.sF->ICFG.sF->CILH.sL->CILH.oQC(cap/cast)@E-E-AhU
08-23 19:46:06.268 1452 1452 I Telecom : Event: RecordEntry TC@8: DIRECT_TO_VM_FINISHED, null: (...->CS.crCo->H.CS.crCo->H.CS.crCo.pICR)->CSW.hCCC->ICFG.sF->ICFG.sF->ICFG.sF->CILH.sL->CILH.oQC(cap/cast)@E-E-AhU
08-23 19:46:06.282 1452 1452 I Telecom : CallerInfoLookupHelper: There is no photo for this contact, skipping photo query: (...->CS.crCo->H.CS.crCo->H.CS.crCo.pICR)->CSW.hCCC->ICFG.sF->ICFG.sF->ICFG.sF->CILH.sL->CILH.oQC(cap/cast)@E-E-AhU
08-23 19:46:06.304 1452 4456 I ActivityManager: DSS OFF for com.samsung.android.app.telephonyui
08-23 19:46:06.307 1452 4456 D ActivityManager: attachApplicationLocked() app=ProcessRecord{f03d162 17392:com.samsung.android.app.telephonyui:callsettingsprovider/1001} app.isolatedEntryPoint=null instr2=null
08-23 19:46:06.311 1452 17390 I Telecom : Event: RecordEntry TC@8: BLOCK_CHECK_FINISHED, not blocked [Allow, logged, notified, contact exists]: (...->CS.crCo->H.CS.crCo->H.CS.crCo.pICR)->CSW.hCCC->ICFG.sF->ICFG.sF->ICFG.sF->CILH.sL->CILH.oQC->BCF.gBS->BCF.gBS(cap/cast)@E-E-AhU
08-23 19:46:06.313 17392 17392 D ActivityThread: handleBindApplication()++ app=com.samsung.android.app.telephonyui:callsettingsprovider
08-23 19:46:06.420 1452 17389 I GenerationRegistry: mBackingStore.isClosed() : false
08-23 19:46:06.455 1452 17389 I GenerationRegistry: mBackingStore.isClosed() : false
08-23 19:46:06.482 1452 17389 I Telecom:SamsungBlockNumbersRepositoryImpl: isBlockingNumber [doOnSuccess] - false
08-23 19:46:06.483 1452 17389 I Telecom:SamsungAutoRejectIncomingCallFiltering: isBlockNumber=false
08-23 19:46:06.484 1452 17389 I Telecom : Event: RecordEntry TC@8: INCOMING_FILTERING_FINISHED, SamsungAutoRejectIncomingCallFiltering, 264, isSktTPhoneMode=false, isBlockNumber=false: (...->CS.crCo->H.CS.crCo->H.CS.crCo.pICR)->CSW.hCCC->ICFG.sF->ICFG.sF->ICFG.sF(cap/cast)@E-E-AhU
08-23 19:46:06.484 1452 17389 I Telecom:SamsungIncomingCallFilter: SamsungAutoRejectIncomingCallFiltering@245137816 reportCallFilterResult [Allow, logged, notified] elapsedTime = 264
08-23 19:46:06.484 1452 17389 I Telecom : Event: RecordEntry TC@8: INCOMING_FILTERING_INITIATED, SamsungInternationalCallLockIncomingCallFiltering: (...->CS.crCo->H.CS.crCo->H.CS.crCo.pICR)->CSW.hCCC->ICFG.sF->ICFG.sF->ICFG.sF(cap/cast)@E-E-AhU
08-23 19:46:06.484 1452 17389 I Telecom:SamsungIncomingCallFilter: SamsungInternationalCallLockIncomingCallFiltering@196062705 startFilterLookup
08-23 19:46:06.485 1452 17389 I Telecom : Event: RecordEntry TC@8: INCOMING_FILTERING_FINISHED, SamsungInternationalCallLockIncomingCallFiltering, 265, isInternationalCallLock=false: (...->CS.crCo->H.CS.crCo->H.CS.crCo.pICR)->CSW.hCCC->ICFG.sF->ICFG.sF->ICFG.sF(cap/cast)@E-E-AhU
08-23 19:46:06.485 1452 17389 I Telecom:SamsungIncomingCallFilter: SamsungInternationalCallLockIncomingCallFiltering@196062705 reportCallFilterResult [Allow, logged, notified] elapsedTime = 265
08-23 19:46:06.485 1452 17389 I Telecom : Event: RecordEntry TC@8: INCOMING_FILTERING_INITIATED, SamsungTwoPhoneIncomingCallFiltering: (...->CS.crCo->H.CS.crCo->H.CS.crCo.pICR)->CSW.hCCC->ICFG.sF->ICFG.sF->ICFG.sF(cap/cast)@E-E-AhU
08-23 19:46:06.485 1452 17389 I Telecom:SamsungIncomingCallFilter: SamsungTwoPhoneIncomingCallFiltering@171093462 startFilterLookup
08-23 19:46:06.486 1452 17389 I Telecom : Event: RecordEntry TC@8: INCOMING_FILTERING_FINISHED, SamsungTwoPhoneIncomingCallFiltering, 266, two phone not supported: (...->CS.crCo->H.CS.crCo->H.CS.crCo.pICR)->CSW.hCCC->ICFG.sF->ICFG.sF->ICFG.sF(cap/cast)@E-E-AhU
08-23 19:46:06.486 1452 17389 I Telecom:SamsungIncomingCallFilter: SamsungTwoPhoneIncomingCallFiltering@171093462 reportCallFilterResult [Allow, logged, notified] elapsedTime = 266
08-23 19:46:06.486 1452 17389 I Telecom : Event: RecordEntry TC@8: INCOMING_FILTERING_INITIATED, SamsungRttIncomingCallFiltering: (...->CS.crCo->H.CS.crCo->H.CS.crCo.pICR)->CSW.hCCC->ICFG.sF->ICFG.sF->ICFG.sF(cap/cast)@E-E-AhU
08-23 19:46:06.486 1452 17389 I Telecom:SamsungIncomingCallFilter: SamsungRttIncomingCallFiltering@34564183 startFilterLookup
08-23 19:46:06.487 1452 17389 I Telecom : Event: RecordEntry TC@8: INCOMING_FILTERING_FINISHED, SamsungRttIncomingCallFiltering, 266, rtt calls not supported: (...->CS.crCo->H.CS.crCo->H.CS.crCo.pICR)->CSW.hCCC->ICFG.sF->ICFG.sF->ICFG.sF(cap/cast)@E-E-AhU
08-23 19:46:06.487 1452 17389 I Telecom:SamsungIncomingCallFilter: SamsungRttIncomingCallFiltering@34564183 reportCallFilterResult [Allow, logged, notified] elapsedTime = 266
08-23 19:46:06.487 1452 17389 I Telecom : Event: RecordEntry TC@8: INCOMING_FILTERING_INITIATED, SamsungVipModeIncomingCallFiltering: (...->CS.crCo->H.CS.crCo->H.CS.crCo.pICR)->CSW.hCCC->ICFG.sF->ICFG.sF->ICFG.sF(cap/cast)@E-E-AhU
08-23 19:46:06.487 1452 17389 I Telecom:SamsungIncomingCallFilter: SamsungVipModeIncomingCallFiltering@212082500 startFilterLookup
08-23 19:46:06.488 1452 17389 I Telecom : Event: RecordEntry TC@8: INCOMING_FILTERING_FINISHED, SamsungVipModeIncomingCallFiltering, 267, vip mode not supported: (...->CS.crCo->H.CS.crCo->H.CS.crCo.pICR)->CSW.hCCC->ICFG.sF->ICFG.sF->ICFG.sF(cap/cast)@E-E-AhU
08-23 19:46:06.488 1452 17389 I Telecom:SamsungIncomingCallFilter: SamsungVipModeIncomingCallFiltering@212082500 reportCallFilterResult [Allow, logged, notified] elapsedTime = 267
08-23 19:46:06.488 1452 17389 I Telecom : Event: RecordEntry TC@8: INCOMING_FILTERING_INITIATED, SamsungTPhoneIncomingCallFiltering: (...->CS.crCo->H.CS.crCo->H.CS.crCo.pICR)->CSW.hCCC->ICFG.sF->ICFG.sF->ICFG.sF(cap/cast)@E-E-AhU
08-23 19:46:06.488 1452 17389 I Telecom:SamsungIncomingCallFilter: SamsungTPhoneIncomingCallFiltering@100677677 startFilterLookup
08-23 19:46:06.489 1452 17389 I Telecom:SamsungTPhoneIncomingCallFiltering: isSktTPhoneMode : false
08-23 19:46:06.489 1452 17389 I Telecom : Event: RecordEntry TC@8: INCOMING_FILTERING_FINISHED, SamsungTPhoneIncomingCallFiltering, 268, isSktTPhoneMode=false: (...->CS.crCo->H.CS.crCo->H.CS.crCo.pICR)->CSW.hCCC->ICFG.sF->ICFG.sF->ICFG.sF(cap/cast)@E-E-AhU
08-23 19:46:06.489 1452 17389 I Telecom:SamsungIncomingCallFilter: SamsungTPhoneIncomingCallFiltering@100677677 reportCallFilterResult [Allow, logged, notified] elapsedTime = 268
08-23 19:46:06.489 1452 17389 I Telecom : IncomingCallFilterGraph: Filter com.samsung.server.telecom.advancedcall.video.SamsungVideoCallIncomingCallFiltering@5d88f75 done, result: [Allow, logged, notified].: (...->CS.crCo->H.CS.crCo->H.CS.crCo.pICR)->CSW.hCCC->ICFG.sF->ICFG.sF->ICFG.sF->ICFG.sF(cap/cast)@E-E-AhU
08-23 19:46:06.489 1452 17389 I Telecom : IncomingCallFilterGraph: Filter com.samsung.server.telecom.advancedcall.filtering.accessibility.SamsungAccessControlIncomingCallFiltering@268eb0a done, result: [Allow, logged, notified].: (...->CS.crCo->H.CS.crCo->H.CS.crCo.pICR)->CSW.hCCC->ICFG.sF->ICFG.sF->ICFG.sF->ICFG.sF(cap/cast)@E-E-AhU
08-23 19:46:06.490 1452 17389 I Telecom : IncomingCallFilterGraph: Filter com.samsung.server.telecom.advancedcall.autoanswer.SamsungAutomaticAnsweringMachineIncomingCallFiltering@2054f7b done, result: [Allow, logged, notified].: (...->CS.crCo->H.CS.crCo->H.CS.crCo.pICR)->CSW.hCCC->ICFG.sF->ICFG.sF->ICFG.sF->ICFG.sF(cap/cast)@E-E-AhU
08-23 19:46:06.490 1452 17389 I Telecom : IncomingCallFilterGraph: Filter com.android.server.telecom.callfiltering.DirectToVoicemailFilter@d9e4c5f done, result: [Allow, logged, notified, contact exists].: (...->CS.crCo->H.CS.crCo->H.CS.crCo.pICR)->CSW.hCCC->ICFG.sF->ICFG.sF->ICFG.sF->CILH.sL->CILH.oQC->ICFG.sF(cap/cast)@E-E-AhU
08-23 19:46:06.490 1452 17389 I Telecom : IncomingCallFilterGraph: Filter com.android.server.telecom.callfiltering.BlockCheckerFilter@825a6ac done, result: [Allow, logged, notified, contact exists].: (...->CS.crCo->H.CS.crCo->H.CS.crCo.pICR)->CSW.hCCC->ICFG.sF->ICFG.sF->ICFG.sF->CILH.sL->CILH.oQC->BCF.gBS->BCF.gBS->ICFG.sF(cap/cast)@E-E-AhU
08-23 19:46:06.490 1452 17389 I Telecom : IncomingCallFilterGraph: Filter com.samsung.server.telecom.advancedcall.filtering.autoreject.SamsungAutoRejectIncomingCallFiltering@e9c8198 done, result: [Allow, logged, notified].: (...->CS.crCo->H.CS.crCo->H.CS.crCo.pICR)->CSW.hCCC->ICFG.sF->ICFG.sF->ICFG.sF->ICFG.sF(cap/cast)@E-E-AhU
08-23 19:46:06.490 1452 17389 I Telecom : IncomingCallFilterGraph: Filter com.samsung.server.telecom.advancedcall.filtering.internationalcalllock.SamsungInternationalCallLockIncomingCallFiltering@bafadf1 done, result: [Allow, logged, notified].: (...->CS.crCo->H.CS.crCo->H.CS.crCo.pICR)->CSW.hCCC->ICFG.sF->ICFG.sF->ICFG.sF->ICFG.sF(cap/cast)@E-E-AhU
08-23 19:46:06.491 1452 17389 I Telecom : IncomingCallFilterGraph: Filter com.samsung.server.telecom.advancedcall.multinumber.SamsungTwoPhoneIncomingCallFiltering@a32add6 done, result: [Allow, logged, notified].: (...->CS.crCo->H.CS.crCo->H.CS.crCo.pICR)->CSW.hCCC->ICFG.sF->ICFG.sF->ICFG.sF->ICFG.sF(cap/cast)@E-E-AhU
08-23 19:46:06.491 1452 17389 I Telecom : IncomingCallFilterGraph: Filter com.samsung.server.telecom.advancedcall.rtt.SamsungRttIncomingCallFiltering@20f6857 done, result: [Allow, logged, notified].: (...->CS.crCo->H.CS.crCo->H.CS.crCo.pICR)->CSW.hCCC->ICFG.sF->ICFG.sF->ICFG.sF->ICFG.sF(cap/cast)@E-E-AhU
08-23 19:46:06.491 1452 17389 I Telecom : IncomingCallFilterGraph: Filter com.samsung.server.telecom.advancedcall.secure.vipmode.SamsungVipModeIncomingCallFiltering@ca41f44 done, result: [Allow, logged, notified].: (...->CS.crCo->H.CS.crCo->H.CS.crCo.pICR)->CSW.hCCC->ICFG.sF->ICFG.sF->ICFG.sF->ICFG.sF(cap/cast)@E-E-AhU
08-23 19:46:06.491 1452 17389 I Telecom : IncomingCallFilterGraph: Filter com.samsung.server.telecom.advancedcall.tphone.SamsungTPhoneIncomingCallFiltering@600382d done, result: [Allow, logged, notified].: (...->CS.crCo->H.CS.crCo->H.CS.crCo.pICR)->CSW.hCCC->ICFG.sF->ICFG.sF->ICFG.sF->ICFG.sF(cap/cast)@E-E-AhU
08-23 19:46:06.492 1452 17389 I Telecom : IncomingCallFilterGraph: Filter com.android.server.telecom.callfiltering.CallScreeningServiceFilter@d96f8d1: null scheduled.: (...->CS.crCo->H.CS.crCo->H.CS.crCo.pICR)->CSW.hCCC->ICFG.sF->ICFG.sF->ICFG.sF->ICFG.sF(cap/cast)@E-E-AhU
08-23 19:46:06.492 1452 17389 I Telecom : Event: RecordEntry TC@8: SCREENING_SKIPPED, null, 0: (...->CS.crCo->H.CS.crCo->H.CS.crCo.pICR)->CSW.hCCC->ICFG.sF->ICFG.sF->ICFG.sF->ICFG.sF->ICFG.sF(cap/cast)@E-E-AhU
08-23 19:46:06.493 1452 17389 I Telecom : IncomingCallFilterGraph: Filter com.android.server.telecom.callfiltering.CallScreeningServiceFilter@d96f8d1: null done, result: [Allow, logged, notified, contact exists].: (...->CS.crCo->H.CS.crCo->H.CS.crCo.pICR)->CSW.hCCC->ICFG.sF->ICFG.sF->ICFG.sF->ICFG.sF->ICFG.sF->ICFG.sF(cap/cast)@E-E-AhU
08-23 19:46:06.493 1452 17389 I Telecom : IncomingCallFilterGraph: Filter com.android.server.telecom.callfiltering.CallScreeningServiceFilter@bbdcf36: com.callapp.contacts scheduled.: (...->CS.crCo->H.CS.crCo->H.CS.crCo.pICR)->CSW.hCCC->ICFG.sF->ICFG.sF->ICFG.sF->ICFG.sF->ICFG.sF->ICFG.sF(cap/cast)@E-E-AhU
08-23 19:46:06.493 1452 17389 I Telecom : Event: RecordEntry TC@8: SCREENING_SENT, com.callapp.contacts, 1: (...->CS.crCo->H.CS.crCo->H.CS.crCo.pICR)->CSW.hCCC->ICFG.sF->ICFG.sF->ICFG.sF->ICFG.sF->ICFG.sF->ICFG.sF->ICFG.sF(cap/cast)@E-E-AhU
08-23 19:46:06.499 1452 17389 I Telecom : Event: RecordEntry TC@8: BIND_SCREENING, com.callapp.contacts, succeeded: (...->CS.crCo->H.CS.crCo->H.CS.crCo.pICR)->CSW.hCCC->ICFG.sF->ICFG.sF->ICFG.sF->ICFG.sF->ICFG.sF->ICFG.sF->ICFG.sF(cap/cast)@E-E-AhU
08-23 19:46:06.512 1452 1452 I Telecom:SamsungTelecomServiceImpl: getSystemDialerPackage - callingPid : 1452 / processName : sts
08-23 19:46:06.512 1452 1452 I Telecom : Event: RecordEntry TC@8: SCREENING_BOUND, ComponentInfo{com.callapp.contacts/com.callapp.contacts.inCallService.CallAppCallScreeningService}, false
08-23 19:46:06.514 1452 1452 I Telecom:SamsungTelecomServiceImpl: getSystemDialerPackage - callingPid : 1452 / processName : sts
08-23 19:46:06.514 1452 1452 I Telecom : CallScreeningServiceFilter: isPackageSystemApp - getApplicationInfo start
08-23 19:46:06.514 1452 1452 I Telecom : CallScreeningServiceFilter: isPackageSystemApp - getApplicationInfo end
08-23 19:46:06.515 1452 1452 I Telecom : CallScreeningServiceConnection: Binding completed.
08-23 19:46:06.569 1452 17389 I Telecom : IncomingCallFilterGraph: Filter com.android.server.telecom.callfiltering.CallScreeningServiceFilter@bbdcf36: com.callapp.contacts done, result: [Allow, logged, notified, contact exists].: NCSSF.aC->ICFG.sF@Ahg
08-23 19:46:06.570 1452 17389 I Telecom : IncomingCallFilterGraph: Filter com.android.server.telecom.callfiltering.CallFilter@f2226d3 scheduled.: NCSSF.aC->ICFG.sF@Ahg
08-23 19:46:06.570 1452 17389 I Telecom : IncomingCallFilterGraph: Filter com.android.server.telecom.callfiltering.CallFilter@f2226d3 done, result: [Allow, logged, notified, contact exists].: NCSSF.aC->ICFG.sF->ICFG.sF->ICFG.sF@Ahg
08-23 19:46:06.571 1452 17389 I Telecom : CallsManager: setCallState NEW -> RINGING, call: [Call id=TC@8, state=NEW, tpac=ComponentInfo{com.android.phone/com.android.services.telephony.TelephonyConnectionService}, ***, UserHandle{0}, cmgr=ComponentInfo{com.android.phone/com.android.services.telephony.TelephonyConnectionService}, ***, UserHandle{0}, handle=tel:**********, vidst=A, childs(0), has_parent(false), cap=[ sup_hld mut !v2a spd_aud], prop=[], caps=[Capabilities: CAPABILITY_SUPPORT_HOLD CAPABILITY_MUTE CAPABILITY_CANNOT_DOWNGRADE_VIDEO_TO_AUDIO CAPABILITY_SPEED_UP_MT_AUDIO], props=[Properties:], conf(false), had_child(false)]: NCSSF.aC->ICFG.sF->ICFG.sF->ICFG.sF@Ahg
