08-23 19:24:14.911 1452 1572 W BroadcastQueue: Skipping deliver [foreground] BroadcastRecord{ae07403 u-1 android.intent.action.SCREEN_ON} to ReceiverList{a620a14 15334 com.opera.max.oem/10160/u0 remote:4d9fc67}: process gone or crashing
08-23 19:24:14.911 1452 1572 W BroadcastQueue: Skipping deliver [foreground] BroadcastRecord{ae07403 u-1 android.intent.action.SCREEN_ON} to ReceiverList{97ff803 15334 com.opera.max.oem/10160/u0 remote:8ca40b2}: process gone or crashing
08-23 19:24:14.911 1452 1572 W BroadcastQueue: Skipping deliver [foreground] BroadcastRecord{ae07403 u-1 android.intent.action.SCREEN_ON} to ReceiverList{217b5fe 15334 com.opera.max.oem/10160/u0 remote:c709db9}: process gone or crashing
08-23 19:24:14.912 1452 1572 W BroadcastQueue: Skipping deliver [foreground] BroadcastRecord{ae07403 u-1 android.intent.action.SCREEN_ON} to ReceiverList{8745c75 15334 com.opera.max.oem/10160/u0 remote:9cc87ac}: process gone or crashing
08-23 19:24:14.912 1452 1572 W BroadcastQueue: Skipping deliver [foreground] BroadcastRecord{ae07403 u-1 android.intent.action.SCREEN_ON} to ReceiverList{a507298 15334 com.opera.max.oem/10160/u0 remote:73e647b}: process gone or crashing
08-23 19:24:14.912 1452 1572 W BroadcastQueue: Skipping deliver [foreground] BroadcastRecord{ae07403 u-1 android.intent.action.SCREEN_ON} to ReceiverList{a44cd57 15334 com.opera.max.oem/10160/u0 remote:7fa86d6}: process gone or crashing
08-23 19:24:14.912 1452 1572 W BroadcastQueue: Skipping deliver [foreground] BroadcastRecord{ae07403 u-1 android.intent.action.SCREEN_ON} to ReceiverList{3f03a62 15334 com.opera.max.oem/10160/u0 remote:ca8a52d}: process gone or crashing
08-23 19:24:14.912 1452 1572 W BroadcastQueue: Skipping deliver [foreground] BroadcastRecord{ae07403 u-1 android.intent.action.SCREEN_ON} to ReceiverList{c976729 15334 com.opera.max.oem/10160/u0 remote:a86fcb0}: process gone or crashing
08-23 19:24:14.912 1452 1572 W BroadcastQueue: Skipping deliver [foreground] BroadcastRecord{ae07403 u-1 android.intent.action.SCREEN_ON} to ReceiverList{cd733dc 15334 com.opera.max.oem/10160/u0 remote:bf6104f}: process gone or crashing
08-23 19:24:14.912 1452 1572 W BroadcastQueue: Skipping deliver [foreground] BroadcastRecord{ae07403 u-1 android.intent.action.SCREEN_ON} to ReceiverList{3f42274 15334 com.opera.max.oem/10160/u0 remote:53dba47}: process gone or crashing
08-23 19:24:14.913 1452 1572 W BroadcastQueue: Skipping deliver [foreground] BroadcastRecord{ae07403 u-1 android.intent.action.SCREEN_ON} to ReceiverList{f7b6c99 15334 com.opera.max.oem/10160/u0 remote:d6af1e0}: process gone or crashing
08-23 19:24:14.913 1452 1572 W BroadcastQueue: Skipping deliver [foreground] BroadcastRecord{ae07403 u-1 android.intent.action.SCREEN_ON} to ReceiverList{5475bd3 15334 com.opera.max.oem/10160/u0 remote:86491c2}: process gone or crashing
08-23 19:24:14.913 1452 1572 W BroadcastQueue: Skipping deliver [foreground] BroadcastRecord{ae07403 u-1 android.intent.action.SCREEN_ON} to ReceiverList{fee080e 15334 com.opera.max.oem/10160/u0 remote:ce3ae09}: process gone or crashing
08-23 19:24:14.913 1452 1572 W BroadcastQueue: Skipping deliver [foreground] BroadcastRecord{ae07403 u-1 android.intent.action.SCREEN_ON} to ReceiverList{834e040 15334 com.opera.max.oem/10160/u0 remote:16edfc3}: process gone or crashing
08-23 19:24:14.913 1452 1572 W BroadcastQueue: Skipping deliver [foreground] BroadcastRecord{ae07403 u-1 android.intent.action.SCREEN_ON} to ReceiverList{2867758 15334 com.opera.max.oem/10160/u0 remote:9aa843b}: process gone or crashing
08-23 19:24:14.924 1452 1949 D ConnectivityService: NetReassign [no changes]
08-23 19:24:14.938 1452 1452 D PowerManagerService: [PWL] sb release: PowerManagerService.Broadcasts
08-23 19:24:15.122 1452 4886 I SamsungAlarmManager: setLocked to kernel - T:2 / 20210823T192545, set=7586973, now=7496199
08-23 19:24:15.123 1452 4886 I SamsungAlarmManager: setLocked to kernel - T:3 / 20210823T192500, set=7541077, now=7496199
08-23 19:24:15.128 1452 4886 D SamsungAlarmManager: setInexact (T:3/F:0/AC:false) 20210823T192515 now=7496205 - CU:10160/CP:16017/OP:PendingIntent{e6efda2: PendingIntentRecord{50e186a com.opera.max.oem broadcastIntent}}
08-23 19:24:15.128 1452 4886 I SamsungAlarmManager: setLocked to kernel - T:2 / 20210823T192545, set=7586973, now=7496205
08-23 19:24:15.128 1452 4886 I SamsungAlarmManager: setLocked to kernel - T:3 / 20210823T192500, set=7541077, now=7496205
08-23 19:24:15.141 2086 2086 W Looper : Slow dispatch took 183ms main h=android.os.AsyncTask$InternalHandler c=null m=1
08-23 19:24:15.143 2086 2086 W Looper : Slow delivery took 182ms main h=com.android.systemui.statusbar.policy.CallbackHandler c=com.android.systemui.statusbar.policy.CallbackHandler$1@9291418 m=0
08-23 19:24:15.321 2086 2086 W Looper : Slow dispatch took 177ms main h=android.view.Choreographer$FrameHandler c=android.view.Choreographer$FrameDisplayEventReceiver@e45fe9b m=0
08-23 19:24:15.343 1452 4886 D SamsungAlarmManager: Cancel Alarm calling from uid:10160 pid :16017 / OP:PendingIntent{e54968f: PendingIntentRecord{b85430f com.opera.max.oem broadcastIntent}}
08-23 19:24:15.345 1452 4886 I SamsungAlarmManager: setLocked to kernel - T:2 / 20210823T192545, set=7586973, now=7496421
08-23 19:24:15.345 1452 4886 I SamsungAlarmManager: setLocked to kernel - T:3 / 20210823T192500, set=7541077, now=7496421
08-23 19:24:15.356 2086 2086 W Looper : Slow dispatch took 35ms main h=com.android.systemui.statusbar.LockscreenNotificationManager$LockscreenNotificationMgrHandler c=null m=101
08-23 19:24:15.371 2086 2086 W Looper : Slow dispatch took 15ms main h=android.view.Choreographer$FrameHandler c=android.view.Choreographer$FrameDisplayEventReceiver@e45fe9b m=0
08-23 19:24:15.381 2086 2086 W Looper : Drained
08-23 19:24:15.490 1452 3620 I SamsungAlarmManager: setLocked to kernel - T:2 / 20210823T192545, set=7586973, now=7496567
08-23 19:24:15.490 1452 3620 I SamsungAlarmManager: setLocked to kernel - T:3 / 20210823T192500, set=7541077, now=7496567
08-23 19:24:15.493 1452 3620 D SamsungAlarmManager: setInexact (T:0/F:0/AC:false) 20210824T165615 now=7496569 - CU:10160/CP:16017/OP:PendingIntent{3bfb0c6: PendingIntentRecord{210e11b com.opera.max.oem broadcastIntent}}
08-23 19:24:15.493 1452 3620 I SamsungAlarmManager: setLocked to kernel - T:2 / 20210823T192545, set=7586973, now=7496570
08-23 19:24:15.493 1452 3620 I SamsungAlarmManager: setLocked to kernel - T:3 / 20210823T192500, set=7541077, now=7496570
08-23 19:24:15.501 1452 3620 D SamsungAlarmManager: Cancel Alarm calling from uid:10160 pid :16017 / OP:PendingIntent{f9ec887: PendingIntentRecord{599e6e com.opera.max.oem broadcastIntent}}
08-23 19:24:15.542 1452 4886 D SamsungAlarmManager: Cancel Alarm calling from uid:10160 pid :16017 / OP:PendingIntent{a956623: PendingIntentRecord{4a445cc com.opera.max.oem broadcastIntent}}
08-23 19:24:15.644 1452 4886 I GenerationRegistry: mBackingStore.isClosed() : false
08-23 19:24:15.795 1452 1572 W BroadcastQueue: Background execution not allowed: receiving Intent { act=android.intent.action.DROPBOX_ENTRY_ADDED flg=0x10 (has extras) } to com.google.android.gms/.stats.service.DropBoxEntryAddedReceiver
08-23 19:24:15.795 1452 1572 W BroadcastQueue: Background execution not allowed: receiving Intent { act=android.intent.action.DROPBOX_ENTRY_ADDED flg=0x10 (has extras) } to com.google.android.gms/.chimera.GmsIntentOperationService$PersistentTrustedReceiver
08-23 19:24:15.826 1452 3620 D SamsungAlarmManager: setInexact (T:3/F:0/AC:false) 20310821T192415 now=7496903 - CU:10164/CP:2781/OP:PendingIntent{1f4c850: PendingIntentRecord{821da49 com.google.android.gms/ startService}}
08-23 19:24:15.826 1452 3620 I SamsungAlarmManager: setLocked to kernel - T:2 / 20210823T192545, set=7586973, now=7496903
08-23 19:24:15.827 1452 3620 I SamsungAlarmManager: setLocked to kernel - T:3 / 20210823T192500, set=7541077, now=7496903
08-23 19:24:15.895 1452 3620 D SamsungAlarmManager: setInexact (T:3/F:0/AC:false) 20310821T192415 now=7496971 - CU:10164/CP:2347/OP:PendingIntent{5395168: PendingIntentRecord{ea58981 com.google.android.gms/ startService}}
08-23 19:24:15.895 1452 3620 I SamsungAlarmManager: setLocked to kernel - T:2 / 20210823T192545, set=7586973, now=7496971
08-23 19:24:15.895 1452 3620 I SamsungAlarmManager: setLocked to kernel - T:3 / 20210823T192500, set=7541077, now=7496971
08-23 19:24:15.977 1452 3500 D PowerManagerService: [api] release WakeLock FULL_WAKE_LOCK 'ORC New message notification LCD on' ACQUIRE_CAUSES_WAKEUP ACQ=-3s3ms (uid=10077 pid=13004 pkg=com.samsung.android.messaging)
08-23 19:24:15.977 1452 3500 D EdgeLightingManager: hideForWakeLock packageName=com.samsung.android.messaging
08-23 19:24:15.977 1452 3500 D EdgeLightingManager: isCallingUserSupported : callingUserId=0, mUserId=0, isDualAppId=false, isKnoxId=false
08-23 19:24:15.977 1452 3500 D EdgeLightingClientManager: isAvailableEdgeLighting: condition=2 mCondition=1 mIsConnected=false0
08-23 19:24:15.977 1452 3500 D EdgeLightingManager: hideForWakeLockInternal : return false by isAvailableEdgeLighting.
08-23 19:24:16.314 1452 4886 D ConnectivityService: requestNetwork for uid/pid:10160/16017 NetworkRequest [ TRACK_DEFAULT id=381, [ Capabilities: INTERNET&NOT_RESTRICTED&TRUSTED Uid: 10160 AdministratorUids: [] RequestorUid: 10160 RequestorPackageName: com.opera.max.oem] ]
08-23 19:24:16.315 1452 1949 D ConnectivityService: NetReassign [381 : null ?? 601]
08-23 19:24:16.340 1452 1547 D SettingsProvider: isChangeAllowed() : name = enabled_notification_listeners
08-23 19:24:16.341 1452 1547 D SettingsProvider: isChangeAllowed() : name = enabled_notification_assistant
08-23 19:24:16.341 1452 1547 D SettingsProvider: isChangeAllowed() : name = enabled_notification_policy_access_packages
08-23 19:24:16.352 1452 4886 W ActivityManager: Unable to start service Intent { act=com.google.android.gms.leibniz.events.service.START pkg=com.google.android.gms } U=0: not found
08-23 19:24:16.353 1452 4886 W ActivityManager: Unbind failed: could not find connection for android.os.BinderProxy@46df0ed
08-23 19:24:16.396 599 599 I io_stats: !@ 179,0 r 1805968 29919817 w 75037 1297312 d 39457 550832 f 41699 50108 iot 718330 566329 th 51200 51200 41500 pt 1070 inp 1 0 1970.216
08-23 19:24:16.714 1452 2228 D CompatibilityChangeReporter: Compat change id reported: 135634846; UID 10160; state: DISABLED
08-23 19:24:16.715 1452 1573 D CompatibilityChangeReporter: Compat change id reported: 143937733; UID 10160; state: ENABLED
08-23 19:24:16.745 1452 1573 I ActivityManager: Start proc 16154:com.google.android.webview:sandboxed_process0:org.chromium.content.app.SandboxedProcessService0:0/u0i41 for {com.opera.max.oem/org.chromium.content.app.SandboxedProcessService0:0}
08-23 19:24:16.745 1452 1573 I ActivityManager: check webview name : com.google.android.webview:sandboxed_process0:org.chromium.content.app.SandboxedProcessService0:0check hostingname webview : {com.opera.max.oem/org.chromium.content.app.SandboxedProcessService0:0}
08-23 19:24:16.784 1452 3620 I ActivityManager: DSS OFF for com.opera.max.oem
08-23 19:24:16.788 1452 3620 D ActivityManager: attachApplicationLocked() app=ProcessRecord{865dfb 16154:com.google.android.webview:sandboxed_process0:org.chromium.content.app.SandboxedProcessService0:0/u0a160i41} app.isolatedEntryPoint=null instr2=null
08-23 19:24:16.807 16154 16154 D ActivityThread: handleBindApplication()++ app=com.google.android.webview:sandboxed_process0:org.chromium.content.app.SandboxedProcessService0:0
08-23 19:24:16.848 16154 16154 D ActivityThread: handleBindApplication() -- skipGraphicsSupport=false
08-23 19:24:16.849 16154 16154 D ActivityThread: ActivityThread::handleMakeApplication() data=AppBindData{appInfo=ApplicationInfo{f9fc0aa com.opera.max.oem}} appContext=android.app.ContextImpl@135049b appContext.mOpPackageName=com.opera.max.oem appContext.mBasePackageName=com.opera.max.oem appContext.mPackageInfo=android.app.LoadedApk@5dc6038 data.restrictedBackupMode= false data.providers= [] Caller=android.app.ActivityThread.handleBindApplication:7446 android.app.ActivityThread.access$1400:301 android.app.ActivityThread$H.handleMessage:2148 android.os.Handler.dispatchMessage:106 android.os.Looper.loop:246 08-23 19:24:16.852 16154 16154 D LoadedApk: LoadedApk::makeApplication() appContext=android.app.ContextImpl@7763811 appContext.mOpPackageName=com.opera.max.oem appContext.mBasePackageName=com.opera.max.oem appContext.mPackageInfo=android.app.LoadedApk@5dc6038
08-23 19:24:16.897 1452 2228 I GenerationRegistry: mBackingStore.isClosed() : false
08-23 19:24:16.920 1452 2228 D ConnectivityService: requestNetwork for uid/pid:10160/16017 NetworkRequest [ TRACK_DEFAULT id=382, [ Capabilities: INTERNET&NOT_RESTRICTED&TRUSTED Uid: 10160 AdministratorUids: [] RequestorUid: 10160 RequestorPackageName: com.opera.max.oem] ]
08-23 19:24:16.920 1452 1949 D ConnectivityService: NetReassign [382 : null ?? 601]
08-23 19:24:16.925 1452 1949 D ConnectivityService: NetReassign [no changes]
08-23 19:24:17.123 1452 3620 D SamsungAlarmManager: Cancel Alarm calling from uid:10160 pid :16017 / OP:PendingIntent{ed1355b: PendingIntentRecord{cbfbb74 com.opera.max.oem broadcastIntent}}
08-23 19:24:17.125 1452 3620 I SamsungAlarmManager: setLocked to kernel - T:2 / 20210823T192545, set=7586973, now=7498201
08-23 19:24:17.126 1452 3620 I SamsungAlarmManager: setLocked to kernel - T:3 / 20210823T192500, set=7541077, now=7498203
08-23 19:24:17.290 1452 2228 D SamsungAlarmManager: Cancel Alarm calling from uid:10160 pid :16017 / OP:PendingIntent{b5b6f09: PendingIntentRecord{d12a7a0 com.opera.max.oem broadcastIntent}}
08-23 19:24:17.292 1452 2228 I SamsungAlarmManager: setLocked to kernel - T:2 / 20210823T192545, set=7586973, now=7498368
08-23 19:24:17.292 1452 2228 I SamsungAlarmManager: setLocked to kernel - T:3 / 20210823T192500, set=7541077, now=7498368
08-23 19:24:17.324 1452 2228 D SamsungAlarmManager: Cancel Alarm calling from uid:10160 pid :16017 / OP:PendingIntent{336f1b1: PendingIntentRecord{7486e39 com.opera.max.oem broadcastIntent}}
08-23 19:24:17.325 1452 2228 I SamsungAlarmManager: setLocked to kernel - T:2 / 20210823T192545, set=7586973, now=7498402
08-23 19:24:17.326 1452 2228 I SamsungAlarmManager: setLocked to kernel - T:3 / 20210823T192500, set=7541077, now=7498402
08-23 19:24:17.334 1452 1949 D ConnectivityService: NetReassign [no changes]
08-23 19:24:17.355 1452 2228 D SamsungAlarmManager: Cancel Alarm calling from uid:10160 pid :16017 / OP:PendingIntent{ce2ab88: PendingIntentRecord{da6deb5 com.opera.max.oem broadcastIntent}}
08-23 19:24:17.357 1452 2228 I SamsungAlarmManager: setLocked to kernel - T:2 / 20210823T192545, set=7586973, now=7498433
08-23 19:24:17.357 1452 2228 I SamsungAlarmManager: setLocked to kernel - T:3 / 20210823T192500, set=7541077, now=7498433
08-23 19:24:17.684 1452 4454 D ConnectivityService: Returning BLOCKED NetworkInfo to uid=10169
08-23 19:24:18.084 1452 2228 D SamsungAlarmManager: Cancel Alarm calling from uid:10164 pid :2781 / OP:PendingIntent{18f3200: PendingIntentRecord{af48901 com.google.android.gms/com.google.android.gms.gcm broadcastIntent}}
08-23 19:24:18.086 1452 2228 I SamsungAlarmManager: setLocked to kernel - T:2 / 20210823T192545, set=7586973, now=7499162
08-23 19:24:18.086 1452 2228 I SamsungAlarmManager: setLocked to kernel - T:3 / 20210823T192500, set=7541077, now=7499162
08-23 19:24:18.403 599 599 I io_stats: !@ 179,0 r 1808856 29993869 w 75082 1298356 d 39603 555820 f 41797 50215 iot 719630 567459 th 51200 51200 41500 pt 1070 inp 2 6 1972.224
08-23 19:24:18.666 1452 1590 D PowerManagerService: UserActivityState : 1 -> 4
08-23 19:24:18.666 1452 1590 I PowerManagerService: Nap time (uid 1000)...
08-23 19:24:18.666 1452 1452 D IbsQuickDim: BroadcastReceiver flag = 3
08-23 19:24:18.667 1452 1452 I MdnieScenarioControlService: action : com.samsung.server.PowerManagerService.action.USER_ACTIVITY
08-23 19:24:18.670 1452 1590 D PowerManagerService: handleSandman : startDreaming: false (canDreamLocked: false canDozeLocked: false)
08-23 19:24:18.670 1452 1590 I PowerManagerService: !@Screen__Off - 10 : dream(timeout) (2)
08-23 19:24:18.671 1452 1590 I PowerManagerService: Going to sleep due to timeout (uid 1000)...
08-23 19:24:18.701 1452 1590 D PowerManagerService: mDisplayReady: false
08-23 19:24:18.701 1452 1590 D PowerManagerService: mDisplayReady: false
08-23 19:24:18.702 1452 1590 D PowerManagerService: Setting HAL interactive mode to false
08-23 19:24:18.702 1452 1452 I AppOps : updateUidProcState uid: 10067 procState: 5 capability:7
08-23 19:24:18.702 1452 1590 I PowerManagerService: [PWL] Off : 0s ago
08-23 19:24:18.703 1452 1590 I PowerManagerService: [PWL] PowerManagerService.WakeLocks: ref count=1
08-23 19:24:18.703 1452 1590 I PowerManagerService: [PWL] mWakeLockSummary : 0x1
08-23 19:24:18.703 1452 1590 I PowerManagerService: [PWL] PARTIAL_WAKE_LOCK '*telephony-radio*' ACQ=-7s253ms (uid=1001 pid=2050 pkg=com.android.phone ws=WorkSource{1001 com.android.phone})
08-23 19:24:18.704 1452 1590 I PowerManagerService: [PWL] PowerManagerService.Display: ref count=1
08-23 19:24:18.704 1452 1590 I PowerManagerService: [PWL] mUserActivitySummary : 0x4
08-23 19:24:18.705 1452 1590 I PowerManagerService: [PWL] mDisplayReady : false
08-23 19:24:18.705 1452 1590 D DisplayPowerController: animateScreenStateChange: target=1, targetInternal=1, dualScreenPolicy=-1
08-23 19:24:18.727 1452 1452 I WindowManager: Started going to sleep... (why=OFF_BECAUSE_OF_TIMEOUT)
08-23 19:24:18.785 1452 1590 D DisplayPowerController: ColorFade: onAnimationStart
08-23 19:24:18.927 1452 1590 D DisplayPowerState: !@ ColorFade entry
08-23 19:24:18.930 1452 1590 D PowerManagerService: [input device light] onColorFadeExit(false)
08-23 19:24:18.931 1452 1590 D DisplayPowerController: ColorFade: onAnimationEnd
08-23 19:24:18.934 1452 1590 D DisplayPowerController: animateScreenStateChange: target=1, targetInternal=1, dualScreenPolicy=-1
08-23 19:24:18.936 1452 1590 I DisplayPowerController: Blocking screen off
08-23 19:24:18.936 1452 1590 D DisplayPowerController: mWindowManagerPolicy.screenTurningOff()
08-23 19:24:18.938 1452 1548 D DisplayPowerController: [api] WindowManagerPolicy.ScreenOffListener : called onScreenOff()
08-23 19:24:18.939 1452 1590 I DisplayPowerController: Unblocked screen off after 4 ms
08-23 19:24:18.941 1452 1590 D DisplayPowerController: mWindowManagerPolicy.screenTurnedOff()
08-23 19:24:18.941 1452 1590 I WindowManager: Screen turned off...
08-23 19:24:18.942 1452 1581 D BatteryExternalStatsWorker: update stats
08-23 19:24:18.942 1452 1581 D BatteryExternalStatsWorker: WifiActivityEnergyInfo was updated
08-23 19:24:18.942 1452 1581 D BatteryExternalStatsWorker: BluetoothActivityEnergyInfo was updated
08-23 19:24:18.942 1452 1581 D BatteryExternalStatsWorker: ModemActivityEnergyInfo was updated
08-23 19:24:18.949 1452 1590 D DisplayPowerController: getFinalBrightness : Summary is 0 (0.00) -> 0 (0.00)
08-23 19:24:18.950 1452 1590 D DisplayPowerController: Animating brightness: target= 0 (0.00), rate=0.0 (PSM:, AB limit:( 0 (-1.00) ~ 0 (-1.00)) MB Limit:( -1 (NaN) ~ -1 (NaN)), sf=1.0
08-23 19:24:18.951 1452 1590 V DisplayPowerController: Brightness [ 0 (0.00)] reason changing to: 'screen_off', previous reason: 'manual'.
08-23 19:24:18.952 1452 1590 D DisplayPowerController: animateScreenStateChange: target=1, targetInternal=1, dualScreenPolicy=-1
08-23 19:24:18.952 1452 2030 D DisplayManagerService: !@display_state internal: ON -> OFF
08-23 19:24:18.952 1452 1590 D DisplayPowerController: getFinalBrightness : Summary is 0 (0.00) -> 0 (0.00)
08-23 19:24:18.952 1452 2030 D LocalDisplayAdapter: !@ display_state: ON -> OFF (id:0)
08-23 19:24:18.953 1452 1590 D DisplayPowerController: Animating brightness: target= 0 (0.00), rate=0.0 (PSM:, AB limit:( 0 (-1.00) ~ 0 (-1.00)) MB Limit:( -1 (NaN) ~ -1 (NaN)), sf=1.0
08-23 19:24:18.954 1452 1548 I DisplayManagerService: Display device changed state: "Pantalla integrada", OFF
08-23 19:24:18.963 1452 1452 D GameManagerService: onDisplayChanged. displyId: 0, state: 1
08-23 19:24:18.966 1452 1923 D GameManagerService: onLooperPrepared(), msg: MSG_LCD_OFF
08-23 19:24:18.966 1452 1923 D GameManagerService: sendFocusOutConditionally() - mPrevNotiPackage: KILL_YOURSELF
08-23 19:24:18.973 1452 1581 D KernelCpuUidUserSysTimeReader: Removing uids 99039-99039
08-23 19:24:18.985 1452 1581 D BatteryStatsImpl: Got readings for an isolated uid with no mapping: 99039
08-23 19:24:18.996 1452 1581 E KernelCpuSpeedReader: Failed to read cpu-freq: /sys/devices/system/cpu/cpu0/cpufreq/stats/time_in_state: open failed: ENOENT (No such file or directory)
08-23 19:24:19.044 1452 1581 D BatteryExternalStatsWorker: done updateExternalStatsLocked
08-23 19:24:19.187 1452 2030 D PowerManagerUtil: !@ display_state: OFF: took 234 ms
08-23 19:24:19.187 1452 2030 D DisplayPowerController: setActualDisplayState: ON -> OFF
08-23 19:24:19.187 1452 1590 D DisplayPowerController: animateScreenStateChange: target=1, targetInternal=1, dualScreenPolicy=-1
08-23 19:24:19.188 1452 1590 D DisplayPowerController: getFinalBrightness : Summary is 0 (0.00) -> 0 (0.00)
08-23 19:24:19.188 1452 1590 D DisplayPowerController: Animating brightness: target= 0 (0.00), rate=0.0 (PSM:, AB limit:( 0 (-1.00) ~ 0 (-1.00)) MB Limit:( -1 (NaN) ~ -1 (NaN)), sf=1.0
08-23 19:24:19.189 1452 1590 D DisplayPowerController: animateScreenStateChange: target=1, targetInternal=1, dualScreenPolicy=-1
08-23 19:24:19.189 1452 1590 D DisplayPowerController: getFinalBrightness : Summary is 0 (0.00) -> 0 (0.00)
08-23 19:24:19.190 1452 1590 D DisplayPowerController: Animating brightness: target= 0 (0.00), rate=0.0 (PSM:, AB limit:( 0 (-1.00) ~ 0 (-1.00)) MB Limit:( -1 (NaN) ~ -1 (NaN)), sf=1.0
08-23 19:24:19.190 1452 1590 D PowerManagerService: DisplayPowerCallbacks : onStateChanged()
08-23 19:24:19.190 1452 1590 D PowerManagerService: mDisplayReady: true
08-23 19:24:19.191 1452 1590 D PowerManagerService: mDisplayReady: true
08-23 19:24:19.191 1452 1590 D PowerManagerService: handleSandman : startDreaming: true (canDreamLocked: false canDozeLocked: true)
08-23 19:24:19.191 1452 1590 D PowerManagerService: handleSandman : startDream(true)
08-23 19:24:19.191 1452 1590 I DreamManagerService: Entering dreamland.
08-23 19:24:19.196 1452 1590 I PowerManagerService: Dozing...
08-23 19:24:19.197 1452 1545 I DreamController: Starting dream: name=ComponentInfo{com.android.systemui/com.android.systemui.doze.DozeService}, isTest=false, canDoze=true, userId=0
08-23 19:24:19.197 1452 1452 V InputMethodManagerService: Hide switching menu
08-23 19:24:19.219 1452 3500 D StatusBarManagerService: notifyRequestedSystemKey recent=false home=false
08-23 19:24:19.222 1452 3500 W CocktailBarStatePolicyController: updateWindowType: current window type is requested window type(1)
08-23 19:24:19.235 1452 4900 D StatusBarManagerService: notifyRequestedSystemKey recent=false home=false
08-23 19:24:19.236 1452 4900 W CocktailBarStatePolicyController: updateWindowType: current window type is requested window type(1)
08-23 19:24:19.250 1452 1590 D PowerManagerService: [api] DreamReceiver: onReceive: android.intent.action.DREAMING_STARTED
08-23 19:24:19.252 1452 1452 D SamsungAlarmManager: setInexact (T:2/F:8/AC:false) 20210823T203519 now=7500328 - CU:1000/CP:1452/L:3d22ea7:JS idleness
08-23 19:24:19.252 1452 1452 I SamsungAlarmManager: setLocked to kernel - T:2 / 20210823T192545, set=7586973, now=7500329
08-23 19:24:19.253 1452 4900 D PowerManagerService: [PWL] sb release: PowerManagerService.Display
08-23 19:24:19.253 1452 1452 I SamsungAlarmManager: setLocked to kernel - T:3 / 20210823T192500, set=7541077, now=7500330
08-23 19:24:19.256 1452 3500 D SamsungAlarmManager: setInexact (T:3/F:0/AC:false) 20210823T193919 now=7500332 - CU:10164/CP:2781/OP:PendingIntent{14c5c63: PendingIntentRecord{8cfaefd com.google.android.gms/com.google.android.gms.gcm broadcastIntent}}
08-23 19:24:19.256 1452 3500 I SamsungAlarmManager: setLocked to kernel - T:2 / 20210823T192545, set=7586973, now=7500333
08-23 19:24:19.256 1452 3500 I SamsungAlarmManager: setLocked to kernel - T:3 / 20210823T192500, set=7541077, now=7500333
08-23 19:24:19.262 1452 4454 I CocktailPolicyManager: findMatchedPolicy: find policy = 1
08-23 19:24:19.278 1452 4886 D ActivityTaskManager: setLockScreenShown(true,true) is called from 0
08-23 19:24:19.284 1452 1548 V UsbDeviceManager: onKeyguardStateChanged: isShowing:true secure:false user:0
08-23 19:24:19.285 1452 1926 D StorageManagerService: handleMessage -> H_KEYGUARD_CHANGED isShowing=false
08-23 19:24:19.320 1452 2228 E WindowManager: win=Window{4681548 u0 com.samsung.android.app.cocktailbarservice/com.samsung.android.app.cocktailbarservice.CocktailBarService} destroySurfaces: appStopped=true win.mWindowRemovalAllowed=false win.mRemoveOnExit=false win.mViewVisibility=8 caller=com.android.server.wm.WindowManagerService.tryStartExitingAnimation:2917 com.android.server.wm.WindowManagerService.relayoutWindow:2624 com.android.server.wm.Session.relayout:219 android.view.IWindowSession$Stub.onTransact:871 com.android.server.wm.Session.onTransact:145 android.os.Binder.execTransactInternal:1190 android.os.Binder.execTransact:1159 08-23 19:24:19.322 1452 2228 I WindowManager: Destroying surface Surface(name=com.samsung.android.app.cocktailbarservice/com.samsung.android.app.cocktailbarservice.CocktailBarService$_6787)/@0x93bb060 called by com.android.server.wm.WindowStateAnimator.destroySurface:1794 com.android.server.wm.WindowStateAnimator.destroySurfaceLocked:765 com.android.server.wm.WindowState.destroySurfaceUnchecked:3918 com.android.server.wm.WindowState.destroySurface:3892 com.android.server.wm.WindowManagerService.tryStartExitingAnimation:2917 com.android.server.wm.WindowManagerService.relayoutWindow:2624 com.android.server.wm.Session.relayout:219 android.view.IWindowSession$Stub.onTransact:871 08-23 19:24:19.337 1452 4454 W CocktailBarStatePolicyController: updateWindowType: current window type is requested window type(1)
08-23 19:24:19.340 1452 4454 D PowerManagerService: [api] setDozeOverrideFromDreamManager: screenState: OFF mode: 0x0 screenBrightness: -1 shouldWait: false
08-23 19:24:19.340 1452 4454 D PowerManagerService: [api] acquire WakeLock DOZE_WAKE_LOCK 'DreamManagerService' (uid=1000 pid=1452 pkg=android)
08-23 19:24:19.341 1452 4454 D PowerManagerService: mDisplayReady: false
08-23 19:24:19.341 1452 1590 D DisplayPowerController: animateScreenStateChange: target=1, targetInternal=1, dualScreenPolicy=-1
08-23 19:24:19.341 1452 4454 D PowerManagerService: mDisplayReady: false
08-23 19:24:19.341 1452 1590 D DisplayPowerController: getFinalBrightness : Summary is 0 (0.00) -> 0 (0.00)
08-23 19:24:19.342 1452 1590 D DisplayPowerController: Animating brightness: target= 0 (0.00), rate=0.0 (PSM:, AB limit:( 0 (-1.00) ~ 0 (-1.00)) MB Limit:( -1 (NaN) ~ -1 (NaN)), sf=1.0
08-23 19:24:19.342 1452 4454 D PowerManagerService: [PWL] sb acquire: PowerManagerService.Display
08-23 19:24:19.346 1452 1545 D PowerManagerService: mDisplayReady: true
08-23 19:24:19.347 1452 1545 D PowerManagerService: mDisplayReady: true
08-23 19:24:19.347 1452 1545 D PowerManagerService: [PWL] sb acquire: PowerManagerService.Broadcasts
08-23 19:24:19.347 1452 1452 I WindowManager: Finished going to sleep... (why=OFF_BECAUSE_OF_TIMEOUT)
08-23 19:24:19.349 1452 1590 D PowerManagerService: DisplayPowerCallbacks : onStateChanged()
08-23 19:24:19.349 1452 1590 D PowerManagerService: [PWL] sb release: PowerManagerService.Display
08-23 19:24:19.366 1452 2228 D WindowManager: finishDrawingWindow: Window{ac03e0c u0 NotificationShade} mDrawState=HAS_DRAWN
08-23 19:24:19.370 1452 1452 D SamsungAlarmManager: setExact (T:0/F:9/AC:false) 20210823T192424 now=7500446 - CU:1000/CP:1452/OP:PendingIntent{ee7248b: PendingIntentRecord{40f1968 android broadcastIntent}}
08-23 19:24:19.370 1452 1452 I SamsungAlarmManager: setLocked to kernel - T:2 / 20210823T192424, set=7505446, now=7500446
08-23 19:24:19.391 1452 1452 D VibratorService: Turning vibrator off.
08-23 19:24:19.391 1452 1452 D VibratorService: Turning vibrator off
08-23 19:24:19.468 1452 1452 D IbsQuickDim: screen off 08-23 19:24:19.482 1452 1452 I SamsungAlarmManager: setLocked to kernel - T:2 / 20210823T192424, set=7505446, now=7500559
08-23 19:24:19.483 1452 1452 D SamsungAlarmManager: setInexact (T:2/F:8/AC:false) 20210823T203519 now=7500559 - CU:1000/CP:1452/L:3d22ea7:JS idleness
08-23 19:24:19.483 1452 1452 I SamsungAlarmManager: setLocked to kernel - T:2 / 20210823T192424, set=7505446, now=7500559
08-23 19:24:19.576 1452 1452 I MdnieScenarioControlService: action : android.intent.action.SCREEN_OFF
08-23 19:24:19.584 1452 1452 I AdaptiveDisplaySolutionService: action : android.intent.action.SCREEN_OFF
08-23 19:24:19.593 1452 2260 D SamsungAlarmManager: Cancel Alarm calling from uid:1000 pid :1452 / L:2136e6
08-23 19:24:19.594 1452 2260 I SamsungAlarmManager: setLocked to kernel - T:2 / 20210823T192424, set=7505445, now=7500671
08-23 19:24:19.745 1452 4454 D StatusBarManagerService: notifyRequestedSystemKey recent=false home=false
08-23 19:24:19.747 1452 2228 W CocktailBarStatePolicyController: updateWindowType: current window type is requested window type(1)
08-23 19:24:19.842 1452 2228 D GameManagerService: identifyForegroundApp. com.callapp.contacts, mCurrentUserId: 0, callerUserId: 0
08-23 19:24:19.842 1452 2228 D PkgDataHelper: getGamePkgData(). com.callapp.contacts
08-23 19:24:19.912 1452 1452 D PowerManagerService: [PWL] sb release: PowerManagerService.Broadcasts
08-23 19:24:20.024 1452 2984 D SettingsProvider: isChangeAllowed() : name = wifi_client_smart_tethering_settings
08-23 19:24:20.410 599 599 I io_stats: !@ 179,0 r 1811751 30067221 w 75189 1300344 d 39763 557212 f 41920 50351 iot 721070 568613 th 51200 51200 41500 pt 1070 inp 10 0 1974.231
08-23 19:24:20.840 1452 2228 D SamsungAlarmManager: Cancel Alarm calling from uid:5010 pid :14927 / OP:PendingIntent{7416784: PendingIntentRecord{87b7b6d com.samsung.android.rubin.app broadcastIntent}}
08-23 19:24:20.865 1452 2228 D SamsungAlarmManager: Cancel Alarm calling from uid:10186 pid :15711 / OP:PendingIntent{f7cf3a2: PendingIntentRecord{bbb4833 com.microsoft.office.outlook broadcastIntent}}
08-23 19:24:20.866 1452 2228 D SamsungAlarmManager: Cancel Alarm calling from uid:10186 pid :15711 / OP:PendingIntent{92f77f0: PendingIntentRecord{3616169 com.microsoft.office.outlook broadcastIntent}}
08-23 19:24:20.873 1452 3500 D SamsungAlarmManager: Cancel Alarm calling from uid:10186 pid :15711 / OP:PendingIntent{c5aa7ee: PendingIntentRecord{bbb4833 com.microsoft.office.outlook broadcastIntent}}
08-23 19:24:20.874 1452 2228 D SamsungAlarmManager: Cancel Alarm calling from uid:10186 pid :15711 / OP:PendingIntent{1d8348f: PendingIntentRecord{3616169 com.microsoft.office.outlook broadcastIntent}}
08-23 19:24:21.449 1452 2228 D ConnectivityService: requestNetwork for uid/pid:10186/15711 NetworkRequest [ TRACK_DEFAULT id=385, [ Capabilities: INTERNET&NOT_RESTRICTED&TRUSTED Uid: 10186 AdministratorUids: [] RequestorUid: 10186 RequestorPackageName: com.microsoft.office.outlook] ]
08-23 19:24:21.450 1452 1949 D ConnectivityService: NetReassign [385 : null ?? 601]
08-23 19:24:22.421 599 599 I io_stats: !@ 179,0 r 1814314 30130633 w 75221 1300884 d 39857 557680 f 41972 50412 iot 721930 569353 th 51200 51200 41500 pt 1070 inp 0 0 1976.241
08-23 19:24:22.714 2085 2085 I wpa_supplicant: Heartbeat 194
08-23 19:24:22.905 1452 2228 D SamsungAlarmManager: Cancel Alarm calling from uid:10164 pid :2781 / OP:PendingIntent{52d8aab: PendingIntentRecord{821da49 com.google.android.gms/ startService}}
08-23 19:24:22.908 1452 2228 I SamsungAlarmManager: setLocked to kernel - T:2 / 20210823T192424, set=7505446, now=7503984
08-23 19:24:23.706 1452 1572 I AppOps : commitUidPendingStateLocked() :: UID - 10067, 100 > 500, 7 > 7
08-23 19:24:23.709 1452 1590 I PowerManagerService: [PWL] Off : 5s ago
08-23 19:24:23.710 1452 1590 I PowerManagerService: [PWL] PowerManagerService.WakeLocks: ref count=1
08-23 19:24:23.710 1452 1590 I PowerManagerService: [PWL] mWakeLockSummary : 0x41
08-23 19:24:23.710 1452 1590 I PowerManagerService: [PWL] PARTIAL_WAKE_LOCK '*telephony-radio*' ACQ=-12s260ms (uid=1001 pid=2050 pkg=com.android.phone ws=WorkSource{1001 com.android.phone})
08-23 19:24:24.370 1452 1908 D SamsungAlarmManager: Expired : 4
08-23 19:24:24.371 1452 1908 V SamsungAlarmManager: Sending to uid : 1000 action=FIRST_ALARM_TRIGGER_ACTION alarm=Alarm{78bc6c6 type 0 when 1629764664369 android}
08-23 19:24:24.373 1452 1908 D ActivityManager: Received BROADCAST intent 0x40f1968 Key{broadcastIntent pkg=android intent=act=FIRST_ALARM_TRIGGER_ACTION flg=0x40000000 pkg=android flags=0x0 u=0} requestCode=0 sent=0 from uid 1000
08-23 19:24:24.374 1452 1452 D MARsTrigger: mPolicyIntentReceiver broadcast received action : FIRST_ALARM_TRIGGER_ACTION
08-23 19:24:24.376 1452 1586 D MARsPolicyManager: triggerAction called!
08-23 19:24:24.376 1452 1908 I SamsungAlarmManager: setLocked to kernel - T:2 / 20210823T192545, set=7586973, now=7505452
08-23 19:24:24.377 1452 1908 I SamsungAlarmManager: setLocked to kernel - T:3 / 20210823T192500, set=7541077, now=7505453
08-23 19:24:24.404 1452 1586 D MARs:TopPackageFilter: filtering was skipped by screen off! com.whatsapp(0)
08-23 19:24:24.409 1452 1586 D MARs:TopPackageFilter: filtering was skipped by screen off! com.android.vending(0)
08-23 19:24:24.410 1452 1586 D MARs:TopPackageFilter: filtering was skipped by screen off! com.microsoft.office.outlook(0)
08-23 19:24:24.410 1452 1586 D MARs:DeviceAdminPackageFilter: filter : com.microsoft.office.outlook(0)
08-23 19:24:24.411 1452 1586 D MARs:TopPackageFilter: filtering was skipped by screen off! com.opera.max.oem(0)
08-23 19:24:24.434 599 599 I io_stats: !@ 179,0 r 1814364 30130905 w 75381 1305980 d 39857 557680 f 41973 50413 iot 722090 569499 th 51200 51200 41500 pt 1070 inp 0 0 1978.254
08-23 19:24:26.447 599 599 I io_stats: !@ 179,0 r 1814369 30130949 w 75385 1306004 d 39857 557680 f 41975 50417 iot 722100 569512 th 51200 51200 41500 pt 1070 inp 0 0 1980.267
08-23 19:24:27.289 1452 4886 D SamsungAlarmManager: Cancel Alarm calling from uid:10164 pid :2347 / OP:PendingIntent{aed8952: PendingIntentRecord{ea58981 com.google.android.gms/ startService}}
08-23 19:24:27.292 1452 4886 I SamsungAlarmManager: setLocked to kernel - T:2 / 20210823T192545, set=7586973, now=7508368
08-23 19:24:27.292 1452 4886 I SamsungAlarmManager: setLocked to kernel - T:3 / 20210823T192500, set=7541077, now=7508369
08-23 19:24:28.461 599 599 I io_stats: !@ 179,0 r 1814373 30130973 w 75387 1306012 d 39857 557680 f 41975 50417 iot 722120 569530 th 51200 51200 41500 pt 1070 inp 0 0 1982.281
08-23 19:24:30.194 1452 1571 D PowerManagerService: [api] setDeviceIdleTempWhitelist: appids: [0]1000 [1]1001 [2]10081 [3]10164 [4]10513 (uid: 1000 pid: 1452)
08-23 19:24:30.476 599 599 I io_stats: !@ 179,0 r 1814385 30131121 w 75479 1306876 d 39857 557680 f 41975 50417 iot 722170 569576 th 51200 51200 41500 pt 1070 inp 0 0 1984.295
08-23 19:24:31.167 1452 1571 I AppOps : updateUidProcState uid: 1001 procState: 0 capability:7
08-23 19:24:31.169 1452 1571 D PowerManagerService: [api] setDeviceIdleTempWhitelist: appids: [0]1000 [1]10081 [2]10164 [3]10513 (uid: 1000 pid: 1452)
08-23 19:24:31.236 1452 1571 D PowerManagerService: [api] setDeviceIdleTempWhitelist: appids: [0]1000 [1]10081 [2]10164 (uid: 1000 pid: 1452)
08-23 19:24:31.293 1452 1571 I AppOps : updateUidProcState uid: 1000 procState: 0 capability:7
08-23 19:24:31.295 1452 1571 D PowerManagerService: [api] setDeviceIdleTempWhitelist: appids: [0]10081 [1]10164 (uid: 1000 pid: 1452)
08-23 19:24:31.303 1452 1571 D PowerManagerService: [api] setDeviceIdleTempWhitelist: appids: [0]10081 (uid: 1000 pid: 1452)
08-23 19:24:32.491 599 599 I io_stats: !@ 179,0 r 1814399 30131225 w 75495 1307548 d 39899 557952 f 42065 50510 iot 722310 569712 th 51200 51200 41500 pt 1070 inp 0 0 1986.310
08-23 19:24:32.724 2085 2085 I wpa_supplicant: Heartbeat 195
08-23 19:24:33.721 1452 1590 I PowerManagerService: [PWL] Off : 15s ago
08-23 19:24:33.721 1452 1590 I PowerManagerService: [PWL] PowerManagerService.WakeLocks: ref count=1
08-23 19:24:33.722 1452 1590 I PowerManagerService: [PWL] mWakeLockSummary : 0x41
08-23 19:24:33.722 1452 1590 I PowerManagerService: [PWL] PARTIAL_WAKE_LOCK '*telephony-radio*' ACQ=-22s272ms (uid=1001 pid=2050 pkg=com.android.phone ws=WorkSource{1001 com.android.phone})
08-23 19:24:34.501 599 599 I io_stats: !@ 179,0 r 1814408 30131261 w 75517 1307912 d 39899 557952 f 42065 50510 iot 723030 570344 th 51200 51200 41500 pt 1070 inp 0 146 1988.322
08-23 19:24:36.511 599 599 I io_stats: !@ 179,0 r 1814416 30131293 w 75747 1312152 d 39899 557952 f 42065 50510 iot 724610 572014 th 51200 51200 41500 pt 1070 inp 0 0 1990.330
08-23 19:24:39.388 1452 1586 D MARsPolicyManager: triggerAction called!
08-23 19:24:39.396 1452 1586 D MARs:TopPackageFilter: filtering was skipped by screen off! com.whatsapp(0)
08-23 19:24:39.397 1452 1586 D MARs:TopPackageFilter: filtering was skipped by screen off! com.android.vending(0)
08-23 19:24:39.399 1452 1586 D MARs:TopPackageFilter: filtering was skipped by screen off! com.microsoft.office.outlook(0)
08-23 19:24:39.399 1452 1586 D MARs:DeviceAdminPackageFilter: filter : com.microsoft.office.outlook(0)
08-23 19:24:39.399 1452 1586 D MARs:TopPackageFilter: filtering was skipped by screen off! com.opera.max.oem(0)
08-23 19:24:39.648 1452 1956 D DeviceStorageMonitorService: check() STORAGE TOTAL <= 64G
08-23 19:24:39.649 1452 1956 W DeviceStorageMonitorService: check(/data) freeStorage = 264318976
08-23 19:24:40.097 1452 1956 W PackageManager: Not removing package com.google.android.trichromelibrary hosting lib com.google.android.trichromelibrary version 447212030 used by [VersionedPackage[com.google.android.webview/447212030]] for user 0
08-23 19:24:40.212 1452 1956 W DeviceStorageMonitorService: java.io.IOException: Failed to free 3221225472 on storage device at /data
08-23 19:24:40.212 1452 1956 W DeviceStorageMonitorService: at com.android.server.pm.PackageManagerService.freeStorage(PackageManagerService.java:6254)
08-23 19:24:40.212 1452 1956 W DeviceStorageMonitorService: at com.android.server.storage.DeviceStorageMonitorService.check(DeviceStorageMonitorService.java:343)
08-23 19:24:40.212 1452 1956 W DeviceStorageMonitorService: at com.android.server.storage.DeviceStorageMonitorService.access$200(DeviceStorageMonitorService.java:94)
08-23 19:24:40.212 1452 1956 W DeviceStorageMonitorService: at com.android.server.storage.DeviceStorageMonitorService$1.handleMessage(DeviceStorageMonitorService.java:487)
08-23 19:24:40.212 1452 1956 W DeviceStorageMonitorService: at android.os.Handler.dispatchMessage(Handler.java:106)
08-23 19:24:40.212 1452 1956 W DeviceStorageMonitorService: at android.os.Looper.loop(Looper.java:246)
08-23 19:24:40.212 1452 1956 W DeviceStorageMonitorService: at android.os.HandlerThread.run(HandlerThread.java:67)
08-23 19:24:40.213 1452 1956 W DeviceStorageMonitorService: check(/data) oldLevel:2, newLevel:2 (usableBytes=264318976)
08-23 19:24:40.213 1452 1956 W DeviceStorageMonitorService: updateBroadcasts(/data) oldLevel:2, newLevel:2, seq:1
08-23 19:24:40.218 1452 1956 D DeviceStorageMonitorService: Available File Node Number is [2358583]
08-23 19:24:40.218 1452 1956 W DeviceStorageMonitorService: updateBroadcasts_filenode(/data) fn_oldLevel:0, fn_newLevel:0, seq:1
08-23 19:24:40.537 599 599 I io_stats: !@ 179,0 r 1815500 30136125 w 75747 1312152 d 39899 557952 f 42065 50510 iot 724870 572243 th 51200 51200 41500 pt 1070 inp 0 0 1994.356
08-23 19:24:42.551 599 599 I io_stats: !@ 179,0 r 1815578 30137553 w 75759 1312200 d 39899 557952 f 42065 50510 iot 724900 572282 th 51200 51200 41500 pt 1070 inp 0 0 1996.370
08-23 19:24:42.734 2085 2085 I wpa_supplicant: Heartbeat 196
08-23 19:24:42.739 1452 1562 E Watchdog: !@Sync: 66 heap: 73 / 78 [2021-08-23 19:24:42.737] sdogWay: softdog
08-23 19:24:44.565 599 599 I io_stats: !@ 179,0 r 1815591 30137705 w 75775 1312496 d 39920 558044 f 42101 50549 iot 724940 572336 th 51200 51200 41500 pt 1070 inp 0 0 1998.385
08-23 19:24:46.580 599 599 I io_stats: !@ 179,0 r 1815596 30137797 w 75780 1312516 d 39920 558044 f 42101 50549 iot 724960 572361 th 51200 51200 41500 pt 1070 inp 0 0 2000.399
08-23 19:24:48.591 599 599 I io_stats: !@ 179,0 r 1815628 30138053 w 75782 1312528 d 39920 558044 f 42102 50551 iot 725000 572390 th 51200 51200 41500 pt 1070 inp 0 0 2002.411
08-23 19:24:48.740 1452 1590 I PowerManagerService: [PWL] Off : 30s ago
08-23 19:24:48.741 1452 1590 I PowerManagerService: [PWL] PowerManagerService.WakeLocks: ref count=1
08-23 19:24:48.741 1452 1590 I PowerManagerService: [PWL] mWakeLockSummary : 0x41
08-23 19:24:48.742 1452 1590 I PowerManagerService: [PWL] PARTIAL_WAKE_LOCK '*telephony-radio*' ACQ=-37s291ms (uid=1001 pid=2050 pkg=com.android.phone ws=WorkSource{1001 com.android.phone})
08-23 19:24:50.600 599 599 I io_stats: !@ 179,0 r 1815629 30138085 w 75782 1312528 d 39920 558044 f 42102 50551 iot 725010 572397 th 51200 51200 41500 pt 1070 inp 0 0 2004.419
08-23 19:24:52.615 599 599 I io_stats: !@ 179,0 r 1815632 30138101 w 75790 1312612 d 39920 558044 f 42102 50551 iot 725010 572411 th 51200 51200 41500 pt 1070 inp 0 0 2006.434
08-23 19:24:52.745 2085 2085 I wpa_supplicant: Heartbeat 197
08-23 19:24:54.417 1452 1586 D MARsPolicyManager: triggerAction called!
08-23 19:24:54.424 1452 1586 D MARs:TopPackageFilter: filtering was skipped by screen off! com.whatsapp(0)
08-23 19:24:54.426 1452 1586 D MARs:TopPackageFilter: filtering was skipped by screen off! com.android.vending(0)
08-23 19:24:54.427 1452 1586 D MARs:TopPackageFilter: filtering was skipped by screen off! com.microsoft.office.outlook(0)
08-23 19:24:54.427 1452 1586 D MARs:DeviceAdminPackageFilter: filter : com.microsoft.office.outlook(0)
08-23 19:24:54.427 1452 1586 D MARs:TopPackageFilter: filtering was skipped by screen off! com.opera.max.oem(0)
08-23 19:25:21.515 599 599 I io_stats: !@ 179,0 r 1815755 30139657 w 75832 1313196 d 39964 558316 f 42175 50636 iot 725240 572576 th 51200 51200 41500 pt 1070 inp 0 0 2008.566
08-23 19:25:21.519 1452 1908 D SamsungAlarmManager: Expired : 65544
08-23 19:25:21.519 1452 1908 I SamsungAlarmManager: setLocked to kernel - T:2 / 20210823T192545, set=7586973, now=7562596
08-23 19:25:21.521 1452 1908 E AlarmManager: Set nextNonWakeup as mNextNonWakeupDeliveryTime=7742596 , orig nextNonWakeup=0
08-23 19:25:21.522 1452 1908 I SamsungAlarmManager: setLocked to kernel - T:3 / 20210823T192821, set=7742596, now=7562598
08-23 19:25:21.683 1452 1581 D BatteryExternalStatsWorker: update stats
08-23 19:25:21.683 1452 1581 D BatteryExternalStatsWorker: WifiActivityEnergyInfo was updated
08-23 19:25:21.683 1452 1581 D BatteryExternalStatsWorker: BluetoothActivityEnergyInfo was updated
08-23 19:25:21.683 1452 1581 D BatteryExternalStatsWorker: ModemActivityEnergyInfo was updated
08-23 19:25:21.699 1452 1581 D BatteryExternalStatsWorker: done updateExternalStatsLocked
08-23 19:25:21.732 1452 1581 D KernelCpuUidUserSysTimeReader: Removing uids 99038-99038
08-23 19:25:40.691 1452 1908 D SamsungAlarmManager: Expired : 65536
08-23 19:25:40.692 1452 1908 I SamsungAlarmManager: setLocked to kernel - T:2 / 20210823T192545, set=7586973, now=7581768
08-23 19:25:40.692 1452 1908 E AlarmManager: Set nextNonWakeup as mNextNonWakeupDeliveryTime=7742596 , orig nextNonWakeup=0
08-23 19:25:40.692 1452 1908 I SamsungAlarmManager: setLocked to kernel - T:3 / 20210823T192821, set=7742596, now=7581768
08-23 19:25:40.745 1452 1581 D BatteryExternalStatsWorker: update stats
08-23 19:25:40.745 1452 1581 D BatteryExternalStatsWorker: WifiActivityEnergyInfo was updated
08-23 19:25:40.745 1452 1581 D BatteryExternalStatsWorker: BluetoothActivityEnergyInfo was updated
08-23 19:25:40.746 1452 1581 D BatteryExternalStatsWorker: ModemActivityEnergyInfo was updated
08-23 19:25:40.753 1452 1581 D BatteryExternalStatsWorker: done updateExternalStatsLocked
08-23 19:25:40.807 1452 1581 D BatteryExternalStatsWorker: update stats
08-23 19:25:40.807 1452 1581 D BatteryExternalStatsWorker: WifiActivityEnergyInfo was updated
08-23 19:25:40.807 1452 1581 D BatteryExternalStatsWorker: BluetoothActivityEnergyInfo was updated
08-23 19:25:40.807 1452 1581 D BatteryExternalStatsWorker: ModemActivityEnergyInfo was updated
08-23 19:25:40.821 1452 1581 D BatteryExternalStatsWorker: done updateExternalStatsLocked
08-23 19:25:42.175 1452 1908 D SamsungAlarmManager: Expired : 65536
08-23 19:25:42.175 1452 1908 I SamsungAlarmManager: setLocked to kernel - T:2 / 20210823T192545, set=7586973, now=7583252
08-23 19:25:42.175 1452 1908 E AlarmManager: Set nextNonWakeup as mNextNonWakeupDeliveryTime=7742596 , orig nextNonWakeup=0
08-23 19:25:42.175 1452 1908 I SamsungAlarmManager: setLocked to kernel - T:3 / 20210823T192821, set=7742596, now=7583252
08-23 19:25:47.478 1452 1908 D SamsungAlarmManager: Expired : 65540
08-23 19:25:47.481 599 599 I io_stats: !@ 179,0 r 1815859 30140497 w 75871 1315192 d 39979 558432 f 42265 50745 iot 725590 572922 th 51200 51200 41500 pt 1070 inp 0 0 2010.587
08-23 19:25:47.483 1452 1908 D SamsungAlarmManager: setInexact (T:3/F:0/AC:false) 20210823T192615 now=7588559 - CU:1000/CP:1452/OP:PendingIntent{e6efda2: PendingIntentRecord{50e186a com.opera.max.oem broadcastIntent}}
08-23 19:25:47.483 1452 1908 I SamsungAlarmManager: setLocked to kernel - T:2 / 20210823T192556, set=7598030, now=7588560
08-23 19:25:47.483 1452 1908 E AlarmManager: Set nextNonWakeup as mNextNonWakeupDeliveryTime=7742596 , orig nextNonWakeup=0
08-23 19:25:47.484 1452 1908 I SamsungAlarmManager: setLocked to kernel - T:3 / 20210823T192821, set=7742596, now=7588560
08-23 19:25:47.489 1452 1908 V AlarmManagerEXT: AppSync scheduleAlarms: changed --- PendingIntent{1ddbd88: PendingIntentRecord{a595321 com.facebook.lite broadcastIntent}}
08-23 19:25:47.490 1452 1908 D SamsungAlarmManager: setInexact (T:2/F:0/AC:false) 20210823T202545 now=7588566 - CU:1000/CP:1452/OP:PendingIntent{1ddbd88: PendingIntentRecord{a595321 com.facebook.lite broadcastIntent}}
08-23 19:25:47.490 1452 1908 I SamsungAlarmManager: setLocked to kernel - T:2 / 20210823T192556, set=7598030, now=7588566
08-23 19:25:47.491 1452 1908 E AlarmManager: Set nextNonWakeup as mNextNonWakeupDeliveryTime=7742596 , orig nextNonWakeup=0
08-23 19:25:47.491 1452 1908 I SamsungAlarmManager: setLocked to kernel - T:3 / 20210823T192821, set=7742596, now=7588568
08-23 19:25:47.495 1452 1908 V AlarmManagerEXT: AppSync scheduleAlarms: changed --- PendingIntent{64069f6: PendingIntentRecord{3fa41f7 com.facebook.lite broadcastIntent}}
08-23 19:25:47.496 1452 1908 D SamsungAlarmManager: setInexact (T:2/F:0/AC:false) 20210823T202545 now=7588572 - CU:1000/CP:1452/OP:PendingIntent{64069f6: PendingIntentRecord{3fa41f7 com.facebook.lite broadcastIntent}}
08-23 19:25:47.496 1452 1908 I SamsungAlarmManager: setLocked to kernel - T:2 / 20210823T192556, set=7598030, now=7588572
08-23 19:25:47.496 1452 1908 E AlarmManager: Set nextNonWakeup as mNextNonWakeupDeliveryTime=7742596 , orig nextNonWakeup=0
08-23 19:25:47.496 1452 1908 I SamsungAlarmManager: setLocked to kernel - T:3 / 20210823T192821, set=7742596, now=7588573
08-23 19:25:47.500 1452 1908 V AlarmManagerEXT: AppSync scheduleAlarms: changed --- PendingIntent{ace808a: PendingIntentRecord{9d2f6fb com.facebook.lite broadcastIntent}}
08-23 19:25:47.501 1452 1908 D SamsungAlarmManager: setInexact (T:2/F:0/AC:false) 20210823T202545 now=7588577 - CU:1000/CP:1452/OP:PendingIntent{ace808a: PendingIntentRecord{9d2f6fb com.facebook.lite broadcastIntent}}
08-23 19:25:47.501 1452 1908 I SamsungAlarmManager: setLocked to kernel - T:2 / 20210823T192556, set=7598030, now=7588578
08-23 19:25:47.501 1452 1908 E AlarmManager: Set nextNonWakeup as mNextNonWakeupDeliveryTime=7742596 , orig nextNonWakeup=0
08-23 19:25:47.501 1452 1908 I SamsungAlarmManager: setLocked to kernel - T:3 / 20210823T192821, set=7742596, now=7588578
08-23 19:25:47.502 1452 1908 V SamsungAlarmManager: Sending to uid : 1000 L=6441702:TIME_TICK alarm=Alarm{deef7e4 type 3 when 7541077 android}
08-23 19:25:47.507 1452 1908 D SamsungAlarmManager: setExact (T:3/F:1/AC:false) 20210823T192600 now=7588583 - CU:1000/CP:1452/L:6441702:TIME_TICK
08-23 19:25:47.507 1452 1908 I SamsungAlarmManager: setLocked to kernel - T:2 / 20210823T192556, set=7598030, now=7588584
08-23 19:25:47.509 1452 1908 V SamsungAlarmManager: Sending to uid : 10184 action=com.facebook.lite.analytics.CHECK_DEVICE_STATUS alarm=Alarm{86a0216 type 2 when 7586973 com.facebook.lite}
08-23 19:25:47.510 1452 1908 D ActivityManager: Received BROADCAST intent 0xa595321 Key{broadcastIntent pkg=com.facebook.lite intent=act=com.facebook.lite.analytics.CHECK_DEVICE_STATUS pkg=com.facebook.lite cmp=com.facebook.lite/.intent.WakefulIntentForwarder flags=0x0 u=0} requestCode=0 sent=0 from uid 1000
08-23 19:25:47.514 1452 1572 D StorageManagerService: getExternalStorageMountMode: uid=10184 packageName=com.facebook.lite
08-23 19:25:47.568 1452 1572 D CompatibilityChangeReporter: Compat change id reported: 135634846; UID 10184; state: DISABLED
08-23 19:25:47.569 1452 1572 W ActivityManager: Slow operation: 58ms so far, now at startProcess: done starting proc!
08-23 19:25:47.569 1452 1573 W ActivityManager: Slow operation: 58ms so far, now at startProcess: asking zygote to start proc
08-23 19:25:47.570 1452 1573 D CompatibilityChangeReporter: Compat change id reported: 143937733; UID 10184; state: ENABLED
08-23 19:25:47.570 1452 1908 V SamsungAlarmManager: Sending to uid : 10184 action=com.facebook.lite.datausage.DATA_USAGE alarm=Alarm{41aab31 type 2 when 7586973 com.facebook.lite}
