08-23 19:42:06.355 1452 1573 W ActivityManager: Slow operation: 110ms so far, now at startProcess: building log message
08-23 19:42:06.355 1452 1573 I ActivityManager: Start proc 17030:com.android.settings.intelligence/u0a55 for content provider {com.android.settings.intelligence/com.samsung.android.settings.intelligence.search.provider.SettingSearchProvider}
08-23 19:42:06.355 1452 1573 W ActivityManager: Slow operation: 111ms so far, now at startProcess: starting to update pids map
08-23 19:42:06.357 1452 1573 W ActivityManager: Slow operation: 112ms so far, now at startProcess: done updating pids map
08-23 19:42:06.436 1452 1975 W Looper : Slow delivery took 320ms PackageManagerHandlerThread h=android.os.Handler c=<recycled PooledLambda@d94b63a> m=0
08-23 19:42:06.437 1452 1975 W Looper : Slow dispatch took 256ms PackageManagerHandlerThread h=android.os.Handler c=<recycled PooledLambda@d94b63a> m=0
08-23 19:42:06.459 1452 2107 I GenerationRegistry: mBackingStore.isClosed() : false
08-23 19:42:06.467 1452 3620 I ActivityManager: DSS OFF for com.android.settings.intelligence
08-23 19:42:06.471 1452 3620 D ActivityManager: attachApplicationLocked() app=ProcessRecord{a12fda4 17030:com.android.settings.intelligence/u0a55} app.isolatedEntryPoint=null instr2=null
08-23 19:42:06.492 17030 17030 D ActivityThread: handleBindApplication()++ app=com.android.settings.intelligence
08-23 19:42:06.586 1452 1975 W Looper : Slow dispatch took 149ms PackageManagerHandlerThread h=android.os.Handler c=<recycled PooledLambda@28afaa8> m=0
08-23 19:42:06.774 16976 16976 D ActivityThread: handleBindApplication() -- skipGraphicsSupport=false
08-23 19:42:06.775 16976 16976 D ActivityThread: ActivityThread::handleMakeApplication() data=AppBindData{appInfo=ApplicationInfo{f9fc0aa com.google.android.permissioncontroller}} appContext=android.app.ContextImpl@135049b appContext.mOpPackageName=com.google.android.permissioncontroller appContext.mBasePackageName=com.google.android.permissioncontroller appContext.mPackageInfo=android.app.LoadedApk@5dc6038 data.restrictedBackupMode= false data.providers= [ContentProviderInfo{name=com.android.permissioncontroller className=com.android.permissioncontroller.permission.service.PermissionSearchIndexablesProvider}, ContentProviderInfo{name=com.android.permissioncontroller.role className=com.android.permissioncontroller.role.service.RoleSearchIndexablesProvider}, ContentProviderInfo{name=com.android.permissioncontroller.lifecycle-process className=androidx.lifecycle.ProcessLifecycleOwnerInitializer}, ContentProviderInfo{name=com.android.permissioncontroller.CarUiInstaller className=com.android.car.ui.core.CarUiInstaller}] Caller=android.app.ActivityThread.handleBindApplication:7446 android.app.ActivityThread.access$1400:301 android.app.ActivityThread$H.handleMessage:2148 android.os.Handler.dispatchMessage:106 android.os.Looper.loop:246 08-23 19:42:06.783 16976 16976 D LoadedApk: LoadedApk::makeApplication() appContext=android.app.ContextImpl@7763811 appContext.mOpPackageName=com.google.android.permissioncontroller appContext.mBasePackageName=com.google.android.permissioncontroller appContext.mPackageInfo=android.app.LoadedApk@5dc6038
08-23 19:42:06.809 1452 1956 D DeviceStorageMonitorService: check() STORAGE TOTAL <= 64G
08-23 19:42:06.810 1452 1956 W DeviceStorageMonitorService: check(/data) freeStorage = 263094272
08-23 19:42:06.887 17030 17030 D ActivityThread: handleBindApplication() -- skipGraphicsSupport=false
08-23 19:42:06.888 17030 17030 D ActivityThread: ActivityThread::handleMakeApplication() data=AppBindData{appInfo=ApplicationInfo{f9fc0aa com.android.settings.intelligence}} appContext=android.app.ContextImpl@135049b appContext.mOpPackageName=com.android.settings.intelligence appContext.mBasePackageName=com.android.settings.intelligence appContext.mPackageInfo=android.app.LoadedApk@5dc6038 data.restrictedBackupMode= false data.providers= [ContentProviderInfo{name=com.samsung.android.settings.intelligence.search.provider.SettingSearchProvider className=com.samsung.android.settings.intelligence.search.provider.SettingSearchProvider}, ContentProviderInfo{name=com.samsung.android.settings.intelligence.search.provider.JumpToAppProvider className=com.samsung.android.settings.intelligence.search.provider.JumpToAppProvider}] Caller=android.app.ActivityThread.handleBindApplication:7446 android.app.ActivityThread.access$1400:301 android.app.ActivityThread$H.handleMessage:2148 android.os.Handler.dispatchMessage:106 android.os.Looper.loop:246 08-23 19:42:06.890 17030 17030 D LoadedApk: LoadedApk::makeApplication() appContext=android.app.ContextImpl@7763811 appContext.mOpPackageName=com.android.settings.intelligence appContext.mBasePackageName=com.android.settings.intelligence appContext.mPackageInfo=android.app.LoadedApk@5dc6038
08-23 19:42:06.964 1452 4900 I GenerationRegistry: mBackingStore.isClosed() : false
08-23 19:42:07.038 1452 2228 I GenerationRegistry: mBackingStore.isClosed() : false
08-23 19:42:07.042 1452 1452 D SettingsProvider: isChangeAllowed() : name = bluetooth_address
08-23 19:42:07.044 1452 1452 D SettingsProvider: isChangeAllowed() : name = bluetooth_name
08-23 19:42:07.068 1452 4900 I GenerationRegistry: mBackingStore.isClosed() : false
08-23 19:42:07.072 1452 2579 I GenerationRegistry: mBackingStore.isClosed() : false
08-23 19:42:07.080 1452 1975 W Looper : Slow dispatch took 168ms PackageManagerHandlerThread h=android.os.Handler c=<recycled PooledLambda@b94cba2> m=0
08-23 19:42:07.085 1452 1956 W PackageManager: Not removing package com.google.android.trichromelibrary hosting lib com.google.android.trichromelibrary version 447212030 used by [VersionedPackage[com.google.android.webview/447212030]] for user 0
08-23 19:42:07.129 1452 2228 I GenerationRegistry: mBackingStore.isClosed() : false
08-23 19:42:07.202 1452 1975 W Looper : Slow dispatch took 122ms PackageManagerHandlerThread h=android.os.Handler c=<recycled PooledLambda@e435a6b> m=0
08-23 19:42:07.209 1452 4900 I GenerationRegistry: mBackingStore.isClosed() : false
08-23 19:42:07.243 1452 1547 D BluetoothManagerService: Bluetooth is in LE only mode
08-23 19:42:07.256 1452 1547 D BluetoothManagerService: Bluetooth is in LE only mode
08-23 19:42:07.288 1452 16749 I SystemUiVisibilityPolicyController: handleMessage: entry what = 2
08-23 19:42:07.327 1452 4900 I CocktailBarManagerServiceContainer: startListening() 1
08-23 19:42:07.327 1452 4900 D CocktailBarManagerServiceImpl: startListening: true0 init=false
08-23 19:42:07.345 1452 1975 W Looper : Slow dispatch took 143ms PackageManagerHandlerThread h=android.os.Handler c=<recycled PooledLambda@6d27826> m=0
08-23 19:42:07.351 1452 1572 I DropBoxManagerService: add tag=system_server_wtf isTagEnabled=true flags=0x2
08-23 19:42:07.366 1452 1572 W DropBoxManagerService: Dropping: system_server_wtf (2019 > 0 bytes)
08-23 19:42:07.373 1452 2579 I CocktailBarManagerServiceContainer: startListening() 1
08-23 19:42:07.373 1452 2579 D CocktailBarManagerServiceImpl: startListening: true0 init=true
08-23 19:42:07.381 1452 1572 I DropBoxManagerService: add tag=system_server_wtf isTagEnabled=true flags=0x2
08-23 19:42:07.391 1452 1572 W DropBoxManagerService: Dropping: system_server_wtf (2021 > 0 bytes)
08-23 19:42:07.411 1452 2228 I GenerationRegistry: mBackingStore.isClosed() : false
08-23 19:42:07.413 1452 2107 W CocktailBarStatePolicyController: updateWindowType: current window type is requested window type(1)
08-23 19:42:07.438 1452 1956 W DeviceStorageMonitorService: java.io.IOException: Failed to free 3221225472 on storage device at /data
08-23 19:42:07.438 1452 1956 W DeviceStorageMonitorService: at com.android.server.pm.PackageManagerService.freeStorage(PackageManagerService.java:6254)
08-23 19:42:07.438 1452 1956 W DeviceStorageMonitorService: at com.android.server.storage.DeviceStorageMonitorService.check(DeviceStorageMonitorService.java:343)
08-23 19:42:07.438 1452 1956 W DeviceStorageMonitorService: at com.android.server.storage.DeviceStorageMonitorService.access$200(DeviceStorageMonitorService.java:94)
08-23 19:42:07.438 1452 1956 W DeviceStorageMonitorService: at com.android.server.storage.DeviceStorageMonitorService$1.handleMessage(DeviceStorageMonitorService.java:487)
08-23 19:42:07.438 1452 1956 W DeviceStorageMonitorService: at android.os.Handler.dispatchMessage(Handler.java:106)
08-23 19:42:07.438 1452 1956 W DeviceStorageMonitorService: at android.os.Looper.loop(Looper.java:246)
08-23 19:42:07.438 1452 1956 W DeviceStorageMonitorService: at android.os.HandlerThread.run(HandlerThread.java:67)
08-23 19:42:07.438 1452 1956 W DeviceStorageMonitorService: check(/data) oldLevel:2, newLevel:2 (usableBytes=262905856)
08-23 19:42:07.438 1452 1956 W DeviceStorageMonitorService: updateBroadcasts(/data) oldLevel:2, newLevel:2, seq:1
08-23 19:42:07.439 1452 1956 D DeviceStorageMonitorService: Available File Node Number is [2358579]
08-23 19:42:07.439 1452 1956 W DeviceStorageMonitorService: updateBroadcasts_filenode(/data) fn_oldLevel:0, fn_newLevel:0, seq:1
08-23 19:42:07.453 1452 1975 W Looper : Slow dispatch took 109ms PackageManagerHandlerThread h=android.os.Handler c=<recycled PooledLambda@2431e09> m=0
08-23 19:42:07.679 1452 2107 D StorageManagerService: getExternalStorageMountMode: uid=10081 packageName=com.samsung.android.mobileservice
08-23 19:42:07.681 1452 2107 D CompatibilityChangeReporter: Compat change id reported: 135634846; UID 10081; state: DISABLED
08-23 19:42:07.682 1452 2107 W ActivityManager: wait for provider publish: waiters=1 callerApp=ProcessRecord{8917f12 16804:com.osp.app.signin/u0a87} cpr=ContentProviderRecord{28a8082 u0 com.samsung.android.mobileservice/.registration.auth.legacy.data.local.EsuAgentProvider}
08-23 19:42:07.682 1452 1573 D CompatibilityChangeReporter: Compat change id reported: 143937733; UID 10081; state: DISABLED
08-23 19:42:07.693 1452 1975 W Looper : Slow dispatch took 141ms PackageManagerHandlerThread h=android.os.Handler c=<recycled PooledLambda@23a48fc> m=0
08-23 19:42:07.732 1452 1573 W ActivityManager: Slow operation: 54ms so far, now at startProcess: returned from zygote!
08-23 19:42:07.732 1452 1573 W ActivityManager: Slow operation: 55ms so far, now at startProcess: done updating battery stats
08-23 19:42:07.733 1452 1573 W ActivityManager: Slow operation: 55ms so far, now at startProcess: building log message
08-23 19:42:07.733 1452 1573 I ActivityManager: Start proc 17132:com.samsung.android.mobileservice/u0a81 for content provider {com.samsung.android.mobileservice/com.samsung.android.mobileservice.registration.auth.legacy.data.local.EsuAgentProvider}
08-23 19:42:07.733 1452 1573 W ActivityManager: Slow operation: 55ms so far, now at startProcess: starting to update pids map
08-23 19:42:07.734 1452 1573 W ActivityManager: Slow operation: 56ms so far, now at startProcess: done updating pids map
08-23 19:42:07.734 1452 2579 I CocktailPolicyManager: findMatchedPolicy: find policy = 1
08-23 19:42:07.755 1452 2579 I ActivityManager: DSS OFF for com.samsung.android.mobileservice
08-23 19:42:07.765 1452 2579 D ActivityManager: attachApplicationLocked() app=ProcessRecord{f3c3164 17132:com.samsung.android.mobileservice/u0a81} app.isolatedEntryPoint=null instr2=null
08-23 19:42:07.798 1452 2074 I ActivityManager: Process com.samsung.android.app.galaxyfinder:appservice (pid 16993) has died: fg SVC (14,405)
08-23 19:42:07.800 17132 17132 D ActivityThread: handleBindApplication()++ app=com.samsung.android.mobileservice
08-23 19:42:07.826 599 599 I io_stats: !@ 179,0 r 1830928 30397879 w 77495 1334596 d 40858 565208 f 43320 51998 iot 736590 582360 th 51200 51200 41500 pt 1070 inp 3 0 2115.385
08-23 19:42:07.838 1452 1503 D StatusBarManagerService: notifyRequestedSystemKey recent=false home=false
08-23 19:42:07.840 1452 1503 W CocktailBarStatePolicyController: updateWindowType: current window type is requested window type(1)
08-23 19:42:07.842 1452 1503 D StatusBarManagerService: notifyRequestedSystemKey recent=false home=false
08-23 19:42:07.843 1452 1503 W CocktailBarStatePolicyController: updateWindowType: current window type is requested window type(1)
08-23 19:42:07.857 1452 1975 W Looper : Slow dispatch took 165ms PackageManagerHandlerThread h=android.os.Handler c=<recycled PooledLambda@8680e32> m=0
08-23 19:42:07.882 1452 2074 D StorageManagerService: getExternalStorageMountMode: uid=10222 packageName=com.samsung.android.app.appsedge
08-23 19:42:07.884 1452 2074 D CompatibilityChangeReporter: Compat change id reported: 135634846; UID 10222; state: DISABLED
08-23 19:42:07.885 1452 1573 D CompatibilityChangeReporter: Compat change id reported: 143937733; UID 10222; state: DISABLED
08-23 19:42:07.905 1452 3620 I CocktailPolicyManager: findMatchedPolicy: find policy = 1
08-23 19:42:07.915 1452 1573 I ActivityManager: Start proc 17155:com.samsung.android.app.appsedge/u0a222 for broadcast {com.samsung.android.app.appsedge/com.samsung.android.app.appsedge.edgepanel.AppsEdgePanelProvider}
08-23 19:42:08.008 1452 1503 I ActivityManager: DSS OFF for com.samsung.android.app.appsedge
08-23 19:42:08.011 1452 1586 D MARsPolicyManager: triggerAction called!
08-23 19:42:08.014 1452 1503 D ActivityManager: attachApplicationLocked() app=ProcessRecord{54d7783 17155:com.samsung.android.app.appsedge/u0a222} app.isolatedEntryPoint=null instr2=null
08-23 19:42:08.031 17155 17155 D ActivityThread: handleBindApplication()++ app=com.samsung.android.app.appsedge
08-23 19:42:08.032 1452 1586 D MARs:TopPackageFilter: filtering was skipped by screen off! com.samsung.android.themestore(0)
08-23 19:42:08.033 1452 1586 D MARs:TopPackageFilter: filtering was skipped by screen off! com.android.vending(0)
08-23 19:42:08.034 1452 1586 D MARs:TopPackageFilter: filtering was skipped by screen off! com.microsoft.office.outlook(0)
08-23 19:42:08.034 1452 1586 D MARs:DeviceAdminPackageFilter: filter : com.microsoft.office.outlook(0)
08-23 19:42:08.036 1452 4887 I CocktailPolicyManager: findMatchedPolicy: find policy = 1
08-23 19:42:08.040 1452 1586 D MARs:TopPackageFilter: filtering was skipped by screen off! com.opera.max.oem(0)
08-23 19:42:08.078 1452 1975 W Looper : Slow dispatch took 214ms PackageManagerHandlerThread h=android.os.Handler c=<recycled PooledLambda@ba9dff5> m=0
08-23 19:42:08.217 1452 2074 I CocktailPolicyManager: findMatchedPolicy: find policy = 1
08-23 19:42:08.243 1452 1975 W Looper : Slow dispatch took 165ms PackageManagerHandlerThread h=android.os.Handler c=<recycled PooledLambda@1386c18> m=0
08-23 19:42:08.264 1452 3620 I GenerationRegistry: mBackingStore.isClosed() : false
08-23 19:42:08.284 1452 4887 I CocktailPolicyManager: findMatchedPolicy: find policy = 1
08-23 19:42:08.328 1452 3620 D CompatibilityChangeReporter: Compat change id reported: 124107808; UID 1001; state: ENABLED
08-23 19:42:08.340 1452 3620 D CompatibilityChangeReporter: Compat change id reported: 124107808; UID 1001; state: DISABLED
08-23 19:42:08.366 1452 1975 W Looper : Slow dispatch took 123ms PackageManagerHandlerThread h=android.os.Handler c=<recycled PooledLambda@b3ddcb9> m=0
08-23 19:42:08.482 1452 4887 I CocktailPolicyManager: findMatchedPolicy: find policy = 1
08-23 19:42:08.575 1452 4888 I GenerationRegistry: mBackingStore.isClosed() : false
08-23 19:42:08.598 1452 4888 I GenerationRegistry: mBackingStore.isClosed() : false
08-23 19:42:08.620 1452 4887 I CocktailPolicyManager: findMatchedPolicy: find policy = 1
08-23 19:42:08.816 1452 1503 I CocktailPolicyManager: findMatchedPolicy: find policy = 1
08-23 19:42:08.834 1452 4887 I GenerationRegistry: mBackingStore.isClosed() : false
08-23 19:42:09.035 1452 1562 E Watchdog: !@Sync: 70 heap: 60 / 80 [2021-08-23 19:42:09.034] sdogWay: softdog
08-23 19:42:09.080 1452 2107 D StorageManagerService: getExternalStorageMountMode: uid=10064 packageName=com.sec.android.provider.badge
08-23 19:42:09.081 1452 2107 D CompatibilityChangeReporter: Compat change id reported: 135634846; UID 10064; state: DISABLED
08-23 19:42:09.082 1452 2107 W ActivityManager: wait for provider publish: waiters=1 callerApp=ProcessRecord{56dd726 16756:com.samsung.android.app.cocktailbarservice/u0a220} cpr=ContentProviderRecord{6aa116b u0 com.sec.android.provider.badge/.BadgeProvider}
08-23 19:42:09.087 1452 1573 D CompatibilityChangeReporter: Compat change id reported: 143937733; UID 10064; state: DISABLED
08-23 19:42:09.115 1452 2007 D MARs:NoAppIconFilter: filter : com.google.android.gsf(0)
08-23 19:42:09.115 1452 2007 D MARs:NoAppIconFilter: filter : com.samsung.android.service.peoplestripe(0)
08-23 19:42:09.115 1452 2007 D MARs:NoAppIconFilter: filter : com.samsung.android.mobileservice(0)
08-23 19:42:09.115 1452 2007 D MARs:NoAppIconFilter: filter : com.samsung.android.providers.contacts(0)
08-23 19:42:09.115 1452 2007 D MARs:NoAppIconFilter: filter : com.google.android.gms(0)
08-23 19:42:09.115 1452 2007 D MARs:DeviceAdminPackageFilter: filter : com.google.android.gms(0)
08-23 19:42:09.115 1452 2007 D MARs:NoAppIconFilter: filter : com.android.settings.intelligence(0)
08-23 19:42:09.115 1452 2007 D MARs:NoAppIconFilter: filter : com.google.android.permissioncontroller(0)
08-23 19:42:09.115 1452 2007 D MARs:NoAppIconFilter: filter : com.samsung.android.sm.policy(0)
08-23 19:42:09.115 1452 2007 D MARs:NoAppIconFilter: filter : com.osp.app.signin(0)
08-23 19:42:09.115 1452 2007 D MARs:NoAppIconFilter: filter : com.samsung.android.app.cocktailbarservice(0)
08-23 19:42:09.115 1452 2007 D MARs:NoAppIconFilter: filter : com.qualcomm.embms(0)
08-23 19:42:09.115 1452 2007 D MARs:NoAppIconFilter: filter : com.samsung.android.fmm(0)
08-23 19:42:09.116 1452 2007 D MARs:SystemFilter: filter : com.samsung.android.fmm(0)
08-23 19:42:09.116 1452 2007 D MARs:NoAppIconFilter: filter : com.samsung.android.messaging(0)
08-23 19:42:09.116 1452 2007 D MARs:DefaultAppFilter: filter : com.samsung.android.messaging(0)(SMS)
08-23 19:42:09.116 1452 2007 D MARs:NoAppIconFilter: filter : com.samsung.android.rubin.app(0)
08-23 19:42:09.116 1452 2007 D MARs:NoAppIconFilter: filter : com.android.systemui(0)
08-23 19:42:09.116 1452 2007 D MARs:NoAppIconFilter: filter : com.android.settings(0)
08-23 19:42:09.116 1452 2007 D MARs:SystemFilter: filter : com.android.settings(0)
08-23 19:42:09.116 1452 2007 D MARs:NoAppIconFilter: filter : com.samsung.android.kgclient(0)
08-23 19:42:09.116 1452 2007 D MARs:DeviceAdminPackageFilter: filter : com.samsung.android.kgclient(0)
08-23 19:42:09.116 1452 2007 D MARs:NoAppIconFilter: filter : android(0)
08-23 19:42:09.116 1452 2007 D MARs:SystemFilter: filter : android(0)
08-23 19:42:09.116 1452 2007 D MARs:NoAppIconFilter: filter : com.samsung.cmh(0)
08-23 19:42:09.116 1452 2007 D MARs:NoAppIconFilter: filter : com.android.providers.media(0)
08-23 19:42:09.116 1452 2007 D MARs:NoAppIconFilter: filter : com.google.android.ext.services(0)
08-23 19:42:09.117 1452 2007 D MARs:NoAppIconFilter: filter : com.samsung.android.honeyboard(0)
08-23 19:42:09.117 1452 2007 D MARs:DefaultAppFilter: filter : com.samsung.android.honeyboard(0)(IME)
08-23 19:42:09.117 1452 2007 D MARs:NoAppIconFilter: filter : com.sec.modem.settings(0)
08-23 19:42:09.117 1452 2007 D MARs:SystemFilter: filter : com.sec.modem.settings(0)
08-23 19:42:09.142 1452 4887 I GenerationRegistry: mBackingStore.isClosed() : false
08-23 19:42:09.150 1452 2007 I ActivityManager: Killing 17132:com.samsung.android.mobileservice/u0a81 (adj 915): Chimera #0
08-23 19:42:09.153 1452 2007 D ActivityManager: proc ProcessRecord{f3c3164 17132:com.samsung.android.mobileservice/u0a81} already removed. so we skip next process.
08-23 19:42:09.153 16804 16804 I ActivityThread: Removing dead content provider:android.content.ContentProviderProxy@d26a629
08-23 19:42:09.172 1452 1573 W ActivityManager: Slow operation: 94ms so far, now at startProcess: returned from zygote!
08-23 19:42:09.260 1452 1573 W ActivityManager: Slow operation: 181ms so far, now at startProcess: done updating battery stats
08-23 19:42:09.260 1452 1573 W ActivityManager: Slow operation: 181ms so far, now at startProcess: building log message
08-23 19:42:09.260 1452 1573 I ActivityManager: Start proc 17218:com.sec.android.provider.badge/u0a64 for content provider {com.sec.android.provider.badge/com.sec.android.provider.badge.BadgeProvider}
08-23 19:42:09.260 1452 1573 W ActivityManager: Slow operation: 182ms so far, now at startProcess: starting to update pids map
08-23 19:42:09.261 1452 1573 W ActivityManager: Slow operation: 182ms so far, now at startProcess: done updating pids map
08-23 19:42:09.261 1452 4888 I ActivityManager: DSS OFF for com.sec.android.provider.badge
08-23 19:42:09.265 1452 4888 D ActivityManager: attachApplicationLocked() app=ProcessRecord{be0beba 17218:com.sec.android.provider.badge/u0a64} app.isolatedEntryPoint=null instr2=null
08-23 19:42:09.290 17218 17218 D ActivityThread: handleBindApplication()++ app=com.sec.android.provider.badge
08-23 19:42:09.374 1452 1572 W BroadcastQueue: Background execution not allowed: receiving Intent { act=android.intent.action.DROPBOX_ENTRY_ADDED flg=0x10 (has extras) } to com.google.android.gms/.stats.service.DropBoxEntryAddedReceiver
08-23 19:42:09.374 1452 1572 W BroadcastQueue: Background execution not allowed: receiving Intent { act=android.intent.action.DROPBOX_ENTRY_ADDED flg=0x10 (has extras) } to com.google.android.gms/.chimera.GmsIntentOperationService$PersistentTrustedReceiver
08-23 19:42:09.447 1452 1975 W Looper : Drained
08-23 19:42:09.460 1452 2107 I GenerationRegistry: mBackingStore.isClosed() : false
08-23 19:42:09.679 2085 2085 I wpa_supplicant: Heartbeat 208
08-23 19:42:09.838 599 599 I io_stats: !@ 179,0 r 1834439 30462715 w 77507 1334648 d 40858 565208 f 43321 52000 iot 737740 583268 th 51200 51200 41500 pt 1070 inp 1 0 2117.397
08-23 19:42:10.886 1452 1975 I RoleManagerService: Granting default roles...
08-23 19:42:10.888 1452 1452 I Telecom : DefaultDialerCache: Refreshing default dialer for user 0: now com.callapp.contacts: DDC.oR@Ag0
08-23 19:42:10.903 1452 1452 D StorageManagerService: getExternalStorageMountMode: uid=10091 packageName=com.samsung.android.app.galaxyfinder
08-23 19:42:10.904 1452 1452 D CompatibilityChangeReporter: Compat change id reported: 135634846; UID 10091; state: DISABLED
08-23 19:42:10.905 1452 1573 D CompatibilityChangeReporter: Compat change id reported: 143937733; UID 10091; state: DISABLED
08-23 19:42:10.905 1452 1452 D ActivityManager: Received SERVICE intent 0x9bacb9e Key{startService pkg=com.samsung.android.app.galaxyfinder intent=act=package_changed cmp=com.samsung.android.app.galaxyfinder/.acceleration.AppCoreService flags=0x0 u=0} requestCode=0 from uid 1000
08-23 19:42:10.956 1452 1573 W ActivityManager: Slow operation: 54ms so far, now at startProcess: done updating battery stats
08-23 19:42:10.956 1452 1573 W ActivityManager: Slow operation: 54ms so far, now at startProcess: building log message
08-23 19:42:10.956 1452 1573 I ActivityManager: Start proc 17260:com.samsung.android.app.galaxyfinder:appservice/u0a91 for service {com.samsung.android.app.galaxyfinder/com.samsung.android.app.galaxyfinder.acceleration.AppCoreService}
08-23 19:42:10.956 1452 1573 W ActivityManager: Slow operation: 54ms so far, now at startProcess: starting to update pids map
08-23 19:42:10.956 1452 1573 W ActivityManager: Slow operation: 55ms so far, now at startProcess: done updating pids map
08-23 19:42:11.041 1452 1545 W Looper : Slow dispatch took 102ms android.fg h=android.os.Handler c=<recycled PooledLambda@19ab66c> m=0
08-23 19:42:11.050 1452 2074 I ActivityManager: DSS OFF for com.samsung.android.app.galaxyfinder
08-23 19:42:11.054 1452 2074 D ActivityManager: attachApplicationLocked() app=ProcessRecord{e359308 17260:com.samsung.android.app.galaxyfinder:appservice/u0a91} app.isolatedEntryPoint=null instr2=null
08-23 19:42:11.101 17260 17260 D ActivityThread: handleBindApplication()++ app=com.samsung.android.app.galaxyfinder:appservice
08-23 19:42:11.158 1452 1975 W Looper : Slow dispatch took 219ms PackageManagerHandlerThread h=android.os.Handler c=<recycled PooledLambda@a703953> m=0
08-23 19:42:11.305 1452 1975 W Looper : Slow delivery took 220ms PackageManagerHandlerThread h=android.os.Handler c=<recycled PooledLambda@b3ddcb9> m=0
08-23 19:42:11.305 1452 1975 W Looper : Slow dispatch took 147ms PackageManagerHandlerThread h=android.os.Handler c=<recycled PooledLambda@b3ddcb9> m=0
08-23 19:42:11.315 1452 4888 I GenerationRegistry: mBackingStore.isClosed() : false
08-23 19:42:11.322 1452 4900 I GenerationRegistry: mBackingStore.isClosed() : false
08-23 19:42:11.436 1452 1975 W Looper : Slow dispatch took 130ms PackageManagerHandlerThread h=android.os.Handler c=<recycled PooledLambda@23a48fc> m=0
08-23 19:42:11.445 1452 1452 W Looper : Slow dispatch took 274ms main h=com.android.server.job.JobSchedulerService$JobHandler c=null m=4
08-23 19:42:11.445 1452 1452 W Looper : Slow delivery took 255ms main h=android.os.Handler c=null m=1061
08-23 19:42:11.554 1452 2107 I ActivityManager: Process com.samsung.android.app.galaxyfinder:appservice (pid 17260) has died: fg SVC (15,440)
08-23 19:42:11.665 2086 2086 D SystemUIService: onTrimMemory : 15
08-23 19:42:11.665 2086 2086 D SystemUIService: Starting getMemoryInfo in MemoryInfoReporter thread.
08-23 19:42:11.670 1452 1452 W Looper : Drained
08-23 19:42:11.672 1452 1546 W Looper : Slow dispatch took 117ms android.ui h=com.android.server.am.ActivityManagerService$UiHandler c=null m=53
08-23 19:42:11.701 2086 17302 D SystemUIService: - Memory Information -
08-23 19:42:11.766 1452 1975 W Looper : Slow dispatch took 206ms PackageManagerHandlerThread h=android.os.Handler c=<recycled PooledLambda@b94cba2> m=0
08-23 19:42:11.848 599 599 I io_stats: !@ 179,0 r 1836825 30521751 w 77576 1336244 d 40951 565784 f 43429 52113 iot 738780 584147 th 51200 51200 41500 pt 1070 inp 0 0 2119.408
08-23 19:42:12.110 1452 3133 I ActivityManager: Process com.android.systemui:edgelighting (pid 14123) has died: cch+99 CEM (11,435)
08-23 19:42:12.202 2086 17302 D SystemUIService: summary.java-heap : 18584
08-23 19:42:12.202 2086 17302 D SystemUIService: summary.native-heap : 8408
08-23 19:42:12.202 2086 17302 D SystemUIService: summary.code : 6688
08-23 19:42:12.202 2086 17302 D SystemUIService: summary.stack : 756
08-23 19:42:12.202 2086 17302 D SystemUIService: summary.graphics : 7296
08-23 19:42:12.202 2086 17302 D SystemUIService: summary.private-other : 1508
08-23 19:42:12.202 2086 17302 D SystemUIService: summary.system : 54966
08-23 19:42:12.202 2086 17302 D SystemUIService: summary.total-pss : 98206
08-23 19:42:12.202 2086 17302 D SystemUIService: summary.total-swap : 72956
08-23 19:42:12.202 2086 17302 D SystemUIService: - View count -
08-23 19:42:12.290 1452 16749 I SystemUiVisibilityPolicyController: handleMessage: entry what = 101
08-23 19:42:12.661 2086 17302 D SystemUIService: View=2581
08-23 19:42:13.858 599 599 I io_stats: !@ 179,0 r 1836937 30523027 w 77716 1337244 d 41004 566440 f 43431 52116 iot 739460 584822 th 51200 51200 41500 pt 1070 inp 0 0 2121.416
08-23 19:42:14.106 1452 2007 D MARs:NoAppIconFilter: filter : com.samsung.android.app.appsedge(0)
08-23 19:42:14.106 1452 2007 D MARs:NoAppIconFilter: filter : com.google.android.gms(0)
08-23 19:42:14.106 1452 2007 D MARs:DeviceAdminPackageFilter: filter : com.google.android.gms(0)
08-23 19:42:14.106 1452 2007 D MARs:NoAppIconFilter: filter : com.sec.android.provider.badge(0)
08-23 19:42:14.107 1452 2007 D MARs:NoAppIconFilter: filter : com.google.android.gsf(0)
08-23 19:42:14.107 1452 2007 D MARs:NoAppIconFilter: filter : com.samsung.android.service.peoplestripe(0)
08-23 19:42:14.107 1452 2007 D MARs:NoAppIconFilter: filter : com.samsung.android.providers.contacts(0)
08-23 19:42:14.107 1452 2007 D MARs:NoAppIconFilter: filter : com.android.settings.intelligence(0)
08-23 19:42:14.107 1452 2007 D MARs:NoAppIconFilter: filter : com.google.android.permissioncontroller(0)
08-23 19:42:14.107 1452 2007 D MARs:NoAppIconFilter: filter : com.samsung.android.sm.policy(0)
08-23 19:42:14.107 1452 2007 D MARs:NoAppIconFilter: filter : com.samsung.android.app.cocktailbarservice(0)
08-23 19:42:14.107 1452 2007 D MARs:NoAppIconFilter: filter : com.qualcomm.embms(0)
08-23 19:42:14.107 1452 2007 D MARs:NoAppIconFilter: filter : com.samsung.android.fmm(0)
08-23 19:42:14.107 1452 2007 D MARs:SystemFilter: filter : com.samsung.android.fmm(0)
08-23 19:42:14.107 1452 2007 D MARs:NoAppIconFilter: filter : com.samsung.android.messaging(0)
08-23 19:42:14.107 1452 2007 D MARs:DefaultAppFilter: filter : com.samsung.android.messaging(0)(SMS)
08-23 19:42:14.107 1452 2007 D MARs:NoAppIconFilter: filter : com.samsung.android.rubin.app(0)
08-23 19:42:14.107 1452 2007 D MARs:NoAppIconFilter: filter : com.android.settings(0)
08-23 19:42:14.107 1452 2007 D MARs:SystemFilter: filter : com.android.settings(0)
08-23 19:42:14.108 1452 2007 D MARs:NoAppIconFilter: filter : com.samsung.android.kgclient(0)
08-23 19:42:14.108 1452 2007 D MARs:DeviceAdminPackageFilter: filter : com.samsung.android.kgclient(0)
08-23 19:42:14.108 1452 2007 D MARs:NoAppIconFilter: filter : android(0)
08-23 19:42:14.108 1452 2007 D MARs:SystemFilter: filter : android(0)
08-23 19:42:14.108 1452 2007 D MARs:NoAppIconFilter: filter : com.samsung.cmh(0)
08-23 19:42:14.108 1452 2007 D MARs:NoAppIconFilter: filter : com.android.providers.media(0)
08-23 19:42:14.108 1452 2007 D MARs:NoAppIconFilter: filter : com.google.android.ext.services(0)
08-23 19:42:14.108 1452 2007 D MARs:NoAppIconFilter: filter : com.samsung.android.honeyboard(0)
08-23 19:42:14.108 1452 2007 D MARs:DefaultAppFilter: filter : com.samsung.android.honeyboard(0)(IME)
08-23 19:42:14.108 1452 2007 D MARs:NoAppIconFilter: filter : com.sec.modem.settings(0)
08-23 19:42:14.108 1452 2007 D MARs:SystemFilter: filter : com.sec.modem.settings(0)
08-23 19:42:14.108 1452 2007 D MARs:NoAppIconFilter: filter : com.android.systemui(0)
08-23 19:42:14.125 1452 2007 I ActivityManager: Killing 14927:com.samsung.android.rubin.app/5010 (adj 800): Chimera #0
08-23 19:42:14.126 1452 2007 W ActivityManager: Canceling start item Intent { cmp=com.samsung.android.rubin.app/com.samsung.android.rubin.controller.KeepAliveService } in service com.samsung.android.rubin.app/com.samsung.android.rubin.controller.KeepAliveService
08-23 19:42:14.128 1452 2007 W ActivityManager: Scheduling restart of crashed service com.samsung.android.rubin.app/com.samsung.android.rubin.controller.KeepAliveService in 7040663552ms for start-requested
08-23 19:42:14.130 1452 2007 D ActivityManager: proc ProcessRecord{c2491ba 14927:com.samsung.android.rubin.app/5010} already removed. so we skip next process.
08-23 19:42:14.137 1452 2007 I ActivityManager: Killing 16951:com.samsung.android.sm.policy/u0a117 (adj 700): Chimera #0
08-23 19:42:14.138 1452 2007 D ActivityManager: proc ProcessRecord{b5d1525 16951:com.samsung.android.sm.policy/u0a117} already removed. so we skip next process.
08-23 19:42:14.143 1452 2007 I ActivityManager: Killing 17030:com.android.settings.intelligence/u0a55 (adj 700): Chimera #0
08-23 19:42:14.145 1452 2007 D ActivityManager: proc ProcessRecord{a12fda4 17030:com.android.settings.intelligence/u0a55} already removed. so we skip next process.
08-23 19:42:14.151 1452 2007 I ActivityManager: Killing 17155:com.samsung.android.app.appsedge/u0a222 (adj 700): Chimera #0
08-23 19:42:14.152 1452 2007 D ActivityManager: proc ProcessRecord{54d7783 17155:com.samsung.android.app.appsedge/u0a222} already removed. so we skip next process.
08-23 19:42:14.164 1452 4900 D ConnectivityService: ConnectivityService NetworkRequestInfo binderDied(NetworkRequest [ LISTEN id=368, [ Transports: WIFI Capabilities: NOT_METERED&NOT_RESTRICTED&TRUSTED&NOT_VPN&FOREGROUND Uid: 5010 AdministratorUids: [] RequestorUid: 5010 RequestorPackageName: com.samsung.android.rubin.app] ], android.os.BinderProxy@d4a5e74)
08-23 19:42:14.164 1452 3133 D ConnectivityService: ConnectivityService NetworkRequestInfo binderDied(NetworkRequest [ LISTEN id=369, [ Transports: WIFI Capabilities: NOT_RESTRICTED&TRUSTED&NOT_VPN&FOREGROUND Uid: 5010 AdministratorUids: [] RequestorUid: 5010 RequestorPackageName: com.samsung.android.rubin.app] ], android.os.BinderProxy@329bf9d)
08-23 19:42:14.217 2086 2086 D SystemUIService: onTrimMemory : 15
08-23 19:42:14.217 2086 2086 D SystemUIService: Starting getMemoryInfo in MemoryInfoReporter thread.
08-23 19:42:14.221 2086 17306 D SystemUIService: - Memory Information -
08-23 19:42:14.464 2086 17306 D SystemUIService: summary.java-heap : 28480
08-23 19:42:14.464 2086 17306 D SystemUIService: summary.native-heap : 8116
08-23 19:42:14.464 2086 17306 D SystemUIService: summary.code : 6796
08-23 19:42:14.465 2086 17306 D SystemUIService: summary.stack : 752
08-23 19:42:14.465 2086 17306 D SystemUIService: summary.graphics : 7296
08-23 19:42:14.465 2086 17306 D SystemUIService: summary.private-other : 1696
08-23 19:42:14.465 2086 17306 D SystemUIService: summary.system : 49958
08-23 19:42:14.465 2086 17306 D SystemUIService: summary.total-pss : 103094
08-23 19:42:14.465 2086 17306 D SystemUIService: summary.total-swap : 62808
08-23 19:42:14.465 2086 17306 D SystemUIService: - View count -
08-23 19:42:14.535 2086 17306 D SystemUIService: View=2581
08-23 19:42:15.121 1452 1908 D SamsungAlarmManager: Expired : 8
08-23 19:42:15.133 1452 1908 D SamsungAlarmManager: setInexact (T:3/F:0/AC:false) 20210823T194315 now=8576210 - CU:1000/CP:1452/OP:PendingIntent{e6efda2: PendingIntentRecord{50e186a com.opera.max.oem broadcastIntent}}
08-23 19:42:15.134 1452 1908 I SamsungAlarmManager: setLocked to kernel - T:2 / 20210823T194504, set=8746071, now=8576210
08-23 19:42:15.136 1452 1908 I SamsungAlarmManager: setLocked to kernel - T:3 / 20210823T194315, set=8636197, now=8576212
08-23 19:42:15.136 1452 1908 I SamsungAlarmManager: setLocked to kernel - T:2 / 20210823T194504, set=8746071, now=8576212
08-23 19:42:15.136 1452 1908 I SamsungAlarmManager: setLocked to kernel - T:3 / 20210823T194315, set=8636197, now=8576212
08-23 19:42:15.871 599 599 I io_stats: !@ 179,0 r 1836997 30524063 w 77729 1337576 d 41041 566640 f 43464 52152 iot 739980 585335 th 51200 51200 41500 pt 1070 inp 0 0 2123.429
08-23 19:42:17.312 1452 1590 I PowerManagerService: [PWL] Off : 921s ago
08-23 19:42:17.313 1452 1590 I PowerManagerService: [PWL] PowerManagerService.WakeLocks: ref count=1
08-23 19:42:17.313 1452 1590 I PowerManagerService: [PWL] mWakeLockSummary : 0x41
08-23 19:42:17.322 1452 1590 I PowerManagerService: [PWL] PARTIAL_WAKE_LOCK '*gms_scheduler*/com.google.android.gms/.clearcut.uploader.QosUploaderService' ACQ=-19s355ms (uid=10164 pid=2781 pkg=com.google.android.gms ws=WorkSource{10164 com.google.android.gms chains=WorkChain{(10164, scheduler)}})
08-23 19:42:17.322 1452 1590 I PowerManagerService: [PWL] PARTIAL_WAKE_LOCK 'com.whatsapp:AlarmService#updateNtp' ACQ=-15s505ms (uid=10193 pid=16442 pkg=com.whatsapp)
08-23 19:42:17.323 1452 1590 I PowerManagerService: [PWL] PARTIAL_WAKE_LOCK '*telephony-radio*' ACQ=-8s922ms (uid=1001 pid=2050 pkg=com.android.phone ws=WorkSource{1001 com.android.phone})
08-23 19:42:17.884 599 599 I io_stats: !@ 179,0 r 1836998 30524095 w 77744 1337684 d 41041 566640 f 43464 52152 iot 740150 585504 th 51200 51200 41500 pt 1070 inp 0 0 2125.442
08-23 19:42:18.060 1452 2259 D SamsungAlarmManager: Cancel Alarm calling from uid:10164 pid :2347 / OP:PendingIntent{1969c12: PendingIntentRecord{a89b21b com.google.android.gms/ startService}}
08-23 19:42:18.063 1452 2259 I SamsungAlarmManager: setLocked to kernel - T:2 / 20210823T194504, set=8746070, now=8579140
08-23 19:42:18.063 1452 2259 I SamsungAlarmManager: setLocked to kernel - T:3 / 20210823T194315, set=8636197, now=8579140
08-23 19:42:19.683 2085 2085 I wpa_supplicant: Heartbeat 209
08-23 19:42:19.898 599 599 I io_stats: !@ 179,0 r 1837056 30524991 w 77744 1337684 d 41041 566640 f 43464 52152 iot 740160 585532 th 51200 51200 41500 pt 1070 inp 0 0 2127.457
08-23 19:42:21.913 599 599 I io_stats: !@ 179,0 r 1837057 30525015 w 77744 1337684 d 41041 566640 f 43464 52152 iot 740160 585538 th 51200 51200 41500 pt 1070 inp 0 0 2129.471
08-23 19:42:23.058 1452 1586 D MARsPolicyManager: triggerAction called!
08-23 19:42:23.064 1452 1586 D MARs:TopPackageFilter: filtering was skipped by screen off! com.samsung.android.themestore(0)
08-23 19:42:23.065 1452 1586 D MARs:TopPackageFilter: filtering was skipped by screen off! com.android.vending(0)
08-23 19:42:23.066 1452 1586 D MARs:TopPackageFilter: filtering was skipped by screen off! com.microsoft.office.outlook(0)
08-23 19:42:23.066 1452 1586 D MARs:DeviceAdminPackageFilter: filter : com.microsoft.office.outlook(0)
08-23 19:42:23.066 1452 1586 D MARs:TopPackageFilter: filtering was skipped by screen off! com.opera.max.oem(0)
08-23 19:42:23.927 599 599 I io_stats: !@ 179,0 r 1837138 30525695 w 77772 1337940 d 41041 566640 f 43464 52152 iot 741320 586699 th 51200 51200 41500 pt 1070 inp 0 0 2131.485
08-23 19:42:25.941 599 599 I io_stats: !@ 179,0 r 1837390 30529275 w 77776 1337964 d 41041 566640 f 43464 52152 iot 741420 586806 th 51200 51200 41500 pt 1070 inp 0 0 2133.499
08-23 19:42:26.484 1452 1975 W Looper : Drained
08-23 19:42:27.954 599 599 I io_stats: !@ 179,0 r 1837656 30531407 w 77782 1337992 d 41041 566640 f 43464 52152 iot 741500 586901 th 51200 51200 41500 pt 1070 inp 0 0 2135.512
08-23 19:42:29.693 2085 2085 I wpa_supplicant: Heartbeat 210
08-23 19:42:29.967 599 599 I io_stats: !@ 179,0 r 1837707 30531891 w 77800 1338096 d 41041 566640 f 43464 52152 iot 741540 586940 th 51200 51200 41500 pt 1070 inp 0 0 2137.525
08-23 19:42:31.980 599 599 I io_stats: !@ 179,0 r 1837708 30531923 w 77800 1338096 d 41041 566640 f 43464 52152 iot 741540 586946 th 51200 51200 41500 pt 1070 inp 0 0 2139.538
08-23 19:42:33.256 1452 2247 D ConnectivityService: Connectivity-MDO: 10193 is true
08-23 19:42:33.257 1452 2247 D ConnectivityService: Connectivity-MDO change default network for 10193, type: mdo
08-23 19:42:33.994 599 599 I io_stats: !@ 179,0 r 1837729 30532267 w 77806 1338120 d 41041 566640 f 43464 52152 iot 741570 586978 th 51200 51200 41500 pt 1070 inp 0 0 2141.553
08-23 19:42:36.007 599 599 I io_stats: !@ 179,0 r 1837759 30532675 w 77838 1338464 d 41077 566820 f 43492 52183 iot 741650 587084 th 51200 51200 41500 pt 1070 inp 0 0 2143.565
08-23 19:42:38.022 599 599 I io_stats: !@ 179,0 r 1837781 30533063 w 77845 1338492 d 41077 566820 f 43492 52183 iot 741660 587102 th 51200 51200 41500 pt 1070 inp 0 0 2145.580
08-23 19:42:38.080 1452 1586 D MARsPolicyManager: triggerAction called!
08-23 19:42:38.090 1452 1586 D MARs:TopPackageFilter: filtering was skipped by screen off! com.samsung.android.themestore(0)
08-23 19:42:38.091 1452 1586 D MARs:TopPackageFilter: filtering was skipped by screen off! com.android.vending(0)
08-23 19:42:38.093 1452 1586 D MARs:TopPackageFilter: filtering was skipped by screen off! com.microsoft.office.outlook(0)
08-23 19:42:38.093 1452 1586 D MARs:DeviceAdminPackageFilter: filter : com.microsoft.office.outlook(0)
08-23 19:42:38.093 1452 1586 D MARs:TopPackageFilter: filtering was skipped by screen off! com.opera.max.oem(0)
08-23 19:42:39.041 1452 1562 E Watchdog: !@Sync: 71 heap: 80 / 80 [2021-08-23 19:42:39.041] sdogWay: softdog
08-23 19:42:39.704 2085 2085 I wpa_supplicant: Heartbeat 211
08-23 19:42:44.065 599 599 I io_stats: !@ 179,0 r 1837781 30533063 w 77848 1338504 d 41077 566820 f 43492 52183 iot 741730 587171 th 51200 51200 41500 pt 1070 inp 0 0 2151.623
08-23 19:42:46.079 599 599 I io_stats: !@ 179,0 r 1837856 30534303 w 77848 1338504 d 41077 566820 f 43492 52183 iot 741770 587203 th 51200 51200 41500 pt 1070 inp 0 0 2153.637
08-23 19:42:48.093 599 599 I io_stats: !@ 179,0 r 1837929 30535519 w 77857 1338540 d 41077 566820 f 43492 52183 iot 741830 587250 th 51200 51200 41500 pt 1070 inp 0 0 2155.651
08-23 19:42:49.716 2085 2085 I wpa_supplicant: Heartbeat 212
08-23 19:42:50.106 599 599 I io_stats: !@ 179,0 r 1837945 30535751 w 77857 1338540 d 41077 566820 f 43492 52183 iot 741860 587277 th 51200 51200 41500 pt 1070 inp 0 0 2157.664
08-23 19:42:52.118 599 599 I io_stats: !@ 179,0 r 1838020 30536383 w 77863 1338572 d 41077 566820 f 43494 52187 iot 741930 587318 th 51200 51200 41500 pt 1070 inp 0 0 2159.676
08-23 19:42:52.327 1452 1590 I PowerManagerService: [PWL] Off : 956s ago
08-23 19:42:52.327 1452 1590 I PowerManagerService: [PWL] PowerManagerService.WakeLocks: ref count=1
08-23 19:42:52.328 1452 1590 I PowerManagerService: [PWL] mWakeLockSummary : 0x41
08-23 19:42:52.328 1452 1590 I PowerManagerService: [PWL] PARTIAL_WAKE_LOCK '*gms_scheduler*/com.google.android.gms/.clearcut.uploader.QosUploaderService' ACQ=-54s370ms (uid=10164 pid=2781 pkg=com.google.android.gms ws=WorkSource{10164 com.google.android.gms chains=WorkChain{(10164, scheduler)}})
08-23 19:42:53.098 1452 1586 D MARsPolicyManager: triggerAction called!
08-23 19:42:53.108 1452 1586 D MARs:TopPackageFilter: filtering was skipped by screen off! com.samsung.android.themestore(0)
08-23 19:42:53.110 1452 1586 D MARs:TopPackageFilter: filtering was skipped by screen off! com.android.vending(0)
08-23 19:42:53.112 1452 1586 D MARs:TopPackageFilter: filtering was skipped by screen off! com.microsoft.office.outlook(0)
08-23 19:42:53.112 1452 1586 D MARs:DeviceAdminPackageFilter: filter : com.microsoft.office.outlook(0)
08-23 19:42:53.112 1452 1586 D MARs:TopPackageFilter: filtering was skipped by screen off! com.opera.max.oem(0)
08-23 19:42:54.131 599 599 I io_stats: !@ 179,0 r 1838033 30536471 w 77869 1338596 d 41077 566820 f 43494 52187 iot 741950 587338 th 51200 51200 41500 pt 1070 inp 0 0 2161.689
08-23 19:42:58.159 599 599 I io_stats: !@ 179,0 r 1838036 30536487 w 77877 1338652 d 41077 566820 f 43494 52187 iot 742030 587421 th 51200 51200 41500 pt 1070 inp 0 0 2165.717
08-23 19:42:59.502 1452 1903 D SamsungAlarmManager: Cancel Alarm calling from uid:10164 pid :2781 / OP:PendingIntent{c0734ad: PendingIntentRecord{af48901 com.google.android.gms/com.google.android.gms.gcm broadcastIntent}}
08-23 19:42:59.504 1452 1903 I SamsungAlarmManager: setLocked to kernel - T:2 / 20210823T194504, set=8746071, now=8620580
08-23 19:42:59.505 1452 1903 I SamsungAlarmManager: setLocked to kernel - T:3 / 20210823T194315, set=8636197, now=8620581
08-23 19:42:59.726 2085 2085 I wpa_supplicant: Heartbeat 213
08-23 19:43:10.471 1452 1908 D SamsungAlarmManager: Expired : 65536
08-23 19:43:10.471 1452 1908 I SamsungAlarmManager: setLocked to kernel - T:2 / 20210823T194504, set=8746071, now=8631548
08-23 19:43:10.472 1452 1908 I SamsungAlarmManager: setLocked to kernel - T:3 / 20210823T194315, set=8636197, now=8631548
08-23 19:43:23.989 1452 1908 D SamsungAlarmManager: Expired : 65544
08-23 19:43:23.994 599 599 I io_stats: !@ 179,0 r 1838223 30537391 w 77921 1339404 d 41152 567280 f 43572 52273 iot 742450 587814 th 51200 51200 41500 pt 1070 inp 0 0 2167.827
08-23 19:43:23.994 1452 1908 D SamsungAlarmManager: setInexact (T:3/F:0/AC:false) 20210823T194415 now=8645071 - CU:1000/CP:1452/OP:PendingIntent{e6efda2: PendingIntentRecord{50e186a com.opera.max.oem broadcastIntent}}
08-23 19:43:23.995 1452 1908 I SamsungAlarmManager: setLocked to kernel - T:2 / 20210823T194504, set=8746071, now=8645071
08-23 19:43:23.995 1452 1908 I SamsungAlarmManager: setLocked to kernel - T:3 / 20210823T194415, set=8696197, now=8645071
08-23 19:43:23.995 1452 1908 I SamsungAlarmManager: setLocked to kernel - T:2 / 20210823T194504, set=8746071, now=8645072
08-23 19:43:23.995 1452 1908 I SamsungAlarmManager: setLocked to kernel - T:3 / 20210823T194415, set=8696197, now=8645072
08-23 19:43:38.654 1452 1908 D SamsungAlarmManager: Expired : 65536
08-23 19:43:38.654 1452 1908 I SamsungAlarmManager: setLocked to kernel - T:2 / 20210823T194504, set=8746071, now=8659731
08-23 19:43:38.655 1452 1908 I SamsungAlarmManager: setLocked to kernel - T:3 / 20210823T194415, set=8696197, now=8659731
08-23 19:43:38.967 1452 1581 D BatteryExternalStatsWorker: update stats
08-23 19:43:38.967 1452 1581 D BatteryExternalStatsWorker: WifiActivityEnergyInfo was updated
08-23 19:43:38.967 1452 1581 D BatteryExternalStatsWorker: BluetoothActivityEnergyInfo was updated
08-23 19:43:38.967 1452 1581 D BatteryExternalStatsWorker: ModemActivityEnergyInfo was updated
08-23 19:43:38.985 1452 1581 D BatteryExternalStatsWorker: done updateExternalStatsLocked
08-23 19:44:12.527 1452 1908 D SamsungAlarmManager: Expired : 65536
08-23 19:44:12.528 1452 1908 I SamsungAlarmManager: setLocked to kernel - T:2 / 20210823T194504, set=8746071, now=8693604
08-23 19:44:12.528 1452 1908 I SamsungAlarmManager: setLocked to kernel - T:3 / 20210823T194415, set=8696197, now=8693604
08-23 19:45:06.485 1452 1908 D SamsungAlarmManager: Expired : 65548
08-23 19:45:06.491 1452 1908 D SamsungAlarmManager: setInexact (T:3/F:0/AC:false) 20210823T194515 now=8747567 - CU:1000/CP:1452/OP:PendingIntent{e6efda2: PendingIntentRecord{50e186a com.opera.max.oem broadcastIntent}}
08-23 19:45:06.491 1452 1908 I SamsungAlarmManager: setLocked to kernel - T:2 / 20210823T194504, set=8746071, now=8747567
08-23 19:45:06.491 1452 1908 E AlarmManager: Set nextNonWakeup as mNextNonWakeupDeliveryTime=9911077 , orig nextNonWakeup=0
08-23 19:45:06.491 1452 1908 I SamsungAlarmManager: setLocked to kernel - T:3 / 20210823T200430, set=9911077, now=8747568
08-23 19:45:06.492 1452 1908 V SamsungAlarmManager: Sending to uid : 1000 L=6441702:TIME_TICK alarm=Alarm{7fac373 type 3 when 8561077 android}
08-23 19:45:06.493 1452 1908 D SamsungAlarmManager: setExact (T:3/F:1/AC:false) 20210823T194600 now=8747570 - CU:1000/CP:1452/L:6441702:TIME_TICK
08-23 19:45:06.493 1452 1908 I SamsungAlarmManager: setLocked to kernel - T:2 / 20210823T194521, set=8762679, now=8747570
08-23 19:45:06.506 1452 1908 V SamsungAlarmManager: Sending to uid : 1000 L=1742320:*job.quota_check* alarm=Alarm{b447230 type 3 when 8621815 android}
08-23 19:45:06.506 1452 1908 V SamsungAlarmManager: Sending to uid : 1000 L=37ee7a:*CountQuotaTracker.cleanup* alarm=Alarm{80f6ea9 type 3 when 8624338 android}
08-23 19:45:06.507 1452 1908 V SamsungAlarmManager: Sending to uid : 5009 action=com.samsung.android.sdk.smp.TASK_ALARM alarm=Alarm{1ffcc2e type 0 when 1629765904994 com.samsung.android.scloud}
08-23 19:45:06.508 1452 1908 D ActivityManager: Received BROADCAST intent 0x4c11a83 Key{broadcastIntent pkg=com.samsung.android.scloud intent=act=com.samsung.android.sdk.smp.TASK_ALARM dat=smp_timer9000002 cmp=com.samsung.android.scloud/com.samsung.android.sdk.smp.SmpReceiver flags=0x0 u=0} requestCode=0 sent=0 from uid 1000
08-23 19:45:06.516 1452 1908 V SamsungAlarmManager: Sending to uid : 10160 action=null alarm=Alarm{7b6815c type 3 when 8696197 com.opera.max.oem}
08-23 19:45:06.517 1452 1908 D ActivityManager: Received BROADCAST intent 0x50e186a Key{broadcastIntent pkg=com.opera.max.oem intent=cmp=com.opera.max.oem/com.opera.max.BoostUIService$StopReceiver flags=0x0 u=0} requestCode=0 sent=0 from uid 1000
08-23 19:45:06.518 1452 1908 I SamsungAlarmManager: setLocked to kernel - T:2 / 20210823T194521, set=8762679, now=8747594
08-23 19:45:06.519 1452 1452 D SamsungAlarmManager: setInexact (T:3/F:8/AC:false) 20210823T195200 now=8747596 - CU:1000/CP:1452/L:1742320:*job.quota_check*
08-23 19:45:06.520 1452 1452 I SamsungAlarmManager: setLocked to kernel - T:2 / 20210823T194521, set=8762679, now=8747596
08-23 19:45:22.483 1452 1908 D SamsungAlarmManager: Expired : 65540
08-23 19:45:22.484 1452 1908 V SamsungAlarmManager: Sending to uid : 10164 action=com.google.android.gms.gcm.HEARTBEAT_ALARM alarm=Alarm{bf92deb type 2 when 8762679 com.google.android.gms}
08-23 19:45:22.489 1452 1908 D ActivityManager: Received BROADCAST intent 0x76713dc Key{broadcastIntent pkg=com.google.android.gms/com.google.android.gms.gcm intent=act=com.google.android.gms.gcm.HEARTBEAT_ALARM flags=0x4000000 u=0} requestCode=0 sent=0 from uid 1000
08-23 19:45:22.498 1452 1908 I SamsungAlarmManager: setLocked to kernel - T:2 / 20210823T195056, set=9097084, now=8763574
08-23 19:45:22.498 1452 1908 I SamsungAlarmManager: setLocked to kernel - T:3 / 20210823T194545, set=8786973, now=8763575
08-23 19:45:22.565 1452 1903 D SamsungAlarmManager: Cancel Alarm calling from uid:10164 pid :2781 / OP:PendingIntent{76549e1: PendingIntentRecord{76713dc com.google.android.gms/com.google.android.gms.gcm broadcastIntent}}
08-23 19:45:22.570 1452 4456 D SamsungAlarmManager: setExact (T:2/F:5/AC:false) 20210823T194622 now=8763646 - CU:10164/CP:2781/OP:PendingIntent{7a93306: PendingIntentRecord{76713dc com.google.android.gms/com.google.android.gms.gcm broadcastIntent}}
08-23 19:45:22.570 1452 4456 I SamsungAlarmManager: setLocked to kernel - T:2 / 20210823T194622, set=8823642, now=8763646
08-23 19:45:22.570 1452 4456 I SamsungAlarmManager: setLocked to kernel - T:3 / 20210823T194545, set=8786973, now=8763647
08-23 19:45:22.611 1452 1581 D BatteryExternalStatsWorker: update stats
08-23 19:45:22.611 1452 1581 D BatteryExternalStatsWorker: WifiActivityEnergyInfo was updated
08-23 19:45:22.611 1452 1581 D BatteryExternalStatsWorker: BluetoothActivityEnergyInfo was updated
08-23 19:45:22.611 1452 1581 D BatteryExternalStatsWorker: ModemActivityEnergyInfo was updated
08-23 19:45:22.614 599 599 I io_stats: !@ 179,0 r 1838362 30538867 w 77963 1341328 d 41175 567404 f 43646 52365 iot 742960 588272 th 51200 51200 41500 pt 1070 inp 0 0 2169.848
08-23 19:45:22.626 1452 1581 D BatteryExternalStatsWorker: done updateExternalStatsLocked
08-23 19:45:22.691 1452 4456 D SamsungAlarmManager: Cancel Alarm calling from uid:10164 pid :2781 / OP:PendingIntent{6bf9ff4: PendingIntentRecord{76713dc com.google.android.gms/com.google.android.gms.gcm broadcastIntent}}
08-23 19:45:22.693 1452 4456 I SamsungAlarmManager: setLocked to kernel - T:2 / 20210823T195056, set=9097084, now=8763770
08-23 19:45:22.694 1452 4456 I SamsungAlarmManager: setLocked to kernel - T:3 / 20210823T194545, set=8786973, now=8763770
